[INFO] cloning repository https://github.com/adihodos/raytracing-in-one-weekend
[INFO] running `Command { std: "git" "-c" "credential.helper=" "-c" "credential.helper=/workspace/cargo-home/bin/git-credential-null" "clone" "--bare" "https://github.com/adihodos/raytracing-in-one-weekend" "/workspace/cache/git-repos/https%3A%2F%2Fgithub.com%2Fadihodos%2Fraytracing-in-one-weekend", kill_on_drop: false }`
[INFO] [stderr] Cloning into bare repository '/workspace/cache/git-repos/https%3A%2F%2Fgithub.com%2Fadihodos%2Fraytracing-in-one-weekend'...
[INFO] running `Command { std: "git" "rev-parse" "HEAD", kill_on_drop: false }`
[INFO] [stdout] 2c70cd4aac555f802bdebc81be90888d7cac57b2
[INFO] testing adihodos/raytracing-in-one-weekend against beta-2024-12-08 for beta-1.84.0-4-retry
[INFO] running `Command { std: "git" "clone" "/workspace/cache/git-repos/https%3A%2F%2Fgithub.com%2Fadihodos%2Fraytracing-in-one-weekend" "/workspace/builds/worker-3-tc2/source", kill_on_drop: false }`
[INFO] [stderr] Cloning into '/workspace/builds/worker-3-tc2/source'...
[INFO] [stderr] done.
[INFO] validating manifest of git repo https://github.com/adihodos/raytracing-in-one-weekend on toolchain beta-2024-12-08
[INFO] running `Command { std: CARGO_HOME="/workspace/cargo-home" RUSTUP_HOME="/workspace/rustup-home" "/workspace/cargo-home/bin/cargo" "+beta-2024-12-08" "metadata" "--manifest-path" "Cargo.toml" "--no-deps", kill_on_drop: false }`
[INFO] started tweaking git repo https://github.com/adihodos/raytracing-in-one-weekend
[INFO] finished tweaking git repo https://github.com/adihodos/raytracing-in-one-weekend
[INFO] tweaked toml for git repo https://github.com/adihodos/raytracing-in-one-weekend written to /workspace/builds/worker-3-tc2/source/Cargo.toml
[INFO] crate git repo https://github.com/adihodos/raytracing-in-one-weekend already has a lockfile, it will not be regenerated
[INFO] running `Command { std: CARGO_HOME="/workspace/cargo-home" RUSTUP_HOME="/workspace/rustup-home" "/workspace/cargo-home/bin/cargo" "+beta-2024-12-08" "fetch" "--manifest-path" "Cargo.toml", kill_on_drop: false }`
[INFO] [stderr] warning: virtual workspace defaulting to `resolver = "1"` despite one or more workspace members being on edition 2021 which implies `resolver = "2"`
[INFO] [stderr] note: to keep the current resolver, specify `workspace.resolver = "1"` in the workspace root's manifest
[INFO] [stderr] note: to use the edition 2021 resolver, specify `workspace.resolver = "2"` in the workspace root's manifest
[INFO] [stderr] note: for more details see https://doc.rust-lang.org/cargo/reference/resolver.html#resolver-versions
[INFO] running `Command { std: "docker" "create" "-v" "/var/lib/crater-agent-workspace/builds/worker-3-tc2/target:/opt/rustwide/target:rw,Z" "-v" "/var/lib/crater-agent-workspace/builds/worker-3-tc2/source:/opt/rustwide/workdir:ro,Z" "-v" "/var/lib/crater-agent-workspace/cargo-home:/opt/rustwide/cargo-home:ro,Z" "-v" "/var/lib/crater-agent-workspace/rustup-home:/opt/rustwide/rustup-home:ro,Z" "-e" "SOURCE_DIR=/opt/rustwide/workdir" "-e" "CARGO_TARGET_DIR=/opt/rustwide/target" "-e" "CARGO_HOME=/opt/rustwide/cargo-home" "-e" "RUSTUP_HOME=/opt/rustwide/rustup-home" "-w" "/opt/rustwide/workdir" "-m" "1610612736" "--user" "0:0" "--network" "none" "ghcr.io/rust-lang/crates-build-env/linux@sha256:f3a9d4ad9d972b27faf3965f35b62e55ba32bbce8f20bc8fe909558a86702fde" "/opt/rustwide/cargo-home/bin/cargo" "+beta-2024-12-08" "metadata" "--no-deps" "--format-version=1", kill_on_drop: false }`
[INFO] [stdout] 0fbd6f95914ec0a71abc48030e942f8e2f46350ea7af74c70d7ded534343167e
[INFO] running `Command { std: "docker" "start" "-a" "0fbd6f95914ec0a71abc48030e942f8e2f46350ea7af74c70d7ded534343167e", kill_on_drop: false }`
[INFO] running `Command { std: "docker" "inspect" "0fbd6f95914ec0a71abc48030e942f8e2f46350ea7af74c70d7ded534343167e", kill_on_drop: false }`
[INFO] running `Command { std: "docker" "rm" "-f" "0fbd6f95914ec0a71abc48030e942f8e2f46350ea7af74c70d7ded534343167e", kill_on_drop: false }`
[INFO] [stdout] 0fbd6f95914ec0a71abc48030e942f8e2f46350ea7af74c70d7ded534343167e
[INFO] running `Command { std: "docker" "create" "-v" "/var/lib/crater-agent-workspace/builds/worker-3-tc2/target:/opt/rustwide/target:rw,Z" "-v" "/var/lib/crater-agent-workspace/builds/worker-3-tc2/source:/opt/rustwide/workdir:ro,Z" "-v" "/var/lib/crater-agent-workspace/cargo-home:/opt/rustwide/cargo-home:ro,Z" "-v" "/var/lib/crater-agent-workspace/rustup-home:/opt/rustwide/rustup-home:ro,Z" "-e" "SOURCE_DIR=/opt/rustwide/workdir" "-e" "CARGO_TARGET_DIR=/opt/rustwide/target" "-e" "CARGO_INCREMENTAL=0" "-e" "RUST_BACKTRACE=full" "-e" "RUSTFLAGS=--cap-lints=warn" "-e" "RUSTDOCFLAGS=--cap-lints=warn" "-e" "CARGO_HOME=/opt/rustwide/cargo-home" "-e" "RUSTUP_HOME=/opt/rustwide/rustup-home" "-w" "/opt/rustwide/workdir" "-m" "1610612736" "--user" "0:0" "--network" "none" "ghcr.io/rust-lang/crates-build-env/linux@sha256:f3a9d4ad9d972b27faf3965f35b62e55ba32bbce8f20bc8fe909558a86702fde" "/opt/rustwide/cargo-home/bin/cargo" "+beta-2024-12-08" "build" "--frozen" "--message-format=json", kill_on_drop: false }`
[INFO] [stdout] 6c907c274cbd3485c33460c83a68e83c1c9217a6cbe3a69861fe07d17e6d6dd9
[INFO] running `Command { std: "docker" "start" "-a" "6c907c274cbd3485c33460c83a68e83c1c9217a6cbe3a69861fe07d17e6d6dd9", kill_on_drop: false }`
[INFO] [stderr] warning: virtual workspace defaulting to `resolver = "1"` despite one or more workspace members being on edition 2021 which implies `resolver = "2"`
[INFO] [stderr] note: to keep the current resolver, specify `workspace.resolver = "1"` in the workspace root's manifest
[INFO] [stderr] note: to use the edition 2021 resolver, specify `workspace.resolver = "2"` in the workspace root's manifest
[INFO] [stderr] note: for more details see https://doc.rust-lang.org/cargo/reference/resolver.html#resolver-versions
[INFO] [stderr]    Compiling autocfg v1.0.0
[INFO] [stderr]    Compiling libc v0.2.144
[INFO] [stderr]    Compiling proc-macro2 v1.0.59
[INFO] [stderr]    Compiling quote v1.0.28
[INFO] [stderr]    Compiling unicode-ident v1.0.9
[INFO] [stderr]    Compiling scopeguard v1.1.0
[INFO] [stderr]    Compiling crossbeam-utils v0.8.15
[INFO] [stderr]    Compiling cfg-if v0.1.10
[INFO] [stderr]    Compiling simd-adler32 v0.3.5
[INFO] [stderr]    Compiling cc v1.0.79
[INFO] [stderr]    Compiling rayon-core v1.11.0
[INFO] [stderr]    Compiling adler v1.0.2
[INFO] [stderr]    Compiling crc32fast v1.2.0
[INFO] [stderr]    Compiling futures-core v0.3.28
[INFO] [stderr]    Compiling serde v1.0.163
[INFO] [stderr]    Compiling smallvec v1.10.0
[INFO] [stderr]    Compiling log v0.4.18
[INFO] [stderr]    Compiling lock_api v0.4.6
[INFO] [stderr]    Compiling khronos_api v3.1.0
[INFO] [stderr]    Compiling proc-macro2 v0.4.30
[INFO] [stderr]    Compiling either v1.8.1
[INFO] [stderr]    Compiling miniz_oxide v0.7.1
[INFO] [stderr]    Compiling getrandom v0.1.14
[INFO] [stderr]    Compiling unicode-xid v0.1.0
[INFO] [stderr]    Compiling syn v0.15.44
[INFO] [stderr]    Compiling spin v0.9.8
[INFO] [stderr]    Compiling num-traits v0.2.12
[INFO] [stderr]    Compiling memoffset v0.8.0
[INFO] [stderr]    Compiling num-integer v0.1.43
[INFO] [stderr]    Compiling crossbeam-epoch v0.9.14
[INFO] [stderr]    Compiling num-bigint v0.2.6
[INFO] [stderr]    Compiling num-rational v0.4.1
[INFO] [stderr]    Compiling num-complex v0.2.4
[INFO] [stderr]    Compiling crossbeam-channel v0.5.8
[INFO] [stderr]    Compiling flate2 v1.0.26
[INFO] [stderr]    Compiling num-rational v0.2.4
[INFO] [stderr]    Compiling cmake v0.1.50
[INFO] [stderr]    Compiling num-iter v0.1.41
[INFO] [stderr]    Compiling parking_lot_core v0.9.8
[INFO] [stderr]    Compiling weezl v0.1.7
[INFO] [stderr]    Compiling syn v2.0.18
[INFO] [stderr]    Compiling xml-rs v0.8.14
[INFO] [stderr]    Compiling serde_json v1.0.96
[INFO] [stderr]    Compiling futures-sink v0.3.28
[INFO] [stderr]    Compiling num_cpus v1.15.0
[INFO] [stderr]    Compiling getrandom v0.2.10
[INFO] [stderr]    Compiling crossbeam-deque v0.8.3
[INFO] [stderr]    Compiling nanorand v0.7.0
[INFO] [stderr]    Compiling fdeflate v0.3.0
[INFO] [stderr]    Compiling zune-inflate v0.2.54
[INFO] [stderr]    Compiling inflections v1.1.1
[INFO] [stderr]    Compiling quote v0.6.13
[INFO] [stderr]    Compiling bytemuck v1.13.1
[INFO] [stderr]    Compiling color_quant v1.1.0
[INFO] [stderr]    Compiling bit_field v0.10.2
[INFO] [stderr]    Compiling glfw-sys v4.0.0+3.3.5
[INFO] [stderr]    Compiling gl_generator v0.14.0
[INFO] [stderr]    Compiling imgui-sys v0.11.0
[INFO] [stderr]    Compiling half v2.2.1
[INFO] [stderr]    Compiling lebe v0.5.2
[INFO] [stderr]    Compiling num-derive v0.2.5
[INFO] [stderr]    Compiling ryu v1.0.13
[INFO] [stderr]    Compiling itoa v1.0.6
[INFO] [stderr]    Compiling qoi v0.4.1
[INFO] [stderr]    Compiling gif v0.12.0
[INFO] [stderr]    Compiling png v0.17.8
[INFO] [stderr]    Compiling rand_core v0.5.1
[INFO] [stderr]    Compiling rayon v1.7.0
[INFO] [stderr]    Compiling byteorder v1.4.3
[INFO] [stderr]    Compiling mint v0.5.9
[INFO] [stderr]    Compiling ppv-lite86 v0.2.8
[INFO] [stderr]    Compiling chlorine v1.0.10
[INFO] [stderr]    Compiling rendering v0.1.0 (/opt/rustwide/workdir/rendering)
[INFO] [stderr]    Compiling base64 v0.13.1
[INFO] [stderr]    Compiling parking_lot v0.12.1
[INFO] [stderr]    Compiling time v0.1.45
[INFO] [stderr]    Compiling rand_chacha v0.2.2
[INFO] [stderr]    Compiling sys v0.1.0 (/opt/rustwide/workdir/sys)
[INFO] [stderr]    Compiling urlencoding v2.1.2
[INFO] [stderr]    Compiling raw-window-handle v0.5.2
[INFO] [stderr]    Compiling iana-time-zone v0.1.57
[INFO] [stderr]    Compiling rand v0.7.3
[INFO] [stderr]    Compiling chrono v0.4.26
[INFO] [stderr]    Compiling mmapio v0.9.1
[INFO] [stderr]    Compiling slice-of-array v0.3.2
[INFO] [stderr]    Compiling num v0.2.1
[INFO] [stderr]    Compiling pin-project-internal v1.1.0
[INFO] [stderr]    Compiling serde_derive v1.0.163
[INFO] [stderr]    Compiling gltf-derive v1.2.0
[INFO] [stderr]    Compiling jpeg-decoder v0.3.0
[INFO] [stderr]    Compiling tiff v0.8.1
[INFO] [stderr]    Compiling math v0.1.0 (/opt/rustwide/workdir/math)
[INFO] [stderr]    Compiling pin-project v1.1.0
[INFO] [stderr]    Compiling glfw v0.52.0
[INFO] [stderr]    Compiling flume v0.10.14
[INFO] [stderr]    Compiling exr v1.6.4
[INFO] [stderr]    Compiling image v0.24.6
[INFO] [stderr]    Compiling imgui v0.11.0
[INFO] [stderr]    Compiling ron v0.7.1
[INFO] [stderr]    Compiling gltf-json v1.2.0
[INFO] [stderr]    Compiling gltf v1.2.0
[INFO] [stderr]    Compiling raytracer v0.1.0 (/opt/rustwide/workdir/raytracer)
[INFO] [stdout] warning: unused import: `C_ZERO`
[INFO] [stdout]  --> raytracer/src/aabb3.rs:3:43
[INFO] [stdout]   |
[INFO] [stdout] 3 | use crate::types::{Mat4, Ray, Real, Vec3, C_ZERO};
[INFO] [stdout]   |                                           ^^^^^^
[INFO] [stdout]   |
[INFO] [stdout]   = note: `#[warn(unused_imports)]` on by default
[INFO] [stdout] 
[INFO] [stdout] 
[INFO] [stdout] warning: unused import: `math::ray`
[INFO] [stdout]  --> raytracer/src/diffuse_light.rs:3:5
[INFO] [stdout]   |
[INFO] [stdout] 3 | use math::ray;
[INFO] [stdout]   |     ^^^^^^^^^
[INFO] [stdout] 
[INFO] [stdout] 
[INFO] [stdout] warning: unused import: `ops::Range`
[INFO] [stdout]  --> raytracer/src/geometry_import.rs:1:47
[INFO] [stdout]   |
[INFO] [stdout] 1 | use std::{collections::HashMap, mem::size_of, ops::Range};
[INFO] [stdout]   |                                               ^^^^^^^^^^
[INFO] [stdout] 
[INFO] [stdout] 
[INFO] [stdout] warning: unused import: `Real`
[INFO] [stdout]  --> raytracer/src/isotropic.rs:7:48
[INFO] [stdout]   |
[INFO] [stdout] 7 |     types::{random_in_unit_sphere, Color, Ray, Real},
[INFO] [stdout]   |                                                ^^^^
[INFO] [stdout] 
[INFO] [stdout] 
[INFO] [stdout] warning: unused import: `self`
[INFO] [stdout]  --> raytracer/src/triangle_mesh.rs:7:23
[INFO] [stdout]   |
[INFO] [stdout] 7 |     geometry_import::{self, GeometryNode, GeometryVertex, ImportedGeometry},
[INFO] [stdout]   |                       ^^^^
[INFO] [stdout] 
[INFO] [stdout] 
[INFO] [stdout] warning: unused variable: `ray`
[INFO] [stdout]   --> raytracer/src/diffuse_light.rs:45:9
[INFO] [stdout]    |
[INFO] [stdout] 45 |         ray: &Ray,
[INFO] [stdout]    |         ^^^ help: if this is intentional, prefix it with an underscore: `_ray`
[INFO] [stdout]    |
[INFO] [stdout]    = note: `#[warn(unused_variables)]` on by default
[INFO] [stdout] 
[INFO] [stdout] 
[INFO] [stdout] warning: value assigned to `xy1` is never read
[INFO] [stdout]   --> raytracer/src/hyperboloid.rs:37:17
[INFO] [stdout]    |
[INFO] [stdout] 37 |         let mut xy1 = C_ZERO;
[INFO] [stdout]    |                 ^^^
[INFO] [stdout]    |
[INFO] [stdout]    = help: maybe it is overwritten before being read?
[INFO] [stdout]    = note: `#[warn(unused_assignments)]` on by default
[INFO] [stdout] 
[INFO] [stdout] 
[INFO] [stdout] warning: value assigned to `xy2` is never read
[INFO] [stdout]   --> raytracer/src/hyperboloid.rs:38:17
[INFO] [stdout]    |
[INFO] [stdout] 38 |         let mut xy2 = C_ZERO;
[INFO] [stdout]    |                 ^^^
[INFO] [stdout]    |
[INFO] [stdout]    = help: maybe it is overwritten before being read?
[INFO] [stdout] 
[INFO] [stdout] 
[INFO] [stdout] warning: value assigned to `ah` is never read
[INFO] [stdout]   --> raytracer/src/hyperboloid.rs:39:17
[INFO] [stdout]    |
[INFO] [stdout] 39 |         let mut ah = C_ZERO;
[INFO] [stdout]    |                 ^^
[INFO] [stdout]    |
[INFO] [stdout]    = help: maybe it is overwritten before being read?
[INFO] [stdout] 
[INFO] [stdout] 
[INFO] [stdout] warning: value assigned to `ch` is never read
[INFO] [stdout]   --> raytracer/src/hyperboloid.rs:40:17
[INFO] [stdout]    |
[INFO] [stdout] 40 |         let mut ch = C_ZERO;
[INFO] [stdout]    |                 ^^
[INFO] [stdout]    |
[INFO] [stdout]    = help: maybe it is overwritten before being read?
[INFO] [stdout] 
[INFO] [stdout] 
[INFO] [stdout] warning: unused variable: `p`
[INFO] [stdout]    --> raytracer/src/sampling.rs:187:13
[INFO] [stdout]     |
[INFO] [stdout] 187 |         for p in 0..sets {
[INFO] [stdout]     |             ^ help: if this is intentional, prefix it with an underscore: `_p`
[INFO] [stdout] 
[INFO] [stdout] 
[INFO] [stdout] warning: unused variable: `prev_gl_state`
[INFO] [stdout]    --> raytracer/src/ui.rs:306:13
[INFO] [stdout]     |
[INFO] [stdout] 306 |         let prev_gl_state = OpenGLStateSnapshot::new();
[INFO] [stdout]     |             ^^^^^^^^^^^^^ help: if this is intentional, prefix it with an underscore: `_prev_gl_state`
[INFO] [stdout] 
[INFO] [stdout] 
[INFO] [stderr]     Finished `dev` profile [unoptimized + debuginfo] target(s) in 44.74s
[INFO] running `Command { std: "docker" "inspect" "6c907c274cbd3485c33460c83a68e83c1c9217a6cbe3a69861fe07d17e6d6dd9", kill_on_drop: false }`
[INFO] running `Command { std: "docker" "rm" "-f" "6c907c274cbd3485c33460c83a68e83c1c9217a6cbe3a69861fe07d17e6d6dd9", kill_on_drop: false }`
[INFO] [stdout] 6c907c274cbd3485c33460c83a68e83c1c9217a6cbe3a69861fe07d17e6d6dd9
[INFO] running `Command { std: "docker" "create" "-v" "/var/lib/crater-agent-workspace/builds/worker-3-tc2/target:/opt/rustwide/target:rw,Z" "-v" "/var/lib/crater-agent-workspace/builds/worker-3-tc2/source:/opt/rustwide/workdir:ro,Z" "-v" "/var/lib/crater-agent-workspace/cargo-home:/opt/rustwide/cargo-home:ro,Z" "-v" "/var/lib/crater-agent-workspace/rustup-home:/opt/rustwide/rustup-home:ro,Z" "-e" "SOURCE_DIR=/opt/rustwide/workdir" "-e" "CARGO_TARGET_DIR=/opt/rustwide/target" "-e" "CARGO_INCREMENTAL=0" "-e" "RUST_BACKTRACE=full" "-e" "RUSTFLAGS=--cap-lints=warn" "-e" "RUSTDOCFLAGS=--cap-lints=warn" "-e" "CARGO_HOME=/opt/rustwide/cargo-home" "-e" "RUSTUP_HOME=/opt/rustwide/rustup-home" "-w" "/opt/rustwide/workdir" "-m" "1610612736" "--user" "0:0" "--network" "none" "ghcr.io/rust-lang/crates-build-env/linux@sha256:f3a9d4ad9d972b27faf3965f35b62e55ba32bbce8f20bc8fe909558a86702fde" "/opt/rustwide/cargo-home/bin/cargo" "+beta-2024-12-08" "test" "--frozen" "--no-run" "--message-format=json", kill_on_drop: false }`
[INFO] [stdout] 87ae17ee05588fcf9d047e3374226f4608ee7c3f8d6f6c5c835a6c0cb260aa75
[INFO] running `Command { std: "docker" "start" "-a" "87ae17ee05588fcf9d047e3374226f4608ee7c3f8d6f6c5c835a6c0cb260aa75", kill_on_drop: false }`
[INFO] [stderr] warning: virtual workspace defaulting to `resolver = "1"` despite one or more workspace members being on edition 2021 which implies `resolver = "2"`
[INFO] [stderr] note: to keep the current resolver, specify `workspace.resolver = "1"` in the workspace root's manifest
[INFO] [stderr] note: to use the edition 2021 resolver, specify `workspace.resolver = "2"` in the workspace root's manifest
[INFO] [stderr] note: for more details see https://doc.rust-lang.org/cargo/reference/resolver.html#resolver-versions
[INFO] [stderr]    Compiling rendering v0.1.0 (/opt/rustwide/workdir/rendering)
[INFO] [stderr]    Compiling math v0.1.0 (/opt/rustwide/workdir/math)
[INFO] [stderr]    Compiling sys v0.1.0 (/opt/rustwide/workdir/sys)
[INFO] [stderr]    Compiling raytracer v0.1.0 (/opt/rustwide/workdir/raytracer)
[INFO] [stdout] warning: unused import: `C_ZERO`
[INFO] [stdout]  --> raytracer/src/aabb3.rs:3:43
[INFO] [stdout]   |
[INFO] [stdout] 3 | use crate::types::{Mat4, Ray, Real, Vec3, C_ZERO};
[INFO] [stdout]   |                                           ^^^^^^
[INFO] [stdout]   |
[INFO] [stdout]   = note: `#[warn(unused_imports)]` on by default
[INFO] [stdout] 
[INFO] [stdout] 
[INFO] [stdout] warning: unused import: `math::ray`
[INFO] [stdout]  --> raytracer/src/diffuse_light.rs:3:5
[INFO] [stdout]   |
[INFO] [stdout] 3 | use math::ray;
[INFO] [stdout]   |     ^^^^^^^^^
[INFO] [stdout] 
[INFO] [stdout] 
[INFO] [stdout] warning: unused import: `ops::Range`
[INFO] [stdout]  --> raytracer/src/geometry_import.rs:1:47
[INFO] [stdout]   |
[INFO] [stdout] 1 | use std::{collections::HashMap, mem::size_of, ops::Range};
[INFO] [stdout]   |                                               ^^^^^^^^^^
[INFO] [stdout] 
[INFO] [stdout] 
[INFO] [stdout] warning: unused import: `Real`
[INFO] [stdout]  --> raytracer/src/isotropic.rs:7:48
[INFO] [stdout]   |
[INFO] [stdout] 7 |     types::{random_in_unit_sphere, Color, Ray, Real},
[INFO] [stdout]   |                                                ^^^^
[INFO] [stdout] 
[INFO] [stdout] 
[INFO] [stdout] warning: unused import: `self`
[INFO] [stdout]  --> raytracer/src/triangle_mesh.rs:7:23
[INFO] [stdout]   |
[INFO] [stdout] 7 |     geometry_import::{self, GeometryNode, GeometryVertex, ImportedGeometry},
[INFO] [stdout]   |                       ^^^^
[INFO] [stdout] 
[INFO] [stdout] 
[INFO] [stdout] warning: unused variable: `ray`
[INFO] [stdout]   --> raytracer/src/diffuse_light.rs:45:9
[INFO] [stdout]    |
[INFO] [stdout] 45 |         ray: &Ray,
[INFO] [stdout]    |         ^^^ help: if this is intentional, prefix it with an underscore: `_ray`
[INFO] [stdout]    |
[INFO] [stdout]    = note: `#[warn(unused_variables)]` on by default
[INFO] [stdout] 
[INFO] [stdout] 
[INFO] [stdout] warning: value assigned to `xy1` is never read
[INFO] [stdout]   --> raytracer/src/hyperboloid.rs:37:17
[INFO] [stdout]    |
[INFO] [stdout] 37 |         let mut xy1 = C_ZERO;
[INFO] [stdout]    |                 ^^^
[INFO] [stdout]    |
[INFO] [stdout]    = help: maybe it is overwritten before being read?
[INFO] [stdout]    = note: `#[warn(unused_assignments)]` on by default
[INFO] [stdout] 
[INFO] [stdout] 
[INFO] [stdout] warning: value assigned to `xy2` is never read
[INFO] [stdout]   --> raytracer/src/hyperboloid.rs:38:17
[INFO] [stdout]    |
[INFO] [stdout] 38 |         let mut xy2 = C_ZERO;
[INFO] [stdout]    |                 ^^^
[INFO] [stdout]    |
[INFO] [stdout]    = help: maybe it is overwritten before being read?
[INFO] [stdout] 
[INFO] [stdout] 
[INFO] [stdout] warning: value assigned to `ah` is never read
[INFO] [stdout]   --> raytracer/src/hyperboloid.rs:39:17
[INFO] [stdout]    |
[INFO] [stdout] 39 |         let mut ah = C_ZERO;
[INFO] [stdout]    |                 ^^
[INFO] [stdout]    |
[INFO] [stdout]    = help: maybe it is overwritten before being read?
[INFO] [stdout] 
[INFO] [stdout] 
[INFO] [stdout] warning: value assigned to `ch` is never read
[INFO] [stdout]   --> raytracer/src/hyperboloid.rs:40:17
[INFO] [stdout]    |
[INFO] [stdout] 40 |         let mut ch = C_ZERO;
[INFO] [stdout]    |                 ^^
[INFO] [stdout]    |
[INFO] [stdout]    = help: maybe it is overwritten before being read?
[INFO] [stdout] 
[INFO] [stdout] 
[INFO] [stdout] warning: unused variable: `p`
[INFO] [stdout]    --> raytracer/src/sampling.rs:187:13
[INFO] [stdout]     |
[INFO] [stdout] 187 |         for p in 0..sets {
[INFO] [stdout]     |             ^ help: if this is intentional, prefix it with an underscore: `_p`
[INFO] [stdout] 
[INFO] [stdout] 
[INFO] [stdout] warning: unused variable: `prev_gl_state`
[INFO] [stdout]    --> raytracer/src/ui.rs:306:13
[INFO] [stdout]     |
[INFO] [stdout] 306 |         let prev_gl_state = OpenGLStateSnapshot::new();
[INFO] [stdout]     |             ^^^^^^^^^^^^^ help: if this is intentional, prefix it with an underscore: `_prev_gl_state`
[INFO] [stdout] 
[INFO] [stdout] 
[INFO] [stderr]     Finished `test` profile [unoptimized + debuginfo] target(s) in 2.22s
[INFO] running `Command { std: "docker" "inspect" "87ae17ee05588fcf9d047e3374226f4608ee7c3f8d6f6c5c835a6c0cb260aa75", kill_on_drop: false }`
[INFO] running `Command { std: "docker" "rm" "-f" "87ae17ee05588fcf9d047e3374226f4608ee7c3f8d6f6c5c835a6c0cb260aa75", kill_on_drop: false }`
[INFO] [stdout] 87ae17ee05588fcf9d047e3374226f4608ee7c3f8d6f6c5c835a6c0cb260aa75
[INFO] running `Command { std: "docker" "create" "-v" "/var/lib/crater-agent-workspace/builds/worker-3-tc2/target:/opt/rustwide/target:rw,Z" "-v" "/var/lib/crater-agent-workspace/builds/worker-3-tc2/source:/opt/rustwide/workdir:ro,Z" "-v" "/var/lib/crater-agent-workspace/cargo-home:/opt/rustwide/cargo-home:ro,Z" "-v" "/var/lib/crater-agent-workspace/rustup-home:/opt/rustwide/rustup-home:ro,Z" "-e" "SOURCE_DIR=/opt/rustwide/workdir" "-e" "CARGO_TARGET_DIR=/opt/rustwide/target" "-e" "CARGO_INCREMENTAL=0" "-e" "RUST_BACKTRACE=full" "-e" "RUSTFLAGS=--cap-lints=warn" "-e" "RUSTDOCFLAGS=--cap-lints=warn" "-e" "CARGO_HOME=/opt/rustwide/cargo-home" "-e" "RUSTUP_HOME=/opt/rustwide/rustup-home" "-w" "/opt/rustwide/workdir" "-m" "1610612736" "--user" "0:0" "--network" "none" "ghcr.io/rust-lang/crates-build-env/linux@sha256:f3a9d4ad9d972b27faf3965f35b62e55ba32bbce8f20bc8fe909558a86702fde" "/opt/rustwide/cargo-home/bin/cargo" "+beta-2024-12-08" "test" "--frozen", kill_on_drop: false }`
[INFO] [stdout] b04fd7297fd5bc9fd5e6eb4bc77db7b5ceec6807139a1b2c0a6444651b49256a
[INFO] running `Command { std: "docker" "start" "-a" "b04fd7297fd5bc9fd5e6eb4bc77db7b5ceec6807139a1b2c0a6444651b49256a", kill_on_drop: false }`
[INFO] [stderr] warning: virtual workspace defaulting to `resolver = "1"` despite one or more workspace members being on edition 2021 which implies `resolver = "2"`
[INFO] [stderr] note: to keep the current resolver, specify `workspace.resolver = "1"` in the workspace root's manifest
[INFO] [stderr] note: to use the edition 2021 resolver, specify `workspace.resolver = "2"` in the workspace root's manifest
[INFO] [stderr] note: for more details see https://doc.rust-lang.org/cargo/reference/resolver.html#resolver-versions
[INFO] [stderr] warning: unused import: `C_ZERO`
[INFO] [stderr]  --> raytracer/src/aabb3.rs:3:43
[INFO] [stderr]   |
[INFO] [stderr] 3 | use crate::types::{Mat4, Ray, Real, Vec3, C_ZERO};
[INFO] [stderr]   |                                           ^^^^^^
[INFO] [stderr]   |
[INFO] [stderr]   = note: `#[warn(unused_imports)]` on by default
[INFO] [stderr] 
[INFO] [stderr] warning: unused import: `math::ray`
[INFO] [stderr]  --> raytracer/src/diffuse_light.rs:3:5
[INFO] [stderr]   |
[INFO] [stderr] 3 | use math::ray;
[INFO] [stderr]   |     ^^^^^^^^^
[INFO] [stderr] 
[INFO] [stderr] warning: unused import: `ops::Range`
[INFO] [stderr]  --> raytracer/src/geometry_import.rs:1:47
[INFO] [stderr]   |
[INFO] [stderr] 1 | use std::{collections::HashMap, mem::size_of, ops::Range};
[INFO] [stderr]   |                                               ^^^^^^^^^^
[INFO] [stderr] 
[INFO] [stderr] warning: unused import: `Real`
[INFO] [stderr]  --> raytracer/src/isotropic.rs:7:48
[INFO] [stderr]   |
[INFO] [stderr] 7 |     types::{random_in_unit_sphere, Color, Ray, Real},
[INFO] [stderr]   |                                                ^^^^
[INFO] [stderr] 
[INFO] [stderr] warning: unused import: `self`
[INFO] [stderr]  --> raytracer/src/triangle_mesh.rs:7:23
[INFO] [stderr]   |
[INFO] [stderr] 7 |     geometry_import::{self, GeometryNode, GeometryVertex, ImportedGeometry},
[INFO] [stderr]   |                       ^^^^
[INFO] [stderr] 
[INFO] [stderr] warning: unused variable: `ray`
[INFO] [stderr]   --> raytracer/src/diffuse_light.rs:45:9
[INFO] [stderr]    |
[INFO] [stderr] 45 |         ray: &Ray,
[INFO] [stderr]    |         ^^^ help: if this is intentional, prefix it with an underscore: `_ray`
[INFO] [stderr]    |
[INFO] [stderr]    = note: `#[warn(unused_variables)]` on by default
[INFO] [stderr] 
[INFO] [stderr] warning: value assigned to `xy1` is never read
[INFO] [stderr]   --> raytracer/src/hyperboloid.rs:37:17
[INFO] [stderr]    |
[INFO] [stderr] 37 |         let mut xy1 = C_ZERO;
[INFO] [stderr]    |                 ^^^
[INFO] [stderr]    |
[INFO] [stderr]    = help: maybe it is overwritten before being read?
[INFO] [stderr]    = note: `#[warn(unused_assignments)]` on by default
[INFO] [stderr] 
[INFO] [stderr] warning: value assigned to `xy2` is never read
[INFO] [stderr]   --> raytracer/src/hyperboloid.rs:38:17
[INFO] [stderr]    |
[INFO] [stderr] 38 |         let mut xy2 = C_ZERO;
[INFO] [stderr]    |                 ^^^
[INFO] [stderr]    |
[INFO] [stderr]    = help: maybe it is overwritten before being read?
[INFO] [stderr] 
[INFO] [stderr] warning: value assigned to `ah` is never read
[INFO] [stderr]   --> raytracer/src/hyperboloid.rs:39:17
[INFO] [stderr]    |
[INFO] [stderr] 39 |         let mut ah = C_ZERO;
[INFO] [stderr]    |                 ^^
[INFO] [stderr]    |
[INFO] [stderr]    = help: maybe it is overwritten before being read?
[INFO] [stderr] 
[INFO] [stderr] warning: value assigned to `ch` is never read
[INFO] [stderr]   --> raytracer/src/hyperboloid.rs:40:17
[INFO] [stderr]    |
[INFO] [stderr] 40 |         let mut ch = C_ZERO;
[INFO] [stderr]    |                 ^^
[INFO] [stderr]    |
[INFO] [stderr]    = help: maybe it is overwritten before being read?
[INFO] [stderr] 
[INFO] [stderr] warning: unused variable: `p`
[INFO] [stderr]    --> raytracer/src/sampling.rs:187:13
[INFO] [stderr]     |
[INFO] [stderr] 187 |         for p in 0..sets {
[INFO] [stderr]     |             ^ help: if this is intentional, prefix it with an underscore: `_p`
[INFO] [stderr] 
[INFO] [stderr] warning: unused variable: `prev_gl_state`
[INFO] [stderr]    --> raytracer/src/ui.rs:306:13
[INFO] [stderr]     |
[INFO] [stderr] 306 |         let prev_gl_state = OpenGLStateSnapshot::new();
[INFO] [stderr]     |             ^^^^^^^^^^^^^ help: if this is intentional, prefix it with an underscore: `_prev_gl_state`
[INFO] [stderr] 
[INFO] [stderr] warning: `raytracer` (bin "raytracer" test) generated 12 warnings (run `cargo fix --bin "raytracer" --tests` to apply 5 suggestions)
[INFO] [stderr]     Finished `test` profile [unoptimized + debuginfo] target(s) in 0.12s
[INFO] [stderr]      Running unittests src/lib.rs (/opt/rustwide/target/debug/deps/math-8c99a298162c678e)
[INFO] [stdout] 
[INFO] [stdout] running 12 tests
[INFO] [stdout] test color_conversion::tests::test_hsl_to_rgb ... ok
[INFO] [stdout] test mat2x3::tests::test_ctors ... ok
[INFO] [stdout] test colors::tests::test_conversion_from_slice ... ok
[INFO] [stdout] test colors::tests::test_conversion_from_html ... ok
[INFO] [stdout] test mat2x3::tests::test_div_scalar ... ok
[INFO] [stdout] test mat2x3::tests::test_mul_scalar ... ok
[INFO] [stdout] test mat2x3::tests::test_multiplication ... ok
[INFO] [stdout] test mat4::tests::test_index_ops ... ok
[INFO] [stdout] test mat4::tests::test_transpose ... ok
[INFO] [stdout] test vec4::tests::test_conversions ... ok
[INFO] [stdout] test mat4::tests::test_multiplication ... ok
[INFO] [stdout] test mat2x3::tests::test_slice_fns ... ok
[INFO] [stdout] 
[INFO] [stdout] test result: ok. 12 passed; 0 failed; 0 ignored; 0 measured; 0 filtered out; finished in 0.01s
[INFO] [stdout] 
[INFO] [stderr]      Running unittests src/main.rs (/opt/rustwide/target/debug/deps/raytracer-3ca04b5a0f41cf6c)
[INFO] [stdout] 
[INFO] [stdout] running 0 tests
[INFO] [stdout] 
[INFO] [stdout] test result: ok. 0 passed; 0 failed; 0 ignored; 0 measured; 0 filtered out; finished in 0.00s
[INFO] [stdout] 
[INFO] [stderr]      Running unittests src/lib.rs (/opt/rustwide/target/debug/deps/rendering-6d82b0e8841dfa16)
[INFO] [stdout] 
[INFO] [stdout] running 0 tests
[INFO] [stdout] 
[INFO] [stderr]      Running unittests src/lib.rs (/opt/rustwide/target/debug/deps/sys-672709b14e590333)
[INFO] [stdout] test result: ok. 0 passed; 0 failed; 0 ignored; 0 measured; 0 filtered out; finished in 0.00s
[INFO] [stdout] 
[INFO] [stdout] 
[INFO] [stdout] running 1 test
[INFO] [stdout] test memory_mapped_file::tests::test_memory_mapped_file ... FAILED
[INFO] [stdout] 
[INFO] [stdout] failures:
[INFO] [stdout] 
[INFO] [stdout] ---- memory_mapped_file::tests::test_memory_mapped_file stdout ----
[INFO] [stdout] thread 'memory_mapped_file::tests::test_memory_mapped_file' panicked at sys/src/memory_mapped_file.rs:280:50:
[INFO] [stdout] called `Result::unwrap()` on an `Err` value: Os { code: 30, kind: ReadOnlyFilesystem, message: "Read-only file system" }
[INFO] [stdout] stack backtrace:
[INFO] [stdout]    0:     0x57893b8f859a - std::backtrace_rs::backtrace::libunwind::trace::h8810477743020387
[INFO] [stdout]                                at /rustc/202008a1b8de96d2e5b6bc02d379db03a877d34d/library/std/src/../../backtrace/src/backtrace/libunwind.rs:116:5
[INFO] [stdout]    1:     0x57893b8f859a - std::backtrace_rs::backtrace::trace_unsynchronized::h3aa55355dd6c54a6
[INFO] [stdout]                                at /rustc/202008a1b8de96d2e5b6bc02d379db03a877d34d/library/std/src/../../backtrace/src/backtrace/mod.rs:66:5
[INFO] [stdout]    2:     0x57893b8f859a - std::sys::backtrace::_print_fmt::h8588b0f62410823f
[INFO] [stdout]                                at /rustc/202008a1b8de96d2e5b6bc02d379db03a877d34d/library/std/src/sys/backtrace.rs:66:9
[INFO] [stdout]    3:     0x57893b8f859a - <std::sys::backtrace::BacktraceLock::print::DisplayBacktrace as core::fmt::Display>::fmt::h98c26ac25ffe89bb
[INFO] [stdout]                                at /rustc/202008a1b8de96d2e5b6bc02d379db03a877d34d/library/std/src/sys/backtrace.rs:39:26
[INFO] [stdout]    4:     0x57893b91e063 - core::fmt::rt::Argument::fmt::hf95377f4aebd453b
[INFO] [stdout]                                at /rustc/202008a1b8de96d2e5b6bc02d379db03a877d34d/library/core/src/fmt/rt.rs:177:76
[INFO] [stdout]    5:     0x57893b91e063 - core::fmt::write::h0dd5f6e2238c7982
[INFO] [stdout]                                at /rustc/202008a1b8de96d2e5b6bc02d379db03a877d34d/library/core/src/fmt/mod.rs:1189:21
[INFO] [stdout]    6:     0x57893b8f5733 - std::io::Write::write_fmt::h03bb0ca26e6faf8c
[INFO] [stdout]                                at /rustc/202008a1b8de96d2e5b6bc02d379db03a877d34d/library/std/src/io/mod.rs:1884:15
[INFO] [stdout]    7:     0x57893b8f83e2 - std::sys::backtrace::BacktraceLock::print::h5c19c1c038ee186d
[INFO] [stdout]                                at /rustc/202008a1b8de96d2e5b6bc02d379db03a877d34d/library/std/src/sys/backtrace.rs:42:9
[INFO] [stdout]    8:     0x57893b8f9a1d - std::panicking::default_hook::{{closure}}::h77172f079a1fcb13
[INFO] [stdout]                                at /rustc/202008a1b8de96d2e5b6bc02d379db03a877d34d/library/std/src/panicking.rs:268:22
[INFO] [stdout]    9:     0x57893b8f9827 - std::panicking::default_hook::he5f8e3b203ccddba
[INFO] [stdout]                                at /rustc/202008a1b8de96d2e5b6bc02d379db03a877d34d/library/std/src/panicking.rs:292:9
[INFO] [stdout]   10:     0x57893b8c3157 - <alloc::boxed::Box<F,A> as core::ops::function::Fn<Args>>::call::h7a3c7b4a1ae77f2f
[INFO] [stdout]                                at /rustc/202008a1b8de96d2e5b6bc02d379db03a877d34d/library/alloc/src/boxed.rs:1986:9
[INFO] [stdout]   11:     0x57893b8c3157 - test::test_main::{{closure}}::hf0d3b69ae9b353d1
[INFO] [stdout]                                at /rustc/202008a1b8de96d2e5b6bc02d379db03a877d34d/library/test/src/lib.rs:134:21
[INFO] [stdout]   12:     0x57893b8fa0c8 - <alloc::boxed::Box<F,A> as core::ops::function::Fn<Args>>::call::h6332e82e7b189abd
[INFO] [stdout]                                at /rustc/202008a1b8de96d2e5b6bc02d379db03a877d34d/library/alloc/src/boxed.rs:1986:9
[INFO] [stdout]   13:     0x57893b8fa0c8 - std::panicking::rust_panic_with_hook::h53863d4e9018df39
[INFO] [stdout]                                at /rustc/202008a1b8de96d2e5b6bc02d379db03a877d34d/library/std/src/panicking.rs:809:13
[INFO] [stdout]   14:     0x57893b8f9e8a - std::panicking::begin_panic_handler::{{closure}}::h67280e6fa0757873
[INFO] [stdout]                                at /rustc/202008a1b8de96d2e5b6bc02d379db03a877d34d/library/std/src/panicking.rs:674:13
[INFO] [stdout]   15:     0x57893b8f8a79 - std::sys::backtrace::__rust_end_short_backtrace::h1dac3f54d6fbbeb2
[INFO] [stdout]                                at /rustc/202008a1b8de96d2e5b6bc02d379db03a877d34d/library/std/src/sys/backtrace.rs:170:18
[INFO] [stdout]   16:     0x57893b8f9b1c - rust_begin_unwind
[INFO] [stdout]                                at /rustc/202008a1b8de96d2e5b6bc02d379db03a877d34d/library/std/src/panicking.rs:665:5
[INFO] [stdout]   17:     0x57893b883aa0 - core::panicking::panic_fmt::h6792bd1b2bf01041
[INFO] [stdout]                                at /rustc/202008a1b8de96d2e5b6bc02d379db03a877d34d/library/core/src/panicking.rs:76:14
[INFO] [stdout]   18:     0x57893b883e46 - core::result::unwrap_failed::h05e0602ed34287c5
[INFO] [stdout]                                at /rustc/202008a1b8de96d2e5b6bc02d379db03a877d34d/library/core/src/result.rs:1699:5
[INFO] [stdout]   19:     0x57893b8892f9 - core::result::Result<T,E>::unwrap::hd297465dc640c07d
[INFO] [stdout]                                at /rustc/202008a1b8de96d2e5b6bc02d379db03a877d34d/library/core/src/result.rs:1104:23
[INFO] [stdout]   20:     0x57893b8892f9 - sys::memory_mapped_file::tests::test_memory_mapped_file::h61a9514a3fcf9510
[INFO] [stdout]                                at /opt/rustwide/workdir/sys/src/memory_mapped_file.rs:280:25
[INFO] [stdout]   21:     0x57893b8891a7 - sys::memory_mapped_file::tests::test_memory_mapped_file::{{closure}}::h00464027eed97cb5
[INFO] [stdout]                                at /opt/rustwide/workdir/sys/src/memory_mapped_file.rs:274:33
[INFO] [stdout]   22:     0x57893b886086 - core::ops::function::FnOnce::call_once::h60df901afcbbc2ca
[INFO] [stdout]                                at /rustc/202008a1b8de96d2e5b6bc02d379db03a877d34d/library/core/src/ops/function.rs:250:5
[INFO] [stdout]   23:     0x57893b8c7c7b - core::ops::function::FnOnce::call_once::h871bf86719ec9aa4
[INFO] [stdout]                                at /rustc/202008a1b8de96d2e5b6bc02d379db03a877d34d/library/core/src/ops/function.rs:250:5
[INFO] [stdout]   24:     0x57893b8c7c7b - test::__rust_begin_short_backtrace::h2167df1e2b7d76fd
[INFO] [stdout]                                at /rustc/202008a1b8de96d2e5b6bc02d379db03a877d34d/library/test/src/lib.rs:632:18
[INFO] [stdout]   25:     0x57893b8c7668 - test::run_test_in_process::{{closure}}::h15d92f75a3adfb79
[INFO] [stdout]                                at /rustc/202008a1b8de96d2e5b6bc02d379db03a877d34d/library/test/src/lib.rs:655:60
[INFO] [stdout]   26:     0x57893b8c7668 - <core::panic::unwind_safe::AssertUnwindSafe<F> as core::ops::function::FnOnce<()>>::call_once::hb6c8955835a8dbbb
[INFO] [stdout]                                at /rustc/202008a1b8de96d2e5b6bc02d379db03a877d34d/library/core/src/panic/unwind_safe.rs:272:9
[INFO] [stdout]   27:     0x57893b8c7668 - std::panicking::try::do_call::hc79d0fc888a0bd30
[INFO] [stdout]                                at /rustc/202008a1b8de96d2e5b6bc02d379db03a877d34d/library/std/src/panicking.rs:557:40
[INFO] [stdout]   28:     0x57893b8c7668 - std::panicking::try::hb8a7878e3a8589d6
[INFO] [stdout]                                at /rustc/202008a1b8de96d2e5b6bc02d379db03a877d34d/library/std/src/panicking.rs:520:19
[INFO] [stdout]   29:     0x57893b8c7668 - std::panic::catch_unwind::hb8e4600ff0ff5cfa
[INFO] [stdout]                                at /rustc/202008a1b8de96d2e5b6bc02d379db03a877d34d/library/std/src/panic.rs:358:14
[INFO] [stdout]   30:     0x57893b8c7668 - test::run_test_in_process::hc2900b0b18688dd6
[INFO] [stdout]                                at /rustc/202008a1b8de96d2e5b6bc02d379db03a877d34d/library/test/src/lib.rs:655:27
[INFO] [stdout]   31:     0x57893b8c7668 - test::run_test::{{closure}}::hac2a9cb07be3d48d
[INFO] [stdout]                                at /rustc/202008a1b8de96d2e5b6bc02d379db03a877d34d/library/test/src/lib.rs:576:43
[INFO] [stdout]   32:     0x57893b88b10a - test::run_test::{{closure}}::h4a5b729e66a38cd8
[INFO] [stdout]                                at /rustc/202008a1b8de96d2e5b6bc02d379db03a877d34d/library/test/src/lib.rs:606:41
[INFO] [stdout]   33:     0x57893b88b10a - std::sys::backtrace::__rust_begin_short_backtrace::h0496fb742492f573
[INFO] [stdout]                                at /rustc/202008a1b8de96d2e5b6bc02d379db03a877d34d/library/std/src/sys/backtrace.rs:154:18
[INFO] [stdout]   34:     0x57893b88ea84 - std::thread::Builder::spawn_unchecked_::{{closure}}::{{closure}}::hbb6d257c550a54bd
[INFO] [stdout]                                at /rustc/202008a1b8de96d2e5b6bc02d379db03a877d34d/library/std/src/thread/mod.rs:561:17
[INFO] [stdout]   35:     0x57893b88ea84 - <core::panic::unwind_safe::AssertUnwindSafe<F> as core::ops::function::FnOnce<()>>::call_once::h46696fe4a6832328
[INFO] [stdout]                                at /rustc/202008a1b8de96d2e5b6bc02d379db03a877d34d/library/core/src/panic/unwind_safe.rs:272:9
[INFO] [stdout]   36:     0x57893b88ea84 - std::panicking::try::do_call::h2625a51b667bfb64
[INFO] [stdout]                                at /rustc/202008a1b8de96d2e5b6bc02d379db03a877d34d/library/std/src/panicking.rs:557:40
[INFO] [stdout]   37:     0x57893b88ea84 - std::panicking::try::hb956a59a1973aa4c
[INFO] [stdout]                                at /rustc/202008a1b8de96d2e5b6bc02d379db03a877d34d/library/std/src/panicking.rs:520:19
[INFO] [stdout]   38:     0x57893b88ea84 - std::panic::catch_unwind::h64f3b9d1067ef6a0
[INFO] [stdout]                                at /rustc/202008a1b8de96d2e5b6bc02d379db03a877d34d/library/std/src/panic.rs:358:14
[INFO] [stdout]   39:     0x57893b88ea84 - std::thread::Builder::spawn_unchecked_::{{closure}}::h42b2841295b6c0b2
[INFO] [stdout]                                at /rustc/202008a1b8de96d2e5b6bc02d379db03a877d34d/library/std/src/thread/mod.rs:559:30
[INFO] [stdout]   40:     0x57893b88ea84 - core::ops::function::FnOnce::call_once{{vtable.shim}}::h6127de71b8124639
[INFO] [stdout]                                at /rustc/202008a1b8de96d2e5b6bc02d379db03a877d34d/library/core/src/ops/function.rs:250:5
[INFO] [stdout]   41:     0x57893b8fe01b - <alloc::boxed::Box<F,A> as core::ops::function::FnOnce<Args>>::call_once::h42f0ba71002a1b2c
[INFO] [stdout]                                at /rustc/202008a1b8de96d2e5b6bc02d379db03a877d34d/library/alloc/src/boxed.rs:1972:9
[INFO] [stdout]   42:     0x57893b8fe01b - <alloc::boxed::Box<F,A> as core::ops::function::FnOnce<Args>>::call_once::had9e47d7a3dcecb8
[INFO] [stdout]                                at /rustc/202008a1b8de96d2e5b6bc02d379db03a877d34d/library/alloc/src/boxed.rs:1972:9
[INFO] [stdout]   43:     0x57893b8fe01b - std::sys::pal::unix::thread::Thread::new::thread_start::h48cf765408f6f5f2
[INFO] [stdout]                                at /rustc/202008a1b8de96d2e5b6bc02d379db03a877d34d/library/std/src/sys/pal/unix/thread.rs:105:17
[INFO] [stdout]   44:     0x7074f2f1fac3 - <unknown>
[INFO] [stderr] error: test failed, to rerun pass `-p sys --lib`
[INFO] [stdout]   45:     0x7074f2fb0a04 - clone
[INFO] [stdout]   46:                0x0 - <unknown>
[INFO] [stdout] 
[INFO] [stdout] 
[INFO] [stdout] failures:
[INFO] [stdout]     memory_mapped_file::tests::test_memory_mapped_file
[INFO] [stdout] 
[INFO] [stdout] test result: FAILED. 0 passed; 1 failed; 0 ignored; 0 measured; 0 filtered out; finished in 0.05s
[INFO] [stdout] 
[INFO] running `Command { std: "docker" "inspect" "b04fd7297fd5bc9fd5e6eb4bc77db7b5ceec6807139a1b2c0a6444651b49256a", kill_on_drop: false }`
[INFO] running `Command { std: "docker" "rm" "-f" "b04fd7297fd5bc9fd5e6eb4bc77db7b5ceec6807139a1b2c0a6444651b49256a", kill_on_drop: false }`
[INFO] [stdout] b04fd7297fd5bc9fd5e6eb4bc77db7b5ceec6807139a1b2c0a6444651b49256a
