[INFO] cloning repository https://github.com/acgetchell/d-delaunay
[INFO] running `Command { std: "git" "-c" "credential.helper=" "-c" "credential.helper=/workspace/cargo-home/bin/git-credential-null" "clone" "--bare" "https://github.com/acgetchell/d-delaunay" "/workspace/cache/git-repos/https%3A%2F%2Fgithub.com%2Facgetchell%2Fd-delaunay", kill_on_drop: false }`
[INFO] [stderr] Cloning into bare repository '/workspace/cache/git-repos/https%3A%2F%2Fgithub.com%2Facgetchell%2Fd-delaunay'...
[INFO] running `Command { std: "git" "rev-parse" "HEAD", kill_on_drop: false }`
[INFO] [stdout] 6738259cee47bbcfe6c160121df0081b9ea4ee68
[INFO] testing acgetchell/d-delaunay against 1.83.0 for beta-1.84.0-4-retry
[INFO] running `Command { std: "git" "clone" "/workspace/cache/git-repos/https%3A%2F%2Fgithub.com%2Facgetchell%2Fd-delaunay" "/workspace/builds/worker-6-tc1/source", kill_on_drop: false }`
[INFO] [stderr] Cloning into '/workspace/builds/worker-6-tc1/source'...
[INFO] [stderr] done.
[INFO] validating manifest of git repo https://github.com/acgetchell/d-delaunay on toolchain 1.83.0
[INFO] running `Command { std: CARGO_HOME="/workspace/cargo-home" RUSTUP_HOME="/workspace/rustup-home" "/workspace/cargo-home/bin/cargo" "+1.83.0" "metadata" "--manifest-path" "Cargo.toml" "--no-deps", kill_on_drop: false }`
[INFO] started tweaking git repo https://github.com/acgetchell/d-delaunay
[INFO] finished tweaking git repo https://github.com/acgetchell/d-delaunay
[INFO] tweaked toml for git repo https://github.com/acgetchell/d-delaunay written to /workspace/builds/worker-6-tc1/source/Cargo.toml
[INFO] crate git repo https://github.com/acgetchell/d-delaunay already has a lockfile, it will not be regenerated
[INFO] running `Command { std: CARGO_HOME="/workspace/cargo-home" RUSTUP_HOME="/workspace/rustup-home" "/workspace/cargo-home/bin/cargo" "+1.83.0" "fetch" "--manifest-path" "Cargo.toml", kill_on_drop: false }`
[INFO] [stderr]     Updating crates.io index
[INFO] [stderr]  Downloading crates ...
[INFO] [stderr]   Downloaded puruspe v0.2.5
[INFO] [stderr]   Downloaded lambert_w v0.3.0
[INFO] [stderr]   Downloaded peroxide v0.37.9
[INFO] running `Command { std: "docker" "create" "-v" "/var/lib/crater-agent-workspace/builds/worker-6-tc1/target:/opt/rustwide/target:rw,Z" "-v" "/var/lib/crater-agent-workspace/builds/worker-6-tc1/source:/opt/rustwide/workdir:ro,Z" "-v" "/var/lib/crater-agent-workspace/cargo-home:/opt/rustwide/cargo-home:ro,Z" "-v" "/var/lib/crater-agent-workspace/rustup-home:/opt/rustwide/rustup-home:ro,Z" "-e" "SOURCE_DIR=/opt/rustwide/workdir" "-e" "CARGO_TARGET_DIR=/opt/rustwide/target" "-e" "CARGO_HOME=/opt/rustwide/cargo-home" "-e" "RUSTUP_HOME=/opt/rustwide/rustup-home" "-w" "/opt/rustwide/workdir" "-m" "1610612736" "--user" "0:0" "--network" "none" "ghcr.io/rust-lang/crates-build-env/linux@sha256:f3a9d4ad9d972b27faf3965f35b62e55ba32bbce8f20bc8fe909558a86702fde" "/opt/rustwide/cargo-home/bin/cargo" "+1.83.0" "metadata" "--no-deps" "--format-version=1", kill_on_drop: false }`
[INFO] [stdout] 9dc7f0acd9d758e94d2ece89c350aa2fceb0af85b6be8fb1d07a6a92fc851546
[INFO] running `Command { std: "docker" "start" "-a" "9dc7f0acd9d758e94d2ece89c350aa2fceb0af85b6be8fb1d07a6a92fc851546", kill_on_drop: false }`
[INFO] running `Command { std: "docker" "inspect" "9dc7f0acd9d758e94d2ece89c350aa2fceb0af85b6be8fb1d07a6a92fc851546", kill_on_drop: false }`
[INFO] running `Command { std: "docker" "rm" "-f" "9dc7f0acd9d758e94d2ece89c350aa2fceb0af85b6be8fb1d07a6a92fc851546", kill_on_drop: false }`
[INFO] [stdout] 9dc7f0acd9d758e94d2ece89c350aa2fceb0af85b6be8fb1d07a6a92fc851546
[INFO] running `Command { std: "docker" "create" "-v" "/var/lib/crater-agent-workspace/builds/worker-6-tc1/target:/opt/rustwide/target:rw,Z" "-v" "/var/lib/crater-agent-workspace/builds/worker-6-tc1/source:/opt/rustwide/workdir:ro,Z" "-v" "/var/lib/crater-agent-workspace/cargo-home:/opt/rustwide/cargo-home:ro,Z" "-v" "/var/lib/crater-agent-workspace/rustup-home:/opt/rustwide/rustup-home:ro,Z" "-e" "SOURCE_DIR=/opt/rustwide/workdir" "-e" "CARGO_TARGET_DIR=/opt/rustwide/target" "-e" "CARGO_INCREMENTAL=0" "-e" "RUST_BACKTRACE=full" "-e" "RUSTFLAGS=--cap-lints=warn" "-e" "RUSTDOCFLAGS=--cap-lints=warn" "-e" "CARGO_HOME=/opt/rustwide/cargo-home" "-e" "RUSTUP_HOME=/opt/rustwide/rustup-home" "-w" "/opt/rustwide/workdir" "-m" "1610612736" "--user" "0:0" "--network" "none" "ghcr.io/rust-lang/crates-build-env/linux@sha256:f3a9d4ad9d972b27faf3965f35b62e55ba32bbce8f20bc8fe909558a86702fde" "/opt/rustwide/cargo-home/bin/cargo" "+1.83.0" "build" "--frozen" "--message-format=json", kill_on_drop: false }`
[INFO] [stdout] 915871023d422c1527e206d0486b2daf4c7ee49aa83d6226a63b6f58a12caf30
[INFO] running `Command { std: "docker" "start" "-a" "915871023d422c1527e206d0486b2daf4c7ee49aa83d6226a63b6f58a12caf30", kill_on_drop: false }`
[INFO] [stderr]    Compiling proc-macro2 v1.0.86
[INFO] [stderr]    Compiling unicode-ident v1.0.12
[INFO] [stderr]    Compiling autocfg v1.3.0
[INFO] [stderr]    Compiling libc v0.2.155
[INFO] [stderr]    Compiling libm v0.2.8
[INFO] [stderr]    Compiling byteorder v1.5.0
[INFO] [stderr]    Compiling crossbeam-utils v0.8.20
[INFO] [stderr]    Compiling cfg-if v1.0.0
[INFO] [stderr]    Compiling ident_case v1.0.1
[INFO] [stderr]    Compiling strsim v0.11.1
[INFO] [stderr]    Compiling fnv v1.0.7
[INFO] [stderr]    Compiling paste v1.0.15
[INFO] [stderr]    Compiling serde v1.0.210
[INFO] [stderr]    Compiling bytemuck v1.16.3
[INFO] [stderr]    Compiling syn v1.0.109
[INFO] [stderr]    Compiling rawpointer v0.2.1
[INFO] [stderr]    Compiling anyhow v1.0.87
[INFO] [stderr]    Compiling once_cell v1.19.0
[INFO] [stderr]    Compiling typenum v1.17.0
[INFO] [stderr]    Compiling serde_json v1.0.128
[INFO] [stderr]    Compiling thiserror v1.0.63
[INFO] [stderr]    Compiling safe_arch v0.7.2
[INFO] [stderr]    Compiling lambert_w v0.3.0
[INFO] [stderr]    Compiling ryu v1.0.18
[INFO] [stderr]    Compiling itoa v1.0.11
[INFO] [stderr]    Compiling memchr v2.7.4
[INFO] [stderr]    Compiling num-traits v0.2.19
[INFO] [stderr]    Compiling matrixmultiply v0.3.9
[INFO] [stderr]    Compiling peroxide-num v0.1.4
[INFO] [stderr]    Compiling wide v0.7.28
[INFO] [stderr]    Compiling puruspe v0.2.5
[INFO] [stderr]    Compiling order-stat v0.1.3
[INFO] [stderr]    Compiling quote v1.0.36
[INFO] [stderr]    Compiling crossbeam-channel v0.5.13
[INFO] [stderr]    Compiling syn v2.0.74
[INFO] [stderr]    Compiling thread-tree v0.3.3
[INFO] [stderr]    Compiling getrandom v0.2.15
[INFO] [stderr]    Compiling num_cpus v1.16.0
[INFO] [stderr]    Compiling rand_core v0.6.4
[INFO] [stderr]    Compiling approx v0.5.1
[INFO] [stderr]    Compiling num-integer v0.1.46
[INFO] [stderr]    Compiling num-complex v0.4.6
[INFO] [stderr]    Compiling num-rational v0.4.2
[INFO] [stderr]    Compiling simba v0.9.0
[INFO] [stderr]    Compiling peroxide-ad v0.3.0
[INFO] [stderr]    Compiling darling_core v0.20.10
[INFO] [stderr]    Compiling zerocopy-derive v0.7.35
[INFO] [stderr]    Compiling serde_derive v1.0.210
[INFO] [stderr]    Compiling thiserror-impl v1.0.63
[INFO] [stderr]    Compiling nalgebra-macros v0.2.2
[INFO] [stderr]    Compiling uuid-macro-internal v1.10.0
[INFO] [stderr]    Compiling zerocopy v0.7.35
[INFO] [stderr]    Compiling darling_macro v0.20.10
[INFO] [stderr]    Compiling darling v0.20.10
[INFO] [stderr]    Compiling derive_builder_core v0.20.1
[INFO] [stderr]    Compiling ppv-lite86 v0.2.20
[INFO] [stderr]    Compiling rand_chacha v0.3.1
[INFO] [stderr]    Compiling rand v0.8.5
[INFO] [stderr]    Compiling derive_builder_macro v0.20.1
[INFO] [stderr]    Compiling rand_distr v0.4.3
[INFO] [stderr]    Compiling derive_builder v0.20.1
[INFO] [stderr]    Compiling nalgebra v0.33.0
[INFO] [stderr]    Compiling peroxide v0.37.9
[INFO] [stderr]    Compiling uuid v1.10.0
[INFO] [stderr]    Compiling serde_test v1.0.177
[INFO] [stderr]    Compiling d-delaunay v0.1.0 (/opt/rustwide/workdir)
[INFO] [stderr]     Finished `dev` profile [unoptimized + debuginfo] target(s) in 38.78s
[INFO] running `Command { std: "docker" "inspect" "915871023d422c1527e206d0486b2daf4c7ee49aa83d6226a63b6f58a12caf30", kill_on_drop: false }`
[INFO] running `Command { std: "docker" "rm" "-f" "915871023d422c1527e206d0486b2daf4c7ee49aa83d6226a63b6f58a12caf30", kill_on_drop: false }`
[INFO] [stdout] 915871023d422c1527e206d0486b2daf4c7ee49aa83d6226a63b6f58a12caf30
[INFO] running `Command { std: "docker" "create" "-v" "/var/lib/crater-agent-workspace/builds/worker-6-tc1/target:/opt/rustwide/target:rw,Z" "-v" "/var/lib/crater-agent-workspace/builds/worker-6-tc1/source:/opt/rustwide/workdir:ro,Z" "-v" "/var/lib/crater-agent-workspace/cargo-home:/opt/rustwide/cargo-home:ro,Z" "-v" "/var/lib/crater-agent-workspace/rustup-home:/opt/rustwide/rustup-home:ro,Z" "-e" "SOURCE_DIR=/opt/rustwide/workdir" "-e" "CARGO_TARGET_DIR=/opt/rustwide/target" "-e" "CARGO_INCREMENTAL=0" "-e" "RUST_BACKTRACE=full" "-e" "RUSTFLAGS=--cap-lints=warn" "-e" "RUSTDOCFLAGS=--cap-lints=warn" "-e" "CARGO_HOME=/opt/rustwide/cargo-home" "-e" "RUSTUP_HOME=/opt/rustwide/rustup-home" "-w" "/opt/rustwide/workdir" "-m" "1610612736" "--user" "0:0" "--network" "none" "ghcr.io/rust-lang/crates-build-env/linux@sha256:f3a9d4ad9d972b27faf3965f35b62e55ba32bbce8f20bc8fe909558a86702fde" "/opt/rustwide/cargo-home/bin/cargo" "+1.83.0" "test" "--frozen" "--no-run" "--message-format=json", kill_on_drop: false }`
[INFO] [stdout] 5b6b467f0922cf7971ded754fec1beed71b515b0429b03654307d736ab2150d3
[INFO] running `Command { std: "docker" "start" "-a" "5b6b467f0922cf7971ded754fec1beed71b515b0429b03654307d736ab2150d3", kill_on_drop: false }`
[INFO] [stderr]    Compiling d-delaunay v0.1.0 (/opt/rustwide/workdir)
[INFO] [stderr]     Finished `test` profile [unoptimized + debuginfo] target(s) in 4.13s
[INFO] running `Command { std: "docker" "inspect" "5b6b467f0922cf7971ded754fec1beed71b515b0429b03654307d736ab2150d3", kill_on_drop: false }`
[INFO] running `Command { std: "docker" "rm" "-f" "5b6b467f0922cf7971ded754fec1beed71b515b0429b03654307d736ab2150d3", kill_on_drop: false }`
[INFO] [stdout] 5b6b467f0922cf7971ded754fec1beed71b515b0429b03654307d736ab2150d3
[INFO] running `Command { std: "docker" "create" "-v" "/var/lib/crater-agent-workspace/builds/worker-6-tc1/target:/opt/rustwide/target:rw,Z" "-v" "/var/lib/crater-agent-workspace/builds/worker-6-tc1/source:/opt/rustwide/workdir:ro,Z" "-v" "/var/lib/crater-agent-workspace/cargo-home:/opt/rustwide/cargo-home:ro,Z" "-v" "/var/lib/crater-agent-workspace/rustup-home:/opt/rustwide/rustup-home:ro,Z" "-e" "SOURCE_DIR=/opt/rustwide/workdir" "-e" "CARGO_TARGET_DIR=/opt/rustwide/target" "-e" "CARGO_INCREMENTAL=0" "-e" "RUST_BACKTRACE=full" "-e" "RUSTFLAGS=--cap-lints=warn" "-e" "RUSTDOCFLAGS=--cap-lints=warn" "-e" "CARGO_HOME=/opt/rustwide/cargo-home" "-e" "RUSTUP_HOME=/opt/rustwide/rustup-home" "-w" "/opt/rustwide/workdir" "-m" "1610612736" "--user" "0:0" "--network" "none" "ghcr.io/rust-lang/crates-build-env/linux@sha256:f3a9d4ad9d972b27faf3965f35b62e55ba32bbce8f20bc8fe909558a86702fde" "/opt/rustwide/cargo-home/bin/cargo" "+1.83.0" "test" "--frozen", kill_on_drop: false }`
[INFO] [stdout] f8487a1fd7cadd9590e40b0f6de6bdeaf6777a546622ed8ae019aaae72a52c19
[INFO] running `Command { std: "docker" "start" "-a" "f8487a1fd7cadd9590e40b0f6de6bdeaf6777a546622ed8ae019aaae72a52c19", kill_on_drop: false }`
[INFO] [stderr]     Finished `test` profile [unoptimized + debuginfo] target(s) in 0.09s
[INFO] [stderr]      Running unittests src/lib.rs (/opt/rustwide/target/debug/deps/d_delaunay-d091131f1f680341)
[INFO] [stdout] 
[INFO] [stdout] running 62 tests
[INFO] [stdout] test delaunay_core::cell::tests::cell_contains_vertex_of ... ok
[INFO] [stdout] test delaunay_core::cell::tests::cell_build_with_too_many_vertices ... ok
[INFO] [stdout] test delaunay_core::cell::tests::cell_circumcenter_fail ... ok
[INFO] [stdout] test delaunay_core::cell::tests::cell_dim ... ok
[INFO] [stdout] test delaunay_core::cell::tests::cell_number_of_vertices ... ok
[INFO] [stdout] test delaunay_core::cell::tests::cell_facets_contains ... ok
[INFO] [stdout] test delaunay_core::cell::tests::cell_from_facet_and_vertex ... ok
[INFO] [stdout] test delaunay_core::cell::tests::cell_partial_ord ... ok
[INFO] [stdout] test delaunay_core::cell::tests::cell_partial_eq ... ok
[INFO] [stdout] test delaunay_core::cell::tests::cell_to_and_from_json ... ok
[INFO] [stdout] test delaunay_core::cell::tests::cell_clone ... ok
[INFO] [stdout] test delaunay_core::facet::tests::facet_new ... ok
[INFO] [stdout] test delaunay_core::cell::tests::cell_into_hashmap ... ok
[INFO] [stdout] test delaunay_core::cell::tests::cell_contains_vertex ... ok
[INFO] [stdout] test delaunay_core::facet::tests::facet_partial_ord ... ok
[INFO] [stdout] test delaunay_core::matrix::tests::matrix_copy ... ok
[INFO] [stdout] test delaunay_core::matrix::tests::matrix_default ... ok
[INFO] [stdout] test delaunay_core::matrix::tests::matrix_dim ... ok
[INFO] [stdout] test delaunay_core::matrix::tests::matrix_identity ... ok
[INFO] [stdout] test delaunay_core::cell::tests::cell_circumsphere_contains ... ok
[INFO] [stdout] test delaunay_core::cell::tests::cell_circumsphere_does_not_contain ... ok
[INFO] [stdout] test delaunay_core::cell::tests::cell_circumradius ... ok
[INFO] [stdout] test delaunay_core::cell::tests::cell_circumcenter ... ok
[INFO] [stdout] test delaunay_core::cell::tests::cell_build_with_data ... ok
[INFO] [stdout] test delaunay_core::matrix::tests::matrix_inverse ... ok
[INFO] [stdout] test delaunay_core::cell::tests::cell_build ... ok
[INFO] [stdout] test delaunay_core::facet::tests::facet_partial_eq ... ok
[INFO] [stdout] test delaunay_core::matrix::tests::matrix_new ... ok
[INFO] [stdout] test delaunay_core::facet::tests::facet_vertices ... ok
[INFO] [stdout] test delaunay_core::point::tests::point_default ... ok
[INFO] [stdout] test delaunay_core::point::tests::point_copy ... ok
[INFO] [stdout] test delaunay_core::point::tests::point_dim ... ok
[INFO] [stdout] test delaunay_core::point::tests::point_new ... ok
[INFO] [stdout] test delaunay_core::point::tests::point_origin ... ok
[INFO] [stdout] test delaunay_core::triangulation_data_structure::tests::tds_bowyer_watson ... ignored
[INFO] [stdout] test delaunay_core::triangulation_data_structure::tests::tds_no_add ... ok
[INFO] [stdout] test delaunay_core::point::tests::point_serialization ... ok
[INFO] [stdout] test delaunay_core::utilities::tests::utilities_find_max_coordinate ... ok
[INFO] [stdout] test delaunay_core::triangulation_data_structure::tests::tds_supercell ... ok
[INFO] [stdout] test delaunay_core::utilities::tests::utilities_uuid ... ok
[INFO] [stdout] test delaunay_core::utilities::tests::utilities_find_min_coordinate ... ok
[INFO] [stdout] test delaunay_core::matrix::tests::matrix_zeros ... ok
[INFO] [stdout] test delaunay_core::triangulation_data_structure::tests::tds_to_and_from_json ... ok
[INFO] [stdout] test delaunay_core::triangulation_data_structure::tests::tds_add_dim ... ok
[INFO] [stdout] test delaunay_core::triangulation_data_structure::tests::tds_new ... ok
[INFO] [stdout] test delaunay_core::point::tests::point_to_and_from_json ... ok
[INFO] [stdout] test delaunay_core::vertex::tests::vertex_builder_with_data ... ok
[INFO] [stdout] test delaunay_core::vertex::tests::vertex_builder ... ok
[INFO] [stdout] test delaunay_core::vertex::tests::vertex_default ... ok
[INFO] [stdout] test delaunay_core::vertex::tests::vertex_copy ... ok
[INFO] [stdout] test delaunay_core::vertex::tests::vertex_dim ... ok
[INFO] [stdout] test delaunay_core::vertex::tests::vertex_from_points ... ok
[INFO] [stdout] test delaunay_core::vertex::tests::vertex_partial_ord ... ok
[INFO] [stdout] test delaunay_core::vertex::tests::vertex_partial_eq ... ok
[INFO] [stdout] test lib_tests::normal_types ... ok
[INFO] [stdout] test delaunay_core::vertex::tests::vertex_to_and_from_json ... ok
[INFO] [stdout] test delaunay_core::facet::tests::facet_to_and_from_json ... ok
[INFO] [stdout] test delaunay_core::vertex::tests::vertex_into_hashmap ... ok
[INFO] [stdout] test delaunay_core::cell::tests::cell_empty - should panic ... ok
[INFO] [stdout] test delaunay_core::facet::tests::facet_new_with_incorrect_vertex ... ok
[INFO] [stdout] test delaunay_core::facet::tests::facet_new_with_1_simplex ... ok
[INFO] [stdout] test delaunay_core::matrix::tests::matrix_inverse_of_singular_matrix ... ok
[INFO] [stdout] 
[INFO] [stdout] test result: ok. 61 passed; 0 failed; 1 ignored; 0 measured; 0 filtered out; finished in 0.07s
[INFO] [stdout] 
[INFO] [stderr]    Doc-tests d_delaunay
[INFO] [stdout] 
[INFO] [stdout] running 20 tests
[INFO] [stdout] test src/delaunay_core/point.rs - delaunay_core::point::Point<T,D>::dim (line 75) ... ok
[INFO] [stdout] test src/delaunay_core/cell.rs - delaunay_core::cell::Cell<T,U,V,D>::circumcenter (line 295) ... FAILED
[INFO] [stdout] test src/delaunay_core/facet.rs - delaunay_core::facet::Facet<T,U,V,D>::new (line 63) ... FAILED
[INFO] [stdout] test src/delaunay_core/utilities.rs - delaunay_core::utilities::vec_to_array (line 88) ... FAILED
[INFO] [stdout] test src/delaunay_core/triangulation_data_structure.rs - delaunay_core::triangulation_data_structure::Tds<T,U,V,D>::add (line 122) ... FAILED
[INFO] [stdout] test src/delaunay_core/vertex.rs - delaunay_core::vertex::Vertex<T,U,D>::dim (line 100) ... FAILED
[INFO] [stdout] test src/delaunay_core/cell.rs - delaunay_core::cell::Cell<T,U,V,D>::facets (line 411) ... FAILED
[INFO] [stdout] test src/delaunay_core/point.rs - delaunay_core::point::Point<T,D>::origin (line 92) ... ok
[INFO] [stdout] test src/delaunay_core/cell.rs - delaunay_core::cell::Cell<T,U,V,D>::contains_vertex (line 212) ... ok
[INFO] [stdout] test src/delaunay_core/utilities.rs - delaunay_core::utilities::make_uuid (line 17) ... ok
[INFO] [stdout] test src/delaunay_core/point.rs - delaunay_core::point::Point<T,D>::new (line 57) ... ok
[INFO] [stdout] test src/delaunay_core/cell.rs - delaunay_core::cell::Cell<T,U,V,D>::number_of_vertices (line 148) ... ok
[INFO] [stdout] test src/delaunay_core/cell.rs - delaunay_core::cell::Cell<T,U,V,D>::circumsphere_contains (line 381) ... ok
[INFO] [stdout] test src/delaunay_core/triangulation_data_structure.rs - delaunay_core::triangulation_data_structure::Tds<T,U,V,D>::number_of_vertices (line 160) ... ok
[INFO] [stdout] test src/delaunay_core/utilities.rs - delaunay_core::utilities::find_extreme_coordinates (line 46) ... ok
[INFO] [stdout] test src/delaunay_core/cell.rs - delaunay_core::cell::Cell<T,U,V,D>::contains_vertex_of (line 239) ... ok
[INFO] [stdout] test src/delaunay_core/matrix.rs - delaunay_core::matrix::invert (line 19) ... ok
[INFO] [stdout] test src/delaunay_core/cell.rs - delaunay_core::cell::Cell<T,U,V,D>::dim (line 171) ... ok
[INFO] [stdout] test src/delaunay_core/triangulation_data_structure.rs - delaunay_core::triangulation_data_structure::Tds<T,U,V,D>::dim (line 183) ... ok
[INFO] [stdout] test src/delaunay_core/cell.rs - delaunay_core::cell::Cell<T,U,V,D>::from_facet_and_vertex (line 103) ... ok
[INFO] [stdout] 
[INFO] [stdout] failures:
[INFO] [stdout] 
[INFO] [stdout] ---- src/delaunay_core/cell.rs - delaunay_core::cell::Cell<T,U,V,D>::circumcenter (line 295) stdout ----
[INFO] [stdout] error: linking with `cc` failed: exit status: 1
[INFO] [stdout]   |
[INFO] [stdout]   = note: LC_ALL="C" PATH="/opt/rustwide/rustup-home/toolchains/1.83.0-x86_64-unknown-linux-gnu/lib/rustlib/x86_64-unknown-linux-gnu/bin:/opt/rustwide/cargo-home/bin:/usr/local/sbin:/usr/local/bin:/usr/sbin:/usr/bin:/sbin:/bin" VSLANG="1033" "cc" "-m64" "/tmp/rustcQr7lO2/symbols.o" "/tmp/rustdoctestljNLA2/rust_out.rust_out.cb03291d53e4e161-cgu.0.rcgu.o" "/tmp/rustdoctestljNLA2/rust_out.1s7umcihpz0t7nkz1uc2ifee9.rcgu.o" "-Wl,--as-needed" "-Wl,-Bstatic" "/opt/rustwide/target/debug/deps/libd_delaunay-3a9b282b905bb3d0.rlib" "/opt/rustwide/target/debug/deps/libthiserror-829fc0e162cf44f8.rlib" "/opt/rustwide/target/debug/deps/libuuid-88b45f29c3a6ddb0.rlib" "/opt/rustwide/target/debug/deps/libserde-84bd62c2012853d0.rlib" "/opt/rustwide/target/debug/deps/libnalgebra-3267e1a12e8dd4c4.rlib" "/opt/rustwide/target/debug/deps/libnum_rational-dc3350d1f807696a.rlib" "/opt/rustwide/target/debug/deps/libnum_integer-ea14a5048e87f2c0.rlib" "/opt/rustwide/target/debug/deps/libtypenum-f8bcce2b4da82a7e.rlib" "/opt/rustwide/target/debug/deps/libsimba-db4a2004a6aaac80.rlib" "/opt/rustwide/target/debug/deps/libwide-3c6bb177f8cfdacf.rlib" "/opt/rustwide/target/debug/deps/libsafe_arch-20c278bf926bc77c.rlib" "/opt/rustwide/target/debug/deps/libbytemuck-07893153357d44b1.rlib" "/opt/rustwide/target/debug/deps/libnum_complex-6685e59fb1762b93.rlib" "/opt/rustwide/target/debug/deps/libapprox-fa2bdacfcc3f8cc4.rlib" "/opt/rustwide/target/debug/deps/libperoxide-fad5df611a5f2fc2.rlib" "/opt/rustwide/target/debug/deps/liblambert_w-c903f37125fdc67b.rlib" "/opt/rustwide/target/debug/deps/libanyhow-6b53b1ca731198b2.rlib" "/opt/rustwide/target/debug/deps/libperoxide_num-5dd9b29959c5e763.rlib" "/opt/rustwide/target/debug/deps/librand_distr-65eb3d94af3800bf.rlib" "/opt/rustwide/target/debug/deps/libnum_traits-a65b9a8fa2db1f69.rlib" "/opt/rustwide/target/debug/deps/libmatrixmultiply-1362d79e0a101b3f.rlib" "/opt/rustwide/target/debug/deps/libnum_cpus-2799a576c56d1232.rlib" "/opt/rustwide/target/debug/deps/libthread_tree-ab82c3dd22be9d3e.rlib" "/opt/rustwide/target/debug/deps/libcrossbeam_channel-977a9aae225782fb.rlib" "/opt/rustwide/target/debug/deps/libcrossbeam_utils-f7ce83001347108b.rlib" "/opt/rustwide/target/debug/deps/libonce_cell-dd4734ba15c3811e.rlib" "/opt/rustwide/target/debug/deps/librawpointer-82a8acb23f770ede.rlib" "/opt/rustwide/target/debug/deps/libpuruspe-0829e04b0aefbbee.rlib" "/opt/rustwide/target/debug/deps/liborder_stat-42666ba7d7a05acf.rlib" "/opt/rustwide/target/debug/deps/librand-a6ca4da6c358511d.rlib" "/opt/rustwide/target/debug/deps/librand_chacha-d661d52510e00328.rlib" "/opt/rustwide/target/debug/deps/libppv_lite86-ba99e7ccaf707977.rlib" "/opt/rustwide/target/debug/deps/libzerocopy-e3a894b3ef4629b3.rlib" "/opt/rustwide/target/debug/deps/libbyteorder-d36d73da0d12e75b.rlib" "/opt/rustwide/target/debug/deps/librand_core-9272bfcbab6295dd.rlib" "/opt/rustwide/target/debug/deps/libgetrandom-7ad014260aba5fc3.rlib" "/opt/rustwide/target/debug/deps/liblibc-d396a477bbc82a4b.rlib" "/opt/rustwide/target/debug/deps/libcfg_if-8217498f8667ada9.rlib" "/opt/rustwide/target/debug/deps/libderive_builder-e8974630ec926dd8.rlib" "/opt/rustwide/rustup-home/toolchains/1.83.0-x86_64-unknown-linux-gnu/lib/rustlib/x86_64-unknown-linux-gnu/lib/libstd-ca74a2d9c5166d9f.rlib" "/opt/rustwide/rustup-home/toolchains/1.83.0-x86_64-unknown-linux-gnu/lib/rustlib/x86_64-unknown-linux-gnu/lib/libpanic_unwind-e31ab23316ed5080.rlib" "/opt/rustwide/rustup-home/toolchains/1.83.0-x86_64-unknown-linux-gnu/lib/rustlib/x86_64-unknown-linux-gnu/lib/libobject-27dc4aa955912662.rlib" "/opt/rustwide/rustup-home/toolchains/1.83.0-x86_64-unknown-linux-gnu/lib/rustlib/x86_64-unknown-linux-gnu/lib/libmemchr-bd0d6cccce077b99.rlib" "/opt/rustwide/rustup-home/toolchains/1.83.0-x86_64-unknown-linux-gnu/lib/rustlib/x86_64-unknown-linux-gnu/lib/libaddr2line-8d001680935b5e3c.rlib" "/opt/rustwide/rustup-home/toolchains/1.83.0-x86_64-unknown-linux-gnu/lib/rustlib/x86_64-unknown-linux-gnu/lib/libgimli-ba8ce71964f984f4.rlib" "/opt/rustwide/rustup-home/toolchains/1.83.0-x86_64-unknown-linux-gnu/lib/rustlib/x86_64-unknown-linux-gnu/lib/librustc_demangle-99a73526abcec14b.rlib" "/opt/rustwide/rustup-home/toolchains/1.83.0-x86_64-unknown-linux-gnu/lib/rustlib/x86_64-unknown-linux-gnu/lib/libstd_detect-63ac0d22cff92579.rlib" "/opt/rustwide/rustup-home/toolchains/1.83.0-x86_64-unknown-linux-gnu/lib/rustlib/x86_64-unknown-linux-gnu/lib/libhashbrown-9057355c92c922d5.rlib" "/opt/rustwide/rustup-home/toolchains/1.83.0-x86_64-unknown-linux-gnu/lib/rustlib/x86_64-unknown-linux-gnu/lib/librustc_std_workspace_alloc-358be9bc1f6bab04.rlib" "/opt/rustwide/rustup-home/toolchains/1.83.0-x86_64-unknown-linux-gnu/lib/rustlib/x86_64-unknown-linux-gnu/lib/libminiz_oxide-aca15549d5bff974.rlib" "/opt/rustwide/rustup-home/toolchains/1.83.0-x86_64-unknown-linux-gnu/lib/rustlib/x86_64-unknown-linux-gnu/lib/libadler-8251d2cef7072448.rlib" "/opt/rustwide/rustup-home/toolchains/1.83.0-x86_64-unknown-linux-gnu/lib/rustlib/x86_64-unknown-linux-gnu/lib/libunwind-7d50b86011c66411.rlib" "/opt/rustwide/rustup-home/toolchains/1.83.0-x86_64-unknown-linux-gnu/lib/rustlib/x86_64-unknown-linux-gnu/lib/libcfg_if-51ea098fce5006bf.rlib" "/opt/rustwide/rustup-home/toolchains/1.83.0-x86_64-unknown-linux-gnu/lib/rustlib/x86_64-unknown-linux-gnu/lib/liblibc-5a14e0d0b712e731.rlib" "/opt/rustwide/rustup-home/toolchains/1.83.0-x86_64-unknown-linux-gnu/lib/rustlib/x86_64-unknown-linux-gnu/lib/liballoc-8b83dbf3a7b8f999.rlib" "/opt/rustwide/rustup-home/toolchains/1.83.0-x86_64-unknown-linux-gnu/lib/rustlib/x86_64-unknown-linux-gnu/lib/librustc_std_workspace_core-c6fd227bdc7b39ff.rlib" "/opt/rustwide/rustup-home/toolchains/1.83.0-x86_64-unknown-linux-gnu/lib/rustlib/x86_64-unknown-linux-gnu/lib/libcore-959d3389fa3da8a5.rlib" "/opt/rustwide/rustup-home/toolchains/1.83.0-x86_64-unknown-linux-gnu/lib/rustlib/x86_64-unknown-linux-gnu/lib/libcompiler_builtins-abe05db089cc2c62.rlib" "-Wl,-Bdynamic" "-lgcc_s" "-lutil" "-lrt" "-lpthread" "-lm" "-ldl" "-lc" "-Wl,--eh-frame-hdr" "-Wl,-z,noexecstack" "-L" "/opt/rustwide/rustup-home/toolchains/1.83.0-x86_64-unknown-linux-gnu/lib/rustlib/x86_64-unknown-linux-gnu/lib" "-o" "/tmp/rustdoctestljNLA2/rust_out" "-Wl,--gc-sections" "-pie" "-Wl,-z,relro,-z,now" "-nodefaultlibs"
[INFO] [stdout]   = note: collect2: fatal error: ld terminated with signal 9 [Killed]
[INFO] [stdout]           compilation terminated.
[INFO] [stdout]           
[INFO] [stdout] 
[INFO] [stdout] error: aborting due to 1 previous error
[INFO] [stdout] 
[INFO] [stdout] Couldn't compile the test.
[INFO] [stdout] ---- src/delaunay_core/facet.rs - delaunay_core::facet::Facet<T,U,V,D>::new (line 63) stdout ----
[INFO] [stdout] error: linking with `cc` failed: exit status: 1
[INFO] [stdout]   |
[INFO] [stdout]   = note: LC_ALL="C" PATH="/opt/rustwide/rustup-home/toolchains/1.83.0-x86_64-unknown-linux-gnu/lib/rustlib/x86_64-unknown-linux-gnu/bin:/opt/rustwide/cargo-home/bin:/usr/local/sbin:/usr/local/bin:/usr/sbin:/usr/bin:/sbin:/bin" VSLANG="1033" "cc" "-m64" "/tmp/rustcHccPJJ/symbols.o" "/tmp/rustdoctestWKxZ8x/rust_out.rust_out.cb03291d53e4e161-cgu.0.rcgu.o" "/tmp/rustdoctestWKxZ8x/rust_out.1s7umcihpz0t7nkz1uc2ifee9.rcgu.o" "-Wl,--as-needed" "-Wl,-Bstatic" "/opt/rustwide/target/debug/deps/libd_delaunay-3a9b282b905bb3d0.rlib" "/opt/rustwide/target/debug/deps/libthiserror-829fc0e162cf44f8.rlib" "/opt/rustwide/target/debug/deps/libuuid-88b45f29c3a6ddb0.rlib" "/opt/rustwide/target/debug/deps/libserde-84bd62c2012853d0.rlib" "/opt/rustwide/target/debug/deps/libnalgebra-3267e1a12e8dd4c4.rlib" "/opt/rustwide/target/debug/deps/libnum_rational-dc3350d1f807696a.rlib" "/opt/rustwide/target/debug/deps/libnum_integer-ea14a5048e87f2c0.rlib" "/opt/rustwide/target/debug/deps/libtypenum-f8bcce2b4da82a7e.rlib" "/opt/rustwide/target/debug/deps/libsimba-db4a2004a6aaac80.rlib" "/opt/rustwide/target/debug/deps/libwide-3c6bb177f8cfdacf.rlib" "/opt/rustwide/target/debug/deps/libsafe_arch-20c278bf926bc77c.rlib" "/opt/rustwide/target/debug/deps/libbytemuck-07893153357d44b1.rlib" "/opt/rustwide/target/debug/deps/libnum_complex-6685e59fb1762b93.rlib" "/opt/rustwide/target/debug/deps/libapprox-fa2bdacfcc3f8cc4.rlib" "/opt/rustwide/target/debug/deps/libperoxide-fad5df611a5f2fc2.rlib" "/opt/rustwide/target/debug/deps/liblambert_w-c903f37125fdc67b.rlib" "/opt/rustwide/target/debug/deps/libanyhow-6b53b1ca731198b2.rlib" "/opt/rustwide/target/debug/deps/libperoxide_num-5dd9b29959c5e763.rlib" "/opt/rustwide/target/debug/deps/librand_distr-65eb3d94af3800bf.rlib" "/opt/rustwide/target/debug/deps/libnum_traits-a65b9a8fa2db1f69.rlib" "/opt/rustwide/target/debug/deps/libmatrixmultiply-1362d79e0a101b3f.rlib" "/opt/rustwide/target/debug/deps/libnum_cpus-2799a576c56d1232.rlib" "/opt/rustwide/target/debug/deps/libthread_tree-ab82c3dd22be9d3e.rlib" "/opt/rustwide/target/debug/deps/libcrossbeam_channel-977a9aae225782fb.rlib" "/opt/rustwide/target/debug/deps/libcrossbeam_utils-f7ce83001347108b.rlib" "/opt/rustwide/target/debug/deps/libonce_cell-dd4734ba15c3811e.rlib" "/opt/rustwide/target/debug/deps/librawpointer-82a8acb23f770ede.rlib" "/opt/rustwide/target/debug/deps/libpuruspe-0829e04b0aefbbee.rlib" "/opt/rustwide/target/debug/deps/liborder_stat-42666ba7d7a05acf.rlib" "/opt/rustwide/target/debug/deps/librand-a6ca4da6c358511d.rlib" "/opt/rustwide/target/debug/deps/librand_chacha-d661d52510e00328.rlib" "/opt/rustwide/target/debug/deps/libppv_lite86-ba99e7ccaf707977.rlib" "/opt/rustwide/target/debug/deps/libzerocopy-e3a894b3ef4629b3.rlib" "/opt/rustwide/target/debug/deps/libbyteorder-d36d73da0d12e75b.rlib" "/opt/rustwide/target/debug/deps/librand_core-9272bfcbab6295dd.rlib" "/opt/rustwide/target/debug/deps/libgetrandom-7ad014260aba5fc3.rlib" "/opt/rustwide/target/debug/deps/liblibc-d396a477bbc82a4b.rlib" "/opt/rustwide/target/debug/deps/libcfg_if-8217498f8667ada9.rlib" "/opt/rustwide/target/debug/deps/libderive_builder-e8974630ec926dd8.rlib" "/opt/rustwide/rustup-home/toolchains/1.83.0-x86_64-unknown-linux-gnu/lib/rustlib/x86_64-unknown-linux-gnu/lib/libstd-ca74a2d9c5166d9f.rlib" "/opt/rustwide/rustup-home/toolchains/1.83.0-x86_64-unknown-linux-gnu/lib/rustlib/x86_64-unknown-linux-gnu/lib/libpanic_unwind-e31ab23316ed5080.rlib" "/opt/rustwide/rustup-home/toolchains/1.83.0-x86_64-unknown-linux-gnu/lib/rustlib/x86_64-unknown-linux-gnu/lib/libobject-27dc4aa955912662.rlib" "/opt/rustwide/rustup-home/toolchains/1.83.0-x86_64-unknown-linux-gnu/lib/rustlib/x86_64-unknown-linux-gnu/lib/libmemchr-bd0d6cccce077b99.rlib" "/opt/rustwide/rustup-home/toolchains/1.83.0-x86_64-unknown-linux-gnu/lib/rustlib/x86_64-unknown-linux-gnu/lib/libaddr2line-8d001680935b5e3c.rlib" "/opt/rustwide/rustup-home/toolchains/1.83.0-x86_64-unknown-linux-gnu/lib/rustlib/x86_64-unknown-linux-gnu/lib/libgimli-ba8ce71964f984f4.rlib" "/opt/rustwide/rustup-home/toolchains/1.83.0-x86_64-unknown-linux-gnu/lib/rustlib/x86_64-unknown-linux-gnu/lib/librustc_demangle-99a73526abcec14b.rlib" "/opt/rustwide/rustup-home/toolchains/1.83.0-x86_64-unknown-linux-gnu/lib/rustlib/x86_64-unknown-linux-gnu/lib/libstd_detect-63ac0d22cff92579.rlib" "/opt/rustwide/rustup-home/toolchains/1.83.0-x86_64-unknown-linux-gnu/lib/rustlib/x86_64-unknown-linux-gnu/lib/libhashbrown-9057355c92c922d5.rlib" "/opt/rustwide/rustup-home/toolchains/1.83.0-x86_64-unknown-linux-gnu/lib/rustlib/x86_64-unknown-linux-gnu/lib/librustc_std_workspace_alloc-358be9bc1f6bab04.rlib" "/opt/rustwide/rustup-home/toolchains/1.83.0-x86_64-unknown-linux-gnu/lib/rustlib/x86_64-unknown-linux-gnu/lib/libminiz_oxide-aca15549d5bff974.rlib" "/opt/rustwide/rustup-home/toolchains/1.83.0-x86_64-unknown-linux-gnu/lib/rustlib/x86_64-unknown-linux-gnu/lib/libadler-8251d2cef7072448.rlib" "/opt/rustwide/rustup-home/toolchains/1.83.0-x86_64-unknown-linux-gnu/lib/rustlib/x86_64-unknown-linux-gnu/lib/libunwind-7d50b86011c66411.rlib" "/opt/rustwide/rustup-home/toolchains/1.83.0-x86_64-unknown-linux-gnu/lib/rustlib/x86_64-unknown-linux-gnu/lib/libcfg_if-51ea098fce5006bf.rlib" "/opt/rustwide/rustup-home/toolchains/1.83.0-x86_64-unknown-linux-gnu/lib/rustlib/x86_64-unknown-linux-gnu/lib/liblibc-5a14e0d0b712e731.rlib" "/opt/rustwide/rustup-home/toolchains/1.83.0-x86_64-unknown-linux-gnu/lib/rustlib/x86_64-unknown-linux-gnu/lib/liballoc-8b83dbf3a7b8f999.rlib" "/opt/rustwide/rustup-home/toolchains/1.83.0-x86_64-unknown-linux-gnu/lib/rustlib/x86_64-unknown-linux-gnu/lib/librustc_std_workspace_core-c6fd227bdc7b39ff.rlib" "/opt/rustwide/rustup-home/toolchains/1.83.0-x86_64-unknown-linux-gnu/lib/rustlib/x86_64-unknown-linux-gnu/lib/libcore-959d3389fa3da8a5.rlib" "/opt/rustwide/rustup-home/toolchains/1.83.0-x86_64-unknown-linux-gnu/lib/rustlib/x86_64-unknown-linux-gnu/lib/libcompiler_builtins-abe05db089cc2c62.rlib" "-Wl,-Bdynamic" "-lgcc_s" "-lutil" "-lrt" "-lpthread" "-lm" "-ldl" "-lc" "-Wl,--eh-frame-hdr" "-Wl,-z,noexecstack" "-L" "/opt/rustwide/rustup-home/toolchains/1.83.0-x86_64-unknown-linux-gnu/lib/rustlib/x86_64-unknown-linux-gnu/lib" "-o" "/tmp/rustdoctestWKxZ8x/rust_out" "-Wl,--gc-sections" "-pie" "-Wl,-z,relro,-z,now" "-nodefaultlibs"
[INFO] [stdout]   = note: collect2: fatal error: ld terminated with signal 9 [Killed]
[INFO] [stdout]           compilation terminated.
[INFO] [stdout]           
[INFO] [stdout] 
[INFO] [stdout] error: aborting due to 1 previous error
[INFO] [stdout] 
[INFO] [stdout] Couldn't compile the test.
[INFO] [stdout] ---- src/delaunay_core/utilities.rs - delaunay_core::utilities::vec_to_array (line 88) stdout ----
[INFO] [stdout] Couldn't compile the test.
[INFO] [stdout] ---- src/delaunay_core/triangulation_data_structure.rs - delaunay_core::triangulation_data_structure::Tds<T,U,V,D>::add (line 122) stdout ----
[INFO] [stdout] error: linking with `cc` failed: exit status: 1
[INFO] [stdout]   |
[INFO] [stdout]   = note: LC_ALL="C" PATH="/opt/rustwide/rustup-home/toolchains/1.83.0-x86_64-unknown-linux-gnu/lib/rustlib/x86_64-unknown-linux-gnu/bin:/opt/rustwide/cargo-home/bin:/usr/local/sbin:/usr/local/bin:/usr/sbin:/usr/bin:/sbin:/bin" VSLANG="1033" "cc" "-m64" "/tmp/rustcwlecUQ/symbols.o" "/tmp/rustdoctestuE8gut/rust_out.rust_out.cb03291d53e4e161-cgu.0.rcgu.o" "/tmp/rustdoctestuE8gut/rust_out.1s7umcihpz0t7nkz1uc2ifee9.rcgu.o" "-Wl,--as-needed" "-Wl,-Bstatic" "/opt/rustwide/target/debug/deps/libd_delaunay-3a9b282b905bb3d0.rlib" "/opt/rustwide/target/debug/deps/libthiserror-829fc0e162cf44f8.rlib" "/opt/rustwide/target/debug/deps/libuuid-88b45f29c3a6ddb0.rlib" "/opt/rustwide/target/debug/deps/libserde-84bd62c2012853d0.rlib" "/opt/rustwide/target/debug/deps/libnalgebra-3267e1a12e8dd4c4.rlib" "/opt/rustwide/target/debug/deps/libnum_rational-dc3350d1f807696a.rlib" "/opt/rustwide/target/debug/deps/libnum_integer-ea14a5048e87f2c0.rlib" "/opt/rustwide/target/debug/deps/libtypenum-f8bcce2b4da82a7e.rlib" "/opt/rustwide/target/debug/deps/libsimba-db4a2004a6aaac80.rlib" "/opt/rustwide/target/debug/deps/libwide-3c6bb177f8cfdacf.rlib" "/opt/rustwide/target/debug/deps/libsafe_arch-20c278bf926bc77c.rlib" "/opt/rustwide/target/debug/deps/libbytemuck-07893153357d44b1.rlib" "/opt/rustwide/target/debug/deps/libnum_complex-6685e59fb1762b93.rlib" "/opt/rustwide/target/debug/deps/libapprox-fa2bdacfcc3f8cc4.rlib" "/opt/rustwide/target/debug/deps/libperoxide-fad5df611a5f2fc2.rlib" "/opt/rustwide/target/debug/deps/liblambert_w-c903f37125fdc67b.rlib" "/opt/rustwide/target/debug/deps/libanyhow-6b53b1ca731198b2.rlib" "/opt/rustwide/target/debug/deps/libperoxide_num-5dd9b29959c5e763.rlib" "/opt/rustwide/target/debug/deps/librand_distr-65eb3d94af3800bf.rlib" "/opt/rustwide/target/debug/deps/libnum_traits-a65b9a8fa2db1f69.rlib" "/opt/rustwide/target/debug/deps/libmatrixmultiply-1362d79e0a101b3f.rlib" "/opt/rustwide/target/debug/deps/libnum_cpus-2799a576c56d1232.rlib" "/opt/rustwide/target/debug/deps/libthread_tree-ab82c3dd22be9d3e.rlib" "/opt/rustwide/target/debug/deps/libcrossbeam_channel-977a9aae225782fb.rlib" "/opt/rustwide/target/debug/deps/libcrossbeam_utils-f7ce83001347108b.rlib" "/opt/rustwide/target/debug/deps/libonce_cell-dd4734ba15c3811e.rlib" "/opt/rustwide/target/debug/deps/librawpointer-82a8acb23f770ede.rlib" "/opt/rustwide/target/debug/deps/libpuruspe-0829e04b0aefbbee.rlib" "/opt/rustwide/target/debug/deps/liborder_stat-42666ba7d7a05acf.rlib" "/opt/rustwide/target/debug/deps/librand-a6ca4da6c358511d.rlib" "/opt/rustwide/target/debug/deps/librand_chacha-d661d52510e00328.rlib" "/opt/rustwide/target/debug/deps/libppv_lite86-ba99e7ccaf707977.rlib" "/opt/rustwide/target/debug/deps/libzerocopy-e3a894b3ef4629b3.rlib" "/opt/rustwide/target/debug/deps/libbyteorder-d36d73da0d12e75b.rlib" "/opt/rustwide/target/debug/deps/librand_core-9272bfcbab6295dd.rlib" "/opt/rustwide/target/debug/deps/libgetrandom-7ad014260aba5fc3.rlib" "/opt/rustwide/target/debug/deps/liblibc-d396a477bbc82a4b.rlib" "/opt/rustwide/target/debug/deps/libcfg_if-8217498f8667ada9.rlib" "/opt/rustwide/target/debug/deps/libderive_builder-e8974630ec926dd8.rlib" "/opt/rustwide/rustup-home/toolchains/1.83.0-x86_64-unknown-linux-gnu/lib/rustlib/x86_64-unknown-linux-gnu/lib/libstd-ca74a2d9c5166d9f.rlib" "/opt/rustwide/rustup-home/toolchains/1.83.0-x86_64-unknown-linux-gnu/lib/rustlib/x86_64-unknown-linux-gnu/lib/libpanic_unwind-e31ab23316ed5080.rlib" "/opt/rustwide/rustup-home/toolchains/1.83.0-x86_64-unknown-linux-gnu/lib/rustlib/x86_64-unknown-linux-gnu/lib/libobject-27dc4aa955912662.rlib" "/opt/rustwide/rustup-home/toolchains/1.83.0-x86_64-unknown-linux-gnu/lib/rustlib/x86_64-unknown-linux-gnu/lib/libmemchr-bd0d6cccce077b99.rlib" "/opt/rustwide/rustup-home/toolchains/1.83.0-x86_64-unknown-linux-gnu/lib/rustlib/x86_64-unknown-linux-gnu/lib/libaddr2line-8d001680935b5e3c.rlib" "/opt/rustwide/rustup-home/toolchains/1.83.0-x86_64-unknown-linux-gnu/lib/rustlib/x86_64-unknown-linux-gnu/lib/libgimli-ba8ce71964f984f4.rlib" "/opt/rustwide/rustup-home/toolchains/1.83.0-x86_64-unknown-linux-gnu/lib/rustlib/x86_64-unknown-linux-gnu/lib/librustc_demangle-99a73526abcec14b.rlib" "/opt/rustwide/rustup-home/toolchains/1.83.0-x86_64-unknown-linux-gnu/lib/rustlib/x86_64-unknown-linux-gnu/lib/libstd_detect-63ac0d22cff92579.rlib" "/opt/rustwide/rustup-home/toolchains/1.83.0-x86_64-unknown-linux-gnu/lib/rustlib/x86_64-unknown-linux-gnu/lib/libhashbrown-9057355c92c922d5.rlib" "/opt/rustwide/rustup-home/toolchains/1.83.0-x86_64-unknown-linux-gnu/lib/rustlib/x86_64-unknown-linux-gnu/lib/librustc_std_workspace_alloc-358be9bc1f6bab04.rlib" "/opt/rustwide/rustup-home/toolchains/1.83.0-x86_64-unknown-linux-gnu/lib/rustlib/x86_64-unknown-linux-gnu/lib/libminiz_oxide-aca15549d5bff974.rlib" "/opt/rustwide/rustup-home/toolchains/1.83.0-x86_64-unknown-linux-gnu/lib/rustlib/x86_64-unknown-linux-gnu/lib/libadler-8251d2cef7072448.rlib" "/opt/rustwide/rustup-home/toolchains/1.83.0-x86_64-unknown-linux-gnu/lib/rustlib/x86_64-unknown-linux-gnu/lib/libunwind-7d50b86011c66411.rlib" "/opt/rustwide/rustup-home/toolchains/1.83.0-x86_64-unknown-linux-gnu/lib/rustlib/x86_64-unknown-linux-gnu/lib/libcfg_if-51ea098fce5006bf.rlib" "/opt/rustwide/rustup-home/toolchains/1.83.0-x86_64-unknown-linux-gnu/lib/rustlib/x86_64-unknown-linux-gnu/lib/liblibc-5a14e0d0b712e731.rlib" "/opt/rustwide/rustup-home/toolchains/1.83.0-x86_64-unknown-linux-gnu/lib/rustlib/x86_64-unknown-linux-gnu/lib/liballoc-8b83dbf3a7b8f999.rlib" "/opt/rustwide/rustup-home/toolchains/1.83.0-x86_64-unknown-linux-gnu/lib/rustlib/x86_64-unknown-linux-gnu/lib/librustc_std_workspace_core-c6fd227bdc7b39ff.rlib" "/opt/rustwide/rustup-home/toolchains/1.83.0-x86_64-unknown-linux-gnu/lib/rustlib/x86_64-unknown-linux-gnu/lib/libcore-959d3389fa3da8a5.rlib" "/opt/rustwide/rustup-home/toolchains/1.83.0-x86_64-unknown-linux-gnu/lib/rustlib/x86_64-unknown-linux-gnu/lib/libcompiler_builtins-abe05db089cc2c62.rlib" "-Wl,-Bdynamic" "-lgcc_s" "-lutil" "-lrt" "-lpthread" "-lm" "-ldl" "-lc" "-Wl,--eh-frame-hdr" "-Wl,-z,noexecstack" "-L" "/opt/rustwide/rustup-home/toolchains/1.83.0-x86_64-unknown-linux-gnu/lib/rustlib/x86_64-unknown-linux-gnu/lib" "-o" "/tmp/rustdoctestuE8gut/rust_out" "-Wl,--gc-sections" "-pie" "-Wl,-z,relro,-z,now" "-nodefaultlibs"
[INFO] [stdout]   = note: collect2: fatal error: ld terminated with signal 9 [Killed]
[INFO] [stdout]           compilation terminated.
[INFO] [stdout]           
[INFO] [stdout] 
[INFO] [stdout] error: aborting due to 1 previous error
[INFO] [stdout] 
[INFO] [stdout] Couldn't compile the test.
[INFO] [stdout] ---- src/delaunay_core/vertex.rs - delaunay_core::vertex::Vertex<T,U,D>::dim (line 100) stdout ----
[INFO] [stdout] Couldn't compile the test.
[INFO] [stdout] ---- src/delaunay_core/cell.rs - delaunay_core::cell::Cell<T,U,V,D>::facets (line 411) stdout ----
[INFO] [stdout] error: linking with `cc` failed: exit status: 1
[INFO] [stdout]   |
[INFO] [stdout]   = note: LC_ALL="C" PATH="/opt/rustwide/rustup-home/toolchains/1.83.0-x86_64-unknown-linux-gnu/lib/rustlib/x86_64-unknown-linux-gnu/bin:/opt/rustwide/cargo-home/bin:/usr/local/sbin:/usr/local/bin:/usr/sbin:/usr/bin:/sbin:/bin" VSLANG="1033" "cc" "-m64" "/tmp/rustcjy3uR5/symbols.o" "/tmp/rustdoctesthcx8bE/rust_out.rust_out.cb03291d53e4e161-cgu.0.rcgu.o" "/tmp/rustdoctesthcx8bE/rust_out.1s7umcihpz0t7nkz1uc2ifee9.rcgu.o" "-Wl,--as-needed" "-Wl,-Bstatic" "/opt/rustwide/target/debug/deps/libd_delaunay-3a9b282b905bb3d0.rlib" "/opt/rustwide/target/debug/deps/libthiserror-829fc0e162cf44f8.rlib" "/opt/rustwide/target/debug/deps/libuuid-88b45f29c3a6ddb0.rlib" "/opt/rustwide/target/debug/deps/libserde-84bd62c2012853d0.rlib" "/opt/rustwide/target/debug/deps/libnalgebra-3267e1a12e8dd4c4.rlib" "/opt/rustwide/target/debug/deps/libnum_rational-dc3350d1f807696a.rlib" "/opt/rustwide/target/debug/deps/libnum_integer-ea14a5048e87f2c0.rlib" "/opt/rustwide/target/debug/deps/libtypenum-f8bcce2b4da82a7e.rlib" "/opt/rustwide/target/debug/deps/libsimba-db4a2004a6aaac80.rlib" "/opt/rustwide/target/debug/deps/libwide-3c6bb177f8cfdacf.rlib" "/opt/rustwide/target/debug/deps/libsafe_arch-20c278bf926bc77c.rlib" "/opt/rustwide/target/debug/deps/libbytemuck-07893153357d44b1.rlib" "/opt/rustwide/target/debug/deps/libnum_complex-6685e59fb1762b93.rlib" "/opt/rustwide/target/debug/deps/libapprox-fa2bdacfcc3f8cc4.rlib" "/opt/rustwide/target/debug/deps/libperoxide-fad5df611a5f2fc2.rlib" "/opt/rustwide/target/debug/deps/liblambert_w-c903f37125fdc67b.rlib" "/opt/rustwide/target/debug/deps/libanyhow-6b53b1ca731198b2.rlib" "/opt/rustwide/target/debug/deps/libperoxide_num-5dd9b29959c5e763.rlib" "/opt/rustwide/target/debug/deps/librand_distr-65eb3d94af3800bf.rlib" "/opt/rustwide/target/debug/deps/libnum_traits-a65b9a8fa2db1f69.rlib" "/opt/rustwide/target/debug/deps/libmatrixmultiply-1362d79e0a101b3f.rlib" "/opt/rustwide/target/debug/deps/libnum_cpus-2799a576c56d1232.rlib" "/opt/rustwide/target/debug/deps/libthread_tree-ab82c3dd22be9d3e.rlib" "/opt/rustwide/target/debug/deps/libcrossbeam_channel-977a9aae225782fb.rlib" "/opt/rustwide/target/debug/deps/libcrossbeam_utils-f7ce83001347108b.rlib" "/opt/rustwide/target/debug/deps/libonce_cell-dd4734ba15c3811e.rlib" "/opt/rustwide/target/debug/deps/librawpointer-82a8acb23f770ede.rlib" "/opt/rustwide/target/debug/deps/libpuruspe-0829e04b0aefbbee.rlib" "/opt/rustwide/target/debug/deps/liborder_stat-42666ba7d7a05acf.rlib" "/opt/rustwide/target/debug/deps/librand-a6ca4da6c358511d.rlib" "/opt/rustwide/target/debug/deps/librand_chacha-d661d52510e00328.rlib" "/opt/rustwide/target/debug/deps/libppv_lite86-ba99e7ccaf707977.rlib" "/opt/rustwide/target/debug/deps/libzerocopy-e3a894b3ef4629b3.rlib" "/opt/rustwide/target/debug/deps/libbyteorder-d36d73da0d12e75b.rlib" "/opt/rustwide/target/debug/deps/librand_core-9272bfcbab6295dd.rlib" "/opt/rustwide/target/debug/deps/libgetrandom-7ad014260aba5fc3.rlib" "/opt/rustwide/target/debug/deps/liblibc-d396a477bbc82a4b.rlib" "/opt/rustwide/target/debug/deps/libcfg_if-8217498f8667ada9.rlib" "/opt/rustwide/target/debug/deps/libderive_builder-e8974630ec926dd8.rlib" "/opt/rustwide/rustup-home/toolchains/1.83.0-x86_64-unknown-linux-gnu/lib/rustlib/x86_64-unknown-linux-gnu/lib/libstd-ca74a2d9c5166d9f.rlib" "/opt/rustwide/rustup-home/toolchains/1.83.0-x86_64-unknown-linux-gnu/lib/rustlib/x86_64-unknown-linux-gnu/lib/libpanic_unwind-e31ab23316ed5080.rlib" "/opt/rustwide/rustup-home/toolchains/1.83.0-x86_64-unknown-linux-gnu/lib/rustlib/x86_64-unknown-linux-gnu/lib/libobject-27dc4aa955912662.rlib" "/opt/rustwide/rustup-home/toolchains/1.83.0-x86_64-unknown-linux-gnu/lib/rustlib/x86_64-unknown-linux-gnu/lib/libmemchr-bd0d6cccce077b99.rlib" "/opt/rustwide/rustup-home/toolchains/1.83.0-x86_64-unknown-linux-gnu/lib/rustlib/x86_64-unknown-linux-gnu/lib/libaddr2line-8d001680935b5e3c.rlib" "/opt/rustwide/rustup-home/toolchains/1.83.0-x86_64-unknown-linux-gnu/lib/rustlib/x86_64-unknown-linux-gnu/lib/libgimli-ba8ce71964f984f4.rlib" "/opt/rustwide/rustup-home/toolchains/1.83.0-x86_64-unknown-linux-gnu/lib/rustlib/x86_64-unknown-linux-gnu/lib/librustc_demangle-99a73526abcec14b.rlib" "/opt/rustwide/rustup-home/toolchains/1.83.0-x86_64-unknown-linux-gnu/lib/rustlib/x86_64-unknown-linux-gnu/lib/libstd_detect-63ac0d22cff92579.rlib" "/opt/rustwide/rustup-home/toolchains/1.83.0-x86_64-unknown-linux-gnu/lib/rustlib/x86_64-unknown-linux-gnu/lib/libhashbrown-9057355c92c922d5.rlib" "/opt/rustwide/rustup-home/toolchains/1.83.0-x86_64-unknown-linux-gnu/lib/rustlib/x86_64-unknown-linux-gnu/lib/librustc_std_workspace_alloc-358be9bc1f6bab04.rlib" "/opt/rustwide/rustup-home/toolchains/1.83.0-x86_64-unknown-linux-gnu/lib/rustlib/x86_64-unknown-linux-gnu/lib/libminiz_oxide-aca15549d5bff974.rlib" "/opt/rustwide/rustup-home/toolchains/1.83.0-x86_64-unknown-linux-gnu/lib/rustlib/x86_64-unknown-linux-gnu/lib/libadler-8251d2cef7072448.rlib" "/opt/rustwide/rustup-home/toolchains/1.83.0-x86_64-unknown-linux-gnu/lib/rustlib/x86_64-unknown-linux-gnu/lib/libunwind-7d50b86011c66411.rlib" "/opt/rustwide/rustup-home/toolchains/1.83.0-x86_64-unknown-linux-gnu/lib/rustlib/x86_64-unknown-linux-gnu/lib/libcfg_if-51ea098fce5006bf.rlib" "/opt/rustwide/rustup-home/toolchains/1.83.0-x86_64-unknown-linux-gnu/lib/rustlib/x86_64-unknown-linux-gnu/lib/liblibc-5a14e0d0b712e731.rlib" "/opt/rustwide/rustup-home/toolchains/1.83.0-x86_64-unknown-linux-gnu/lib/rustlib/x86_64-unknown-linux-gnu/lib/liballoc-8b83dbf3a7b8f999.rlib" "/opt/rustwide/rustup-home/toolchains/1.83.0-x86_64-unknown-linux-gnu/lib/rustlib/x86_64-unknown-linux-gnu/lib/librustc_std_workspace_core-c6fd227bdc7b39ff.rlib" "/opt/rustwide/rustup-home/toolchains/1.83.0-x86_64-unknown-linux-gnu/lib/rustlib/x86_64-unknown-linux-gnu/lib/libcore-959d3389fa3da8a5.rlib" "/opt/rustwide/rustup-home/toolchains/1.83.0-x86_64-unknown-linux-gnu/lib/rustlib/x86_64-unknown-linux-gnu/lib/libcompiler_builtins-abe05db089cc2c62.rlib" "-Wl,-Bdynamic" "-lgcc_s" "-lutil" "-lrt" "-lpthread" "-lm" "-ldl" "-lc" "-Wl,--eh-frame-hdr" "-Wl,-z,noexecstack" "-L" "/opt/rustwide/rustup-home/toolchains/1.83.0-x86_64-unknown-linux-gnu/lib/rustlib/x86_64-unknown-linux-gnu/lib" "-o" "/tmp/rustdoctesthcx8bE/rust_out" "-Wl,--gc-sections" "-pie" "-Wl,-z,relro,-z,now" "-nodefaultlibs"
[INFO] [stdout]   = note: collect2: fatal error: ld terminated with signal 9 [Killed]
[INFO] [stdout]           compilation terminated.
[INFO] [stdout]           
[INFO] [stdout] 
[INFO] [stdout] error: aborting due to 1 previous error
[INFO] [stdout] 
[INFO] [stdout] Couldn't compile the test.
[INFO] [stdout] 
[INFO] [stdout] failures:
[INFO] [stdout]     src/delaunay_core/cell.rs - delaunay_core::cell::Cell<T,U,V,D>::circumcenter (line 295)
[INFO] [stdout]     src/delaunay_core/cell.rs - delaunay_core::cell::Cell<T,U,V,D>::facets (line 411)
[INFO] [stdout]     src/delaunay_core/facet.rs - delaunay_core::facet::Facet<T,U,V,D>::new (line 63)
[INFO] [stdout]     src/delaunay_core/triangulation_data_structure.rs - delaunay_core::triangulation_data_structure::Tds<T,U,V,D>::add (line 122)
[INFO] [stdout]     src/delaunay_core/utilities.rs - delaunay_core::utilities::vec_to_array (line 88)
[INFO] [stdout]     src/delaunay_core/vertex.rs - delaunay_core::vertex::Vertex<T,U,D>::dim (line 100)
[INFO] [stdout] 
[INFO] [stdout] test result: FAILED. 14 passed; 6 failed; 0 ignored; 0 measured; 0 filtered out; finished in 9.12s
[INFO] [stdout] 
[INFO] [stderr] error: doctest failed, to rerun pass `--doc`
[INFO] running `Command { std: "docker" "inspect" "f8487a1fd7cadd9590e40b0f6de6bdeaf6777a546622ed8ae019aaae72a52c19", kill_on_drop: false }`
[INFO] running `Command { std: "docker" "rm" "-f" "f8487a1fd7cadd9590e40b0f6de6bdeaf6777a546622ed8ae019aaae72a52c19", kill_on_drop: false }`
[INFO] [stdout] f8487a1fd7cadd9590e40b0f6de6bdeaf6777a546622ed8ae019aaae72a52c19
