[INFO] cloning repository https://github.com/aaweaver-actuary/sas-reader-2000
[INFO] running `Command { std: "git" "-c" "credential.helper=" "-c" "credential.helper=/workspace/cargo-home/bin/git-credential-null" "clone" "--bare" "https://github.com/aaweaver-actuary/sas-reader-2000" "/workspace/cache/git-repos/https%3A%2F%2Fgithub.com%2Faaweaver-actuary%2Fsas-reader-2000", kill_on_drop: false }`
[INFO] [stderr] Cloning into bare repository '/workspace/cache/git-repos/https%3A%2F%2Fgithub.com%2Faaweaver-actuary%2Fsas-reader-2000'...
[INFO] running `Command { std: "git" "rev-parse" "HEAD", kill_on_drop: false }`
[INFO] [stdout] 252e3bd2f91cf896220728d788a5088cf814fa2e
[INFO] testing aaweaver-actuary/sas-reader-2000 against 1.83.0 for beta-1.84.0-4-retry
[INFO] running `Command { std: "git" "clone" "/workspace/cache/git-repos/https%3A%2F%2Fgithub.com%2Faaweaver-actuary%2Fsas-reader-2000" "/workspace/builds/worker-2-tc1/source", kill_on_drop: false }`
[INFO] [stderr] Cloning into '/workspace/builds/worker-2-tc1/source'...
[INFO] [stderr] done.
[INFO] validating manifest of git repo https://github.com/aaweaver-actuary/sas-reader-2000 on toolchain 1.83.0
[INFO] running `Command { std: CARGO_HOME="/workspace/cargo-home" RUSTUP_HOME="/workspace/rustup-home" "/workspace/cargo-home/bin/cargo" "+1.83.0" "metadata" "--manifest-path" "Cargo.toml" "--no-deps", kill_on_drop: false }`
[INFO] started tweaking git repo https://github.com/aaweaver-actuary/sas-reader-2000
[INFO] finished tweaking git repo https://github.com/aaweaver-actuary/sas-reader-2000
[INFO] tweaked toml for git repo https://github.com/aaweaver-actuary/sas-reader-2000 written to /workspace/builds/worker-2-tc1/source/Cargo.toml
[INFO] crate git repo https://github.com/aaweaver-actuary/sas-reader-2000 already has a lockfile, it will not be regenerated
[INFO] running `Command { std: CARGO_HOME="/workspace/cargo-home" RUSTUP_HOME="/workspace/rustup-home" "/workspace/cargo-home/bin/cargo" "+1.83.0" "fetch" "--manifest-path" "Cargo.toml", kill_on_drop: false }`
[INFO] running `Command { std: "docker" "create" "-v" "/var/lib/crater-agent-workspace/builds/worker-2-tc1/target:/opt/rustwide/target:rw,Z" "-v" "/var/lib/crater-agent-workspace/builds/worker-2-tc1/source:/opt/rustwide/workdir:ro,Z" "-v" "/var/lib/crater-agent-workspace/cargo-home:/opt/rustwide/cargo-home:ro,Z" "-v" "/var/lib/crater-agent-workspace/rustup-home:/opt/rustwide/rustup-home:ro,Z" "-e" "SOURCE_DIR=/opt/rustwide/workdir" "-e" "CARGO_TARGET_DIR=/opt/rustwide/target" "-e" "CARGO_HOME=/opt/rustwide/cargo-home" "-e" "RUSTUP_HOME=/opt/rustwide/rustup-home" "-w" "/opt/rustwide/workdir" "-m" "1610612736" "--user" "0:0" "--network" "none" "ghcr.io/rust-lang/crates-build-env/linux@sha256:f3a9d4ad9d972b27faf3965f35b62e55ba32bbce8f20bc8fe909558a86702fde" "/opt/rustwide/cargo-home/bin/cargo" "+1.83.0" "metadata" "--no-deps" "--format-version=1", kill_on_drop: false }`
[INFO] [stdout] 70036e7bc7dcfb997c4458b92afc2db18a8e414f9fb4b65e639b585cac513541
[INFO] running `Command { std: "docker" "start" "-a" "70036e7bc7dcfb997c4458b92afc2db18a8e414f9fb4b65e639b585cac513541", kill_on_drop: false }`
[INFO] running `Command { std: "docker" "inspect" "70036e7bc7dcfb997c4458b92afc2db18a8e414f9fb4b65e639b585cac513541", kill_on_drop: false }`
[INFO] running `Command { std: "docker" "rm" "-f" "70036e7bc7dcfb997c4458b92afc2db18a8e414f9fb4b65e639b585cac513541", kill_on_drop: false }`
[INFO] [stdout] 70036e7bc7dcfb997c4458b92afc2db18a8e414f9fb4b65e639b585cac513541
[INFO] running `Command { std: "docker" "create" "-v" "/var/lib/crater-agent-workspace/builds/worker-2-tc1/target:/opt/rustwide/target:rw,Z" "-v" "/var/lib/crater-agent-workspace/builds/worker-2-tc1/source:/opt/rustwide/workdir:ro,Z" "-v" "/var/lib/crater-agent-workspace/cargo-home:/opt/rustwide/cargo-home:ro,Z" "-v" "/var/lib/crater-agent-workspace/rustup-home:/opt/rustwide/rustup-home:ro,Z" "-e" "SOURCE_DIR=/opt/rustwide/workdir" "-e" "CARGO_TARGET_DIR=/opt/rustwide/target" "-e" "CARGO_INCREMENTAL=0" "-e" "RUST_BACKTRACE=full" "-e" "RUSTFLAGS=--cap-lints=warn" "-e" "RUSTDOCFLAGS=--cap-lints=warn" "-e" "CARGO_HOME=/opt/rustwide/cargo-home" "-e" "RUSTUP_HOME=/opt/rustwide/rustup-home" "-w" "/opt/rustwide/workdir" "-m" "1610612736" "--user" "0:0" "--network" "none" "ghcr.io/rust-lang/crates-build-env/linux@sha256:f3a9d4ad9d972b27faf3965f35b62e55ba32bbce8f20bc8fe909558a86702fde" "/opt/rustwide/cargo-home/bin/cargo" "+1.83.0" "build" "--frozen" "--message-format=json", kill_on_drop: false }`
[INFO] [stdout] 34c793cb2cb3864a9594f14ac7cfcd8eb36f74b6135d7bd1b19ee24863aeb696
[INFO] running `Command { std: "docker" "start" "-a" "34c793cb2cb3864a9594f14ac7cfcd8eb36f74b6135d7bd1b19ee24863aeb696", kill_on_drop: false }`
[INFO] [stderr]    Compiling proc-macro2 v1.0.86
[INFO] [stderr]    Compiling unicode-ident v1.0.13
[INFO] [stderr]    Compiling fnv v1.0.7
[INFO] [stderr]    Compiling ident_case v1.0.1
[INFO] [stderr]    Compiling strsim v0.11.1
[INFO] [stderr]    Compiling autocfg v1.4.0
[INFO] [stderr]    Compiling iana-time-zone v0.1.61
[INFO] [stderr]    Compiling assert_approx_eq v1.1.0
[INFO] [stderr]    Compiling num-traits v0.2.19
[INFO] [stderr]    Compiling quote v1.0.37
[INFO] [stderr]    Compiling syn v2.0.79
[INFO] [stderr]    Compiling chrono v0.4.38
[INFO] [stderr]    Compiling darling_core v0.20.10
[INFO] [stderr]    Compiling darling_macro v0.20.10
[INFO] [stderr]    Compiling darling v0.20.10
[INFO] [stderr]    Compiling derive_builder_core v0.20.2
[INFO] [stderr]    Compiling derive_builder_macro v0.20.2
[INFO] [stderr]    Compiling derive_builder v0.20.2
[INFO] [stderr]    Compiling sas-reader-2000 v0.1.0 (/opt/rustwide/workdir)
[INFO] [stderr]     Finished `dev` profile [unoptimized + debuginfo] target(s) in 12.64s
[INFO] running `Command { std: "docker" "inspect" "34c793cb2cb3864a9594f14ac7cfcd8eb36f74b6135d7bd1b19ee24863aeb696", kill_on_drop: false }`
[INFO] running `Command { std: "docker" "rm" "-f" "34c793cb2cb3864a9594f14ac7cfcd8eb36f74b6135d7bd1b19ee24863aeb696", kill_on_drop: false }`
[INFO] [stdout] 34c793cb2cb3864a9594f14ac7cfcd8eb36f74b6135d7bd1b19ee24863aeb696
[INFO] running `Command { std: "docker" "create" "-v" "/var/lib/crater-agent-workspace/builds/worker-2-tc1/target:/opt/rustwide/target:rw,Z" "-v" "/var/lib/crater-agent-workspace/builds/worker-2-tc1/source:/opt/rustwide/workdir:ro,Z" "-v" "/var/lib/crater-agent-workspace/cargo-home:/opt/rustwide/cargo-home:ro,Z" "-v" "/var/lib/crater-agent-workspace/rustup-home:/opt/rustwide/rustup-home:ro,Z" "-e" "SOURCE_DIR=/opt/rustwide/workdir" "-e" "CARGO_TARGET_DIR=/opt/rustwide/target" "-e" "CARGO_INCREMENTAL=0" "-e" "RUST_BACKTRACE=full" "-e" "RUSTFLAGS=--cap-lints=warn" "-e" "RUSTDOCFLAGS=--cap-lints=warn" "-e" "CARGO_HOME=/opt/rustwide/cargo-home" "-e" "RUSTUP_HOME=/opt/rustwide/rustup-home" "-w" "/opt/rustwide/workdir" "-m" "1610612736" "--user" "0:0" "--network" "none" "ghcr.io/rust-lang/crates-build-env/linux@sha256:f3a9d4ad9d972b27faf3965f35b62e55ba32bbce8f20bc8fe909558a86702fde" "/opt/rustwide/cargo-home/bin/cargo" "+1.83.0" "test" "--frozen" "--no-run" "--message-format=json", kill_on_drop: false }`
[INFO] [stdout] a7dcefb00402c97bafb44ec9da59ff5ddf2cec6d1df95f9ccd133e8719dcd10e
[INFO] running `Command { std: "docker" "start" "-a" "a7dcefb00402c97bafb44ec9da59ff5ddf2cec6d1df95f9ccd133e8719dcd10e", kill_on_drop: false }`
[INFO] [stderr]    Compiling sas-reader-2000 v0.1.0 (/opt/rustwide/workdir)
[INFO] [stderr]     Finished `test` profile [unoptimized + debuginfo] target(s) in 1.36s
[INFO] running `Command { std: "docker" "inspect" "a7dcefb00402c97bafb44ec9da59ff5ddf2cec6d1df95f9ccd133e8719dcd10e", kill_on_drop: false }`
[INFO] running `Command { std: "docker" "rm" "-f" "a7dcefb00402c97bafb44ec9da59ff5ddf2cec6d1df95f9ccd133e8719dcd10e", kill_on_drop: false }`
[INFO] [stdout] a7dcefb00402c97bafb44ec9da59ff5ddf2cec6d1df95f9ccd133e8719dcd10e
[INFO] running `Command { std: "docker" "create" "-v" "/var/lib/crater-agent-workspace/builds/worker-2-tc1/target:/opt/rustwide/target:rw,Z" "-v" "/var/lib/crater-agent-workspace/builds/worker-2-tc1/source:/opt/rustwide/workdir:ro,Z" "-v" "/var/lib/crater-agent-workspace/cargo-home:/opt/rustwide/cargo-home:ro,Z" "-v" "/var/lib/crater-agent-workspace/rustup-home:/opt/rustwide/rustup-home:ro,Z" "-e" "SOURCE_DIR=/opt/rustwide/workdir" "-e" "CARGO_TARGET_DIR=/opt/rustwide/target" "-e" "CARGO_INCREMENTAL=0" "-e" "RUST_BACKTRACE=full" "-e" "RUSTFLAGS=--cap-lints=warn" "-e" "RUSTDOCFLAGS=--cap-lints=warn" "-e" "CARGO_HOME=/opt/rustwide/cargo-home" "-e" "RUSTUP_HOME=/opt/rustwide/rustup-home" "-w" "/opt/rustwide/workdir" "-m" "1610612736" "--user" "0:0" "--network" "none" "ghcr.io/rust-lang/crates-build-env/linux@sha256:f3a9d4ad9d972b27faf3965f35b62e55ba32bbce8f20bc8fe909558a86702fde" "/opt/rustwide/cargo-home/bin/cargo" "+1.83.0" "test" "--frozen", kill_on_drop: false }`
[INFO] [stdout] eb1ce4dfbe320fd21a96b4e5df769a3ba4a4fa73e106464617a7eb321ccec513
[INFO] running `Command { std: "docker" "start" "-a" "eb1ce4dfbe320fd21a96b4e5df769a3ba4a4fa73e106464617a7eb321ccec513", kill_on_drop: false }`
[INFO] [stderr]     Finished `test` profile [unoptimized + debuginfo] target(s) in 0.03s
[INFO] [stderr]      Running unittests src/lib.rs (/opt/rustwide/target/debug/deps/sas_reader_2000-7143b45d8cd92cf2)
[INFO] [stdout] 
[INFO] [stdout] running 102 tests
[INFO] [stdout] test sas::compression::tests::test_from_u8 ... ok
[INFO] [stdout] test sas::header::alignment::tests::can_make_alignment_struct ... ok
[INFO] [stdout] test sas::header::binary::tests::can_get_alignment_from_header2 ... ok
[INFO] [stdout] test sas::header::binary::tests::can_get_ascii_file_type_from_header ... ok
[INFO] [stdout] test sas::errors::tests::test_error ... ok
[INFO] [stdout] test sas::header::alignment::tests::test_alignment_from_u8 ... ok
[INFO] [stdout] test sas::compression::tests::test_truncated_compression ... ok
[INFO] [stdout] test sas::header::binary::tests::can_get_alignment_from_header1 ... ok
[INFO] [stdout] test sas::compression::tests::test_invalid_compression ... ok
[INFO] [stdout] test sas::compression::tests::test_rle_compression ... ok
[INFO] [stdout] test sas::header::binary::tests::can_get_character_encoding_when_latin1 ... ok
[INFO] [stdout] test sas::header::binary::tests::can_get_character_encoding ... ok
[INFO] [stdout] test sas::header::binary::tests::can_create_sas_header ... ok
[INFO] [stdout] test sas::header::binary::tests::can_get_creation_timestamp_offset_when_a1_eq_0 ... ok
[INFO] [stdout] test sas::header::binary::tests::can_get_header_length ... ok
[INFO] [stdout] test sas::header::binary::tests::can_get_header_len_when_a1_eq_0_and_len_forced_to_be_8192 ... ok
[INFO] [stdout] test sas::header::binary::tests::can_get_header_length_when_a1_eq_0_and_byte_200_eq_9 ... ok
[INFO] [stdout] test sas::header::binary::tests::can_get_host_sas_server_type_from_header ... ok
[INFO] [stdout] test sas::header::binary::tests::can_get_modification_timestamp_offset_when_a1_eq_0 ... ok
[INFO] [stdout] test sas::header::binary::tests::can_get_inserted_ts_from_midnight_11_26_1987 ... ok
[INFO] [stdout] test sas::header::binary::tests::can_get_magic_number_from_header ... ok
[INFO] [stdout] test sas::header::binary::tests::can_get_os_type_from_header_when_windows ... ok
[INFO] [stdout] test sas::header::binary::tests::can_get_os_type_from_header_when_unix ... ok
[INFO] [stdout] test sas::header::binary::tests::can_get_os_version_number_from_header_when_unix_a1_0_a2_4 ... ok
[INFO] [stdout] test sas::header::binary::tests::can_get_os_version_number_from_header_when_unix_a1_4_a2_0 ... ok
[INFO] [stdout] test sas::header::binary::tests::can_get_os_version_number_from_header_when_not_unix ... ok
[INFO] [stdout] test sas::header::binary::tests::can_get_os_version_number_from_header_when_unix_a1_4_a2_4 ... ok
[INFO] [stdout] test sas::header::binary::tests::can_get_page_count_from_header_when_a1_0_a2_0_pagesize_20 ... ok
[INFO] [stdout] test sas::header::binary::tests::can_get_page_count_from_header_when_a1_4_a2_0_pagesize_30 ... ok
[INFO] [stdout] test sas::header::binary::tests::can_get_page_count_from_header_when_a1_4_a2_4_pagesize_50 ... ok
[INFO] [stdout] test sas::header::binary::tests::can_get_creation_timestamp_offset_when_a1_eq_4 ... ok
[INFO] [stdout] test sas::header::binary::tests::can_get_os_version_number_from_header_when_unix_a1_0_a2_0 ... ok
[INFO] [stdout] test sas::header::binary::tests::can_get_header_len_when_a1_eq_4_and_len_forced_to_be_8192 ... ok
[INFO] [stdout] test sas::header::binary::tests::can_get_page_size_from_header_when_a1_eq_0 ... ok
[INFO] [stdout] test sas::header::binary::tests::can_get_sas_file_from_header_as_string ... ok
[INFO] [stdout] test sas::header::binary::tests::can_get_modification_timestamp_offset_when_a1_eq_4 ... ok
[INFO] [stdout] test sas::header::binary::tests::can_get_sas_filename_from_header ... ok
[INFO] [stdout] test sas::header::binary::tests::can_validate_positions_56_to_64_when_actually_invalid ... ok
[INFO] [stdout] test sas::header::binary::tests::can_get_endianness_from_header ... ok
[INFO] [stdout] test sas::header::binary::tests::can_get_sas_release_from_header ... ok
[INFO] [stdout] test sas::header::binary::tests::can_validate_sas_file ... ok
[INFO] [stdout] test sas::header::binary::tests::test_get_a2_when_it_should_be_4 ... ok
[INFO] [stdout] test sas::header::binary::tests::can_get_page_size_from_header_when_a1_eq_4 ... ok
[INFO] [stdout] test sas::header::encoding::tests::can_get_encoding_from_code ... ok
[INFO] [stdout] test sas::header::encoding::tests::can_get_encoding_from_invalid_code ... ok
[INFO] [stdout] test sas::header::encoding::tests::test_code_for_iso8859_1 ... ok
[INFO] [stdout] test sas::header::encoding::tests::test_code_for_utf8 ... ok
[INFO] [stdout] test sas::header::file_type::tests::can_make_file_type_enum ... ok
[INFO] [stdout] test sas::header::binary::tests::test_get_a1_when_it_should_be_4 ... ok
[INFO] [stdout] test sas::header::endianness::tests::test_endianness_from_u8_when_valid ... ok
[INFO] [stdout] test sas::header::binary::tests::test_get_a1_when_it_should_be_0 ... ok
[INFO] [stdout] test sas::header::binary::tests::test_get_a2_when_it_should_be_0 ... ok
[INFO] [stdout] test sas::header::binary::tests::can_validate_positions_56_to_64_when_actually_valid ... ok
[INFO] [stdout] test sas::header::file_type::tests::test_file_type_from_str_when_catalog ... ok
[INFO] [stdout] test sas::header::os_maker::tests::can_make_os_maker_enum ... ok
[INFO] [stdout] test sas::header::os_maker::tests::test_os_maker_from_ascii_when_ibm ... ok
[INFO] [stdout] test sas::header::os_maker::tests::test_os_maker_from_ascii_when_sun ... ok
[INFO] [stdout] test sas::header::binary::tests::can_get_header_length_when_a1_eq_4_and_byte_200_eq_9 ... ok
[INFO] [stdout] test sas::header::binary::tests::can_get_sas_file_from_header ... ok
[INFO] [stdout] test sas::header::file_type::tests::test_file_type_from_str_when_data ... ok
[INFO] [stdout] test sas::header::os_maker::tests::test_os_maker_from_ascii_when_win ... ok
[INFO] [stdout] test sas::header::os_type::tests::can_make_os_type_enum ... ok
[INFO] [stdout] test sas::header::os_type::tests::test_os_type_from_u8_when_unix ... ok
[INFO] [stdout] test sas::header::os_type::tests::test_os_type_from_u8_when_windows ... ok
[INFO] [stdout] test sas::header::tests::can_get_character_encoding ... ok
[INFO] [stdout] test sas::header::tests::can_read_alignment1 ... ok
[INFO] [stdout] test sas::header::tests::can_read_alignment2 ... ok
[INFO] [stdout] test sas::header::tests::can_read_endianess ... ok
[INFO] [stdout] test sas::header::tests::can_read_unknowns ... ok
[INFO] [stdout] test sas::header::tests::can_create_sas_header ... ok
[INFO] [stdout] test sas::header::tests::test_byte_controling_offset_before_timestamps1 ... ok
[INFO] [stdout] test sas::header::tests::test_byte_controling_offset_before_timestamps3 ... ok
[INFO] [stdout] test sas::header::tests::can_return_bytes ... ok
[INFO] [stdout] test sas::header::binary::tests::can_get_page_count_from_header_when_a1_0_a2_4_pagesize_40 ... ok
[INFO] [stdout] test sas::header::unknowns::tests::test_insert_range ... ok
[INFO] [stdout] test sas::header::tests::test_byte_controling_offset_before_timestamps2 ... ok
[INFO] [stdout] test sas::header::unknowns::tests::test_sas_header_unknowns_new ... ok
[INFO] [stdout] test sas::header::tests::can_read_magic_number ... ok
[INFO] [stdout] test sas::header::unknowns::tests::test_read ... ok
[INFO] [stdout] test sas_reader::tests::can_get_file_contents ... ok
[INFO] [stdout] test sas::header::tests::test_is_u64_file_format ... ok
[INFO] [stdout] test sas_reader::tests::can_get_file_contents_with_error ... ok
[INFO] [stdout] test sas_reader::tests::can_read_sas7bdat_file ... ok
[INFO] [stdout] test sas_reader::tests::can_validate_sas7bdat_file_format ... ok
[INFO] [stdout] test util::tests::test_is_little_endian ... ok
[INFO] [stdout] test util::tests::test_is_twos_complement ... ok
[INFO] [stdout] test util::time::tests::can_convert_datetime_to_sas_timestamp ... ok
[INFO] [stdout] test util::time::tests::can_convert_datetime_to_sas_timestamp_with_time ... ok
[INFO] [stdout] test util::time::tests::can_convert_sas_timestamp_to_datetime_with_time ... ok
[INFO] [stdout] test util::time::tests::can_get_sas_epoch ... ok
[INFO] [stdout] test sas::header::unknowns::tests::test_insert_to_unknowns ... ok
[INFO] [stdout] test sas::header::unknowns::tests::test_make_inner_hash_map ... ok
[INFO] [stdout] test sas_reader::tests::can_create_sas_reader ... ok
[INFO] [stdout] test sas::page_type::tests::test_page_type_from_u16 ... ok
[INFO] [stdout] test util::time::tests::can_convert_sas_timestamp_to_datetime ... ok
[INFO] [stdout] test sas::header::binary::tests::cannot_get_os_type_from_header_when_invalid - should panic ... ok
[INFO] [stdout] test sas::header::binary::tests::can_get_os_maker_or_version_from_header ... FAILED
[INFO] [stdout] test sas::header::endianness::tests::test_endianness_from_u8_panics_when_invalid_code_unwrapped - should panic ... ok
[INFO] [stdout] test sas::header::file_type::tests::test_file_type_from_str_when_unknown - should panic ... ok
[INFO] [stdout] test sas::header::os_maker::tests::test_os_maker_from_ascii_when_unknown - should panic ... ok
[INFO] [stdout] test sas::header::os_type::tests::test_os_type_from_char_when_unknown - should panic ... ok
[INFO] [stdout] test sas::header::os_type::tests::test_os_type_from_u8_when_unknown - should panic ... ok
[INFO] [stdout] 
[INFO] [stdout] failures:
[INFO] [stdout] 
[INFO] [stdout] ---- sas::header::binary::tests::can_get_os_maker_or_version_from_header stdout ----
[INFO] [stdout] thread 'sas::header::binary::tests::can_get_os_maker_or_version_from_header' panicked at src/sas/header/os_type.rs:21:18:
[INFO] [stdout] Unknown OS type code from binary:  . Expected either 1 for Unix or 2 for Windows.
[INFO] [stdout] stack backtrace:
[INFO] [stdout]    0:     0x622ea5ae382a - std::backtrace_rs::backtrace::libunwind::trace::h5a5b8284f2d0c266
[INFO] [stdout]                                at /rustc/90b35a6239c3d8bdabc530a6a0816f7ff89a0aaf/library/std/src/../../backtrace/src/backtrace/libunwind.rs:116:5
[INFO] [stdout]    1:     0x622ea5ae382a - std::backtrace_rs::backtrace::trace_unsynchronized::h76d4f1c9b0b875e3
[INFO] [stdout]                                at /rustc/90b35a6239c3d8bdabc530a6a0816f7ff89a0aaf/library/std/src/../../backtrace/src/backtrace/mod.rs:66:5
[INFO] [stdout]    2:     0x622ea5ae382a - std::sys::backtrace::_print_fmt::hc4546b8364a537c6
[INFO] [stdout]                                at /rustc/90b35a6239c3d8bdabc530a6a0816f7ff89a0aaf/library/std/src/sys/backtrace.rs:66:9
[INFO] [stdout]    3:     0x622ea5ae382a - <std::sys::backtrace::BacktraceLock::print::DisplayBacktrace as core::fmt::Display>::fmt::h5b6bd5631a6d1f6b
[INFO] [stdout]                                at /rustc/90b35a6239c3d8bdabc530a6a0816f7ff89a0aaf/library/std/src/sys/backtrace.rs:39:26
[INFO] [stdout]    4:     0x622ea5b0a0e3 - core::fmt::rt::Argument::fmt::h270f6602a2b96f62
[INFO] [stdout]                                at /rustc/90b35a6239c3d8bdabc530a6a0816f7ff89a0aaf/library/core/src/fmt/rt.rs:177:76
[INFO] [stdout]    5:     0x622ea5b0a0e3 - core::fmt::write::h7550c97b06c86515
[INFO] [stdout]                                at /rustc/90b35a6239c3d8bdabc530a6a0816f7ff89a0aaf/library/core/src/fmt/mod.rs:1186:21
[INFO] [stdout]    6:     0x622ea5ae09f3 - std::io::Write::write_fmt::h509ff860e5956e5e
[INFO] [stdout]                                at /rustc/90b35a6239c3d8bdabc530a6a0816f7ff89a0aaf/library/std/src/io/mod.rs:1839:15
[INFO] [stdout]    7:     0x622ea5ae3672 - std::sys::backtrace::BacktraceLock::print::h2395ccd2c84ba3aa
[INFO] [stdout]                                at /rustc/90b35a6239c3d8bdabc530a6a0816f7ff89a0aaf/library/std/src/sys/backtrace.rs:42:9
[INFO] [stdout]    8:     0x622ea5ae4c8a - std::panicking::default_hook::{{closure}}::he19d4c7230e07961
[INFO] [stdout]                                at /rustc/90b35a6239c3d8bdabc530a6a0816f7ff89a0aaf/library/std/src/panicking.rs:268:22
[INFO] [stdout]    9:     0x622ea5ae4a94 - std::panicking::default_hook::hf614597d3c67bbdb
[INFO] [stdout]                                at /rustc/90b35a6239c3d8bdabc530a6a0816f7ff89a0aaf/library/std/src/panicking.rs:292:9
[INFO] [stdout]   10:     0x622ea5a8e249 - <alloc::boxed::Box<F,A> as core::ops::function::Fn<Args>>::call::h39b51ce4599c23d1
[INFO] [stdout]                                at /rustc/90b35a6239c3d8bdabc530a6a0816f7ff89a0aaf/library/alloc/src/boxed.rs:2468:9
[INFO] [stdout]   11:     0x622ea5a8e249 - test::test_main::{{closure}}::he977ae839a582784
[INFO] [stdout]                                at /rustc/90b35a6239c3d8bdabc530a6a0816f7ff89a0aaf/library/test/src/lib.rs:133:21
[INFO] [stdout]   12:     0x622ea5ae5328 - <alloc::boxed::Box<F,A> as core::ops::function::Fn<Args>>::call::h9455091b6b06f9fb
[INFO] [stdout]                                at /rustc/90b35a6239c3d8bdabc530a6a0816f7ff89a0aaf/library/alloc/src/boxed.rs:2468:9
[INFO] [stdout]   13:     0x622ea5ae5328 - std::panicking::rust_panic_with_hook::h8942133a8b252070
[INFO] [stdout]                                at /rustc/90b35a6239c3d8bdabc530a6a0816f7ff89a0aaf/library/std/src/panicking.rs:809:13
[INFO] [stdout]   14:     0x622ea5ae50ea - std::panicking::begin_panic_handler::{{closure}}::hb5f5963570096b29
[INFO] [stdout]                                at /rustc/90b35a6239c3d8bdabc530a6a0816f7ff89a0aaf/library/std/src/panicking.rs:674:13
[INFO] [stdout]   15:     0x622ea5ae3d09 - std::sys::backtrace::__rust_end_short_backtrace::h6208cedc1922feda
[INFO] [stdout]                                at /rustc/90b35a6239c3d8bdabc530a6a0816f7ff89a0aaf/library/std/src/sys/backtrace.rs:170:18
[INFO] [stdout]   16:     0x622ea5ae4d7c - rust_begin_unwind
[INFO] [stdout]                                at /rustc/90b35a6239c3d8bdabc530a6a0816f7ff89a0aaf/library/std/src/panicking.rs:665:5
[INFO] [stdout]   17:     0x622ea5a2ea60 - core::panicking::panic_fmt::h0c3082644d1bf418
[INFO] [stdout]                                at /rustc/90b35a6239c3d8bdabc530a6a0816f7ff89a0aaf/library/core/src/panicking.rs:74:14
[INFO] [stdout]   18:     0x622ea5a42e33 - sas_reader_2000::sas::header::os_type::OsType::from_u8::h3aa04576fed99c39
[INFO] [stdout]                                at /opt/rustwide/workdir/src/sas/header/os_type.rs:21:18
[INFO] [stdout]   19:     0x622ea5a510c3 - sas_reader_2000::sas::header::binary::SasHeaderBinary::get_os_type_from_header::he4a5c57d7351af34
[INFO] [stdout]                                at /opt/rustwide/workdir/src/sas/header/binary.rs:49:9
[INFO] [stdout]   20:     0x622ea5a52d4f - sas_reader_2000::sas::header::binary::SasHeaderBinary::get_os_maker_or_version_from_header::h372d63b987e3a6db
[INFO] [stdout]                                at /opt/rustwide/workdir/src/sas/header/binary.rs:264:12
[INFO] [stdout]   21:     0x622ea5a3e0c5 - sas_reader_2000::sas::header::binary::tests::can_get_os_maker_or_version_from_header::hf2bcaf3fb77dae5f
[INFO] [stdout]                                at /opt/rustwide/workdir/src/sas/header/binary.rs:850:26
[INFO] [stdout]   22:     0x622ea5a3de47 - sas_reader_2000::sas::header::binary::tests::can_get_os_maker_or_version_from_header::{{closure}}::h26c737ccb29e8844
[INFO] [stdout]                                at /opt/rustwide/workdir/src/sas/header/binary.rs:830:49
[INFO] [stdout]   23:     0x622ea5a46ce6 - core::ops::function::FnOnce::call_once::hf6119a8a4024e56d
[INFO] [stdout]                                at /rustc/90b35a6239c3d8bdabc530a6a0816f7ff89a0aaf/library/core/src/ops/function.rs:250:5
[INFO] [stdout]   24:     0x622ea5a92c0b - core::ops::function::FnOnce::call_once::h109cf8051a59b34e
[INFO] [stdout]                                at /rustc/90b35a6239c3d8bdabc530a6a0816f7ff89a0aaf/library/core/src/ops/function.rs:250:5
[INFO] [stdout]   25:     0x622ea5a92c0b - test::__rust_begin_short_backtrace::hf4fff89d377446ba
[INFO] [stdout]                                at /rustc/90b35a6239c3d8bdabc530a6a0816f7ff89a0aaf/library/test/src/lib.rs:621:18
[INFO] [stdout]   26:     0x622ea5a92447 - test::run_test_in_process::{{closure}}::h0e39181dd7ee5a43
[INFO] [stdout]                                at /rustc/90b35a6239c3d8bdabc530a6a0816f7ff89a0aaf/library/test/src/lib.rs:644:60
[INFO] [stdout]   27:     0x622ea5a92447 - <core::panic::unwind_safe::AssertUnwindSafe<F> as core::ops::function::FnOnce<()>>::call_once::hc5a66a30f0bdfd1f
[INFO] [stdout]                                at /rustc/90b35a6239c3d8bdabc530a6a0816f7ff89a0aaf/library/core/src/panic/unwind_safe.rs:272:9
[INFO] [stdout]   28:     0x622ea5a92447 - std::panicking::try::do_call::h873b7cf639554a5e
[INFO] [stdout]                                at /rustc/90b35a6239c3d8bdabc530a6a0816f7ff89a0aaf/library/std/src/panicking.rs:557:40
[INFO] [stdout]   29:     0x622ea5a92447 - std::panicking::try::hdb19862fad9c8bd1
[INFO] [stdout]                                at /rustc/90b35a6239c3d8bdabc530a6a0816f7ff89a0aaf/library/std/src/panicking.rs:520:19
[INFO] [stdout]   30:     0x622ea5a92447 - std::panic::catch_unwind::h281fe732d236d260
[INFO] [stdout]                                at /rustc/90b35a6239c3d8bdabc530a6a0816f7ff89a0aaf/library/std/src/panic.rs:358:14
[INFO] [stdout]   31:     0x622ea5a92447 - test::run_test_in_process::h949b6df8457ed338
[INFO] [stdout]                                at /rustc/90b35a6239c3d8bdabc530a6a0816f7ff89a0aaf/library/test/src/lib.rs:644:27
[INFO] [stdout]   32:     0x622ea5a92447 - test::run_test::{{closure}}::h52c556a6d4740e10
[INFO] [stdout]                                at /rustc/90b35a6239c3d8bdabc530a6a0816f7ff89a0aaf/library/test/src/lib.rs:565:43
[INFO] [stdout]   33:     0x622ea5a57724 - test::run_test::{{closure}}::h4237f6381c45ccb9
[INFO] [stdout]                                at /rustc/90b35a6239c3d8bdabc530a6a0816f7ff89a0aaf/library/test/src/lib.rs:595:41
[INFO] [stdout]   34:     0x622ea5a57724 - std::sys::backtrace::__rust_begin_short_backtrace::h505c97a579eca628
[INFO] [stdout]                                at /rustc/90b35a6239c3d8bdabc530a6a0816f7ff89a0aaf/library/std/src/sys/backtrace.rs:154:18
[INFO] [stdout]   35:     0x622ea5a5adee - std::thread::Builder::spawn_unchecked_::{{closure}}::{{closure}}::h9e86b2e2bc107ea3
[INFO] [stdout]                                at /rustc/90b35a6239c3d8bdabc530a6a0816f7ff89a0aaf/library/std/src/thread/mod.rs:538:17
[INFO] [stdout]   36:     0x622ea5a5adee - <core::panic::unwind_safe::AssertUnwindSafe<F> as core::ops::function::FnOnce<()>>::call_once::h8b06ddb275ff4a25
[INFO] [stdout]                                at /rustc/90b35a6239c3d8bdabc530a6a0816f7ff89a0aaf/library/core/src/panic/unwind_safe.rs:272:9
[INFO] [stdout]   37:     0x622ea5a5adee - std::panicking::try::do_call::hb26ecd7cd9a9355d
[INFO] [stdout]                                at /rustc/90b35a6239c3d8bdabc530a6a0816f7ff89a0aaf/library/std/src/panicking.rs:557:40
[INFO] [stdout]   38:     0x622ea5a5adee - std::panicking::try::h8ddeca9d705f9069
[INFO] [stdout]                                at /rustc/90b35a6239c3d8bdabc530a6a0816f7ff89a0aaf/library/std/src/panicking.rs:520:19
[INFO] [stdout]   39:     0x622ea5a5adee - std::panic::catch_unwind::h49e1c33078844c46
[INFO] [stdout]                                at /rustc/90b35a6239c3d8bdabc530a6a0816f7ff89a0aaf/library/std/src/panic.rs:358:14
[INFO] [stdout]   40:     0x622ea5a5adee - std::thread::Builder::spawn_unchecked_::{{closure}}::h6073db6ff56ad35d
[INFO] [stdout]                                at /rustc/90b35a6239c3d8bdabc530a6a0816f7ff89a0aaf/library/std/src/thread/mod.rs:537:30
[INFO] [stdout]   41:     0x622ea5a5adee - core::ops::function::FnOnce::call_once{{vtable.shim}}::h2c5a5f3779c774f1
[INFO] [stdout]                                at /rustc/90b35a6239c3d8bdabc530a6a0816f7ff89a0aaf/library/core/src/ops/function.rs:250:5
[INFO] [stdout]   42:     0x622ea5ae908b - <alloc::boxed::Box<F,A> as core::ops::function::FnOnce<Args>>::call_once::hf75717d9f28faebf
[INFO] [stdout]                                at /rustc/90b35a6239c3d8bdabc530a6a0816f7ff89a0aaf/library/alloc/src/boxed.rs:2454:9
[INFO] [stdout]   43:     0x622ea5ae908b - <alloc::boxed::Box<F,A> as core::ops::function::FnOnce<Args>>::call_once::h7bd883a5f3c5f3c1
[INFO] [stdout]                                at /rustc/90b35a6239c3d8bdabc530a6a0816f7ff89a0aaf/library/alloc/src/boxed.rs:2454:9
[INFO] [stdout]   44:     0x622ea5ae908b - std::sys::pal::unix::thread::Thread::new::thread_start::hcc78f3943333fa94
[INFO] [stdout]                                at /rustc/90b35a6239c3d8bdabc530a6a0816f7ff89a0aaf/library/std/src/sys/pal/unix/thread.rs:105:17
[INFO] [stdout]   45:     0x71e3bfe9cac3 - <unknown>
[INFO] [stdout]   46:     0x71e3bff2da04 - clone
[INFO] [stdout]   47:                0x0 - <unknown>
[INFO] [stdout] 
[INFO] [stdout] 
[INFO] [stdout] failures:
[INFO] [stdout]     sas::header::binary::tests::can_get_os_maker_or_version_from_header
[INFO] [stdout] 
[INFO] [stdout] test result: FAILED. 101 passed; 1 failed; 0 ignored; 0 measured; 0 filtered out; finished in 0.07s
[INFO] [stdout] 
[INFO] [stderr] error: test failed, to rerun pass `--lib`
[INFO] running `Command { std: "docker" "inspect" "eb1ce4dfbe320fd21a96b4e5df769a3ba4a4fa73e106464617a7eb321ccec513", kill_on_drop: false }`
[INFO] running `Command { std: "docker" "rm" "-f" "eb1ce4dfbe320fd21a96b4e5df769a3ba4a4fa73e106464617a7eb321ccec513", kill_on_drop: false }`
[INFO] [stdout] eb1ce4dfbe320fd21a96b4e5df769a3ba4a4fa73e106464617a7eb321ccec513
