[INFO] cloning repository https://github.com/ZhenQian-keystone/test_account
[INFO] running `Command { std: "git" "-c" "credential.helper=" "-c" "credential.helper=/workspace/cargo-home/bin/git-credential-null" "clone" "--bare" "https://github.com/ZhenQian-keystone/test_account" "/workspace/cache/git-repos/https%3A%2F%2Fgithub.com%2FZhenQian-keystone%2Ftest_account", kill_on_drop: false }`
[INFO] [stderr] Cloning into bare repository '/workspace/cache/git-repos/https%3A%2F%2Fgithub.com%2FZhenQian-keystone%2Ftest_account'...
[INFO] running `Command { std: "git" "rev-parse" "HEAD", kill_on_drop: false }`
[INFO] [stdout] d201719b8440d7889aa34548cddcb6564e4bc973
[INFO] testing ZhenQian-keystone/test_account against 1.83.0 for beta-1.84.0-4-retry
[INFO] running `Command { std: "git" "clone" "/workspace/cache/git-repos/https%3A%2F%2Fgithub.com%2FZhenQian-keystone%2Ftest_account" "/workspace/builds/worker-2-tc1/source", kill_on_drop: false }`
[INFO] [stderr] Cloning into '/workspace/builds/worker-2-tc1/source'...
[INFO] [stderr] done.
[INFO] validating manifest of git repo https://github.com/ZhenQian-keystone/test_account on toolchain 1.83.0
[INFO] running `Command { std: CARGO_HOME="/workspace/cargo-home" RUSTUP_HOME="/workspace/rustup-home" "/workspace/cargo-home/bin/cargo" "+1.83.0" "metadata" "--manifest-path" "Cargo.toml" "--no-deps", kill_on_drop: false }`
[INFO] started tweaking git repo https://github.com/ZhenQian-keystone/test_account
[INFO] finished tweaking git repo https://github.com/ZhenQian-keystone/test_account
[INFO] tweaked toml for git repo https://github.com/ZhenQian-keystone/test_account written to /workspace/builds/worker-2-tc1/source/Cargo.toml
[INFO] crate git repo https://github.com/ZhenQian-keystone/test_account already has a lockfile, it will not be regenerated
[INFO] running `Command { std: CARGO_HOME="/workspace/cargo-home" RUSTUP_HOME="/workspace/rustup-home" "/workspace/cargo-home/bin/cargo" "+1.83.0" "fetch" "--manifest-path" "Cargo.toml", kill_on_drop: false }`
[INFO] [stderr]  Downloading crates ...
[INFO] [stderr]   Downloaded bip32 v0.5.1
[INFO] [stderr]   Downloaded candid v0.10.8
[INFO] running `Command { std: "docker" "create" "-v" "/var/lib/crater-agent-workspace/builds/worker-2-tc1/target:/opt/rustwide/target:rw,Z" "-v" "/var/lib/crater-agent-workspace/builds/worker-2-tc1/source:/opt/rustwide/workdir:ro,Z" "-v" "/var/lib/crater-agent-workspace/cargo-home:/opt/rustwide/cargo-home:ro,Z" "-v" "/var/lib/crater-agent-workspace/rustup-home:/opt/rustwide/rustup-home:ro,Z" "-e" "SOURCE_DIR=/opt/rustwide/workdir" "-e" "CARGO_TARGET_DIR=/opt/rustwide/target" "-e" "CARGO_HOME=/opt/rustwide/cargo-home" "-e" "RUSTUP_HOME=/opt/rustwide/rustup-home" "-w" "/opt/rustwide/workdir" "-m" "1610612736" "--user" "0:0" "--network" "none" "ghcr.io/rust-lang/crates-build-env/linux@sha256:f3a9d4ad9d972b27faf3965f35b62e55ba32bbce8f20bc8fe909558a86702fde" "/opt/rustwide/cargo-home/bin/cargo" "+1.83.0" "metadata" "--no-deps" "--format-version=1", kill_on_drop: false }`
[INFO] [stdout] 920f8b7ce654511c589b23a7b62fc5ff1cc6a2d0be8f8fceae075a6825bd748a
[INFO] running `Command { std: "docker" "start" "-a" "920f8b7ce654511c589b23a7b62fc5ff1cc6a2d0be8f8fceae075a6825bd748a", kill_on_drop: false }`
[INFO] running `Command { std: "docker" "inspect" "920f8b7ce654511c589b23a7b62fc5ff1cc6a2d0be8f8fceae075a6825bd748a", kill_on_drop: false }`
[INFO] running `Command { std: "docker" "rm" "-f" "920f8b7ce654511c589b23a7b62fc5ff1cc6a2d0be8f8fceae075a6825bd748a", kill_on_drop: false }`
[INFO] [stdout] 920f8b7ce654511c589b23a7b62fc5ff1cc6a2d0be8f8fceae075a6825bd748a
[INFO] running `Command { std: "docker" "create" "-v" "/var/lib/crater-agent-workspace/builds/worker-2-tc1/target:/opt/rustwide/target:rw,Z" "-v" "/var/lib/crater-agent-workspace/builds/worker-2-tc1/source:/opt/rustwide/workdir:ro,Z" "-v" "/var/lib/crater-agent-workspace/cargo-home:/opt/rustwide/cargo-home:ro,Z" "-v" "/var/lib/crater-agent-workspace/rustup-home:/opt/rustwide/rustup-home:ro,Z" "-e" "SOURCE_DIR=/opt/rustwide/workdir" "-e" "CARGO_TARGET_DIR=/opt/rustwide/target" "-e" "CARGO_INCREMENTAL=0" "-e" "RUST_BACKTRACE=full" "-e" "RUSTFLAGS=--cap-lints=warn" "-e" "RUSTDOCFLAGS=--cap-lints=warn" "-e" "CARGO_HOME=/opt/rustwide/cargo-home" "-e" "RUSTUP_HOME=/opt/rustwide/rustup-home" "-w" "/opt/rustwide/workdir" "-m" "1610612736" "--user" "0:0" "--network" "none" "ghcr.io/rust-lang/crates-build-env/linux@sha256:f3a9d4ad9d972b27faf3965f35b62e55ba32bbce8f20bc8fe909558a86702fde" "/opt/rustwide/cargo-home/bin/cargo" "+1.83.0" "build" "--frozen" "--message-format=json", kill_on_drop: false }`
[INFO] [stdout] f7585548a563cbe84c305b2fc02cdb8301c71986f8db7bed98f417aee2f75128
[INFO] running `Command { std: "docker" "start" "-a" "f7585548a563cbe84c305b2fc02cdb8301c71986f8db7bed98f417aee2f75128", kill_on_drop: false }`
[INFO] [stderr]    Compiling proc-macro2 v1.0.84
[INFO] [stderr]    Compiling unicode-ident v1.0.12
[INFO] [stderr]    Compiling typenum v1.17.0
[INFO] [stderr]    Compiling subtle v2.5.0
[INFO] [stderr]    Compiling const-oid v0.9.6
[INFO] [stderr]    Compiling libc v0.2.155
[INFO] [stderr]    Compiling base64ct v1.6.0
[INFO] [stderr]    Compiling serde v1.0.203
[INFO] [stderr]    Compiling cpufeatures v0.2.12
[INFO] [stderr]    Compiling cc v1.0.98
[INFO] [stderr]    Compiling autocfg v1.3.0
[INFO] [stderr]    Compiling thiserror v1.0.61
[INFO] [stderr]    Compiling base16ct v0.2.0
[INFO] [stderr]    Compiling syn v1.0.109
[INFO] [stderr]    Compiling generic-array v0.14.7
[INFO] [stderr]    Compiling rustversion v1.0.17
[INFO] [stderr]    Compiling anyhow v1.0.86
[INFO] [stderr]    Compiling tinyvec_macros v0.1.1
[INFO] [stderr]    Compiling once_cell v1.19.0
[INFO] [stderr]    Compiling paste v1.0.15
[INFO] [stderr]    Compiling either v1.12.0
[INFO] [stderr]    Compiling tinyvec v1.6.0
[INFO] [stderr]    Compiling crc32fast v1.4.2
[INFO] [stderr]    Compiling data-encoding v2.6.0
[INFO] [stderr]    Compiling pem-rfc7468 v0.7.0
[INFO] [stderr]    Compiling typed-arena v2.0.2
[INFO] [stderr]    Compiling unicode-width v0.1.12
[INFO] [stderr]    Compiling arrayvec v0.5.2
[INFO] [stderr]    Compiling byteorder v1.5.0
[INFO] [stderr]    Compiling leb128 v0.2.5
[INFO] [stderr]    Compiling rustc-hash v1.1.0
[INFO] [stderr]    Compiling num-traits v0.2.19
[INFO] [stderr]    Compiling pretty v0.12.3
[INFO] [stderr]    Compiling quote v1.0.36
[INFO] [stderr]    Compiling syn v2.0.66
[INFO] [stderr]    Compiling unicode-normalization v0.1.23
[INFO] [stderr]    Compiling psm v0.1.21
[INFO] [stderr]    Compiling stacker v0.1.15
[INFO] [stderr]    Compiling getrandom v0.2.15
[INFO] [stderr]    Compiling rand_core v0.6.4
[INFO] [stderr]    Compiling ff v0.13.0
[INFO] [stderr]    Compiling rand_chacha v0.3.1
[INFO] [stderr]    Compiling group v0.13.0
[INFO] [stderr]    Compiling num-integer v0.1.46
[INFO] [stderr]    Compiling rand v0.8.5
[INFO] [stderr]    Compiling binread_derive v2.1.0
[INFO] [stderr]    Compiling zeroize_derive v1.4.2
[INFO] [stderr]    Compiling serde_derive v1.0.203
[INFO] [stderr]    Compiling thiserror-impl v1.0.61
[INFO] [stderr]    Compiling candid_derive v0.6.6
[INFO] [stderr]    Compiling zeroize v1.8.1
[INFO] [stderr]    Compiling der v0.7.9
[INFO] [stderr]    Compiling binread v2.2.0
[INFO] [stderr]    Compiling block-buffer v0.10.4
[INFO] [stderr]    Compiling crypto-common v0.1.6
[INFO] [stderr]    Compiling crypto-bigint v0.5.5
[INFO] [stderr]    Compiling digest v0.10.7
[INFO] [stderr]    Compiling sha2 v0.10.8
[INFO] [stderr]    Compiling hmac v0.12.1
[INFO] [stderr]    Compiling signature v2.2.0
[INFO] [stderr]    Compiling ripemd v0.1.3
[INFO] [stderr]    Compiling pbkdf2 v0.11.0
[INFO] [stderr]    Compiling rfc6979 v0.4.0
[INFO] [stderr]    Compiling pbkdf2 v0.12.2
[INFO] [stderr]    Compiling spki v0.7.3
[INFO] [stderr]    Compiling bs58 v0.5.1
[INFO] [stderr]    Compiling tiny-bip39 v1.0.0
[INFO] [stderr]    Compiling pkcs8 v0.10.2
[INFO] [stderr]    Compiling sec1 v0.7.3
[INFO] [stderr]    Compiling elliptic-curve v0.13.8
[INFO] [stderr]    Compiling ecdsa v0.16.9
[INFO] [stderr]    Compiling k256 v0.13.3
[INFO] [stderr]    Compiling bip32 v0.5.1
[INFO] [stderr]    Compiling ic_principal v0.1.1
[INFO] [stderr]    Compiling num-bigint v0.4.5
[INFO] [stderr]    Compiling serde_bytes v0.11.14
[INFO] [stderr]    Compiling hex v0.4.3
[INFO] [stderr]    Compiling candid v0.10.8
[INFO] [stderr]    Compiling account_manager v0.1.0 (/opt/rustwide/workdir)
[INFO] [stdout] warning: unexpected `cfg` condition value: `fuzzing_code`
[INFO] [stdout]    --> src/icp/principal_id.rs:309:7
[INFO] [stdout]     |
[INFO] [stdout] 309 | #[cfg(feature = "fuzzing_code")]
[INFO] [stdout]     |       ^^^^^^^^^^^^^^^^^^^^^^^^ help: remove the condition
[INFO] [stdout]     |
[INFO] [stdout]     = note: no expected values for `feature`
[INFO] [stdout]     = help: consider adding `fuzzing_code` as a feature in `Cargo.toml`
[INFO] [stdout]     = note: see <https://doc.rust-lang.org/nightly/rustc/check-cfg/cargo-specifics.html> for more information about checking conditional configuration
[INFO] [stdout]     = note: `#[warn(unexpected_cfgs)]` on by default
[INFO] [stdout] 
[INFO] [stdout] 
[INFO] [stdout] warning: associated function `new_opaque_from_array` is never used
[INFO] [stdout]    --> src/icp/principal_id.rs:188:25
[INFO] [stdout]     |
[INFO] [stdout] 168 | impl PrincipalId {
[INFO] [stdout]     | ---------------- associated function in this implementation
[INFO] [stdout] ...
[INFO] [stdout] 188 |     pub(crate) const fn new_opaque_from_array(
[INFO] [stdout]     |                         ^^^^^^^^^^^^^^^^^^^^^
[INFO] [stdout]     |
[INFO] [stdout]     = note: `#[warn(dead_code)]` on by default
[INFO] [stdout] 
[INFO] [stdout] 
[INFO] [stderr]     Finished `dev` profile [unoptimized + debuginfo] target(s) in 39.44s
[INFO] running `Command { std: "docker" "inspect" "f7585548a563cbe84c305b2fc02cdb8301c71986f8db7bed98f417aee2f75128", kill_on_drop: false }`
[INFO] running `Command { std: "docker" "rm" "-f" "f7585548a563cbe84c305b2fc02cdb8301c71986f8db7bed98f417aee2f75128", kill_on_drop: false }`
[INFO] [stdout] f7585548a563cbe84c305b2fc02cdb8301c71986f8db7bed98f417aee2f75128
[INFO] running `Command { std: "docker" "create" "-v" "/var/lib/crater-agent-workspace/builds/worker-2-tc1/target:/opt/rustwide/target:rw,Z" "-v" "/var/lib/crater-agent-workspace/builds/worker-2-tc1/source:/opt/rustwide/workdir:ro,Z" "-v" "/var/lib/crater-agent-workspace/cargo-home:/opt/rustwide/cargo-home:ro,Z" "-v" "/var/lib/crater-agent-workspace/rustup-home:/opt/rustwide/rustup-home:ro,Z" "-e" "SOURCE_DIR=/opt/rustwide/workdir" "-e" "CARGO_TARGET_DIR=/opt/rustwide/target" "-e" "CARGO_INCREMENTAL=0" "-e" "RUST_BACKTRACE=full" "-e" "RUSTFLAGS=--cap-lints=warn" "-e" "RUSTDOCFLAGS=--cap-lints=warn" "-e" "CARGO_HOME=/opt/rustwide/cargo-home" "-e" "RUSTUP_HOME=/opt/rustwide/rustup-home" "-w" "/opt/rustwide/workdir" "-m" "1610612736" "--user" "0:0" "--network" "none" "ghcr.io/rust-lang/crates-build-env/linux@sha256:f3a9d4ad9d972b27faf3965f35b62e55ba32bbce8f20bc8fe909558a86702fde" "/opt/rustwide/cargo-home/bin/cargo" "+1.83.0" "test" "--frozen" "--no-run" "--message-format=json", kill_on_drop: false }`
[INFO] [stdout] 3e277290eae7a1485b3ca9b376395ff1d843a517899e625d7236dce0c7f34ab1
[INFO] running `Command { std: "docker" "start" "-a" "3e277290eae7a1485b3ca9b376395ff1d843a517899e625d7236dce0c7f34ab1", kill_on_drop: false }`
[INFO] [stderr]    Compiling account_manager v0.1.0 (/opt/rustwide/workdir)
[INFO] [stdout] warning: unexpected `cfg` condition value: `fuzzing_code`
[INFO] [stdout]    --> src/icp/principal_id.rs:309:7
[INFO] [stdout]     |
[INFO] [stdout] 309 | #[cfg(feature = "fuzzing_code")]
[INFO] [stdout]     |       ^^^^^^^^^^^^^^^^^^^^^^^^ help: remove the condition
[INFO] [stdout]     |
[INFO] [stdout]     = note: no expected values for `feature`
[INFO] [stdout]     = help: consider adding `fuzzing_code` as a feature in `Cargo.toml`
[INFO] [stdout]     = note: see <https://doc.rust-lang.org/nightly/rustc/check-cfg/cargo-specifics.html> for more information about checking conditional configuration
[INFO] [stdout]     = note: `#[warn(unexpected_cfgs)]` on by default
[INFO] [stdout] 
[INFO] [stdout] 
[INFO] [stdout] warning: associated function `new_opaque_from_array` is never used
[INFO] [stdout]    --> src/icp/principal_id.rs:188:25
[INFO] [stdout]     |
[INFO] [stdout] 168 | impl PrincipalId {
[INFO] [stdout]     | ---------------- associated function in this implementation
[INFO] [stdout] ...
[INFO] [stdout] 188 |     pub(crate) const fn new_opaque_from_array(
[INFO] [stdout]     |                         ^^^^^^^^^^^^^^^^^^^^^
[INFO] [stdout]     |
[INFO] [stdout]     = note: `#[warn(dead_code)]` on by default
[INFO] [stdout] 
[INFO] [stdout] 
[INFO] [stdout] warning: unexpected `cfg` condition value: `fuzzing_code`
[INFO] [stdout]    --> src/icp/principal_id.rs:309:7
[INFO] [stdout]     |
[INFO] [stdout] 309 | #[cfg(feature = "fuzzing_code")]
[INFO] [stdout]     |       ^^^^^^^^^^^^^^^^^^^^^^^^ help: remove the condition
[INFO] [stdout]     |
[INFO] [stdout]     = note: no expected values for `feature`
[INFO] [stdout]     = help: consider adding `fuzzing_code` as a feature in `Cargo.toml`
[INFO] [stdout]     = note: see <https://doc.rust-lang.org/nightly/rustc/check-cfg/cargo-specifics.html> for more information about checking conditional configuration
[INFO] [stdout]     = note: `#[warn(unexpected_cfgs)]` on by default
[INFO] [stdout] 
[INFO] [stdout] 
[INFO] [stdout] warning: unused import: `std::fmt::Debug`
[INFO] [stdout]  --> src/lib.rs:6:9
[INFO] [stdout]   |
[INFO] [stdout] 6 |     use std::fmt::Debug;
[INFO] [stdout]   |         ^^^^^^^^^^^^^^^
[INFO] [stdout]   |
[INFO] [stdout]   = note: `#[warn(unused_imports)]` on by default
[INFO] [stdout] 
[INFO] [stdout] 
[INFO] [stdout] warning: unused imports: `Subaccount` and `self`
[INFO] [stdout]  --> src/lib.rs:9:34
[INFO] [stdout]   |
[INFO] [stdout] 9 |     use crate::icp::account_id::{self, AccountIdentifier, Subaccount};
[INFO] [stdout]   |                                  ^^^^                     ^^^^^^^^^^
[INFO] [stdout] 
[INFO] [stdout] 
[INFO] [stdout] warning: unused import: `PublicKey`
[INFO] [stdout]   --> src/lib.rs:12:29
[INFO] [stdout]    |
[INFO] [stdout] 12 |     use bip32::{PrivateKey, PublicKey};
[INFO] [stdout]    |                             ^^^^^^^^^
[INFO] [stdout] 
[INFO] [stdout] 
[INFO] [stdout] warning: unused import: `candid::types::principal`
[INFO] [stdout]   --> src/lib.rs:14:9
[INFO] [stdout]    |
[INFO] [stdout] 14 |     use candid::types::principal;
[INFO] [stdout]    |         ^^^^^^^^^^^^^^^^^^^^^^^^
[INFO] [stdout] 
[INFO] [stdout] 
[INFO] [stdout] warning: unused import: `candid::Principal`
[INFO] [stdout]   --> src/lib.rs:15:9
[INFO] [stdout]    |
[INFO] [stdout] 15 |     use candid::Principal;
[INFO] [stdout]    |         ^^^^^^^^^^^^^^^^^
[INFO] [stdout] 
[INFO] [stdout] 
[INFO] [stdout] warning: unused import: `k256::elliptic_curve::sec1::ToEncodedPoint`
[INFO] [stdout]   --> src/lib.rs:16:9
[INFO] [stdout]    |
[INFO] [stdout] 16 |     use k256::elliptic_curve::sec1::ToEncodedPoint;
[INFO] [stdout]    |         ^^^^^^^^^^^^^^^^^^^^^^^^^^^^^^^^^^^^^^^^^^
[INFO] [stdout] 
[INFO] [stdout] 
[INFO] [stdout] warning: unused imports: `Document`, `SecretKey`, `SigningKey`, `VerifyingKey`, `self`, and `signature::Signer`
[INFO] [stdout]   --> src/lib.rs:18:17
[INFO] [stdout]    |
[INFO] [stdout] 18 |         ecdsa::{self, signature::Signer, SigningKey, VerifyingKey},
[INFO] [stdout]    |                 ^^^^  ^^^^^^^^^^^^^^^^^  ^^^^^^^^^^  ^^^^^^^^^^^^
[INFO] [stdout] 19 |         pkcs8::{Document, EncodePublicKey},
[INFO] [stdout]    |                 ^^^^^^^^
[INFO] [stdout] 20 |         SecretKey,
[INFO] [stdout]    |         ^^^^^^^^^
[INFO] [stdout] 
[INFO] [stdout] 
[INFO] [stdout] warning: unused import: `sec1::der::Encode`
[INFO] [stdout]   --> src/lib.rs:22:9
[INFO] [stdout]    |
[INFO] [stdout] 22 |     use sec1::der::Encode;
[INFO] [stdout]    |         ^^^^^^^^^^^^^^^^^
[INFO] [stdout] 
[INFO] [stdout] 
[INFO] [stdout] warning: unused import: `serde::Serialize`
[INFO] [stdout]   --> src/lib.rs:23:9
[INFO] [stdout]    |
[INFO] [stdout] 23 |     use serde::Serialize;
[INFO] [stdout]    |         ^^^^^^^^^^^^^^^^
[INFO] [stdout] 
[INFO] [stdout] 
[INFO] [stdout] warning: unused import: `PrivateKey`
[INFO] [stdout]   --> src/lib.rs:12:17
[INFO] [stdout]    |
[INFO] [stdout] 12 |     use bip32::{PrivateKey, PublicKey};
[INFO] [stdout]    |                 ^^^^^^^^^^
[INFO] [stdout] 
[INFO] [stdout] 
[INFO] [stdout] warning: unused variable: `public_key`
[INFO] [stdout]    --> src/icp/key_manager.rs:139:13
[INFO] [stdout]     |
[INFO] [stdout] 139 |         let public_key = priv_key.public_key();
[INFO] [stdout]     |             ^^^^^^^^^^ help: if this is intentional, prefix it with an underscore: `_public_key`
[INFO] [stdout]     |
[INFO] [stdout]     = note: `#[warn(unused_variables)]` on by default
[INFO] [stdout] 
[INFO] [stdout] 
[INFO] [stdout] warning: associated function `new_opaque_from_array` is never used
[INFO] [stdout]    --> src/icp/principal_id.rs:188:25
[INFO] [stdout]     |
[INFO] [stdout] 168 | impl PrincipalId {
[INFO] [stdout]     | ---------------- associated function in this implementation
[INFO] [stdout] ...
[INFO] [stdout] 188 |     pub(crate) const fn new_opaque_from_array(
[INFO] [stdout]     |                         ^^^^^^^^^^^^^^^^^^^^^
[INFO] [stdout]     |
[INFO] [stdout]     = note: `#[warn(dead_code)]` on by default
[INFO] [stdout] 
[INFO] [stdout] 
[INFO] [stderr]     Finished `test` profile [unoptimized + debuginfo] target(s) in 2.06s
[INFO] running `Command { std: "docker" "inspect" "3e277290eae7a1485b3ca9b376395ff1d843a517899e625d7236dce0c7f34ab1", kill_on_drop: false }`
[INFO] running `Command { std: "docker" "rm" "-f" "3e277290eae7a1485b3ca9b376395ff1d843a517899e625d7236dce0c7f34ab1", kill_on_drop: false }`
[INFO] [stdout] 3e277290eae7a1485b3ca9b376395ff1d843a517899e625d7236dce0c7f34ab1
[INFO] running `Command { std: "docker" "create" "-v" "/var/lib/crater-agent-workspace/builds/worker-2-tc1/target:/opt/rustwide/target:rw,Z" "-v" "/var/lib/crater-agent-workspace/builds/worker-2-tc1/source:/opt/rustwide/workdir:ro,Z" "-v" "/var/lib/crater-agent-workspace/cargo-home:/opt/rustwide/cargo-home:ro,Z" "-v" "/var/lib/crater-agent-workspace/rustup-home:/opt/rustwide/rustup-home:ro,Z" "-e" "SOURCE_DIR=/opt/rustwide/workdir" "-e" "CARGO_TARGET_DIR=/opt/rustwide/target" "-e" "CARGO_INCREMENTAL=0" "-e" "RUST_BACKTRACE=full" "-e" "RUSTFLAGS=--cap-lints=warn" "-e" "RUSTDOCFLAGS=--cap-lints=warn" "-e" "CARGO_HOME=/opt/rustwide/cargo-home" "-e" "RUSTUP_HOME=/opt/rustwide/rustup-home" "-w" "/opt/rustwide/workdir" "-m" "1610612736" "--user" "0:0" "--network" "none" "ghcr.io/rust-lang/crates-build-env/linux@sha256:f3a9d4ad9d972b27faf3965f35b62e55ba32bbce8f20bc8fe909558a86702fde" "/opt/rustwide/cargo-home/bin/cargo" "+1.83.0" "test" "--frozen", kill_on_drop: false }`
[INFO] [stdout] 675dda793902647944082af8ee9fd4c6fa09fe7b009537cd90c2199589dbd568
[INFO] running `Command { std: "docker" "start" "-a" "675dda793902647944082af8ee9fd4c6fa09fe7b009537cd90c2199589dbd568", kill_on_drop: false }`
[INFO] [stderr] warning: unexpected `cfg` condition value: `fuzzing_code`
[INFO] [stderr]    --> src/icp/principal_id.rs:309:7
[INFO] [stderr]     |
[INFO] [stderr] 309 | #[cfg(feature = "fuzzing_code")]
[INFO] [stderr]     |       ^^^^^^^^^^^^^^^^^^^^^^^^ help: remove the condition
[INFO] [stderr]     |
[INFO] [stderr]     = note: no expected values for `feature`
[INFO] [stderr]     = help: consider adding `fuzzing_code` as a feature in `Cargo.toml`
[INFO] [stderr]     = note: see <https://doc.rust-lang.org/nightly/rustc/check-cfg/cargo-specifics.html> for more information about checking conditional configuration
[INFO] [stderr]     = note: `#[warn(unexpected_cfgs)]` on by default
[INFO] [stderr] 
[INFO] [stderr] warning: associated function `new_opaque_from_array` is never used
[INFO] [stderr]    --> src/icp/principal_id.rs:188:25
[INFO] [stderr]     |
[INFO] [stderr] 168 | impl PrincipalId {
[INFO] [stderr]     | ---------------- associated function in this implementation
[INFO] [stderr] ...
[INFO] [stderr] 188 |     pub(crate) const fn new_opaque_from_array(
[INFO] [stderr]     |                         ^^^^^^^^^^^^^^^^^^^^^
[INFO] [stderr]     |
[INFO] [stderr]     = note: `#[warn(dead_code)]` on by default
[INFO] [stderr] 
[INFO] [stderr] warning: `account_manager` (lib) generated 2 warnings
[INFO] [stderr] warning: unused import: `std::fmt::Debug`
[INFO] [stderr]  --> src/lib.rs:6:9
[INFO] [stderr]   |
[INFO] [stderr] 6 |     use std::fmt::Debug;
[INFO] [stderr]   |         ^^^^^^^^^^^^^^^
[INFO] [stderr]   |
[INFO] [stderr]   = note: `#[warn(unused_imports)]` on by default
[INFO] [stderr] 
[INFO] [stderr] warning: unused imports: `Subaccount` and `self`
[INFO] [stderr]  --> src/lib.rs:9:34
[INFO] [stderr]   |
[INFO] [stderr] 9 |     use crate::icp::account_id::{self, AccountIdentifier, Subaccount};
[INFO] [stderr]   |                                  ^^^^                     ^^^^^^^^^^
[INFO] [stderr] 
[INFO] [stderr] warning: unused import: `PublicKey`
[INFO] [stderr]   --> src/lib.rs:12:29
[INFO] [stderr]    |
[INFO] [stderr] 12 |     use bip32::{PrivateKey, PublicKey};
[INFO] [stderr]    |                             ^^^^^^^^^
[INFO] [stderr] 
[INFO] [stderr] warning: unused import: `candid::types::principal`
[INFO] [stderr]   --> src/lib.rs:14:9
[INFO] [stderr]    |
[INFO] [stderr] 14 |     use candid::types::principal;
[INFO] [stderr]    |         ^^^^^^^^^^^^^^^^^^^^^^^^
[INFO] [stderr] 
[INFO] [stderr] warning: unused import: `candid::Principal`
[INFO] [stderr]   --> src/lib.rs:15:9
[INFO] [stderr]    |
[INFO] [stderr] 15 |     use candid::Principal;
[INFO] [stderr]    |         ^^^^^^^^^^^^^^^^^
[INFO] [stderr] 
[INFO] [stderr] warning: unused import: `k256::elliptic_curve::sec1::ToEncodedPoint`
[INFO] [stderr]   --> src/lib.rs:16:9
[INFO] [stderr]    |
[INFO] [stderr] 16 |     use k256::elliptic_curve::sec1::ToEncodedPoint;
[INFO] [stderr]    |         ^^^^^^^^^^^^^^^^^^^^^^^^^^^^^^^^^^^^^^^^^^
[INFO] [stderr] 
[INFO] [stderr] warning: unused imports: `Document`, `SecretKey`, `SigningKey`, `VerifyingKey`, `self`, and `signature::Signer`
[INFO] [stderr]   --> src/lib.rs:18:17
[INFO] [stderr]    |
[INFO] [stderr] 18 |         ecdsa::{self, signature::Signer, SigningKey, VerifyingKey},
[INFO] [stderr]    |                 ^^^^  ^^^^^^^^^^^^^^^^^  ^^^^^^^^^^  ^^^^^^^^^^^^
[INFO] [stderr] 19 |         pkcs8::{Document, EncodePublicKey},
[INFO] [stderr]    |                 ^^^^^^^^
[INFO] [stderr] 20 |         SecretKey,
[INFO] [stderr]    |         ^^^^^^^^^
[INFO] [stderr] 
[INFO] [stderr] warning: unused import: `sec1::der::Encode`
[INFO] [stderr]   --> src/lib.rs:22:9
[INFO] [stderr]    |
[INFO] [stderr] 22 |     use sec1::der::Encode;
[INFO] [stderr]    |         ^^^^^^^^^^^^^^^^^
[INFO] [stderr] 
[INFO] [stderr] warning: unused import: `serde::Serialize`
[INFO] [stderr]   --> src/lib.rs:23:9
[INFO] [stderr]    |
[INFO] [stderr] 23 |     use serde::Serialize;
[INFO] [stderr]    |         ^^^^^^^^^^^^^^^^
[INFO] [stderr] 
[INFO] [stderr] warning: unused import: `PrivateKey`
[INFO] [stderr]   --> src/lib.rs:12:17
[INFO] [stderr]    |
[INFO] [stderr] 12 |     use bip32::{PrivateKey, PublicKey};
[INFO] [stderr]    |                 ^^^^^^^^^^
[INFO] [stderr] 
[INFO] [stderr] warning: unused variable: `public_key`
[INFO] [stderr]    --> src/icp/key_manager.rs:139:13
[INFO] [stderr]     |
[INFO] [stderr] 139 |         let public_key = priv_key.public_key();
[INFO] [stderr]     |             ^^^^^^^^^^ help: if this is intentional, prefix it with an underscore: `_public_key`
[INFO] [stderr]     |
[INFO] [stderr]     = note: `#[warn(unused_variables)]` on by default
[INFO] [stderr] 
[INFO] [stderr] warning: `account_manager` (lib test) generated 13 warnings (2 duplicates) (run `cargo fix --lib -p account_manager --tests` to apply 9 suggestions)
[INFO] [stderr]     Finished `test` profile [unoptimized + debuginfo] target(s) in 0.10s
[INFO] [stderr]      Running unittests src/lib.rs (/opt/rustwide/target/debug/deps/account_manager-c9560f7607ac1700)
[INFO] [stdout] 
[INFO] [stdout] running 26 tests
[INFO] [stdout] test icp::principal_id::tests::parse_anonymous_id_ok ... ok
[INFO] [stdout] test icp::key_manager::tests::test_principal_id_from_private_key_str ... ok
[INFO] [stdout] test icp::principal_id::tests::hashes_correctly ... ok
[INFO] [stdout] test icp::principal_id::tests::parse_bad_checksum ... ok
[INFO] [stdout] test icp::principal_id::tests::parse_derived_id_ok ... ok
[INFO] [stdout] test icp::principal_id::tests::parse_not_normalized ... ok
[INFO] [stdout] test icp::principal_id::tests::parse_opaque_id_ok ... ok
[INFO] [stdout] test icp::principal_id::tests::parse_self_authenticating_id_ok ... ok
[INFO] [stdout] test icp::principal_id::tests::parse_too_long ... ok
[INFO] [stdout] test icp::principal_id::tests::parse_too_short ... ok
[INFO] [stdout] test icp::principal_id::tests::sorts_correctly ... ok
[INFO] [stdout] test icp::sha224::tests::should_produce_hash_with_224_bit_for_data_longer_than_224_bit ... ok
[INFO] [stdout] test icp::sha224::tests::should_return_correct_output_with_convenience_function ... ok
[INFO] [stdout] test icp::sha224::tests::should_return_correct_output_with_multiple_calls_to_write ... ok
[INFO] [stdout] test icp::sha224::tests::should_return_correct_output_with_single_call_to_write ... ok
[INFO] [stdout] test tests::test_from_principal_id_str_to_default_account_id ... ok
[INFO] [stdout] test icp::sha224::tests::should_produce_hash_with_224_bit ... ok
[INFO] [stdout] test tests::test_public_key_vec_to_principal_id ... ok
[INFO] [stdout] test icp::sha224::tests::should_act_as_std_hash_hasher ... ok
[INFO] [stdout] test icp::key_manager::tests::test_sig_message_from_private_key_str ... ok
[INFO] [stdout] test icp::sha224::tests::should_act_as_writer ... ok
[INFO] [stdout] test icp::sha224::tests::should_panic_on_calling_finish_of_std_hash_hasher - should panic ... ok
[INFO] [stdout] test icp::key_manager::tests::test_private_key_pem ... FAILED
[INFO] [stdout] test icp::key_manager::tests::mnemonic_to_private_key ... ok
[INFO] [stdout] test icp::key_manager::tests::generate_key_words ... ok
[INFO] [stdout] test tests::test_public_key_to_principal_id ... ok
[INFO] [stdout] 
[INFO] [stdout] failures:
[INFO] [stdout] 
[INFO] [stdout] ---- icp::key_manager::tests::test_private_key_pem stdout ----
[INFO] [stdout] thread 'icp::key_manager::tests::test_private_key_pem' panicked at src/icp/key_manager.rs:88:66:
[INFO] [stdout] called `Result::unwrap()` on an `Err` value: Os { code: 30, kind: ReadOnlyFilesystem, message: "Read-only file system" }
[INFO] [stdout] stack backtrace:
[INFO] [stdout]    0:     0x5c9cd0a7be2a - std::backtrace_rs::backtrace::libunwind::trace::h5a5b8284f2d0c266
[INFO] [stdout]                                at /rustc/90b35a6239c3d8bdabc530a6a0816f7ff89a0aaf/library/std/src/../../backtrace/src/backtrace/libunwind.rs:116:5
[INFO] [stdout]    1:     0x5c9cd0a7be2a - std::backtrace_rs::backtrace::trace_unsynchronized::h76d4f1c9b0b875e3
[INFO] [stdout]                                at /rustc/90b35a6239c3d8bdabc530a6a0816f7ff89a0aaf/library/std/src/../../backtrace/src/backtrace/mod.rs:66:5
[INFO] [stdout]    2:     0x5c9cd0a7be2a - std::sys::backtrace::_print_fmt::hc4546b8364a537c6
[INFO] [stdout]                                at /rustc/90b35a6239c3d8bdabc530a6a0816f7ff89a0aaf/library/std/src/sys/backtrace.rs:66:9
[INFO] [stdout]    3:     0x5c9cd0a7be2a - <std::sys::backtrace::BacktraceLock::print::DisplayBacktrace as core::fmt::Display>::fmt::h5b6bd5631a6d1f6b
[INFO] [stdout]                                at /rustc/90b35a6239c3d8bdabc530a6a0816f7ff89a0aaf/library/std/src/sys/backtrace.rs:39:26
[INFO] [stdout]    4:     0x5c9cd0aa1293 - core::fmt::rt::Argument::fmt::h270f6602a2b96f62
[INFO] [stdout]                                at /rustc/90b35a6239c3d8bdabc530a6a0816f7ff89a0aaf/library/core/src/fmt/rt.rs:177:76
[INFO] [stdout]    5:     0x5c9cd0aa1293 - core::fmt::write::h7550c97b06c86515
[INFO] [stdout]                                at /rustc/90b35a6239c3d8bdabc530a6a0816f7ff89a0aaf/library/core/src/fmt/mod.rs:1186:21
[INFO] [stdout]    6:     0x5c9cd0a78e23 - std::io::Write::write_fmt::h509ff860e5956e5e
[INFO] [stdout]                                at /rustc/90b35a6239c3d8bdabc530a6a0816f7ff89a0aaf/library/std/src/io/mod.rs:1839:15
[INFO] [stdout]    7:     0x5c9cd0a7bc72 - std::sys::backtrace::BacktraceLock::print::h2395ccd2c84ba3aa
[INFO] [stdout]                                at /rustc/90b35a6239c3d8bdabc530a6a0816f7ff89a0aaf/library/std/src/sys/backtrace.rs:42:9
[INFO] [stdout]    8:     0x5c9cd0a7d28a - std::panicking::default_hook::{{closure}}::he19d4c7230e07961
[INFO] [stdout]                                at /rustc/90b35a6239c3d8bdabc530a6a0816f7ff89a0aaf/library/std/src/panicking.rs:268:22
[INFO] [stdout]    9:     0x5c9cd0a7d094 - std::panicking::default_hook::hf614597d3c67bbdb
[INFO] [stdout]                                at /rustc/90b35a6239c3d8bdabc530a6a0816f7ff89a0aaf/library/std/src/panicking.rs:292:9
[INFO] [stdout]   10:     0x5c9cd08d8fc9 - <alloc::boxed::Box<F,A> as core::ops::function::Fn<Args>>::call::h39b51ce4599c23d1
[INFO] [stdout]                                at /rustc/90b35a6239c3d8bdabc530a6a0816f7ff89a0aaf/library/alloc/src/boxed.rs:2468:9
[INFO] [stdout]   11:     0x5c9cd08d8fc9 - test::test_main::{{closure}}::he977ae839a582784
[INFO] [stdout]                                at /rustc/90b35a6239c3d8bdabc530a6a0816f7ff89a0aaf/library/test/src/lib.rs:133:21
[INFO] [stdout]   12:     0x5c9cd0a7d928 - <alloc::boxed::Box<F,A> as core::ops::function::Fn<Args>>::call::h9455091b6b06f9fb
[INFO] [stdout]                                at /rustc/90b35a6239c3d8bdabc530a6a0816f7ff89a0aaf/library/alloc/src/boxed.rs:2468:9
[INFO] [stdout]   13:     0x5c9cd0a7d928 - std::panicking::rust_panic_with_hook::h8942133a8b252070
[INFO] [stdout]                                at /rustc/90b35a6239c3d8bdabc530a6a0816f7ff89a0aaf/library/std/src/panicking.rs:809:13
[INFO] [stdout]   14:     0x5c9cd0a7d6ea - std::panicking::begin_panic_handler::{{closure}}::hb5f5963570096b29
[INFO] [stdout]                                at /rustc/90b35a6239c3d8bdabc530a6a0816f7ff89a0aaf/library/std/src/panicking.rs:674:13
[INFO] [stdout]   15:     0x5c9cd0a7c309 - std::sys::backtrace::__rust_end_short_backtrace::h6208cedc1922feda
[INFO] [stdout]                                at /rustc/90b35a6239c3d8bdabc530a6a0816f7ff89a0aaf/library/std/src/sys/backtrace.rs:170:18
[INFO] [stdout]   16:     0x5c9cd0a7d37c - rust_begin_unwind
[INFO] [stdout]                                at /rustc/90b35a6239c3d8bdabc530a6a0816f7ff89a0aaf/library/std/src/panicking.rs:665:5
[INFO] [stdout]   17:     0x5c9cd087b080 - core::panicking::panic_fmt::h0c3082644d1bf418
[INFO] [stdout]                                at /rustc/90b35a6239c3d8bdabc530a6a0816f7ff89a0aaf/library/core/src/panicking.rs:74:14
[INFO] [stdout]   18:     0x5c9cd087b4c6 - core::result::unwrap_failed::hd20b4aa073bda1e2
[INFO] [stdout]                                at /rustc/90b35a6239c3d8bdabc530a6a0816f7ff89a0aaf/library/core/src/result.rs:1700:5
[INFO] [stdout]   19:     0x5c9cd0893519 - core::result::Result<T,E>::unwrap::h93d7fceba55158df
[INFO] [stdout]                                at /rustc/90b35a6239c3d8bdabc530a6a0816f7ff89a0aaf/library/core/src/result.rs:1104:23
[INFO] [stdout]   20:     0x5c9cd0893519 - account_manager::icp::key_manager::tests::test_private_key_pem::h5498f050900436b9
[INFO] [stdout]                                at /opt/rustwide/workdir/src/icp/key_manager.rs:88:24
[INFO] [stdout]   21:     0x5c9cd0893067 - account_manager::icp::key_manager::tests::test_private_key_pem::{{closure}}::h587a236171e1dbab
[INFO] [stdout]                                at /opt/rustwide/workdir/src/icp/key_manager.rs:78:30
[INFO] [stdout]   22:     0x5c9cd088e6c6 - core::ops::function::FnOnce::call_once::he71b7ef81092c12d
[INFO] [stdout]                                at /rustc/90b35a6239c3d8bdabc530a6a0816f7ff89a0aaf/library/core/src/ops/function.rs:250:5
[INFO] [stdout]   23:     0x5c9cd08dd98b - core::ops::function::FnOnce::call_once::h109cf8051a59b34e
[INFO] [stdout]                                at /rustc/90b35a6239c3d8bdabc530a6a0816f7ff89a0aaf/library/core/src/ops/function.rs:250:5
[INFO] [stdout]   24:     0x5c9cd08dd98b - test::__rust_begin_short_backtrace::hf4fff89d377446ba
[INFO] [stdout]                                at /rustc/90b35a6239c3d8bdabc530a6a0816f7ff89a0aaf/library/test/src/lib.rs:621:18
[INFO] [stdout]   25:     0x5c9cd08dd1c7 - test::run_test_in_process::{{closure}}::h0e39181dd7ee5a43
[INFO] [stdout]                                at /rustc/90b35a6239c3d8bdabc530a6a0816f7ff89a0aaf/library/test/src/lib.rs:644:60
[INFO] [stdout]   26:     0x5c9cd08dd1c7 - <core::panic::unwind_safe::AssertUnwindSafe<F> as core::ops::function::FnOnce<()>>::call_once::hc5a66a30f0bdfd1f
[INFO] [stdout]                                at /rustc/90b35a6239c3d8bdabc530a6a0816f7ff89a0aaf/library/core/src/panic/unwind_safe.rs:272:9
[INFO] [stdout]   27:     0x5c9cd08dd1c7 - std::panicking::try::do_call::h873b7cf639554a5e
[INFO] [stdout]                                at /rustc/90b35a6239c3d8bdabc530a6a0816f7ff89a0aaf/library/std/src/panicking.rs:557:40
[INFO] [stdout]   28:     0x5c9cd08dd1c7 - std::panicking::try::hdb19862fad9c8bd1
[INFO] [stdout]                                at /rustc/90b35a6239c3d8bdabc530a6a0816f7ff89a0aaf/library/std/src/panicking.rs:520:19
[INFO] [stdout]   29:     0x5c9cd08dd1c7 - std::panic::catch_unwind::h281fe732d236d260
[INFO] [stdout]                                at /rustc/90b35a6239c3d8bdabc530a6a0816f7ff89a0aaf/library/std/src/panic.rs:358:14
[INFO] [stdout]   30:     0x5c9cd08dd1c7 - test::run_test_in_process::h949b6df8457ed338
[INFO] [stdout]                                at /rustc/90b35a6239c3d8bdabc530a6a0816f7ff89a0aaf/library/test/src/lib.rs:644:27
[INFO] [stdout]   31:     0x5c9cd08dd1c7 - test::run_test::{{closure}}::h52c556a6d4740e10
[INFO] [stdout]                                at /rustc/90b35a6239c3d8bdabc530a6a0816f7ff89a0aaf/library/test/src/lib.rs:565:43
[INFO] [stdout]   32:     0x5c9cd08a24a4 - test::run_test::{{closure}}::h4237f6381c45ccb9
[INFO] [stdout]                                at /rustc/90b35a6239c3d8bdabc530a6a0816f7ff89a0aaf/library/test/src/lib.rs:595:41
[INFO] [stdout]   33:     0x5c9cd08a24a4 - std::sys::backtrace::__rust_begin_short_backtrace::h505c97a579eca628
[INFO] [stdout]                                at /rustc/90b35a6239c3d8bdabc530a6a0816f7ff89a0aaf/library/std/src/sys/backtrace.rs:154:18
[INFO] [stdout]   34:     0x5c9cd08a5b6e - std::thread::Builder::spawn_unchecked_::{{closure}}::{{closure}}::h9e86b2e2bc107ea3
[INFO] [stdout]                                at /rustc/90b35a6239c3d8bdabc530a6a0816f7ff89a0aaf/library/std/src/thread/mod.rs:538:17
[INFO] [stdout]   35:     0x5c9cd08a5b6e - <core::panic::unwind_safe::AssertUnwindSafe<F> as core::ops::function::FnOnce<()>>::call_once::h8b06ddb275ff4a25
[INFO] [stdout]                                at /rustc/90b35a6239c3d8bdabc530a6a0816f7ff89a0aaf/library/core/src/panic/unwind_safe.rs:272:9
[INFO] [stdout]   36:     0x5c9cd08a5b6e - std::panicking::try::do_call::hb26ecd7cd9a9355d
[INFO] [stdout]                                at /rustc/90b35a6239c3d8bdabc530a6a0816f7ff89a0aaf/library/std/src/panicking.rs:557:40
[INFO] [stdout]   37:     0x5c9cd08a5b6e - std::panicking::try::h8ddeca9d705f9069
[INFO] [stdout]                                at /rustc/90b35a6239c3d8bdabc530a6a0816f7ff89a0aaf/library/std/src/panicking.rs:520:19
[INFO] [stdout]   38:     0x5c9cd08a5b6e - std::panic::catch_unwind::h49e1c33078844c46
[INFO] [stdout]                                at /rustc/90b35a6239c3d8bdabc530a6a0816f7ff89a0aaf/library/std/src/panic.rs:358:14
[INFO] [stdout]   39:     0x5c9cd08a5b6e - std::thread::Builder::spawn_unchecked_::{{closure}}::h6073db6ff56ad35d
[INFO] [stdout]                                at /rustc/90b35a6239c3d8bdabc530a6a0816f7ff89a0aaf/library/std/src/thread/mod.rs:537:30
[INFO] [stdout]   40:     0x5c9cd08a5b6e - core::ops::function::FnOnce::call_once{{vtable.shim}}::h2c5a5f3779c774f1
[INFO] [stdout]                                at /rustc/90b35a6239c3d8bdabc530a6a0816f7ff89a0aaf/library/core/src/ops/function.rs:250:5
[INFO] [stdout]   41:     0x5c9cd0a8168b - <alloc::boxed::Box<F,A> as core::ops::function::FnOnce<Args>>::call_once::hf75717d9f28faebf
[INFO] [stdout]                                at /rustc/90b35a6239c3d8bdabc530a6a0816f7ff89a0aaf/library/alloc/src/boxed.rs:2454:9
[INFO] [stdout]   42:     0x5c9cd0a8168b - <alloc::boxed::Box<F,A> as core::ops::function::FnOnce<Args>>::call_once::h7bd883a5f3c5f3c1
[INFO] [stdout]                                at /rustc/90b35a6239c3d8bdabc530a6a0816f7ff89a0aaf/library/alloc/src/boxed.rs:2454:9
[INFO] [stdout]   43:     0x5c9cd0a8168b - std::sys::pal::unix::thread::Thread::new::thread_start::hcc78f3943333fa94
[INFO] [stdout]                                at /rustc/90b35a6239c3d8bdabc530a6a0816f7ff89a0aaf/library/std/src/sys/pal/unix/thread.rs:105:17
[INFO] [stdout]   44:     0x7db4c3400ac3 - <unknown>
[INFO] [stdout]   45:     0x7db4c3491a04 - clone
[INFO] [stdout]   46:                0x0 - <unknown>
[INFO] [stdout] 
[INFO] [stdout] 
[INFO] [stdout] failures:
[INFO] [stdout]     icp::key_manager::tests::test_private_key_pem
[INFO] [stdout] 
[INFO] [stdout] test result: FAILED. 25 passed; 1 failed; 0 ignored; 0 measured; 0 filtered out; finished in 0.31s
[INFO] [stdout] 
[INFO] [stderr] error: test failed, to rerun pass `--lib`
[INFO] running `Command { std: "docker" "inspect" "675dda793902647944082af8ee9fd4c6fa09fe7b009537cd90c2199589dbd568", kill_on_drop: false }`
[INFO] running `Command { std: "docker" "rm" "-f" "675dda793902647944082af8ee9fd4c6fa09fe7b009537cd90c2199589dbd568", kill_on_drop: false }`
[INFO] [stdout] 675dda793902647944082af8ee9fd4c6fa09fe7b009537cd90c2199589dbd568
