[INFO] cloning repository https://github.com/ZakStar17/ash-destructor
[INFO] running `Command { std: "git" "-c" "credential.helper=" "-c" "credential.helper=/workspace/cargo-home/bin/git-credential-null" "clone" "--bare" "https://github.com/ZakStar17/ash-destructor" "/workspace/cache/git-repos/https%3A%2F%2Fgithub.com%2FZakStar17%2Fash-destructor", kill_on_drop: false }`
[INFO] [stderr] Cloning into bare repository '/workspace/cache/git-repos/https%3A%2F%2Fgithub.com%2FZakStar17%2Fash-destructor'...
[INFO] running `Command { std: "git" "rev-parse" "HEAD", kill_on_drop: false }`
[INFO] [stdout] 228e0713f4efa918be618ec441ce615b654cb7f9
[INFO] testing ZakStar17/ash-destructor against beta-2024-12-08 for beta-1.84.0-4-retry
[INFO] running `Command { std: "git" "clone" "/workspace/cache/git-repos/https%3A%2F%2Fgithub.com%2FZakStar17%2Fash-destructor" "/workspace/builds/worker-3-tc2/source", kill_on_drop: false }`
[INFO] [stderr] Cloning into '/workspace/builds/worker-3-tc2/source'...
[INFO] [stderr] done.
[INFO] validating manifest of git repo https://github.com/ZakStar17/ash-destructor on toolchain beta-2024-12-08
[INFO] running `Command { std: CARGO_HOME="/workspace/cargo-home" RUSTUP_HOME="/workspace/rustup-home" "/workspace/cargo-home/bin/cargo" "+beta-2024-12-08" "metadata" "--manifest-path" "Cargo.toml" "--no-deps", kill_on_drop: false }`
[INFO] started tweaking git repo https://github.com/ZakStar17/ash-destructor
[INFO] removed 0 missing tests
[INFO] finished tweaking git repo https://github.com/ZakStar17/ash-destructor
[INFO] tweaked toml for git repo https://github.com/ZakStar17/ash-destructor written to /workspace/builds/worker-3-tc2/source/Cargo.toml
[INFO] crate git repo https://github.com/ZakStar17/ash-destructor already has a lockfile, it will not be regenerated
[INFO] running `Command { std: CARGO_HOME="/workspace/cargo-home" RUSTUP_HOME="/workspace/rustup-home" "/workspace/cargo-home/bin/cargo" "+beta-2024-12-08" "fetch" "--manifest-path" "Cargo.toml", kill_on_drop: false }`
[INFO] running `Command { std: "docker" "create" "-v" "/var/lib/crater-agent-workspace/builds/worker-3-tc2/target:/opt/rustwide/target:rw,Z" "-v" "/var/lib/crater-agent-workspace/builds/worker-3-tc2/source:/opt/rustwide/workdir:ro,Z" "-v" "/var/lib/crater-agent-workspace/cargo-home:/opt/rustwide/cargo-home:ro,Z" "-v" "/var/lib/crater-agent-workspace/rustup-home:/opt/rustwide/rustup-home:ro,Z" "-e" "SOURCE_DIR=/opt/rustwide/workdir" "-e" "CARGO_TARGET_DIR=/opt/rustwide/target" "-e" "CARGO_HOME=/opt/rustwide/cargo-home" "-e" "RUSTUP_HOME=/opt/rustwide/rustup-home" "-w" "/opt/rustwide/workdir" "-m" "1610612736" "--user" "0:0" "--network" "none" "ghcr.io/rust-lang/crates-build-env/linux@sha256:f3a9d4ad9d972b27faf3965f35b62e55ba32bbce8f20bc8fe909558a86702fde" "/opt/rustwide/cargo-home/bin/cargo" "+beta-2024-12-08" "metadata" "--no-deps" "--format-version=1", kill_on_drop: false }`
[INFO] [stdout] 9deb9c4714c9206890ddda83e5e60982cb3bf763a34c4b23d603bc3c8c703181
[INFO] running `Command { std: "docker" "start" "-a" "9deb9c4714c9206890ddda83e5e60982cb3bf763a34c4b23d603bc3c8c703181", kill_on_drop: false }`
[INFO] running `Command { std: "docker" "inspect" "9deb9c4714c9206890ddda83e5e60982cb3bf763a34c4b23d603bc3c8c703181", kill_on_drop: false }`
[INFO] running `Command { std: "docker" "rm" "-f" "9deb9c4714c9206890ddda83e5e60982cb3bf763a34c4b23d603bc3c8c703181", kill_on_drop: false }`
[INFO] [stdout] 9deb9c4714c9206890ddda83e5e60982cb3bf763a34c4b23d603bc3c8c703181
[INFO] running `Command { std: "docker" "create" "-v" "/var/lib/crater-agent-workspace/builds/worker-3-tc2/target:/opt/rustwide/target:rw,Z" "-v" "/var/lib/crater-agent-workspace/builds/worker-3-tc2/source:/opt/rustwide/workdir:ro,Z" "-v" "/var/lib/crater-agent-workspace/cargo-home:/opt/rustwide/cargo-home:ro,Z" "-v" "/var/lib/crater-agent-workspace/rustup-home:/opt/rustwide/rustup-home:ro,Z" "-e" "SOURCE_DIR=/opt/rustwide/workdir" "-e" "CARGO_TARGET_DIR=/opt/rustwide/target" "-e" "CARGO_INCREMENTAL=0" "-e" "RUST_BACKTRACE=full" "-e" "RUSTFLAGS=--cap-lints=warn" "-e" "RUSTDOCFLAGS=--cap-lints=warn" "-e" "CARGO_HOME=/opt/rustwide/cargo-home" "-e" "RUSTUP_HOME=/opt/rustwide/rustup-home" "-w" "/opt/rustwide/workdir" "-m" "1610612736" "--user" "0:0" "--network" "none" "ghcr.io/rust-lang/crates-build-env/linux@sha256:f3a9d4ad9d972b27faf3965f35b62e55ba32bbce8f20bc8fe909558a86702fde" "/opt/rustwide/cargo-home/bin/cargo" "+beta-2024-12-08" "build" "--frozen" "--message-format=json", kill_on_drop: false }`
[INFO] [stdout] 0a3f4b1396091040d6665a260ddd688f377f2ad918d8d8150dd09eacd324baf9
[INFO] running `Command { std: "docker" "start" "-a" "0a3f4b1396091040d6665a260ddd688f377f2ad918d8d8150dd09eacd324baf9", kill_on_drop: false }`
[INFO] [stderr]    Compiling proc-macro2 v1.0.92
[INFO] [stderr]    Compiling unicode-ident v1.0.14
[INFO] [stderr]    Compiling ash v0.38.0+1.3.281
[INFO] [stderr]    Compiling cfg-if v1.0.0
[INFO] [stderr]    Compiling libloading v0.8.6
[INFO] [stderr]    Compiling quote v1.0.37
[INFO] [stderr]    Compiling syn v2.0.90
[INFO] [stderr]    Compiling ash_destructor_derive v0.0.1 (/opt/rustwide/workdir/derive)
[INFO] [stderr]    Compiling ash_destructor v0.0.1 (/opt/rustwide/workdir)
[INFO] [stderr]     Finished `dev` profile [unoptimized + debuginfo] target(s) in 24.22s
[INFO] running `Command { std: "docker" "inspect" "0a3f4b1396091040d6665a260ddd688f377f2ad918d8d8150dd09eacd324baf9", kill_on_drop: false }`
[INFO] running `Command { std: "docker" "rm" "-f" "0a3f4b1396091040d6665a260ddd688f377f2ad918d8d8150dd09eacd324baf9", kill_on_drop: false }`
[INFO] [stdout] 0a3f4b1396091040d6665a260ddd688f377f2ad918d8d8150dd09eacd324baf9
[INFO] running `Command { std: "docker" "create" "-v" "/var/lib/crater-agent-workspace/builds/worker-3-tc2/target:/opt/rustwide/target:rw,Z" "-v" "/var/lib/crater-agent-workspace/builds/worker-3-tc2/source:/opt/rustwide/workdir:ro,Z" "-v" "/var/lib/crater-agent-workspace/cargo-home:/opt/rustwide/cargo-home:ro,Z" "-v" "/var/lib/crater-agent-workspace/rustup-home:/opt/rustwide/rustup-home:ro,Z" "-e" "SOURCE_DIR=/opt/rustwide/workdir" "-e" "CARGO_TARGET_DIR=/opt/rustwide/target" "-e" "CARGO_INCREMENTAL=0" "-e" "RUST_BACKTRACE=full" "-e" "RUSTFLAGS=--cap-lints=warn" "-e" "RUSTDOCFLAGS=--cap-lints=warn" "-e" "CARGO_HOME=/opt/rustwide/cargo-home" "-e" "RUSTUP_HOME=/opt/rustwide/rustup-home" "-w" "/opt/rustwide/workdir" "-m" "1610612736" "--user" "0:0" "--network" "none" "ghcr.io/rust-lang/crates-build-env/linux@sha256:f3a9d4ad9d972b27faf3965f35b62e55ba32bbce8f20bc8fe909558a86702fde" "/opt/rustwide/cargo-home/bin/cargo" "+beta-2024-12-08" "test" "--frozen" "--no-run" "--message-format=json", kill_on_drop: false }`
[INFO] [stdout] 31934c69b5c020a43e8b86d28855fc5d82daa26a06e8655a18694f7035e08a66
[INFO] running `Command { std: "docker" "start" "-a" "31934c69b5c020a43e8b86d28855fc5d82daa26a06e8655a18694f7035e08a66", kill_on_drop: false }`
[INFO] [stderr]    Compiling serde v1.0.215
[INFO] [stderr]    Compiling equivalent v1.0.1
[INFO] [stderr]    Compiling hashbrown v0.15.2
[INFO] [stderr]    Compiling winnow v0.6.20
[INFO] [stderr]    Compiling serde_json v1.0.133
[INFO] [stderr]    Compiling target-triple v0.1.3
[INFO] [stderr]    Compiling ryu v1.0.18
[INFO] [stderr]    Compiling memchr v2.7.4
[INFO] [stderr]    Compiling itoa v1.0.14
[INFO] [stderr]    Compiling termcolor v1.4.1
[INFO] [stderr]    Compiling dissimilar v1.0.9
[INFO] [stderr]    Compiling glob v0.3.1
[INFO] [stderr]    Compiling serde_derive v1.0.215
[INFO] [stderr]    Compiling indexmap v2.7.0
[INFO] [stderr]    Compiling toml_datetime v0.6.8
[INFO] [stderr]    Compiling serde_spanned v0.6.8
[INFO] [stderr]    Compiling toml_edit v0.22.22
[INFO] [stderr]    Compiling toml v0.8.19
[INFO] [stderr]    Compiling trybuild v1.0.101
[INFO] [stderr]    Compiling ash_destructor v0.0.1 (/opt/rustwide/workdir)
[INFO] [stderr]     Finished `test` profile [unoptimized + debuginfo] target(s) in 16.87s
[INFO] running `Command { std: "docker" "inspect" "31934c69b5c020a43e8b86d28855fc5d82daa26a06e8655a18694f7035e08a66", kill_on_drop: false }`
[INFO] running `Command { std: "docker" "rm" "-f" "31934c69b5c020a43e8b86d28855fc5d82daa26a06e8655a18694f7035e08a66", kill_on_drop: false }`
[INFO] [stdout] 31934c69b5c020a43e8b86d28855fc5d82daa26a06e8655a18694f7035e08a66
[INFO] running `Command { std: "docker" "create" "-v" "/var/lib/crater-agent-workspace/builds/worker-3-tc2/target:/opt/rustwide/target:rw,Z" "-v" "/var/lib/crater-agent-workspace/builds/worker-3-tc2/source:/opt/rustwide/workdir:ro,Z" "-v" "/var/lib/crater-agent-workspace/cargo-home:/opt/rustwide/cargo-home:ro,Z" "-v" "/var/lib/crater-agent-workspace/rustup-home:/opt/rustwide/rustup-home:ro,Z" "-e" "SOURCE_DIR=/opt/rustwide/workdir" "-e" "CARGO_TARGET_DIR=/opt/rustwide/target" "-e" "CARGO_INCREMENTAL=0" "-e" "RUST_BACKTRACE=full" "-e" "RUSTFLAGS=--cap-lints=warn" "-e" "RUSTDOCFLAGS=--cap-lints=warn" "-e" "CARGO_HOME=/opt/rustwide/cargo-home" "-e" "RUSTUP_HOME=/opt/rustwide/rustup-home" "-w" "/opt/rustwide/workdir" "-m" "1610612736" "--user" "0:0" "--network" "none" "ghcr.io/rust-lang/crates-build-env/linux@sha256:f3a9d4ad9d972b27faf3965f35b62e55ba32bbce8f20bc8fe909558a86702fde" "/opt/rustwide/cargo-home/bin/cargo" "+beta-2024-12-08" "test" "--frozen", kill_on_drop: false }`
[INFO] [stdout] 71cb1db075632e520ce74f63cc5882c86bce1d007f7c3d72083e5ab8be815517
[INFO] running `Command { std: "docker" "start" "-a" "71cb1db075632e520ce74f63cc5882c86bce1d007f7c3d72083e5ab8be815517", kill_on_drop: false }`
[INFO] [stderr]     Finished `test` profile [unoptimized + debuginfo] target(s) in 0.05s
[INFO] [stderr]      Running unittests src/lib.rs (/opt/rustwide/target/debug/deps/ash_destructor-51d52ed672e5ed3f)
[INFO] [stderr]      Running tests/02_with_ignore.rs (/opt/rustwide/target/debug/deps/02_with_ignore-edcecf7a785ce3f8)
[INFO] [stdout] 
[INFO] [stdout] running 0 tests
[INFO] [stdout] 
[INFO] [stdout] test result: ok. 0 passed; 0 failed; 0 ignored; 0 measured; 0 filtered out; finished in 0.00s
[INFO] [stdout] 
[INFO] [stdout] 
[INFO] [stdout] running 0 tests
[INFO] [stdout] 
[INFO] [stdout] test result: ok. 0 passed; 0 failed; 0 ignored; 0 measured; 0 filtered out; finished in 0.00s
[INFO] [stdout] 
[INFO] [stderr]      Running tests/ui_tests.rs (/opt/rustwide/target/debug/deps/tests-1fe449d3e79e2955)
[INFO] [stdout] 
[INFO] [stdout] running 1 test
[INFO] [stderr]    Compiling proc-macro2 v1.0.92
[INFO] [stderr]    Compiling unicode-ident v1.0.14
[INFO] [stderr]    Compiling ash v0.38.0+1.3.281
[INFO] [stderr]    Compiling cfg-if v1.0.0
[INFO] [stderr]    Compiling libloading v0.8.6
[INFO] [stderr]    Compiling quote v1.0.37
[INFO] [stderr]    Compiling syn v2.0.90
[INFO] [stderr]    Compiling ash_destructor_derive v0.0.1 (/opt/rustwide/workdir/derive)
[INFO] [stderr]    Compiling ash_destructor v0.0.1 (/opt/rustwide/workdir)
[INFO] [stderr]    Compiling ash_destructor-tests v0.0.0 (/opt/rustwide/target/tests/trybuild/ash_destructor)
[INFO] [stderr]     Finished `dev` profile [unoptimized + debuginfo] target(s) in 26.47s
[INFO] [stderr] 
[INFO] [stderr] 
[INFO] [stderr] test tests/ui/fail/multiple_skip_remaining.rs [should fail to compile] ... mismatch
[INFO] [stderr] 
[INFO] [stderr] EXPECTED:
[INFO] [stderr] ┈┈┈┈┈┈┈┈┈┈┈┈┈┈┈┈┈┈┈┈┈┈┈┈┈┈┈┈┈┈┈┈┈┈┈┈┈┈┈┈┈┈┈┈┈┈┈┈┈┈┈┈┈┈┈┈┈┈┈┈
[INFO] [stderr] error: Multiple #[skip_remaining] attributes in "Named"
[INFO] [stderr]   --> tests/ui/fail/multiple_skip_remaining.rs:15:5
[INFO] [stderr]    |
[INFO] [stderr] 15 |     #[skip_remaining]
[INFO] [stderr]    |     ^^^^^^^^^^^^^^^^^
[INFO] [stderr] 
[INFO] [stderr] error: Multiple #[skip_remaining] attributes in "Unnamed"
[INFO] [stderr]   --> tests/ui/fail/multiple_skip_remaining.rs:23:5
[INFO] [stderr]    |
[INFO] [stderr] 23 |     #[skip_remaining]
[INFO] [stderr]    |     ^^^^^^^^^^^^^^^^^
[INFO] [stderr] ┈┈┈┈┈┈┈┈┈┈┈┈┈┈┈┈┈┈┈┈┈┈┈┈┈┈┈┈┈┈┈┈┈┈┈┈┈┈┈┈┈┈┈┈┈┈┈┈┈┈┈┈┈┈┈┈┈┈┈┈
[INFO] [stderr] 
[INFO] [stderr] ACTUAL OUTPUT:
[INFO] [stderr] ┈┈┈┈┈┈┈┈┈┈┈┈┈┈┈┈┈┈┈┈┈┈┈┈┈┈┈┈┈┈┈┈┈┈┈┈┈┈┈┈┈┈┈┈┈┈┈┈┈┈┈┈┈┈┈┈┈┈┈┈
[INFO] [stderr] error: Multiple #[skip_remaining] attributes in "Named"
[INFO] [stderr]   --> tests/ui/fail/multiple_skip_remaining.rs:15:5
[INFO] [stderr]    |
[INFO] [stderr] 15 |     #[skip_remaining]
[INFO] [stderr]    |     ^
[INFO] [stderr] 
[INFO] [stderr] error: Multiple #[skip_remaining] attributes in "Unnamed"
[INFO] [stderr]   --> tests/ui/fail/multiple_skip_remaining.rs:23:5
[INFO] [stderr]    |
[INFO] [stderr] 23 |     #[skip_remaining]
[INFO] [stderr]    |     ^
[INFO] [stderr] ┈┈┈┈┈┈┈┈┈┈┈┈┈┈┈┈┈┈┈┈┈┈┈┈┈┈┈┈┈┈┈┈┈┈┈┈┈┈┈┈┈┈┈┈┈┈┈┈┈┈┈┈┈┈┈┈┈┈┈┈
[INFO] [stderr] note: If the actual output is the correct output you can bless it by rerunning
[INFO] [stderr]       your test with the environment variable TRYBUILD=overwrite
[INFO] [stderr] 
[INFO] [stderr] test tests/ui/fail/repeated_skip.rs [should fail to compile] ... mismatch
[INFO] [stderr] 
[INFO] [stderr] EXPECTED:
[INFO] [stderr] ┈┈┈┈┈┈┈┈┈┈┈┈┈┈┈┈┈┈┈┈┈┈┈┈┈┈┈┈┈┈┈┈┈┈┈┈┈┈┈┈┈┈┈┈┈┈┈┈┈┈┈┈┈┈┈┈┈┈┈┈
[INFO] [stderr] error: Multiple #[skip] attributes on a single field
[INFO] [stderr]   --> tests/ui/fail/repeated_skip.rs:11:5
[INFO] [stderr]    |
[INFO] [stderr] 11 | /     #[skip]
[INFO] [stderr] 12 | |     #[skip]
[INFO] [stderr] 13 | |     b: String,
[INFO] [stderr]    | |_____________^
[INFO] [stderr] 
[INFO] [stderr] error: Multiple #[skip] attributes on a single field
[INFO] [stderr]   --> tests/ui/fail/repeated_skip.rs:19:5
[INFO] [stderr]    |
[INFO] [stderr] 19 | /     #[skip]
[INFO] [stderr] 20 | |     #[skip]
[INFO] [stderr] 21 | |     String,
[INFO] [stderr]    | |__________^
[INFO] [stderr] ┈┈┈┈┈┈┈┈┈┈┈┈┈┈┈┈┈┈┈┈┈┈┈┈┈┈┈┈┈┈┈┈┈┈┈┈┈┈┈┈┈┈┈┈┈┈┈┈┈┈┈┈┈┈┈┈┈┈┈┈
[INFO] [stderr] 
[INFO] [stderr] ACTUAL OUTPUT:
[INFO] [stderr] ┈┈┈┈┈┈┈┈┈┈┈┈┈┈┈┈┈┈┈┈┈┈┈┈┈┈┈┈┈┈┈┈┈┈┈┈┈┈┈┈┈┈┈┈┈┈┈┈┈┈┈┈┈┈┈┈┈┈┈┈
[INFO] [stderr] error: Multiple #[skip] attributes on a single field
[INFO] [stderr]   --> tests/ui/fail/repeated_skip.rs:11:5
[INFO] [stderr]    |
[INFO] [stderr] 11 |     #[skip]
[INFO] [stderr]    |     ^
[INFO] [stderr] 
[INFO] [stderr] error: Multiple #[skip] attributes on a single field
[INFO] [stderr]   --> tests/ui/fail/repeated_skip.rs:19:5
[INFO] [stderr]    |
[INFO] [stderr] 19 |     #[skip]
[INFO] [stderr]    |     ^
[INFO] [stderr] ┈┈┈┈┈┈┈┈┈┈┈┈┈┈┈┈┈┈┈┈┈┈┈┈┈┈┈┈┈┈┈┈┈┈┈┈┈┈┈┈┈┈┈┈┈┈┈┈┈┈┈┈┈┈┈┈┈┈┈┈
[INFO] [stderr] note: If the actual output is the correct output you can bless it by rerunning
[INFO] [stderr]       your test with the environment variable TRYBUILD=overwrite
[INFO] [stderr] 
[INFO] [stderr] test tests/ui/fail/skip_after_skip_remaining.rs [should fail to compile] ... mismatch
[INFO] [stderr] 
[INFO] [stderr] EXPECTED:
[INFO] [stderr] ┈┈┈┈┈┈┈┈┈┈┈┈┈┈┈┈┈┈┈┈┈┈┈┈┈┈┈┈┈┈┈┈┈┈┈┈┈┈┈┈┈┈┈┈┈┈┈┈┈┈┈┈┈┈┈┈┈┈┈┈
[INFO] [stderr] error: Attribute #[skip] is not allowed after a #[skip_remaining] attribute declaration
[INFO] [stderr]   --> tests/ui/fail/skip_after_skip_remaining.rs:11:5
[INFO] [stderr]    |
[INFO] [stderr] 11 |     #[skip]
[INFO] [stderr]    |     ^^^^^^^
[INFO] [stderr] 
[INFO] [stderr] error: Attribute #[skip] is not allowed after a #[skip_remaining] attribute declaration
[INFO] [stderr]   --> tests/ui/fail/skip_after_skip_remaining.rs:15:5
[INFO] [stderr]    |
[INFO] [stderr] 15 |     #[skip]
[INFO] [stderr]    |     ^^^^^^^
[INFO] [stderr] 
[INFO] [stderr] error: Attribute #[skip] is not allowed after a #[skip_remaining] attribute declaration
[INFO] [stderr]   --> tests/ui/fail/skip_after_skip_remaining.rs:20:57
[INFO] [stderr]    |
[INFO] [stderr] 20 | struct Unnamed(#[skip_remaining] ImplDeviceDestroyable, #[skip] String);
[INFO] [stderr]    |                                                         ^^^^^^^
[INFO] [stderr] ┈┈┈┈┈┈┈┈┈┈┈┈┈┈┈┈┈┈┈┈┈┈┈┈┈┈┈┈┈┈┈┈┈┈┈┈┈┈┈┈┈┈┈┈┈┈┈┈┈┈┈┈┈┈┈┈┈┈┈┈
[INFO] [stderr] 
[INFO] [stderr] ACTUAL OUTPUT:
[INFO] [stderr] ┈┈┈┈┈┈┈┈┈┈┈┈┈┈┈┈┈┈┈┈┈┈┈┈┈┈┈┈┈┈┈┈┈┈┈┈┈┈┈┈┈┈┈┈┈┈┈┈┈┈┈┈┈┈┈┈┈┈┈┈
[INFO] [stderr] error: Attribute #[skip] is not allowed after a #[skip_remaining] attribute declaration
[INFO] [stderr]   --> tests/ui/fail/skip_after_skip_remaining.rs:11:5
[INFO] [stderr]    |
[INFO] [stderr] 11 |     #[skip]
[INFO] [stderr]    |     ^
[INFO] [stderr] 
[INFO] [stderr] error: Attribute #[skip] is not allowed after a #[skip_remaining] attribute declaration
[INFO] [stderr]   --> tests/ui/fail/skip_after_skip_remaining.rs:15:5
[INFO] [stderr]    |
[INFO] [stderr] 15 |     #[skip]
[INFO] [stderr]    |     ^
[INFO] [stderr] 
[INFO] [stderr] error: Attribute #[skip] is not allowed after a #[skip_remaining] attribute declaration
[INFO] [stderr]   --> tests/ui/fail/skip_after_skip_remaining.rs:20:57
[INFO] [stderr]    |
[INFO] [stderr] 20 | struct Unnamed(#[skip_remaining] ImplDeviceDestroyable, #[skip] String);
[INFO] [stderr]    |                                                         ^
[INFO] [stderr] ┈┈┈┈┈┈┈┈┈┈┈┈┈┈┈┈┈┈┈┈┈┈┈┈┈┈┈┈┈┈┈┈┈┈┈┈┈┈┈┈┈┈┈┈┈┈┈┈┈┈┈┈┈┈┈┈┈┈┈┈
[INFO] [stderr] note: If the actual output is the correct output you can bless it by rerunning
[INFO] [stderr]       your test with the environment variable TRYBUILD=overwrite
[INFO] [stderr] 
[INFO] [stderr] test tests/ui/fail/trait_not_impl.rs [should fail to compile] ... mismatch
[INFO] [stderr] 
[INFO] [stderr] EXPECTED:
[INFO] [stderr] ┈┈┈┈┈┈┈┈┈┈┈┈┈┈┈┈┈┈┈┈┈┈┈┈┈┈┈┈┈┈┈┈┈┈┈┈┈┈┈┈┈┈┈┈┈┈┈┈┈┈┈┈┈┈┈┈┈┈┈┈
[INFO] [stderr] error[E0277]: the trait bound `String: DeviceDestroyable` is not satisfied
[INFO] [stderr]   --> tests/ui/fail/trait_not_impl.rs:12:5
[INFO] [stderr]    |
[INFO] [stderr] 12 |     b: String,
[INFO] [stderr]    |     ^^^^^^^^^ the trait `DeviceDestroyable` is not implemented for `String`
[INFO] [stderr]    |
[INFO] [stderr]    = help: the following other types implement trait `DeviceDestroyable`:
[INFO] [stderr]              &T
[INFO] [stderr]              Box<T>
[INFO] [stderr]              Buffer
[INFO] [stderr]              BufferView
[INFO] [stderr]              CommandPool
[INFO] [stderr]              DescriptorPool
[INFO] [stderr]              DescriptorSetLayout
[INFO] [stderr]              DescriptorUpdateTemplate
[INFO] [stderr]            and $N others
[INFO] [stderr] 
[INFO] [stderr] error[E0277]: the trait bound `String: DeviceDestroyable` is not satisfied
[INFO] [stderr]   --> tests/ui/fail/trait_not_impl.rs:15:10
[INFO] [stderr]    |
[INFO] [stderr] 15 | #[derive(DeviceDestroyable)]
[INFO] [stderr]    |          ^^^^^^^^^^^^^^^^^ the trait `DeviceDestroyable` is not implemented for `String`
[INFO] [stderr] 16 | struct Unnamed(ImplDeviceDestroyable, String);
[INFO] [stderr]    |                                       ------ required by a bound introduced by this call
[INFO] [stderr]    |
[INFO] [stderr]    = help: the following other types implement trait `DeviceDestroyable`:
[INFO] [stderr]              &T
[INFO] [stderr]              Box<T>
[INFO] [stderr]              Buffer
[INFO] [stderr]              BufferView
[INFO] [stderr]              CommandPool
[INFO] [stderr]              DescriptorPool
[INFO] [stderr]              DescriptorSetLayout
[INFO] [stderr]              DescriptorUpdateTemplate
[INFO] [stderr]            and $N others
[INFO] [stderr] ┈┈┈┈┈┈┈┈┈┈┈┈┈┈┈┈┈┈┈┈┈┈┈┈┈┈┈┈┈┈┈┈┈┈┈┈┈┈┈┈┈┈┈┈┈┈┈┈┈┈┈┈┈┈┈┈┈┈┈┈
[INFO] [stderr] 
[INFO] [stderr] ACTUAL OUTPUT:
[INFO] [stderr] ┈┈┈┈┈┈┈┈┈┈┈┈┈┈┈┈┈┈┈┈┈┈┈┈┈┈┈┈┈┈┈┈┈┈┈┈┈┈┈┈┈┈┈┈┈┈┈┈┈┈┈┈┈┈┈┈┈┈┈┈
[INFO] [stderr] error[E0277]: the trait bound `String: DeviceDestroyable` is not satisfied
[INFO] [stderr]   --> tests/ui/fail/trait_not_impl.rs:12:5
[INFO] [stderr]    |
[INFO] [stderr] 12 |     b: String,
[INFO] [stderr]    |     ^ the trait `DeviceDestroyable` is not implemented for `String`
[INFO] [stderr]    |
[INFO] [stderr]    = help: the following other types implement trait `DeviceDestroyable`:
[INFO] [stderr]              &T
[INFO] [stderr]              Box<T>
[INFO] [stderr]              Buffer
[INFO] [stderr]              BufferView
[INFO] [stderr]              CommandPool
[INFO] [stderr]              DescriptorPool
[INFO] [stderr]              DescriptorSetLayout
[INFO] [stderr]              DescriptorUpdateTemplate
[INFO] [stderr]            and $N others
[INFO] [stderr] 
[INFO] [stderr] error[E0277]: the trait bound `String: DeviceDestroyable` is not satisfied
[INFO] [stderr]   --> tests/ui/fail/trait_not_impl.rs:15:10
[INFO] [stderr]    |
[INFO] [stderr] 15 | #[derive(DeviceDestroyable)]
[INFO] [stderr]    |          ^^^^^^^^^^^^^^^^^ the trait `DeviceDestroyable` is not implemented for `String`
[INFO] [stderr] 16 | struct Unnamed(ImplDeviceDestroyable, String);
[INFO] [stderr]    |                                       ------ required by a bound introduced by this call
[INFO] [stderr]    |
[INFO] [stderr]    = help: the following other types implement trait `DeviceDestroyable`:
[INFO] [stderr]              &T
[INFO] [stderr]              Box<T>
[INFO] [stderr]              Buffer
[INFO] [stderr]              BufferView
[INFO] [stderr]              CommandPool
[INFO] [stderr]              DescriptorPool
[INFO] [stderr]              DescriptorSetLayout
[INFO] [stderr]              DescriptorUpdateTemplate
[INFO] [stderr]            and $N others
[INFO] [stderr] ┈┈┈┈┈┈┈┈┈┈┈┈┈┈┈┈┈┈┈┈┈┈┈┈┈┈┈┈┈┈┈┈┈┈┈┈┈┈┈┈┈┈┈┈┈┈┈┈┈┈┈┈┈┈┈┈┈┈┈┈
[INFO] [stderr] note: If the actual output is the correct output you can bless it by rerunning
[INFO] [stderr]       your test with the environment variable TRYBUILD=overwrite
[INFO] [stderr] 
[INFO] [stderr] test tests/ui/pass/basic.rs [should pass] ... error
[INFO] [stderr] Execution of the test case was unsuccessful but there was no output.
[INFO] [stderr] 
[INFO] [stderr] test tests/ui/pass/different_types.rs [should pass] ... ok
[INFO] [stderr] test tests/ui/pass/with_skip.rs [should pass] ... error
[INFO] [stderr] Execution of the test case was unsuccessful but there was no output.
[INFO] [stderr] 
[INFO] [stderr] 
[INFO] [stderr] 
[INFO] [stdout] test ui_tests ... FAILED
[INFO] [stdout] 
[INFO] [stdout] failures:
[INFO] [stdout] 
[INFO] [stdout] ---- ui_tests stdout ----
[INFO] [stdout] thread 'ui_tests' panicked at /opt/rustwide/cargo-home/registry/src/index.crates.io-6f17d22bba15001f/trybuild-1.0.101/src/run.rs:101:13:
[INFO] [stdout] 6 of 7 tests failed
[INFO] [stdout] stack backtrace:
[INFO] [stdout]    0:     0x55f66d87700a - std::backtrace_rs::backtrace::libunwind::trace::h8810477743020387
[INFO] [stdout]                                at /rustc/202008a1b8de96d2e5b6bc02d379db03a877d34d/library/std/src/../../backtrace/src/backtrace/libunwind.rs:116:5
[INFO] [stdout]    1:     0x55f66d87700a - std::backtrace_rs::backtrace::trace_unsynchronized::h3aa55355dd6c54a6
[INFO] [stdout]                                at /rustc/202008a1b8de96d2e5b6bc02d379db03a877d34d/library/std/src/../../backtrace/src/backtrace/mod.rs:66:5
[INFO] [stdout]    2:     0x55f66d87700a - std::sys::backtrace::_print_fmt::h8588b0f62410823f
[INFO] [stdout]                                at /rustc/202008a1b8de96d2e5b6bc02d379db03a877d34d/library/std/src/sys/backtrace.rs:66:9
[INFO] [stdout]    3:     0x55f66d87700a - <std::sys::backtrace::BacktraceLock::print::DisplayBacktrace as core::fmt::Display>::fmt::h98c26ac25ffe89bb
[INFO] [stdout]                                at /rustc/202008a1b8de96d2e5b6bc02d379db03a877d34d/library/std/src/sys/backtrace.rs:39:26
[INFO] [stdout]    4:     0x55f66d8a0363 - core::fmt::rt::Argument::fmt::hf95377f4aebd453b
[INFO] [stdout]                                at /rustc/202008a1b8de96d2e5b6bc02d379db03a877d34d/library/core/src/fmt/rt.rs:177:76
[INFO] [stdout]    5:     0x55f66d8a0363 - core::fmt::write::h0dd5f6e2238c7982
[INFO] [stdout]                                at /rustc/202008a1b8de96d2e5b6bc02d379db03a877d34d/library/core/src/fmt/mod.rs:1189:21
[INFO] [stdout]    6:     0x55f66d8736b3 - std::io::Write::write_fmt::h03bb0ca26e6faf8c
[INFO] [stdout]                                at /rustc/202008a1b8de96d2e5b6bc02d379db03a877d34d/library/std/src/io/mod.rs:1884:15
[INFO] [stdout]    7:     0x55f66d876e52 - std::sys::backtrace::BacktraceLock::print::h5c19c1c038ee186d
[INFO] [stdout]                                at /rustc/202008a1b8de96d2e5b6bc02d379db03a877d34d/library/std/src/sys/backtrace.rs:42:9
[INFO] [stdout]    8:     0x55f66d878a8d - std::panicking::default_hook::{{closure}}::h77172f079a1fcb13
[INFO] [stdout]                                at /rustc/202008a1b8de96d2e5b6bc02d379db03a877d34d/library/std/src/panicking.rs:268:22
[INFO] [stdout]    9:     0x55f66d878897 - std::panicking::default_hook::he5f8e3b203ccddba
[INFO] [stdout]                                at /rustc/202008a1b8de96d2e5b6bc02d379db03a877d34d/library/std/src/panicking.rs:292:9
[INFO] [stdout]   10:     0x55f66d83f1e7 - <alloc::boxed::Box<F,A> as core::ops::function::Fn<Args>>::call::h7a3c7b4a1ae77f2f
[INFO] [stdout]                                at /rustc/202008a1b8de96d2e5b6bc02d379db03a877d34d/library/alloc/src/boxed.rs:1986:9
[INFO] [stdout]   11:     0x55f66d83f1e7 - test::test_main::{{closure}}::hf0d3b69ae9b353d1
[INFO] [stdout]                                at /rustc/202008a1b8de96d2e5b6bc02d379db03a877d34d/library/test/src/lib.rs:134:21
[INFO] [stdout]   12:     0x55f66d879138 - <alloc::boxed::Box<F,A> as core::ops::function::Fn<Args>>::call::h6332e82e7b189abd
[INFO] [stdout]                                at /rustc/202008a1b8de96d2e5b6bc02d379db03a877d34d/library/alloc/src/boxed.rs:1986:9
[INFO] [stdout]   13:     0x55f66d879138 - std::panicking::rust_panic_with_hook::h53863d4e9018df39
[INFO] [stdout]                                at /rustc/202008a1b8de96d2e5b6bc02d379db03a877d34d/library/std/src/panicking.rs:809:13
[INFO] [stdout]   14:     0x55f66d878efa - std::panicking::begin_panic_handler::{{closure}}::h67280e6fa0757873
[INFO] [stdout]                                at /rustc/202008a1b8de96d2e5b6bc02d379db03a877d34d/library/std/src/panicking.rs:674:13
[INFO] [stdout]   15:     0x55f66d8774e9 - std::sys::backtrace::__rust_end_short_backtrace::h1dac3f54d6fbbeb2
[INFO] [stdout]                                at /rustc/202008a1b8de96d2e5b6bc02d379db03a877d34d/library/std/src/sys/backtrace.rs:170:18
[INFO] [stdout]   16:     0x55f66d878b8c - rust_begin_unwind
[INFO] [stdout]                                at /rustc/202008a1b8de96d2e5b6bc02d379db03a877d34d/library/std/src/panicking.rs:665:5
[INFO] [stdout]   17:     0x55f66d539260 - core::panicking::panic_fmt::h6792bd1b2bf01041
[INFO] [stdout]                                at /rustc/202008a1b8de96d2e5b6bc02d379db03a877d34d/library/core/src/panicking.rs:76:14
[INFO] [stdout]   18:     0x55f66d54ae7f - trybuild::run::<impl trybuild::Runner>::run::heb0b00d3a0ed6e4c
[INFO] [stdout]                                at /opt/rustwide/cargo-home/registry/src/index.crates.io-6f17d22bba15001f/trybuild-1.0.101/src/run.rs:101:13
[INFO] [stdout]   19:     0x55f66d550398 - <trybuild::TestCases as core::ops::drop::Drop>::drop::h23eb7c7510edfe51
[INFO] [stdout]                                at /opt/rustwide/cargo-home/registry/src/index.crates.io-6f17d22bba15001f/trybuild-1.0.101/src/lib.rs:340:13
[INFO] [stdout]   20:     0x55f66d539d87 - core::ptr::drop_in_place<trybuild::TestCases>::h056a4659abe9b7e0
[INFO] [stdout]                                at /rustc/202008a1b8de96d2e5b6bc02d379db03a877d34d/library/core/src/ptr/mod.rs:521:1
[INFO] [stdout]   21:     0x55f66d53a62b - tests::ui_tests::h309e5b9f4ab444c1
[INFO] [stdout]                                at /opt/rustwide/workdir/tests/ui_tests.rs:7:1
[INFO] [stdout]   22:     0x55f66d53a5a7 - tests::ui_tests::{{closure}}::h48e0bc353c2501a3
[INFO] [stdout]                                at /opt/rustwide/workdir/tests/ui_tests.rs:3:14
[INFO] [stdout]   23:     0x55f66d539cf6 - core::ops::function::FnOnce::call_once::h2314ecf331ed08e8
[INFO] [stdout]                                at /rustc/202008a1b8de96d2e5b6bc02d379db03a877d34d/library/core/src/ops/function.rs:250:5
[INFO] [stdout]   24:     0x55f66d843d0b - core::ops::function::FnOnce::call_once::h871bf86719ec9aa4
[INFO] [stdout]                                at /rustc/202008a1b8de96d2e5b6bc02d379db03a877d34d/library/core/src/ops/function.rs:250:5
[INFO] [stdout]   25:     0x55f66d843d0b - test::__rust_begin_short_backtrace::h2167df1e2b7d76fd
[INFO] [stdout]                                at /rustc/202008a1b8de96d2e5b6bc02d379db03a877d34d/library/test/src/lib.rs:632:18
[INFO] [stdout]   26:     0x55f66d8436f8 - test::run_test_in_process::{{closure}}::h15d92f75a3adfb79
[INFO] [stdout]                                at /rustc/202008a1b8de96d2e5b6bc02d379db03a877d34d/library/test/src/lib.rs:655:60
[INFO] [stdout]   27:     0x55f66d8436f8 - <core::panic::unwind_safe::AssertUnwindSafe<F> as core::ops::function::FnOnce<()>>::call_once::hb6c8955835a8dbbb
[INFO] [stdout]                                at /rustc/202008a1b8de96d2e5b6bc02d379db03a877d34d/library/core/src/panic/unwind_safe.rs:272:9
[INFO] [stdout]   28:     0x55f66d8436f8 - std::panicking::try::do_call::hc79d0fc888a0bd30
[INFO] [stdout]                                at /rustc/202008a1b8de96d2e5b6bc02d379db03a877d34d/library/std/src/panicking.rs:557:40
[INFO] [stdout]   29:     0x55f66d8436f8 - std::panicking::try::hb8a7878e3a8589d6
[INFO] [stdout]                                at /rustc/202008a1b8de96d2e5b6bc02d379db03a877d34d/library/std/src/panicking.rs:520:19
[INFO] [stdout]   30:     0x55f66d8436f8 - std::panic::catch_unwind::hb8e4600ff0ff5cfa
[INFO] [stdout]                                at /rustc/202008a1b8de96d2e5b6bc02d379db03a877d34d/library/std/src/panic.rs:358:14
[INFO] [stdout]   31:     0x55f66d8436f8 - test::run_test_in_process::hc2900b0b18688dd6
[INFO] [stdout]                                at /rustc/202008a1b8de96d2e5b6bc02d379db03a877d34d/library/test/src/lib.rs:655:27
[INFO] [stdout]   32:     0x55f66d8436f8 - test::run_test::{{closure}}::hac2a9cb07be3d48d
[INFO] [stdout]                                at /rustc/202008a1b8de96d2e5b6bc02d379db03a877d34d/library/test/src/lib.rs:576:43
[INFO] [stdout]   33:     0x55f66d80719a - test::run_test::{{closure}}::h4a5b729e66a38cd8
[INFO] [stdout]                                at /rustc/202008a1b8de96d2e5b6bc02d379db03a877d34d/library/test/src/lib.rs:606:41
[INFO] [stdout]   34:     0x55f66d80719a - std::sys::backtrace::__rust_begin_short_backtrace::h0496fb742492f573
[INFO] [stdout]                                at /rustc/202008a1b8de96d2e5b6bc02d379db03a877d34d/library/std/src/sys/backtrace.rs:154:18
[INFO] [stdout]   35:     0x55f66d80ab14 - std::thread::Builder::spawn_unchecked_::{{closure}}::{{closure}}::hbb6d257c550a54bd
[INFO] [stdout]                                at /rustc/202008a1b8de96d2e5b6bc02d379db03a877d34d/library/std/src/thread/mod.rs:561:17
[INFO] [stdout]   36:     0x55f66d80ab14 - <core::panic::unwind_safe::AssertUnwindSafe<F> as core::ops::function::FnOnce<()>>::call_once::h46696fe4a6832328
[INFO] [stdout]                                at /rustc/202008a1b8de96d2e5b6bc02d379db03a877d34d/library/core/src/panic/unwind_safe.rs:272:9
[INFO] [stdout]   37:     0x55f66d80ab14 - std::panicking::try::do_call::h2625a51b667bfb64
[INFO] [stdout]                                at /rustc/202008a1b8de96d2e5b6bc02d379db03a877d34d/library/std/src/panicking.rs:557:40
[INFO] [stdout]   38:     0x55f66d80ab14 - std::panicking::try::hb956a59a1973aa4c
[INFO] [stdout]                                at /rustc/202008a1b8de96d2e5b6bc02d379db03a877d34d/library/std/src/panicking.rs:520:19
[INFO] [stdout]   39:     0x55f66d80ab14 - std::panic::catch_unwind::h64f3b9d1067ef6a0
[INFO] [stdout]                                at /rustc/202008a1b8de96d2e5b6bc02d379db03a877d34d/library/std/src/panic.rs:358:14
[INFO] [stdout]   40:     0x55f66d80ab14 - std::thread::Builder::spawn_unchecked_::{{closure}}::h42b2841295b6c0b2
[INFO] [stdout]                                at /rustc/202008a1b8de96d2e5b6bc02d379db03a877d34d/library/std/src/thread/mod.rs:559:30
[INFO] [stdout]   41:     0x55f66d80ab14 - core::ops::function::FnOnce::call_once{{vtable.shim}}::h6127de71b8124639
[INFO] [stdout]                                at /rustc/202008a1b8de96d2e5b6bc02d379db03a877d34d/library/core/src/ops/function.rs:250:5
[INFO] [stdout]   42:     0x55f66d87e04b - <alloc::boxed::Box<F,A> as core::ops::function::FnOnce<Args>>::call_once::h42f0ba71002a1b2c
[INFO] [stdout]                                at /rustc/202008a1b8de96d2e5b6bc02d379db03a877d34d/library/alloc/src/boxed.rs:1972:9
[INFO] [stdout]   43:     0x55f66d87e04b - <alloc::boxed::Box<F,A> as core::ops::function::FnOnce<Args>>::call_once::had9e47d7a3dcecb8
[INFO] [stdout]                                at /rustc/202008a1b8de96d2e5b6bc02d379db03a877d34d/library/alloc/src/boxed.rs:1972:9
[INFO] [stdout]   44:     0x55f66d87e04b - std::sys::pal::unix::thread::Thread::new::thread_start::h48cf765408f6f5f2
[INFO] [stdout]                                at /rustc/202008a1b8de96d2e5b6bc02d379db03a877d34d/library/std/src/sys/pal/unix/thread.rs:105:17
[INFO] [stdout]   45:     0x774a0699bac3 - <unknown>
[INFO] [stdout]   46:     0x774a06a2ca04 - clone
[INFO] [stdout]   47:                0x0 - <unknown>
[INFO] [stdout] 
[INFO] [stdout] 
[INFO] [stdout] failures:
[INFO] [stdout]     ui_tests
[INFO] [stdout] 
[INFO] [stdout] test result: FAILED. 0 passed; 1 failed; 0 ignored; 0 measured; 0 filtered out; finished in 30.48s
[INFO] [stdout] 
[INFO] [stderr] error: test failed, to rerun pass `--test tests`
[INFO] running `Command { std: "docker" "inspect" "71cb1db075632e520ce74f63cc5882c86bce1d007f7c3d72083e5ab8be815517", kill_on_drop: false }`
[INFO] running `Command { std: "docker" "rm" "-f" "71cb1db075632e520ce74f63cc5882c86bce1d007f7c3d72083e5ab8be815517", kill_on_drop: false }`
[INFO] [stdout] 71cb1db075632e520ce74f63cc5882c86bce1d007f7c3d72083e5ab8be815517
