[INFO] cloning repository https://github.com/Zaechus/zinfo
[INFO] running `Command { std: "git" "-c" "credential.helper=" "-c" "credential.helper=/workspace/cargo-home/bin/git-credential-null" "clone" "--bare" "https://github.com/Zaechus/zinfo" "/workspace/cache/git-repos/https%3A%2F%2Fgithub.com%2FZaechus%2Fzinfo", kill_on_drop: false }`
[INFO] [stderr] Cloning into bare repository '/workspace/cache/git-repos/https%3A%2F%2Fgithub.com%2FZaechus%2Fzinfo'...
[INFO] running `Command { std: "git" "rev-parse" "HEAD", kill_on_drop: false }`
[INFO] [stdout] 2eba415a4e296c64d36c11f00dd53cc84adc67d6
[INFO] testing Zaechus/zinfo against 1.83.0 for beta-1.84.0-4-retry
[INFO] running `Command { std: "git" "clone" "/workspace/cache/git-repos/https%3A%2F%2Fgithub.com%2FZaechus%2Fzinfo" "/workspace/builds/worker-6-tc1/source", kill_on_drop: false }`
[INFO] [stderr] Cloning into '/workspace/builds/worker-6-tc1/source'...
[INFO] [stderr] done.
[INFO] validating manifest of git repo https://github.com/Zaechus/zinfo on toolchain 1.83.0
[INFO] running `Command { std: CARGO_HOME="/workspace/cargo-home" RUSTUP_HOME="/workspace/rustup-home" "/workspace/cargo-home/bin/cargo" "+1.83.0" "metadata" "--manifest-path" "Cargo.toml" "--no-deps", kill_on_drop: false }`
[INFO] started tweaking git repo https://github.com/Zaechus/zinfo
[INFO] finished tweaking git repo https://github.com/Zaechus/zinfo
[INFO] tweaked toml for git repo https://github.com/Zaechus/zinfo written to /workspace/builds/worker-6-tc1/source/Cargo.toml
[INFO] crate git repo https://github.com/Zaechus/zinfo already has a lockfile, it will not be regenerated
[INFO] running `Command { std: CARGO_HOME="/workspace/cargo-home" RUSTUP_HOME="/workspace/rustup-home" "/workspace/cargo-home/bin/cargo" "+1.83.0" "fetch" "--manifest-path" "Cargo.toml", kill_on_drop: false }`
[INFO] running `Command { std: "docker" "create" "-v" "/var/lib/crater-agent-workspace/builds/worker-6-tc1/target:/opt/rustwide/target:rw,Z" "-v" "/var/lib/crater-agent-workspace/builds/worker-6-tc1/source:/opt/rustwide/workdir:ro,Z" "-v" "/var/lib/crater-agent-workspace/cargo-home:/opt/rustwide/cargo-home:ro,Z" "-v" "/var/lib/crater-agent-workspace/rustup-home:/opt/rustwide/rustup-home:ro,Z" "-e" "SOURCE_DIR=/opt/rustwide/workdir" "-e" "CARGO_TARGET_DIR=/opt/rustwide/target" "-e" "CARGO_HOME=/opt/rustwide/cargo-home" "-e" "RUSTUP_HOME=/opt/rustwide/rustup-home" "-w" "/opt/rustwide/workdir" "-m" "1610612736" "--user" "0:0" "--network" "none" "ghcr.io/rust-lang/crates-build-env/linux@sha256:f3a9d4ad9d972b27faf3965f35b62e55ba32bbce8f20bc8fe909558a86702fde" "/opt/rustwide/cargo-home/bin/cargo" "+1.83.0" "metadata" "--no-deps" "--format-version=1", kill_on_drop: false }`
[INFO] [stdout] 5324658d248a742a96bbeaea24e55f3511eddc5a420a816241ca5e4d27b31c6b
[INFO] running `Command { std: "docker" "start" "-a" "5324658d248a742a96bbeaea24e55f3511eddc5a420a816241ca5e4d27b31c6b", kill_on_drop: false }`
[INFO] running `Command { std: "docker" "inspect" "5324658d248a742a96bbeaea24e55f3511eddc5a420a816241ca5e4d27b31c6b", kill_on_drop: false }`
[INFO] running `Command { std: "docker" "rm" "-f" "5324658d248a742a96bbeaea24e55f3511eddc5a420a816241ca5e4d27b31c6b", kill_on_drop: false }`
[INFO] [stdout] 5324658d248a742a96bbeaea24e55f3511eddc5a420a816241ca5e4d27b31c6b
[INFO] running `Command { std: "docker" "create" "-v" "/var/lib/crater-agent-workspace/builds/worker-6-tc1/target:/opt/rustwide/target:rw,Z" "-v" "/var/lib/crater-agent-workspace/builds/worker-6-tc1/source:/opt/rustwide/workdir:ro,Z" "-v" "/var/lib/crater-agent-workspace/cargo-home:/opt/rustwide/cargo-home:ro,Z" "-v" "/var/lib/crater-agent-workspace/rustup-home:/opt/rustwide/rustup-home:ro,Z" "-e" "SOURCE_DIR=/opt/rustwide/workdir" "-e" "CARGO_TARGET_DIR=/opt/rustwide/target" "-e" "CARGO_INCREMENTAL=0" "-e" "RUST_BACKTRACE=full" "-e" "RUSTFLAGS=--cap-lints=warn" "-e" "RUSTDOCFLAGS=--cap-lints=warn" "-e" "CARGO_HOME=/opt/rustwide/cargo-home" "-e" "RUSTUP_HOME=/opt/rustwide/rustup-home" "-w" "/opt/rustwide/workdir" "-m" "1610612736" "--user" "0:0" "--network" "none" "ghcr.io/rust-lang/crates-build-env/linux@sha256:f3a9d4ad9d972b27faf3965f35b62e55ba32bbce8f20bc8fe909558a86702fde" "/opt/rustwide/cargo-home/bin/cargo" "+1.83.0" "build" "--frozen" "--message-format=json", kill_on_drop: false }`
[INFO] [stdout] 4fe349c717b7c9a084b6362d372c876c61ff6dab242e870640076fbd3f7010db
[INFO] running `Command { std: "docker" "start" "-a" "4fe349c717b7c9a084b6362d372c876c61ff6dab242e870640076fbd3f7010db", kill_on_drop: false }`
[INFO] [stderr]    Compiling libc v0.2.154
[INFO] [stderr]    Compiling autocfg v1.3.0
[INFO] [stderr]    Compiling parking_lot_core v0.9.10
[INFO] [stderr]    Compiling signal-hook v0.3.17
[INFO] [stderr]    Compiling cfg-if v1.0.0
[INFO] [stderr]    Compiling log v0.4.21
[INFO] [stderr]    Compiling smallvec v1.13.2
[INFO] [stderr]    Compiling scopeguard v1.2.0
[INFO] [stderr]    Compiling bitflags v2.5.0
[INFO] [stderr]    Compiling lock_api v0.4.12
[INFO] [stderr]    Compiling signal-hook-registry v1.4.2
[INFO] [stderr]    Compiling mio v0.8.11
[INFO] [stderr]    Compiling parking_lot v0.12.2
[INFO] [stderr]    Compiling signal-hook-mio v0.2.3
[INFO] [stderr]    Compiling crossterm v0.27.0
[INFO] [stderr]    Compiling zinfo v0.3.2 (/opt/rustwide/workdir)
[INFO] [stderr]     Finished `dev` profile [unoptimized + debuginfo] target(s) in 5.94s
[INFO] running `Command { std: "docker" "inspect" "4fe349c717b7c9a084b6362d372c876c61ff6dab242e870640076fbd3f7010db", kill_on_drop: false }`
[INFO] running `Command { std: "docker" "rm" "-f" "4fe349c717b7c9a084b6362d372c876c61ff6dab242e870640076fbd3f7010db", kill_on_drop: false }`
[INFO] [stdout] 4fe349c717b7c9a084b6362d372c876c61ff6dab242e870640076fbd3f7010db
[INFO] running `Command { std: "docker" "create" "-v" "/var/lib/crater-agent-workspace/builds/worker-6-tc1/target:/opt/rustwide/target:rw,Z" "-v" "/var/lib/crater-agent-workspace/builds/worker-6-tc1/source:/opt/rustwide/workdir:ro,Z" "-v" "/var/lib/crater-agent-workspace/cargo-home:/opt/rustwide/cargo-home:ro,Z" "-v" "/var/lib/crater-agent-workspace/rustup-home:/opt/rustwide/rustup-home:ro,Z" "-e" "SOURCE_DIR=/opt/rustwide/workdir" "-e" "CARGO_TARGET_DIR=/opt/rustwide/target" "-e" "CARGO_INCREMENTAL=0" "-e" "RUST_BACKTRACE=full" "-e" "RUSTFLAGS=--cap-lints=warn" "-e" "RUSTDOCFLAGS=--cap-lints=warn" "-e" "CARGO_HOME=/opt/rustwide/cargo-home" "-e" "RUSTUP_HOME=/opt/rustwide/rustup-home" "-w" "/opt/rustwide/workdir" "-m" "1610612736" "--user" "0:0" "--network" "none" "ghcr.io/rust-lang/crates-build-env/linux@sha256:f3a9d4ad9d972b27faf3965f35b62e55ba32bbce8f20bc8fe909558a86702fde" "/opt/rustwide/cargo-home/bin/cargo" "+1.83.0" "test" "--frozen" "--no-run" "--message-format=json", kill_on_drop: false }`
[INFO] [stdout] 4fefbd8970f48281e5900074f76d6a427543622b5b213364eee700e8d5a8906f
[INFO] running `Command { std: "docker" "start" "-a" "4fefbd8970f48281e5900074f76d6a427543622b5b213364eee700e8d5a8906f", kill_on_drop: false }`
[INFO] [stderr]    Compiling zinfo v0.3.2 (/opt/rustwide/workdir)
[INFO] [stderr]     Finished `test` profile [unoptimized + debuginfo] target(s) in 0.71s
[INFO] running `Command { std: "docker" "inspect" "4fefbd8970f48281e5900074f76d6a427543622b5b213364eee700e8d5a8906f", kill_on_drop: false }`
[INFO] running `Command { std: "docker" "rm" "-f" "4fefbd8970f48281e5900074f76d6a427543622b5b213364eee700e8d5a8906f", kill_on_drop: false }`
[INFO] [stdout] 4fefbd8970f48281e5900074f76d6a427543622b5b213364eee700e8d5a8906f
[INFO] running `Command { std: "docker" "create" "-v" "/var/lib/crater-agent-workspace/builds/worker-6-tc1/target:/opt/rustwide/target:rw,Z" "-v" "/var/lib/crater-agent-workspace/builds/worker-6-tc1/source:/opt/rustwide/workdir:ro,Z" "-v" "/var/lib/crater-agent-workspace/cargo-home:/opt/rustwide/cargo-home:ro,Z" "-v" "/var/lib/crater-agent-workspace/rustup-home:/opt/rustwide/rustup-home:ro,Z" "-e" "SOURCE_DIR=/opt/rustwide/workdir" "-e" "CARGO_TARGET_DIR=/opt/rustwide/target" "-e" "CARGO_INCREMENTAL=0" "-e" "RUST_BACKTRACE=full" "-e" "RUSTFLAGS=--cap-lints=warn" "-e" "RUSTDOCFLAGS=--cap-lints=warn" "-e" "CARGO_HOME=/opt/rustwide/cargo-home" "-e" "RUSTUP_HOME=/opt/rustwide/rustup-home" "-w" "/opt/rustwide/workdir" "-m" "1610612736" "--user" "0:0" "--network" "none" "ghcr.io/rust-lang/crates-build-env/linux@sha256:f3a9d4ad9d972b27faf3965f35b62e55ba32bbce8f20bc8fe909558a86702fde" "/opt/rustwide/cargo-home/bin/cargo" "+1.83.0" "test" "--frozen", kill_on_drop: false }`
[INFO] [stdout] 1a061478d4e131f2ea3a65d540f7b48ec67500e67fda89cce9e3306591caea37
[INFO] running `Command { std: "docker" "start" "-a" "1a061478d4e131f2ea3a65d540f7b48ec67500e67fda89cce9e3306591caea37", kill_on_drop: false }`
[INFO] [stderr]     Finished `test` profile [unoptimized + debuginfo] target(s) in 0.05s
[INFO] [stderr]      Running unittests src/lib.rs (/opt/rustwide/target/debug/deps/zinfo-59aefa3bc65bd822)
[INFO] [stdout] 
[INFO] [stdout] running 0 tests
[INFO] [stdout] 
[INFO] [stdout] test result: ok. 0 passed; 0 failed; 0 ignored; 0 measured; 0 filtered out; finished in 0.00s
[INFO] [stdout] 
[INFO] [stderr]      Running unittests src/main.rs (/opt/rustwide/target/debug/deps/zinfo-c234d85417f6164c)
[INFO] [stdout] 
[INFO] [stdout] running 0 tests
[INFO] [stdout] 
[INFO] [stdout] test result: ok. 0 passed; 0 failed; 0 ignored; 0 measured; 0 filtered out; finished in 0.00s
[INFO] [stderr]      Running tests/test.rs (/opt/rustwide/target/debug/deps/test-a3a9b0e1910ad6f2)
[INFO] [stdout] 
[INFO] [stdout] 
[INFO] [stdout] running 1 test
[INFO] [stdout] test tests::still_works ... FAILED
[INFO] [stdout] 
[INFO] [stdout] failures:
[INFO] [stdout] 
[INFO] [stdout] ---- tests::still_works stdout ----
[INFO] [stdout] thread 'tests::still_works' panicked at tests/test.rs:26:22:
[INFO] [stdout] called `Result::unwrap()` on an `Err` value: Os { code: 2, kind: NotFound, message: "No such file or directory" }
[INFO] [stdout] stack backtrace:
[INFO] [stdout]    0:     0x614d00b3c36a - std::backtrace_rs::backtrace::libunwind::trace::h5a5b8284f2d0c266
[INFO] [stdout]                                at /rustc/90b35a6239c3d8bdabc530a6a0816f7ff89a0aaf/library/std/src/../../backtrace/src/backtrace/libunwind.rs:116:5
[INFO] [stdout]    1:     0x614d00b3c36a - std::backtrace_rs::backtrace::trace_unsynchronized::h76d4f1c9b0b875e3
[INFO] [stdout]                                at /rustc/90b35a6239c3d8bdabc530a6a0816f7ff89a0aaf/library/std/src/../../backtrace/src/backtrace/mod.rs:66:5
[INFO] [stdout]    2:     0x614d00b3c36a - std::sys::backtrace::_print_fmt::hc4546b8364a537c6
[INFO] [stdout]                                at /rustc/90b35a6239c3d8bdabc530a6a0816f7ff89a0aaf/library/std/src/sys/backtrace.rs:66:9
[INFO] [stdout]    3:     0x614d00b3c36a - <std::sys::backtrace::BacktraceLock::print::DisplayBacktrace as core::fmt::Display>::fmt::h5b6bd5631a6d1f6b
[INFO] [stdout]                                at /rustc/90b35a6239c3d8bdabc530a6a0816f7ff89a0aaf/library/std/src/sys/backtrace.rs:39:26
[INFO] [stdout]    4:     0x614d00b61853 - core::fmt::rt::Argument::fmt::h270f6602a2b96f62
[INFO] [stdout]                                at /rustc/90b35a6239c3d8bdabc530a6a0816f7ff89a0aaf/library/core/src/fmt/rt.rs:177:76
[INFO] [stdout]    5:     0x614d00b61853 - core::fmt::write::h7550c97b06c86515
[INFO] [stdout]                                at /rustc/90b35a6239c3d8bdabc530a6a0816f7ff89a0aaf/library/core/src/fmt/mod.rs:1186:21
[INFO] [stdout]    6:     0x614d00b39533 - std::io::Write::write_fmt::h509ff860e5956e5e
[INFO] [stdout]                                at /rustc/90b35a6239c3d8bdabc530a6a0816f7ff89a0aaf/library/std/src/io/mod.rs:1839:15
[INFO] [stdout]    7:     0x614d00b3c1b2 - std::sys::backtrace::BacktraceLock::print::h2395ccd2c84ba3aa
[INFO] [stdout]                                at /rustc/90b35a6239c3d8bdabc530a6a0816f7ff89a0aaf/library/std/src/sys/backtrace.rs:42:9
[INFO] [stdout]    8:     0x614d00b3d7ca - std::panicking::default_hook::{{closure}}::he19d4c7230e07961
[INFO] [stdout]                                at /rustc/90b35a6239c3d8bdabc530a6a0816f7ff89a0aaf/library/std/src/panicking.rs:268:22
[INFO] [stdout]    9:     0x614d00b3d5d4 - std::panicking::default_hook::hf614597d3c67bbdb
[INFO] [stdout]                                at /rustc/90b35a6239c3d8bdabc530a6a0816f7ff89a0aaf/library/std/src/panicking.rs:292:9
[INFO] [stdout]   10:     0x614d00b08eb9 - <alloc::boxed::Box<F,A> as core::ops::function::Fn<Args>>::call::h39b51ce4599c23d1
[INFO] [stdout]                                at /rustc/90b35a6239c3d8bdabc530a6a0816f7ff89a0aaf/library/alloc/src/boxed.rs:2468:9
[INFO] [stdout]   11:     0x614d00b08eb9 - test::test_main::{{closure}}::he977ae839a582784
[INFO] [stdout]                                at /rustc/90b35a6239c3d8bdabc530a6a0816f7ff89a0aaf/library/test/src/lib.rs:133:21
[INFO] [stdout]   12:     0x614d00b3de68 - <alloc::boxed::Box<F,A> as core::ops::function::Fn<Args>>::call::h9455091b6b06f9fb
[INFO] [stdout]                                at /rustc/90b35a6239c3d8bdabc530a6a0816f7ff89a0aaf/library/alloc/src/boxed.rs:2468:9
[INFO] [stdout]   13:     0x614d00b3de68 - std::panicking::rust_panic_with_hook::h8942133a8b252070
[INFO] [stdout]                                at /rustc/90b35a6239c3d8bdabc530a6a0816f7ff89a0aaf/library/std/src/panicking.rs:809:13
[INFO] [stdout]   14:     0x614d00b3dc2a - std::panicking::begin_panic_handler::{{closure}}::hb5f5963570096b29
[INFO] [stdout]                                at /rustc/90b35a6239c3d8bdabc530a6a0816f7ff89a0aaf/library/std/src/panicking.rs:674:13
[INFO] [stdout]   15:     0x614d00b3c849 - std::sys::backtrace::__rust_end_short_backtrace::h6208cedc1922feda
[INFO] [stdout]                                at /rustc/90b35a6239c3d8bdabc530a6a0816f7ff89a0aaf/library/std/src/sys/backtrace.rs:170:18
[INFO] [stdout]   16:     0x614d00b3d8bc - rust_begin_unwind
[INFO] [stdout]                                at /rustc/90b35a6239c3d8bdabc530a6a0816f7ff89a0aaf/library/std/src/panicking.rs:665:5
[INFO] [stdout]   17:     0x614d00ac9a60 - core::panicking::panic_fmt::h0c3082644d1bf418
[INFO] [stdout]                                at /rustc/90b35a6239c3d8bdabc530a6a0816f7ff89a0aaf/library/core/src/panicking.rs:74:14
[INFO] [stdout]   18:     0x614d00ac9e06 - core::result::unwrap_failed::hd20b4aa073bda1e2
[INFO] [stdout]                                at /rustc/90b35a6239c3d8bdabc530a6a0816f7ff89a0aaf/library/core/src/result.rs:1700:5
[INFO] [stdout]   19:     0x614d00ad0591 - core::result::Result<T,E>::unwrap::h1ebae0da9701e8a7
[INFO] [stdout]                                at /rustc/90b35a6239c3d8bdabc530a6a0816f7ff89a0aaf/library/core/src/result.rs:1104:23
[INFO] [stdout]   20:     0x614d00ad0591 - test::tests::still_works::h61b399432f557d55
[INFO] [stdout]                                at /opt/rustwide/workdir/tests/test.rs:23:17
[INFO] [stdout]   21:     0x614d00ad0207 - test::tests::still_works::{{closure}}::hc42ee58c7152c004
[INFO] [stdout]                                at /opt/rustwide/workdir/tests/test.rs:4:21
[INFO] [stdout]   22:     0x614d00acc036 - core::ops::function::FnOnce::call_once::h63a44cd5230c4c40
[INFO] [stdout]                                at /rustc/90b35a6239c3d8bdabc530a6a0816f7ff89a0aaf/library/core/src/ops/function.rs:250:5
[INFO] [stdout]   23:     0x614d00b0d87b - core::ops::function::FnOnce::call_once::h109cf8051a59b34e
[INFO] [stdout]                                at /rustc/90b35a6239c3d8bdabc530a6a0816f7ff89a0aaf/library/core/src/ops/function.rs:250:5
[INFO] [stdout]   24:     0x614d00b0d87b - test::__rust_begin_short_backtrace::hf4fff89d377446ba
[INFO] [stdout]                                at /rustc/90b35a6239c3d8bdabc530a6a0816f7ff89a0aaf/library/test/src/lib.rs:621:18
[INFO] [stdout]   25:     0x614d00b0d0b7 - test::run_test_in_process::{{closure}}::h0e39181dd7ee5a43
[INFO] [stdout]                                at /rustc/90b35a6239c3d8bdabc530a6a0816f7ff89a0aaf/library/test/src/lib.rs:644:60
[INFO] [stdout]   26:     0x614d00b0d0b7 - <core::panic::unwind_safe::AssertUnwindSafe<F> as core::ops::function::FnOnce<()>>::call_once::hc5a66a30f0bdfd1f
[INFO] [stdout]                                at /rustc/90b35a6239c3d8bdabc530a6a0816f7ff89a0aaf/library/core/src/panic/unwind_safe.rs:272:9
[INFO] [stdout]   27:     0x614d00b0d0b7 - std::panicking::try::do_call::h873b7cf639554a5e
[INFO] [stdout]                                at /rustc/90b35a6239c3d8bdabc530a6a0816f7ff89a0aaf/library/std/src/panicking.rs:557:40
[INFO] [stdout]   28:     0x614d00b0d0b7 - std::panicking::try::hdb19862fad9c8bd1
[INFO] [stdout]                                at /rustc/90b35a6239c3d8bdabc530a6a0816f7ff89a0aaf/library/std/src/panicking.rs:520:19
[INFO] [stdout]   29:     0x614d00b0d0b7 - std::panic::catch_unwind::h281fe732d236d260
[INFO] [stdout]                                at /rustc/90b35a6239c3d8bdabc530a6a0816f7ff89a0aaf/library/std/src/panic.rs:358:14
[INFO] [stdout]   30:     0x614d00b0d0b7 - test::run_test_in_process::h949b6df8457ed338
[INFO] [stdout]                                at /rustc/90b35a6239c3d8bdabc530a6a0816f7ff89a0aaf/library/test/src/lib.rs:644:27
[INFO] [stdout]   31:     0x614d00b0d0b7 - test::run_test::{{closure}}::h52c556a6d4740e10
[INFO] [stdout]                                at /rustc/90b35a6239c3d8bdabc530a6a0816f7ff89a0aaf/library/test/src/lib.rs:565:43
[INFO] [stdout]   32:     0x614d00ad2394 - test::run_test::{{closure}}::h4237f6381c45ccb9
[INFO] [stdout]                                at /rustc/90b35a6239c3d8bdabc530a6a0816f7ff89a0aaf/library/test/src/lib.rs:595:41
[INFO] [stdout]   33:     0x614d00ad2394 - std::sys::backtrace::__rust_begin_short_backtrace::h505c97a579eca628
[INFO] [stdout]                                at /rustc/90b35a6239c3d8bdabc530a6a0816f7ff89a0aaf/library/std/src/sys/backtrace.rs:154:18
[INFO] [stdout]   34:     0x614d00ad5a5e - std::thread::Builder::spawn_unchecked_::{{closure}}::{{closure}}::h9e86b2e2bc107ea3
[INFO] [stdout]                                at /rustc/90b35a6239c3d8bdabc530a6a0816f7ff89a0aaf/library/std/src/thread/mod.rs:538:17
[INFO] [stdout]   35:     0x614d00ad5a5e - <core::panic::unwind_safe::AssertUnwindSafe<F> as core::ops::function::FnOnce<()>>::call_once::h8b06ddb275ff4a25
[INFO] [stdout]                                at /rustc/90b35a6239c3d8bdabc530a6a0816f7ff89a0aaf/library/core/src/panic/unwind_safe.rs:272:9
[INFO] [stdout]   36:     0x614d00ad5a5e - std::panicking::try::do_call::hb26ecd7cd9a9355d
[INFO] [stdout]                                at /rustc/90b35a6239c3d8bdabc530a6a0816f7ff89a0aaf/library/std/src/panicking.rs:557:40
[INFO] [stdout]   37:     0x614d00ad5a5e - std::panicking::try::h8ddeca9d705f9069
[INFO] [stdout]                                at /rustc/90b35a6239c3d8bdabc530a6a0816f7ff89a0aaf/library/std/src/panicking.rs:520:19
[INFO] [stdout]   38:     0x614d00ad5a5e - std::panic::catch_unwind::h49e1c33078844c46
[INFO] [stdout]                                at /rustc/90b35a6239c3d8bdabc530a6a0816f7ff89a0aaf/library/std/src/panic.rs:358:14
[INFO] [stdout]   39:     0x614d00ad5a5e - std::thread::Builder::spawn_unchecked_::{{closure}}::h6073db6ff56ad35d
[INFO] [stdout]                                at /rustc/90b35a6239c3d8bdabc530a6a0816f7ff89a0aaf/library/std/src/thread/mod.rs:537:30
[INFO] [stdout]   40:     0x614d00ad5a5e - core::ops::function::FnOnce::call_once{{vtable.shim}}::h2c5a5f3779c774f1
[INFO] [stdout]                                at /rustc/90b35a6239c3d8bdabc530a6a0816f7ff89a0aaf/library/core/src/ops/function.rs:250:5
[INFO] [stdout]   41:     0x614d00b41cab - <alloc::boxed::Box<F,A> as core::ops::function::FnOnce<Args>>::call_once::hf75717d9f28faebf
[INFO] [stdout]                                at /rustc/90b35a6239c3d8bdabc530a6a0816f7ff89a0aaf/library/alloc/src/boxed.rs:2454:9
[INFO] [stdout]   42:     0x614d00b41cab - <alloc::boxed::Box<F,A> as core::ops::function::FnOnce<Args>>::call_once::h7bd883a5f3c5f3c1
[INFO] [stdout]                                at /rustc/90b35a6239c3d8bdabc530a6a0816f7ff89a0aaf/library/alloc/src/boxed.rs:2454:9
[INFO] [stdout]   43:     0x614d00b41cab - std::sys::pal::unix::thread::Thread::new::thread_start::hcc78f3943333fa94
[INFO] [stdout]                                at /rustc/90b35a6239c3d8bdabc530a6a0816f7ff89a0aaf/library/std/src/sys/pal/unix/thread.rs:105:17
[INFO] [stdout]   44:     0x700188a0cac3 - <unknown>
[INFO] [stdout]   45:     0x700188a9da04 - clone
[INFO] [stdout]   46:                0x0 - <unknown>
[INFO] [stdout] 
[INFO] [stdout] 
[INFO] [stdout] failures:
[INFO] [stdout]     tests::still_works
[INFO] [stdout] 
[INFO] [stdout] test result: FAILED. 0 passed; 1 failed; 0 ignored; 0 measured; 0 filtered out; finished in 0.03s
[INFO] [stdout] 
[INFO] [stderr] error: test failed, to rerun pass `--test test`
[INFO] running `Command { std: "docker" "inspect" "1a061478d4e131f2ea3a65d540f7b48ec67500e67fda89cce9e3306591caea37", kill_on_drop: false }`
[INFO] running `Command { std: "docker" "rm" "-f" "1a061478d4e131f2ea3a65d540f7b48ec67500e67fda89cce9e3306591caea37", kill_on_drop: false }`
[INFO] [stdout] 1a061478d4e131f2ea3a65d540f7b48ec67500e67fda89cce9e3306591caea37
