[INFO] cloning repository https://github.com/Yuya-Furusawa/rust-todo-app
[INFO] running `Command { std: "git" "-c" "credential.helper=" "-c" "credential.helper=/workspace/cargo-home/bin/git-credential-null" "clone" "--bare" "https://github.com/Yuya-Furusawa/rust-todo-app" "/workspace/cache/git-repos/https%3A%2F%2Fgithub.com%2FYuya-Furusawa%2Frust-todo-app", kill_on_drop: false }`
[INFO] [stderr] Cloning into bare repository '/workspace/cache/git-repos/https%3A%2F%2Fgithub.com%2FYuya-Furusawa%2Frust-todo-app'...
[INFO] running `Command { std: "git" "rev-parse" "HEAD", kill_on_drop: false }`
[INFO] [stdout] 28483ce8435cf2239959d0e5e4ddf8adc82cb2ed
[INFO] testing Yuya-Furusawa/rust-todo-app against 1.83.0 for beta-1.84.0-4-retry
[INFO] running `Command { std: "git" "clone" "/workspace/cache/git-repos/https%3A%2F%2Fgithub.com%2FYuya-Furusawa%2Frust-todo-app" "/workspace/builds/worker-2-tc1/source", kill_on_drop: false }`
[INFO] [stderr] Cloning into '/workspace/builds/worker-2-tc1/source'...
[INFO] [stderr] done.
[INFO] validating manifest of git repo https://github.com/Yuya-Furusawa/rust-todo-app on toolchain 1.83.0
[INFO] running `Command { std: CARGO_HOME="/workspace/cargo-home" RUSTUP_HOME="/workspace/rustup-home" "/workspace/cargo-home/bin/cargo" "+1.83.0" "metadata" "--manifest-path" "Cargo.toml" "--no-deps", kill_on_drop: false }`
[INFO] started tweaking git repo https://github.com/Yuya-Furusawa/rust-todo-app
[INFO] finished tweaking git repo https://github.com/Yuya-Furusawa/rust-todo-app
[INFO] tweaked toml for git repo https://github.com/Yuya-Furusawa/rust-todo-app written to /workspace/builds/worker-2-tc1/source/Cargo.toml
[INFO] crate git repo https://github.com/Yuya-Furusawa/rust-todo-app already has a lockfile, it will not be regenerated
[INFO] running `Command { std: CARGO_HOME="/workspace/cargo-home" RUSTUP_HOME="/workspace/rustup-home" "/workspace/cargo-home/bin/cargo" "+1.83.0" "fetch" "--manifest-path" "Cargo.toml", kill_on_drop: false }`
[INFO] [stderr]  Downloading crates ...
[INFO] [stderr]   Downloaded validator v0.14.0
[INFO] [stderr]   Downloaded validator_derive v0.14.0
[INFO] [stderr]   Downloaded axum-core v0.1.2
[INFO] [stderr]   Downloaded validator_types v0.14.0
[INFO] [stderr]   Downloaded axum v0.4.8
[INFO] [stderr]   Downloaded matchit v0.4.6
[INFO] [stderr]   Downloaded tower-http v0.2.5
[INFO] [stderr]   Downloaded futures-intrusive v0.4.1
[INFO] running `Command { std: "docker" "create" "-v" "/var/lib/crater-agent-workspace/builds/worker-2-tc1/target:/opt/rustwide/target:rw,Z" "-v" "/var/lib/crater-agent-workspace/builds/worker-2-tc1/source:/opt/rustwide/workdir:ro,Z" "-v" "/var/lib/crater-agent-workspace/cargo-home:/opt/rustwide/cargo-home:ro,Z" "-v" "/var/lib/crater-agent-workspace/rustup-home:/opt/rustwide/rustup-home:ro,Z" "-e" "SOURCE_DIR=/opt/rustwide/workdir" "-e" "CARGO_TARGET_DIR=/opt/rustwide/target" "-e" "CARGO_HOME=/opt/rustwide/cargo-home" "-e" "RUSTUP_HOME=/opt/rustwide/rustup-home" "-w" "/opt/rustwide/workdir" "-m" "1610612736" "--user" "0:0" "--network" "none" "ghcr.io/rust-lang/crates-build-env/linux@sha256:f3a9d4ad9d972b27faf3965f35b62e55ba32bbce8f20bc8fe909558a86702fde" "/opt/rustwide/cargo-home/bin/cargo" "+1.83.0" "metadata" "--no-deps" "--format-version=1", kill_on_drop: false }`
[INFO] [stdout] c2d2dc0bbcc9cfbe7e3147fd1a66b536ee146274beea7cda018ec097afeb1b1f
[INFO] running `Command { std: "docker" "start" "-a" "c2d2dc0bbcc9cfbe7e3147fd1a66b536ee146274beea7cda018ec097afeb1b1f", kill_on_drop: false }`
[INFO] running `Command { std: "docker" "inspect" "c2d2dc0bbcc9cfbe7e3147fd1a66b536ee146274beea7cda018ec097afeb1b1f", kill_on_drop: false }`
[INFO] running `Command { std: "docker" "rm" "-f" "c2d2dc0bbcc9cfbe7e3147fd1a66b536ee146274beea7cda018ec097afeb1b1f", kill_on_drop: false }`
[INFO] [stdout] c2d2dc0bbcc9cfbe7e3147fd1a66b536ee146274beea7cda018ec097afeb1b1f
[INFO] running `Command { std: "docker" "create" "-v" "/var/lib/crater-agent-workspace/builds/worker-2-tc1/target:/opt/rustwide/target:rw,Z" "-v" "/var/lib/crater-agent-workspace/builds/worker-2-tc1/source:/opt/rustwide/workdir:ro,Z" "-v" "/var/lib/crater-agent-workspace/cargo-home:/opt/rustwide/cargo-home:ro,Z" "-v" "/var/lib/crater-agent-workspace/rustup-home:/opt/rustwide/rustup-home:ro,Z" "-e" "SOURCE_DIR=/opt/rustwide/workdir" "-e" "CARGO_TARGET_DIR=/opt/rustwide/target" "-e" "CARGO_INCREMENTAL=0" "-e" "RUST_BACKTRACE=full" "-e" "RUSTFLAGS=--cap-lints=warn" "-e" "RUSTDOCFLAGS=--cap-lints=warn" "-e" "CARGO_HOME=/opt/rustwide/cargo-home" "-e" "RUSTUP_HOME=/opt/rustwide/rustup-home" "-w" "/opt/rustwide/workdir" "-m" "1610612736" "--user" "0:0" "--network" "none" "ghcr.io/rust-lang/crates-build-env/linux@sha256:f3a9d4ad9d972b27faf3965f35b62e55ba32bbce8f20bc8fe909558a86702fde" "/opt/rustwide/cargo-home/bin/cargo" "+1.83.0" "build" "--frozen" "--message-format=json", kill_on_drop: false }`
[INFO] [stdout] bb0da0ca0b411dfd7d2564b88d9b911d172ebf1c35c1a5e3de416d46ab7485e2
[INFO] running `Command { std: "docker" "start" "-a" "bb0da0ca0b411dfd7d2564b88d9b911d172ebf1c35c1a5e3de416d46ab7485e2", kill_on_drop: false }`
[INFO] [stderr]    Compiling libc v0.2.135
[INFO] [stderr]    Compiling proc-macro2 v1.0.47
[INFO] [stderr]    Compiling unicode-ident v1.0.5
[INFO] [stderr]    Compiling quote v1.0.21
[INFO] [stderr]    Compiling version_check v0.9.4
[INFO] [stderr]    Compiling syn v1.0.102
[INFO] [stderr]    Compiling once_cell v1.15.0
[INFO] [stderr]    Compiling memchr v2.5.0
[INFO] [stderr]    Compiling pin-project-lite v0.2.9
[INFO] [stderr]    Compiling typenum v1.15.0
[INFO] [stderr]    Compiling bytes v1.2.1
[INFO] [stderr]    Compiling generic-array v0.14.6
[INFO] [stderr]    Compiling futures-core v0.3.24
[INFO] [stderr]    Compiling log v0.4.17
[INFO] [stderr]    Compiling lock_api v0.4.9
[INFO] [stderr]    Compiling smallvec v1.10.0
[INFO] [stderr]    Compiling parking_lot_core v0.9.3
[INFO] [stderr]    Compiling scopeguard v1.1.0
[INFO] [stderr]    Compiling subtle v2.4.1
[INFO] [stderr]    Compiling socket2 v0.4.7
[INFO] [stderr]    Compiling num_cpus v1.13.1
[INFO] [stderr]    Compiling cc v1.0.73
[INFO] [stderr]    Compiling parking_lot v0.12.1
[INFO] [stderr]    Compiling futures-task v0.3.24
[INFO] [stderr]    Compiling untrusted v0.7.1
[INFO] [stderr]    Compiling itoa v1.0.4
[INFO] [stderr]    Compiling spin v0.5.2
[INFO] [stderr]    Compiling tokio v1.21.2
[INFO] [stderr]    Compiling futures-util v0.3.24
[INFO] [stderr]    Compiling mio v0.8.4
[INFO] [stderr]    Compiling signal-hook-registry v1.4.0
[INFO] [stderr]    Compiling pin-utils v0.1.0
[INFO] [stderr]    Compiling tinyvec_macros v0.1.0
[INFO] [stderr]    Compiling tinyvec v1.6.0
[INFO] [stderr]    Compiling futures-sink v0.3.24
[INFO] [stderr]    Compiling serde_derive v1.0.145
[INFO] [stderr]    Compiling getrandom v0.2.8
[INFO] [stderr]    Compiling block-buffer v0.10.3
[INFO] [stderr]    Compiling serde v1.0.145
[INFO] [stderr]    Compiling ring v0.16.20
[INFO] [stderr]    Compiling base64 v0.13.1
[INFO] [stderr]    Compiling unicode-bidi v0.3.8
[INFO] [stderr]    Compiling percent-encoding v2.2.0
[INFO] [stderr]    Compiling crypto-common v0.1.6
[INFO] [stderr]    Compiling form_urlencoded v1.1.0
[INFO] [stderr]    Compiling tracing-core v0.1.30
[INFO] [stderr]    Compiling digest v0.10.5
[INFO] [stderr]    Compiling ahash v0.7.6
[INFO] [stderr]    Compiling unicode-normalization v0.1.22
[INFO] [stderr]    Compiling cpufeatures v0.2.5
[INFO] [stderr]    Compiling serde_json v1.0.86
[INFO] [stderr]    Compiling ryu v1.0.11
[INFO] [stderr]    Compiling num-traits v0.2.15
[INFO] [stderr]    Compiling indexmap v1.9.1
[INFO] [stderr]    Compiling idna v0.3.0
[INFO] [stderr]    Compiling crossbeam-utils v0.8.12
[INFO] [stderr]    Compiling http v0.2.8
[INFO] [stderr]    Compiling rand_core v0.6.4
[INFO] [stderr]    Compiling thiserror v1.0.37
[INFO] [stderr]    Compiling crossbeam-queue v0.3.6
[INFO] [stderr]    Compiling either v1.8.0
[INFO] [stderr]    Compiling futures-channel v0.3.24
[INFO] [stderr]    Compiling ppv-lite86 v0.2.16
[INFO] [stderr]    Compiling regex-syntax v0.6.27
[INFO] [stderr]    Compiling minimal-lexical v0.2.1
[INFO] [stderr]    Compiling rand_chacha v0.3.1
[INFO] [stderr]    Compiling nom v7.1.1
[INFO] [stderr]    Compiling itertools v0.10.5
[INFO] [stderr]    Compiling hashbrown v0.11.2
[INFO] [stderr]    Compiling webpki v0.21.4
[INFO] [stderr]    Compiling sct v0.6.1
[INFO] [stderr]    Compiling rustls v0.19.1
[INFO] [stderr]    Compiling dirs-sys v0.3.7
[INFO] [stderr]    Compiling proc-macro-error-attr v1.0.4
[INFO] [stderr]    Compiling slab v0.4.7
[INFO] [stderr]    Compiling crc-catalog v1.1.1
[INFO] [stderr]    Compiling unicode_categories v0.1.1
[INFO] [stderr]    Compiling crc v2.1.0
[INFO] [stderr]    Compiling sqlformat v0.1.8
[INFO] [stderr]    Compiling dirs v4.0.0
[INFO] [stderr]    Compiling atoi v0.4.0
[INFO] [stderr]    Compiling webpki-roots v0.21.1
[INFO] [stderr]    Compiling hashlink v0.7.0
[INFO] [stderr]    Compiling rand v0.8.5
[INFO] [stderr]    Compiling http-body v0.4.5
[INFO] [stderr]    Compiling stringprep v0.1.2
[INFO] [stderr]    Compiling hmac v0.12.1
[INFO] [stderr]    Compiling futures-intrusive v0.4.1
[INFO] [stderr]    Compiling aho-corasick v0.7.19
[INFO] [stderr]    Compiling tokio-macros v1.8.0
[INFO] [stderr]    Compiling tracing-attributes v0.1.23
[INFO] [stderr]    Compiling thiserror-impl v1.0.37
[INFO] [stderr]    Compiling tokio-rustls v0.22.0
[INFO] [stderr]    Compiling pin-project-internal v1.0.12
[INFO] [stderr]    Compiling tracing v0.1.37
[INFO] [stderr]    Compiling proc-macro-error v1.0.4
[INFO] [stderr]    Compiling tower-service v0.3.2
[INFO] [stderr]    Compiling event-listener v2.5.3
[INFO] [stderr]    Compiling paste v1.0.9
[INFO] [stderr]    Compiling async-trait v0.1.57
[INFO] [stderr]    Compiling whoami v1.2.3
[INFO] [stderr]    Compiling byteorder v1.4.3
[INFO] [stderr]    Compiling httparse v1.8.0
[INFO] [stderr]    Compiling bitflags v1.3.2
[INFO] [stderr]    Compiling sqlx-rt v0.5.13
[INFO] [stderr]    Compiling regex v1.6.0
[INFO] [stderr]    Compiling hkdf v0.12.3
[INFO] [stderr]    Compiling pin-project v1.0.12
[INFO] [stderr]    Compiling tokio-stream v0.1.11
[INFO] [stderr]    Compiling url v2.3.1
[INFO] [stderr]    Compiling sha2 v0.10.6
[INFO] [stderr]    Compiling sha-1 v0.10.0
[INFO] [stderr]    Compiling md-5 v0.10.5
[INFO] [stderr]    Compiling unicode-segmentation v1.10.0
[INFO] [stderr]    Compiling try-lock v0.2.3
[INFO] [stderr]    Compiling tower-layer v0.3.2
[INFO] [stderr]    Compiling want v0.3.0
[INFO] [stderr]    Compiling heck v0.4.0
[INFO] [stderr]    Compiling tokio-util v0.7.4
[INFO] [stderr]    Compiling h2 v0.3.14
[INFO] [stderr]    Compiling tower v0.4.13
[INFO] [stderr]    Compiling regex-automata v0.1.10
[INFO] [stderr]    Compiling validator_types v0.14.0
[INFO] [stderr]    Compiling if_chain v1.0.2
[INFO] [stderr]    Compiling overload v0.1.1
[INFO] [stderr]    Compiling httpdate v1.0.2
[INFO] [stderr]    Compiling anyhow v1.0.65
[INFO] [stderr]    Compiling matches v0.1.9
[INFO] [stderr]    Compiling mime v0.3.16
[INFO] [stderr]    Compiling http-range-header v0.3.0
[INFO] [stderr]    Compiling dotenv v0.15.0
[INFO] [stderr]    Compiling tower-http v0.2.5
[INFO] [stderr]    Compiling matchers v0.1.0
[INFO] [stderr]    Compiling serde_urlencoded v0.7.1
[INFO] [stderr]    Compiling axum-core v0.1.2
[INFO] [stderr]    Compiling idna v0.2.3
[INFO] [stderr]    Compiling validator_derive v0.14.0
[INFO] [stderr]    Compiling sqlx-core v0.5.13
[INFO] [stderr]    Compiling nu-ansi-term v0.46.0
[INFO] [stderr]    Compiling tracing-log v0.1.3
[INFO] [stderr]    Compiling sharded-slab v0.1.4
[INFO] [stderr]    Compiling thread_local v1.1.4
[INFO] [stderr]    Compiling matchit v0.4.6
[INFO] [stderr]    Compiling sync_wrapper v0.1.1
[INFO] [stderr]    Compiling tracing-subscriber v0.3.16
[INFO] [stderr]    Compiling validator v0.14.0
[INFO] [stderr]    Compiling hyper v0.14.20
[INFO] [stderr]    Compiling sqlx-macros v0.5.13
[INFO] [stderr]    Compiling axum v0.4.8
[INFO] [stderr]    Compiling sqlx v0.5.13
[INFO] [stderr]    Compiling rust-todo-app v0.1.0 (/opt/rustwide/workdir)
[INFO] [stderr]     Finished `dev` profile [unoptimized + debuginfo] target(s) in 2m 48s
[INFO] running `Command { std: "docker" "inspect" "bb0da0ca0b411dfd7d2564b88d9b911d172ebf1c35c1a5e3de416d46ab7485e2", kill_on_drop: false }`
[INFO] running `Command { std: "docker" "rm" "-f" "bb0da0ca0b411dfd7d2564b88d9b911d172ebf1c35c1a5e3de416d46ab7485e2", kill_on_drop: false }`
[INFO] [stdout] bb0da0ca0b411dfd7d2564b88d9b911d172ebf1c35c1a5e3de416d46ab7485e2
[INFO] running `Command { std: "docker" "create" "-v" "/var/lib/crater-agent-workspace/builds/worker-2-tc1/target:/opt/rustwide/target:rw,Z" "-v" "/var/lib/crater-agent-workspace/builds/worker-2-tc1/source:/opt/rustwide/workdir:ro,Z" "-v" "/var/lib/crater-agent-workspace/cargo-home:/opt/rustwide/cargo-home:ro,Z" "-v" "/var/lib/crater-agent-workspace/rustup-home:/opt/rustwide/rustup-home:ro,Z" "-e" "SOURCE_DIR=/opt/rustwide/workdir" "-e" "CARGO_TARGET_DIR=/opt/rustwide/target" "-e" "CARGO_INCREMENTAL=0" "-e" "RUST_BACKTRACE=full" "-e" "RUSTFLAGS=--cap-lints=warn" "-e" "RUSTDOCFLAGS=--cap-lints=warn" "-e" "CARGO_HOME=/opt/rustwide/cargo-home" "-e" "RUSTUP_HOME=/opt/rustwide/rustup-home" "-w" "/opt/rustwide/workdir" "-m" "1610612736" "--user" "0:0" "--network" "none" "ghcr.io/rust-lang/crates-build-env/linux@sha256:f3a9d4ad9d972b27faf3965f35b62e55ba32bbce8f20bc8fe909558a86702fde" "/opt/rustwide/cargo-home/bin/cargo" "+1.83.0" "test" "--frozen" "--no-run" "--message-format=json", kill_on_drop: false }`
[INFO] [stdout] f5416d5f98e32f064c571dbc4a57782b7c4c466a04241dd59ac98f0cbeba4bdf
[INFO] running `Command { std: "docker" "start" "-a" "f5416d5f98e32f064c571dbc4a57782b7c4c466a04241dd59ac98f0cbeba4bdf", kill_on_drop: false }`
[INFO] [stderr]    Compiling rust-todo-app v0.1.0 (/opt/rustwide/workdir)
[INFO] [stderr]     Finished `test` profile [unoptimized + debuginfo] target(s) in 9.79s
[INFO] running `Command { std: "docker" "inspect" "f5416d5f98e32f064c571dbc4a57782b7c4c466a04241dd59ac98f0cbeba4bdf", kill_on_drop: false }`
[INFO] running `Command { std: "docker" "rm" "-f" "f5416d5f98e32f064c571dbc4a57782b7c4c466a04241dd59ac98f0cbeba4bdf", kill_on_drop: false }`
[INFO] [stdout] f5416d5f98e32f064c571dbc4a57782b7c4c466a04241dd59ac98f0cbeba4bdf
[INFO] running `Command { std: "docker" "create" "-v" "/var/lib/crater-agent-workspace/builds/worker-2-tc1/target:/opt/rustwide/target:rw,Z" "-v" "/var/lib/crater-agent-workspace/builds/worker-2-tc1/source:/opt/rustwide/workdir:ro,Z" "-v" "/var/lib/crater-agent-workspace/cargo-home:/opt/rustwide/cargo-home:ro,Z" "-v" "/var/lib/crater-agent-workspace/rustup-home:/opt/rustwide/rustup-home:ro,Z" "-e" "SOURCE_DIR=/opt/rustwide/workdir" "-e" "CARGO_TARGET_DIR=/opt/rustwide/target" "-e" "CARGO_INCREMENTAL=0" "-e" "RUST_BACKTRACE=full" "-e" "RUSTFLAGS=--cap-lints=warn" "-e" "RUSTDOCFLAGS=--cap-lints=warn" "-e" "CARGO_HOME=/opt/rustwide/cargo-home" "-e" "RUSTUP_HOME=/opt/rustwide/rustup-home" "-w" "/opt/rustwide/workdir" "-m" "1610612736" "--user" "0:0" "--network" "none" "ghcr.io/rust-lang/crates-build-env/linux@sha256:f3a9d4ad9d972b27faf3965f35b62e55ba32bbce8f20bc8fe909558a86702fde" "/opt/rustwide/cargo-home/bin/cargo" "+1.83.0" "test" "--frozen", kill_on_drop: false }`
[INFO] [stdout] a34d044da610428c224a3491179832551e3fbbd579397e903c7371955e312945
[INFO] running `Command { std: "docker" "start" "-a" "a34d044da610428c224a3491179832551e3fbbd579397e903c7371955e312945", kill_on_drop: false }`
[INFO] [stderr]     Finished `test` profile [unoptimized + debuginfo] target(s) in 0.19s
[INFO] [stderr]      Running unittests src/main.rs (/opt/rustwide/target/debug/deps/rust_todo_app-7bda6bd810e97c25)
[INFO] [stdout] 
[INFO] [stdout] running 14 tests
[INFO] [stdout] test repositories::label::test_utils::test::label_crud_scenario ... ok
[INFO] [stdout] test test::should_create_label ... ok
[INFO] [stdout] test repositories::todo::test_utils::test::todo_crud_scenario ... ok
[INFO] [stdout] test test::should_delete_label ... ok
[INFO] [stdout] test test::should_delete_todo ... ok
[INFO] [stdout] test test::should_find_todo ... ok
[INFO] [stdout] test test::should_get_all_labels ... ok
[INFO] [stdout] test repositories::todo::test::fold_entities_test ... ok
[INFO] [stdout] test test::should_create_todo ... ok
[INFO] [stdout] test test::should_get_all_todos ... ok
[INFO] [stdout] test test::should_return_hello_world ... ok
[INFO] [stdout] test test::should_update_todo ... ok
[INFO] [stdout] test repositories::label::test::crud_scenario ... FAILED
[INFO] [stdout] test repositories::todo::test::crud_scenario ... FAILED
[INFO] [stdout] 
[INFO] [stdout] failures:
[INFO] [stdout] 
[INFO] [stdout] ---- repositories::label::test::crud_scenario stdout ----
[INFO] [stdout] thread 'repositories::label::test::crud_scenario' panicked at src/repositories/label.rs:111:54:
[INFO] [stdout] undefined [DATABASE_URL]: NotPresent
[INFO] [stdout] stack backtrace:
[INFO] [stdout]    0:     0x6258f59999ba - std::backtrace_rs::backtrace::libunwind::trace::h5a5b8284f2d0c266
[INFO] [stdout]                                at /rustc/90b35a6239c3d8bdabc530a6a0816f7ff89a0aaf/library/std/src/../../backtrace/src/backtrace/libunwind.rs:116:5
[INFO] [stdout]    1:     0x6258f59999ba - std::backtrace_rs::backtrace::trace_unsynchronized::h76d4f1c9b0b875e3
[INFO] [stdout]                                at /rustc/90b35a6239c3d8bdabc530a6a0816f7ff89a0aaf/library/std/src/../../backtrace/src/backtrace/mod.rs:66:5
[INFO] [stdout]    2:     0x6258f59999ba - std::sys::backtrace::_print_fmt::hc4546b8364a537c6
[INFO] [stdout]                                at /rustc/90b35a6239c3d8bdabc530a6a0816f7ff89a0aaf/library/std/src/sys/backtrace.rs:66:9
[INFO] [stdout]    3:     0x6258f59999ba - <std::sys::backtrace::BacktraceLock::print::DisplayBacktrace as core::fmt::Display>::fmt::h5b6bd5631a6d1f6b
[INFO] [stdout]                                at /rustc/90b35a6239c3d8bdabc530a6a0816f7ff89a0aaf/library/std/src/sys/backtrace.rs:39:26
[INFO] [stdout]    4:     0x6258f59c28c3 - core::fmt::rt::Argument::fmt::h270f6602a2b96f62
[INFO] [stdout]                                at /rustc/90b35a6239c3d8bdabc530a6a0816f7ff89a0aaf/library/core/src/fmt/rt.rs:177:76
[INFO] [stdout]    5:     0x6258f59c28c3 - core::fmt::write::h7550c97b06c86515
[INFO] [stdout]                                at /rustc/90b35a6239c3d8bdabc530a6a0816f7ff89a0aaf/library/core/src/fmt/mod.rs:1186:21
[INFO] [stdout]    6:     0x6258f59960d3 - std::io::Write::write_fmt::h509ff860e5956e5e
[INFO] [stdout]                                at /rustc/90b35a6239c3d8bdabc530a6a0816f7ff89a0aaf/library/std/src/io/mod.rs:1839:15
[INFO] [stdout]    7:     0x6258f5999802 - std::sys::backtrace::BacktraceLock::print::h2395ccd2c84ba3aa
[INFO] [stdout]                                at /rustc/90b35a6239c3d8bdabc530a6a0816f7ff89a0aaf/library/std/src/sys/backtrace.rs:42:9
[INFO] [stdout]    8:     0x6258f599ae1a - std::panicking::default_hook::{{closure}}::he19d4c7230e07961
[INFO] [stdout]                                at /rustc/90b35a6239c3d8bdabc530a6a0816f7ff89a0aaf/library/std/src/panicking.rs:268:22
[INFO] [stdout]    9:     0x6258f599ac24 - std::panicking::default_hook::hf614597d3c67bbdb
[INFO] [stdout]                                at /rustc/90b35a6239c3d8bdabc530a6a0816f7ff89a0aaf/library/std/src/panicking.rs:292:9
[INFO] [stdout]   10:     0x6258f54c8799 - <alloc::boxed::Box<F,A> as core::ops::function::Fn<Args>>::call::h39b51ce4599c23d1
[INFO] [stdout]                                at /rustc/90b35a6239c3d8bdabc530a6a0816f7ff89a0aaf/library/alloc/src/boxed.rs:2468:9
[INFO] [stdout]   11:     0x6258f54c8799 - test::test_main::{{closure}}::he977ae839a582784
[INFO] [stdout]                                at /rustc/90b35a6239c3d8bdabc530a6a0816f7ff89a0aaf/library/test/src/lib.rs:133:21
[INFO] [stdout]   12:     0x6258f599b4b8 - <alloc::boxed::Box<F,A> as core::ops::function::Fn<Args>>::call::h9455091b6b06f9fb
[INFO] [stdout]                                at /rustc/90b35a6239c3d8bdabc530a6a0816f7ff89a0aaf/library/alloc/src/boxed.rs:2468:9
[INFO] [stdout]   13:     0x6258f599b4b8 - std::panicking::rust_panic_with_hook::h8942133a8b252070
[INFO] [stdout]                                at /rustc/90b35a6239c3d8bdabc530a6a0816f7ff89a0aaf/library/std/src/panicking.rs:809:13
[INFO] [stdout]   14:     0x6258f599b27a - std::panicking::begin_panic_handler::{{closure}}::hb5f5963570096b29
[INFO] [stdout]                                at /rustc/90b35a6239c3d8bdabc530a6a0816f7ff89a0aaf/library/std/src/panicking.rs:674:13
[INFO] [stdout]   15:     0x6258f5999e99 - std::sys::backtrace::__rust_end_short_backtrace::h6208cedc1922feda
[INFO] [stdout]                                at /rustc/90b35a6239c3d8bdabc530a6a0816f7ff89a0aaf/library/std/src/sys/backtrace.rs:170:18
[INFO] [stdout]   16:     0x6258f599af0c - rust_begin_unwind
[INFO] [stdout]                                at /rustc/90b35a6239c3d8bdabc530a6a0816f7ff89a0aaf/library/std/src/panicking.rs:665:5
[INFO] [stdout]   17:     0x6258f538e390 - core::panicking::panic_fmt::h0c3082644d1bf418
[INFO] [stdout]                                at /rustc/90b35a6239c3d8bdabc530a6a0816f7ff89a0aaf/library/core/src/panicking.rs:74:14
[INFO] [stdout]   18:     0x6258f538e816 - core::result::unwrap_failed::hd20b4aa073bda1e2
[INFO] [stdout]                                at /rustc/90b35a6239c3d8bdabc530a6a0816f7ff89a0aaf/library/core/src/result.rs:1700:5
[INFO] [stdout]   19:     0x6258f53f9276 - core::result::Result<T,E>::expect::hc4f875205bd33545
[INFO] [stdout]                                at /rustc/90b35a6239c3d8bdabc530a6a0816f7ff89a0aaf/library/core/src/result.rs:1061:23
[INFO] [stdout]   20:     0x6258f5403ca0 - rust_todo_app::repositories::label::test::crud_scenario::{{closure}}::hfe0e4697d3e163dd
[INFO] [stdout]                                at /opt/rustwide/workdir/src/repositories/label.rs:111:29
[INFO] [stdout]   21:     0x6258f53f2aad - <core::pin::Pin<P> as core::future::future::Future>::poll::h20602a823157a58b
[INFO] [stdout]                                at /rustc/90b35a6239c3d8bdabc530a6a0816f7ff89a0aaf/library/core/src/future/future.rs:123:9
[INFO] [stdout]   22:     0x6258f53c037f - tokio::runtime::scheduler::current_thread::CoreGuard::block_on::{{closure}}::{{closure}}::{{closure}}::h7cccba1607f6ccfe
[INFO] [stdout]                                at /opt/rustwide/cargo-home/registry/src/index.crates.io-6f17d22bba15001f/tokio-1.21.2/src/runtime/scheduler/current_thread.rs:525:48
[INFO] [stdout]   23:     0x6258f5485b33 - tokio::coop::with_budget::{{closure}}::h51e34ac43d3cf5a2
[INFO] [stdout]                                at /opt/rustwide/cargo-home/registry/src/index.crates.io-6f17d22bba15001f/tokio-1.21.2/src/coop.rs:102:9
[INFO] [stdout]   24:     0x6258f53c277a - std::thread::local::LocalKey<T>::try_with::h324f919912a77f83
[INFO] [stdout]                                at /rustc/90b35a6239c3d8bdabc530a6a0816f7ff89a0aaf/library/std/src/thread/local.rs:283:12
[INFO] [stdout]   25:     0x6258f53c0dda - std::thread::local::LocalKey<T>::with::h22e906a9b338c20d
[INFO] [stdout]                                at /rustc/90b35a6239c3d8bdabc530a6a0816f7ff89a0aaf/library/std/src/thread/local.rs:260:9
[INFO] [stdout]   26:     0x6258f53bff29 - tokio::coop::with_budget::haf216311578af37f
[INFO] [stdout]                                at /opt/rustwide/cargo-home/registry/src/index.crates.io-6f17d22bba15001f/tokio-1.21.2/src/coop.rs:95:5
[INFO] [stdout]   27:     0x6258f53bff29 - tokio::coop::budget::h37075aa87f95d0db
[INFO] [stdout]                                at /opt/rustwide/cargo-home/registry/src/index.crates.io-6f17d22bba15001f/tokio-1.21.2/src/coop.rs:72:5
[INFO] [stdout]   28:     0x6258f53bff29 - tokio::runtime::scheduler::current_thread::CoreGuard::block_on::{{closure}}::{{closure}}::hbc8ab2e7ad8aa2ff
[INFO] [stdout]                                at /opt/rustwide/cargo-home/registry/src/index.crates.io-6f17d22bba15001f/tokio-1.21.2/src/runtime/scheduler/current_thread.rs:525:25
[INFO] [stdout]   29:     0x6258f53b1fe0 - tokio::runtime::scheduler::current_thread::Context::enter::hd2f96697b4ecee4d
[INFO] [stdout]                                at /opt/rustwide/cargo-home/registry/src/index.crates.io-6f17d22bba15001f/tokio-1.21.2/src/runtime/scheduler/current_thread.rs:349:19
[INFO] [stdout]   30:     0x6258f53bd3ff - tokio::runtime::scheduler::current_thread::CoreGuard::block_on::{{closure}}::hb491f929896b4928
[INFO] [stdout]                                at /opt/rustwide/cargo-home/registry/src/index.crates.io-6f17d22bba15001f/tokio-1.21.2/src/runtime/scheduler/current_thread.rs:524:36
[INFO] [stdout]   31:     0x6258f53b8384 - tokio::runtime::scheduler::current_thread::CoreGuard::enter::{{closure}}::h22fe6c0f51a1d517
[INFO] [stdout]                                at /opt/rustwide/cargo-home/registry/src/index.crates.io-6f17d22bba15001f/tokio-1.21.2/src/runtime/scheduler/current_thread.rs:595:57
[INFO] [stdout]   32:     0x6258f53c7133 - tokio::macros::scoped_tls::ScopedKey<T>::set::ha223dd8a171d4d6d
[INFO] [stdout]                                at /opt/rustwide/cargo-home/registry/src/index.crates.io-6f17d22bba15001f/tokio-1.21.2/src/macros/scoped_tls.rs:61:9
[INFO] [stdout]   33:     0x6258f53b596f - tokio::runtime::scheduler::current_thread::CoreGuard::enter::h0e72c730c3b90e95
[INFO] [stdout]                                at /opt/rustwide/cargo-home/registry/src/index.crates.io-6f17d22bba15001f/tokio-1.21.2/src/runtime/scheduler/current_thread.rs:595:27
[INFO] [stdout]   34:     0x6258f53b8512 - tokio::runtime::scheduler::current_thread::CoreGuard::block_on::h3b2b1b36e0d53f3b
[INFO] [stdout]                                at /opt/rustwide/cargo-home/registry/src/index.crates.io-6f17d22bba15001f/tokio-1.21.2/src/runtime/scheduler/current_thread.rs:515:19
[INFO] [stdout]   35:     0x6258f53ad66c - tokio::runtime::scheduler::current_thread::CurrentThread::block_on::he091499a32017a52
[INFO] [stdout]                                at /opt/rustwide/cargo-home/registry/src/index.crates.io-6f17d22bba15001f/tokio-1.21.2/src/runtime/scheduler/current_thread.rs:161:24
[INFO] [stdout]   36:     0x6258f53ef707 - tokio::runtime::Runtime::block_on::h8b9cb04254b9fbbd
[INFO] [stdout]                                at /opt/rustwide/cargo-home/registry/src/index.crates.io-6f17d22bba15001f/tokio-1.21.2/src/runtime/mod.rs:490:46
[INFO] [stdout]   37:     0x6258f5403a5d - rust_todo_app::repositories::label::test::crud_scenario::h000a80b3f243e001
[INFO] [stdout]                                at /opt/rustwide/workdir/src/repositories/label.rs:132:9
[INFO] [stdout]   38:     0x6258f5403907 - rust_todo_app::repositories::label::test::crud_scenario::{{closure}}::h26f0d65762e82843
[INFO] [stdout]                                at /opt/rustwide/workdir/src/repositories/label.rs:107:29
[INFO] [stdout]   39:     0x6258f538f866 - core::ops::function::FnOnce::call_once::h48f01594a6bc746e
[INFO] [stdout]                                at /rustc/90b35a6239c3d8bdabc530a6a0816f7ff89a0aaf/library/core/src/ops/function.rs:250:5
[INFO] [stdout]   40:     0x6258f54cd15b - core::ops::function::FnOnce::call_once::h109cf8051a59b34e
[INFO] [stdout]                                at /rustc/90b35a6239c3d8bdabc530a6a0816f7ff89a0aaf/library/core/src/ops/function.rs:250:5
[INFO] [stdout]   41:     0x6258f54cd15b - test::__rust_begin_short_backtrace::hf4fff89d377446ba
[INFO] [stdout]                                at /rustc/90b35a6239c3d8bdabc530a6a0816f7ff89a0aaf/library/test/src/lib.rs:621:18
[INFO] [stdout]   42:     0x6258f54cc997 - test::run_test_in_process::{{closure}}::h0e39181dd7ee5a43
[INFO] [stdout]                                at /rustc/90b35a6239c3d8bdabc530a6a0816f7ff89a0aaf/library/test/src/lib.rs:644:60
[INFO] [stdout]   43:     0x6258f54cc997 - <core::panic::unwind_safe::AssertUnwindSafe<F> as core::ops::function::FnOnce<()>>::call_once::hc5a66a30f0bdfd1f
[INFO] [stdout]                                at /rustc/90b35a6239c3d8bdabc530a6a0816f7ff89a0aaf/library/core/src/panic/unwind_safe.rs:272:9
[INFO] [stdout]   44:     0x6258f54cc997 - std::panicking::try::do_call::h873b7cf639554a5e
[INFO] [stdout]                                at /rustc/90b35a6239c3d8bdabc530a6a0816f7ff89a0aaf/library/std/src/panicking.rs:557:40
[INFO] [stdout]   45:     0x6258f54cc997 - std::panicking::try::hdb19862fad9c8bd1
[INFO] [stdout]                                at /rustc/90b35a6239c3d8bdabc530a6a0816f7ff89a0aaf/library/std/src/panicking.rs:520:19
[INFO] [stdout]   46:     0x6258f54cc997 - std::panic::catch_unwind::h281fe732d236d260
[INFO] [stdout]                                at /rustc/90b35a6239c3d8bdabc530a6a0816f7ff89a0aaf/library/std/src/panic.rs:358:14
[INFO] [stdout]   47:     0x6258f54cc997 - test::run_test_in_process::h949b6df8457ed338
[INFO] [stdout]                                at /rustc/90b35a6239c3d8bdabc530a6a0816f7ff89a0aaf/library/test/src/lib.rs:644:27
[INFO] [stdout]   48:     0x6258f54cc997 - test::run_test::{{closure}}::h52c556a6d4740e10
[INFO] [stdout]                                at /rustc/90b35a6239c3d8bdabc530a6a0816f7ff89a0aaf/library/test/src/lib.rs:565:43
[INFO] [stdout]   49:     0x6258f5491c74 - test::run_test::{{closure}}::h4237f6381c45ccb9
[INFO] [stdout]                                at /rustc/90b35a6239c3d8bdabc530a6a0816f7ff89a0aaf/library/test/src/lib.rs:595:41
[INFO] [stdout]   50:     0x6258f5491c74 - std::sys::backtrace::__rust_begin_short_backtrace::h505c97a579eca628
[INFO] [stdout]                                at /rustc/90b35a6239c3d8bdabc530a6a0816f7ff89a0aaf/library/std/src/sys/backtrace.rs:154:18
[INFO] [stdout]   51:     0x6258f549533e - std::thread::Builder::spawn_unchecked_::{{closure}}::{{closure}}::h9e86b2e2bc107ea3
[INFO] [stdout]                                at /rustc/90b35a6239c3d8bdabc530a6a0816f7ff89a0aaf/library/std/src/thread/mod.rs:538:17
[INFO] [stdout]   52:     0x6258f549533e - <core::panic::unwind_safe::AssertUnwindSafe<F> as core::ops::function::FnOnce<()>>::call_once::h8b06ddb275ff4a25
[INFO] [stdout]                                at /rustc/90b35a6239c3d8bdabc530a6a0816f7ff89a0aaf/library/core/src/panic/unwind_safe.rs:272:9
[INFO] [stdout]   53:     0x6258f549533e - std::panicking::try::do_call::hb26ecd7cd9a9355d
[INFO] [stdout]                                at /rustc/90b35a6239c3d8bdabc530a6a0816f7ff89a0aaf/library/std/src/panicking.rs:557:40
[INFO] [stdout]   54:     0x6258f549533e - std::panicking::try::h8ddeca9d705f9069
[INFO] [stdout]                                at /rustc/90b35a6239c3d8bdabc530a6a0816f7ff89a0aaf/library/std/src/panicking.rs:520:19
[INFO] [stdout]   55:     0x6258f549533e - std::panic::catch_unwind::h49e1c33078844c46
[INFO] [stdout]                                at /rustc/90b35a6239c3d8bdabc530a6a0816f7ff89a0aaf/library/std/src/panic.rs:358:14
[INFO] [stdout]   56:     0x6258f549533e - std::thread::Builder::spawn_unchecked_::{{closure}}::h6073db6ff56ad35d
[INFO] [stdout]                                at /rustc/90b35a6239c3d8bdabc530a6a0816f7ff89a0aaf/library/std/src/thread/mod.rs:537:30
[INFO] [stdout]   57:     0x6258f549533e - core::ops::function::FnOnce::call_once{{vtable.shim}}::h2c5a5f3779c774f1
[INFO] [stdout]                                at /rustc/90b35a6239c3d8bdabc530a6a0816f7ff89a0aaf/library/core/src/ops/function.rs:250:5
[INFO] [stdout]   58:     0x6258f599f7fb - <alloc::boxed::Box<F,A> as core::ops::function::FnOnce<Args>>::call_once::hf75717d9f28faebf
[INFO] [stdout]                                at /rustc/90b35a6239c3d8bdabc530a6a0816f7ff89a0aaf/library/alloc/src/boxed.rs:2454:9
[INFO] [stdout]   59:     0x6258f599f7fb - <alloc::boxed::Box<F,A> as core::ops::function::FnOnce<Args>>::call_once::h7bd883a5f3c5f3c1
[INFO] [stdout]                                at /rustc/90b35a6239c3d8bdabc530a6a0816f7ff89a0aaf/library/alloc/src/boxed.rs:2454:9
[INFO] [stdout]   60:     0x6258f599f7fb - std::sys::pal::unix::thread::Thread::new::thread_start::hcc78f3943333fa94
[INFO] [stdout]                                at /rustc/90b35a6239c3d8bdabc530a6a0816f7ff89a0aaf/library/std/src/sys/pal/unix/thread.rs:105:17
[INFO] [stdout]   61:     0x77f4ae55fac3 - <unknown>
[INFO] [stdout]   62:     0x77f4ae5f0a04 - clone
[INFO] [stdout]   63:                0x0 - <unknown>
[INFO] [stdout] 
[INFO] [stdout] ---- repositories::todo::test::crud_scenario stdout ----
[INFO] [stdout] thread 'repositories::todo::test::crud_scenario' panicked at src/repositories/todo.rs:283:54:
[INFO] [stdout] undefined [DATABASE_URL]: NotPresent
[INFO] [stdout] stack backtrace:
[INFO] [stdout]    0:     0x6258f59999ba - std::backtrace_rs::backtrace::libunwind::trace::h5a5b8284f2d0c266
[INFO] [stdout]                                at /rustc/90b35a6239c3d8bdabc530a6a0816f7ff89a0aaf/library/std/src/../../backtrace/src/backtrace/libunwind.rs:116:5
[INFO] [stdout]    1:     0x6258f59999ba - std::backtrace_rs::backtrace::trace_unsynchronized::h76d4f1c9b0b875e3
[INFO] [stdout]                                at /rustc/90b35a6239c3d8bdabc530a6a0816f7ff89a0aaf/library/std/src/../../backtrace/src/backtrace/mod.rs:66:5
[INFO] [stdout]    2:     0x6258f59999ba - std::sys::backtrace::_print_fmt::hc4546b8364a537c6
[INFO] [stdout]                                at /rustc/90b35a6239c3d8bdabc530a6a0816f7ff89a0aaf/library/std/src/sys/backtrace.rs:66:9
[INFO] [stdout]    3:     0x6258f59999ba - <std::sys::backtrace::BacktraceLock::print::DisplayBacktrace as core::fmt::Display>::fmt::h5b6bd5631a6d1f6b
[INFO] [stdout]                                at /rustc/90b35a6239c3d8bdabc530a6a0816f7ff89a0aaf/library/std/src/sys/backtrace.rs:39:26
[INFO] [stdout]    4:     0x6258f59c28c3 - core::fmt::rt::Argument::fmt::h270f6602a2b96f62
[INFO] [stdout]                                at /rustc/90b35a6239c3d8bdabc530a6a0816f7ff89a0aaf/library/core/src/fmt/rt.rs:177:76
[INFO] [stdout]    5:     0x6258f59c28c3 - core::fmt::write::h7550c97b06c86515
[INFO] [stdout]                                at /rustc/90b35a6239c3d8bdabc530a6a0816f7ff89a0aaf/library/core/src/fmt/mod.rs:1186:21
[INFO] [stdout]    6:     0x6258f59960d3 - std::io::Write::write_fmt::h509ff860e5956e5e
[INFO] [stdout]                                at /rustc/90b35a6239c3d8bdabc530a6a0816f7ff89a0aaf/library/std/src/io/mod.rs:1839:15
[INFO] [stdout]    7:     0x6258f5999802 - std::sys::backtrace::BacktraceLock::print::h2395ccd2c84ba3aa
[INFO] [stdout]                                at /rustc/90b35a6239c3d8bdabc530a6a0816f7ff89a0aaf/library/std/src/sys/backtrace.rs:42:9
[INFO] [stdout]    8:     0x6258f599ae1a - std::panicking::default_hook::{{closure}}::he19d4c7230e07961
[INFO] [stdout]                                at /rustc/90b35a6239c3d8bdabc530a6a0816f7ff89a0aaf/library/std/src/panicking.rs:268:22
[INFO] [stdout]    9:     0x6258f599ac24 - std::panicking::default_hook::hf614597d3c67bbdb
[INFO] [stdout]                                at /rustc/90b35a6239c3d8bdabc530a6a0816f7ff89a0aaf/library/std/src/panicking.rs:292:9
[INFO] [stdout]   10:     0x6258f54c8799 - <alloc::boxed::Box<F,A> as core::ops::function::Fn<Args>>::call::h39b51ce4599c23d1
[INFO] [stdout]                                at /rustc/90b35a6239c3d8bdabc530a6a0816f7ff89a0aaf/library/alloc/src/boxed.rs:2468:9
[INFO] [stdout]   11:     0x6258f54c8799 - test::test_main::{{closure}}::he977ae839a582784
[INFO] [stdout]                                at /rustc/90b35a6239c3d8bdabc530a6a0816f7ff89a0aaf/library/test/src/lib.rs:133:21
[INFO] [stdout]   12:     0x6258f599b4b8 - <alloc::boxed::Box<F,A> as core::ops::function::Fn<Args>>::call::h9455091b6b06f9fb
[INFO] [stdout]                                at /rustc/90b35a6239c3d8bdabc530a6a0816f7ff89a0aaf/library/alloc/src/boxed.rs:2468:9
[INFO] [stdout]   13:     0x6258f599b4b8 - std::panicking::rust_panic_with_hook::h8942133a8b252070
[INFO] [stdout]                                at /rustc/90b35a6239c3d8bdabc530a6a0816f7ff89a0aaf/library/std/src/panicking.rs:809:13
[INFO] [stdout]   14:     0x6258f599b27a - std::panicking::begin_panic_handler::{{closure}}::hb5f5963570096b29
[INFO] [stdout]                                at /rustc/90b35a6239c3d8bdabc530a6a0816f7ff89a0aaf/library/std/src/panicking.rs:674:13
[INFO] [stdout]   15:     0x6258f5999e99 - std::sys::backtrace::__rust_end_short_backtrace::h6208cedc1922feda
[INFO] [stdout]                                at /rustc/90b35a6239c3d8bdabc530a6a0816f7ff89a0aaf/library/std/src/sys/backtrace.rs:170:18
[INFO] [stdout]   16:     0x6258f599af0c - rust_begin_unwind
[INFO] [stdout]                                at /rustc/90b35a6239c3d8bdabc530a6a0816f7ff89a0aaf/library/std/src/panicking.rs:665:5
[INFO] [stdout]   17:     0x6258f538e390 - core::panicking::panic_fmt::h0c3082644d1bf418
[INFO] [stdout]                                at /rustc/90b35a6239c3d8bdabc530a6a0816f7ff89a0aaf/library/core/src/panicking.rs:74:14
[INFO] [stdout]   18:     0x6258f538e816 - core::result::unwrap_failed::hd20b4aa073bda1e2
[INFO] [stdout]                                at /rustc/90b35a6239c3d8bdabc530a6a0816f7ff89a0aaf/library/core/src/result.rs:1700:5
[INFO] [stdout]   19:     0x6258f53f9276 - core::result::Result<T,E>::expect::hc4f875205bd33545
[INFO] [stdout]                                at /rustc/90b35a6239c3d8bdabc530a6a0816f7ff89a0aaf/library/core/src/result.rs:1061:23
[INFO] [stdout]   20:     0x6258f5404d2a - rust_todo_app::repositories::todo::test::crud_scenario::{{closure}}::h44ae13c19cf7ca7b
[INFO] [stdout]                                at /opt/rustwide/workdir/src/repositories/todo.rs:283:29
[INFO] [stdout]   21:     0x6258f53f314d - <core::pin::Pin<P> as core::future::future::Future>::poll::hddfd8c88497fecbb
[INFO] [stdout]                                at /rustc/90b35a6239c3d8bdabc530a6a0816f7ff89a0aaf/library/core/src/future/future.rs:123:9
[INFO] [stdout]   22:     0x6258f53c02ff - tokio::runtime::scheduler::current_thread::CoreGuard::block_on::{{closure}}::{{closure}}::{{closure}}::h65d22d37385e3b32
[INFO] [stdout]                                at /opt/rustwide/cargo-home/registry/src/index.crates.io-6f17d22bba15001f/tokio-1.21.2/src/runtime/scheduler/current_thread.rs:525:48
[INFO] [stdout]   23:     0x6258f5487a13 - tokio::coop::with_budget::{{closure}}::hd67c24663d5269b1
[INFO] [stdout]                                at /opt/rustwide/cargo-home/registry/src/index.crates.io-6f17d22bba15001f/tokio-1.21.2/src/coop.rs:102:9
[INFO] [stdout]   24:     0x6258f53c4a1a - std::thread::local::LocalKey<T>::try_with::hacd4d799991d1a85
[INFO] [stdout]                                at /rustc/90b35a6239c3d8bdabc530a6a0816f7ff89a0aaf/library/std/src/thread/local.rs:283:12
[INFO] [stdout]   25:     0x6258f53c104a - std::thread::local::LocalKey<T>::with::h543493d3d2496520
[INFO] [stdout]                                at /rustc/90b35a6239c3d8bdabc530a6a0816f7ff89a0aaf/library/std/src/thread/local.rs:260:9
[INFO] [stdout]   26:     0x6258f53c00e9 - tokio::coop::with_budget::h683db4b97b6f424d
[INFO] [stdout]                                at /opt/rustwide/cargo-home/registry/src/index.crates.io-6f17d22bba15001f/tokio-1.21.2/src/coop.rs:95:5
[INFO] [stdout]   27:     0x6258f53c00e9 - tokio::coop::budget::h6670daf3d67f262a
[INFO] [stdout]                                at /opt/rustwide/cargo-home/registry/src/index.crates.io-6f17d22bba15001f/tokio-1.21.2/src/coop.rs:72:5
[INFO] [stdout]   28:     0x6258f53c00e9 - tokio::runtime::scheduler::current_thread::CoreGuard::block_on::{{closure}}::{{closure}}::hc372a9a257fa85d8
[INFO] [stdout]                                at /opt/rustwide/cargo-home/registry/src/index.crates.io-6f17d22bba15001f/tokio-1.21.2/src/runtime/scheduler/current_thread.rs:525:25
[INFO] [stdout]   29:     0x6258f53b2f50 - tokio::runtime::scheduler::current_thread::Context::enter::hefa78e32bc8e7d35
[INFO] [stdout]                                at /opt/rustwide/cargo-home/registry/src/index.crates.io-6f17d22bba15001f/tokio-1.21.2/src/runtime/scheduler/current_thread.rs:349:19
[INFO] [stdout]   30:     0x6258f53bec5f - tokio::runtime::scheduler::current_thread::CoreGuard::block_on::{{closure}}::hdc110dd06110b4c0
[INFO] [stdout]                                at /opt/rustwide/cargo-home/registry/src/index.crates.io-6f17d22bba15001f/tokio-1.21.2/src/runtime/scheduler/current_thread.rs:524:36
[INFO] [stdout]   31:     0x6258f53b83e4 - tokio::runtime::scheduler::current_thread::CoreGuard::enter::{{closure}}::h79ac934c1a042124
[INFO] [stdout]                                at /opt/rustwide/cargo-home/registry/src/index.crates.io-6f17d22bba15001f/tokio-1.21.2/src/runtime/scheduler/current_thread.rs:595:57
[INFO] [stdout]   32:     0x6258f53c75f3 - tokio::macros::scoped_tls::ScopedKey<T>::set::he1c45a769b0b2dac
[INFO] [stdout]                                at /opt/rustwide/cargo-home/registry/src/index.crates.io-6f17d22bba15001f/tokio-1.21.2/src/macros/scoped_tls.rs:61:9
[INFO] [stdout]   33:     0x6258f53b7cdf - tokio::runtime::scheduler::current_thread::CoreGuard::enter::hde1c93c3f129e307
[INFO] [stdout]                                at /opt/rustwide/cargo-home/registry/src/index.crates.io-6f17d22bba15001f/tokio-1.21.2/src/runtime/scheduler/current_thread.rs:595:27
[INFO] [stdout]   34:     0x6258f53b86f2 - tokio::runtime::scheduler::current_thread::CoreGuard::block_on::hbb8b242101dcd144
[INFO] [stdout]                                at /opt/rustwide/cargo-home/registry/src/index.crates.io-6f17d22bba15001f/tokio-1.21.2/src/runtime/scheduler/current_thread.rs:515:19
[INFO] [stdout]   35:     0x6258f53ace3b - tokio::runtime::scheduler::current_thread::CurrentThread::block_on::hd0648b0a737d6183
[INFO] [stdout]                                at /opt/rustwide/cargo-home/registry/src/index.crates.io-6f17d22bba15001f/tokio-1.21.2/src/runtime/scheduler/current_thread.rs:161:24
[INFO] [stdout]   36:     0x6258f53efc07 - tokio::runtime::Runtime::block_on::hafe71314325b5f8d
[INFO] [stdout]                                at /opt/rustwide/cargo-home/registry/src/index.crates.io-6f17d22bba15001f/tokio-1.21.2/src/runtime/mod.rs:490:46
[INFO] [stdout]   37:     0x6258f5404a1d - rust_todo_app::repositories::todo::test::crud_scenario::hefefafbe77e4fb30
[INFO] [stdout]                                at /opt/rustwide/workdir/src/repositories/todo.rs:389:9
[INFO] [stdout]   38:     0x6258f54048c7 - rust_todo_app::repositories::todo::test::crud_scenario::{{closure}}::hf7005d46a605b315
[INFO] [stdout]                                at /opt/rustwide/workdir/src/repositories/todo.rs:281:29
[INFO] [stdout]   39:     0x6258f53908a6 - core::ops::function::FnOnce::call_once::hfff4654ae30efe3d
[INFO] [stdout]                                at /rustc/90b35a6239c3d8bdabc530a6a0816f7ff89a0aaf/library/core/src/ops/function.rs:250:5
[INFO] [stdout]   40:     0x6258f54cd15b - core::ops::function::FnOnce::call_once::h109cf8051a59b34e
[INFO] [stdout]                                at /rustc/90b35a6239c3d8bdabc530a6a0816f7ff89a0aaf/library/core/src/ops/function.rs:250:5
[INFO] [stdout]   41:     0x6258f54cd15b - test::__rust_begin_short_backtrace::hf4fff89d377446ba
[INFO] [stdout]                                at /rustc/90b35a6239c3d8bdabc530a6a0816f7ff89a0aaf/library/test/src/lib.rs:621:18
[INFO] [stdout]   42:     0x6258f54cc997 - test::run_test_in_process::{{closure}}::h0e39181dd7ee5a43
[INFO] [stdout]                                at /rustc/90b35a6239c3d8bdabc530a6a0816f7ff89a0aaf/library/test/src/lib.rs:644:60
[INFO] [stdout]   43:     0x6258f54cc997 - <core::panic::unwind_safe::AssertUnwindSafe<F> as core::ops::function::FnOnce<()>>::call_once::hc5a66a30f0bdfd1f
[INFO] [stdout]                                at /rustc/90b35a6239c3d8bdabc530a6a0816f7ff89a0aaf/library/core/src/panic/unwind_safe.rs:272:9
[INFO] [stdout]   44:     0x6258f54cc997 - std::panicking::try::do_call::h873b7cf639554a5e
[INFO] [stdout]                                at /rustc/90b35a6239c3d8bdabc530a6a0816f7ff89a0aaf/library/std/src/panicking.rs:557:40
[INFO] [stdout]   45:     0x6258f54cc997 - std::panicking::try::hdb19862fad9c8bd1
[INFO] [stdout]                                at /rustc/90b35a6239c3d8bdabc530a6a0816f7ff89a0aaf/library/std/src/panicking.rs:520:19
[INFO] [stdout]   46:     0x6258f54cc997 - std::panic::catch_unwind::h281fe732d236d260
[INFO] [stdout]                                at /rustc/90b35a6239c3d8bdabc530a6a0816f7ff89a0aaf/library/std/src/panic.rs:358:14
[INFO] [stdout]   47:     0x6258f54cc997 - test::run_test_in_process::h949b6df8457ed338
[INFO] [stdout]                                at /rustc/90b35a6239c3d8bdabc530a6a0816f7ff89a0aaf/library/test/src/lib.rs:644:27
[INFO] [stdout]   48:     0x6258f54cc997 - test::run_test::{{closure}}::h52c556a6d4740e10
[INFO] [stdout]                                at /rustc/90b35a6239c3d8bdabc530a6a0816f7ff89a0aaf/library/test/src/lib.rs:565:43
[INFO] [stdout]   49:     0x6258f5491c74 - test::run_test::{{closure}}::h4237f6381c45ccb9
[INFO] [stdout]                                at /rustc/90b35a6239c3d8bdabc530a6a0816f7ff89a0aaf/library/test/src/lib.rs:595:41
[INFO] [stdout]   50:     0x6258f5491c74 - std::sys::backtrace::__rust_begin_short_backtrace::h505c97a579eca628
[INFO] [stdout]                                at /rustc/90b35a6239c3d8bdabc530a6a0816f7ff89a0aaf/library/std/src/sys/backtrace.rs:154:18
[INFO] [stdout]   51:     0x6258f549533e - std::thread::Builder::spawn_unchecked_::{{closure}}::{{closure}}::h9e86b2e2bc107ea3
[INFO] [stdout]                                at /rustc/90b35a6239c3d8bdabc530a6a0816f7ff89a0aaf/library/std/src/thread/mod.rs:538:17
[INFO] [stdout]   52:     0x6258f549533e - <core::panic::unwind_safe::AssertUnwindSafe<F> as core::ops::function::FnOnce<()>>::call_once::h8b06ddb275ff4a25
[INFO] [stdout]                                at /rustc/90b35a6239c3d8bdabc530a6a0816f7ff89a0aaf/library/core/src/panic/unwind_safe.rs:272:9
[INFO] [stdout]   53:     0x6258f549533e - std::panicking::try::do_call::hb26ecd7cd9a9355d
[INFO] [stdout]                                at /rustc/90b35a6239c3d8bdabc530a6a0816f7ff89a0aaf/library/std/src/panicking.rs:557:40
[INFO] [stdout]   54:     0x6258f549533e - std::panicking::try::h8ddeca9d705f9069
[INFO] [stdout]                                at /rustc/90b35a6239c3d8bdabc530a6a0816f7ff89a0aaf/library/std/src/panicking.rs:520:19
[INFO] [stdout]   55:     0x6258f549533e - std::panic::catch_unwind::h49e1c33078844c46
[INFO] [stdout]                                at /rustc/90b35a6239c3d8bdabc530a6a0816f7ff89a0aaf/library/std/src/panic.rs:358:14
[INFO] [stdout]   56:     0x6258f549533e - std::thread::Builder::spawn_unchecked_::{{closure}}::h6073db6ff56ad35d
[INFO] [stdout]                                at /rustc/90b35a6239c3d8bdabc530a6a0816f7ff89a0aaf/library/std/src/thread/mod.rs:537:30
[INFO] [stdout]   57:     0x6258f549533e - core::ops::function::FnOnce::call_once{{vtable.shim}}::h2c5a5f3779c774f1
[INFO] [stdout]                                at /rustc/90b35a6239c3d8bdabc530a6a0816f7ff89a0aaf/library/core/src/ops/function.rs:250:5
[INFO] [stdout]   58:     0x6258f599f7fb - <alloc::boxed::Box<F,A> as core::ops::function::FnOnce<Args>>::call_once::hf75717d9f28faebf
[INFO] [stdout]                                at /rustc/90b35a6239c3d8bdabc530a6a0816f7ff89a0aaf/library/alloc/src/boxed.rs:2454:9
[INFO] [stdout]   59:     0x6258f599f7fb - <alloc::boxed::Box<F,A> as core::ops::function::FnOnce<Args>>::call_once::h7bd883a5f3c5f3c1
[INFO] [stdout]                                at /rustc/90b35a6239c3d8bdabc530a6a0816f7ff89a0aaf/library/alloc/src/boxed.rs:2454:9
[INFO] [stdout]   60:     0x6258f599f7fb - std::sys::pal::unix::thread::Thread::new::thread_start::hcc78f3943333fa94
[INFO] [stdout]                                at /rustc/90b35a6239c3d8bdabc530a6a0816f7ff89a0aaf/library/std/src/sys/pal/unix/thread.rs:105:17
[INFO] [stdout]   61:     0x77f4ae55fac3 - <unknown>
[INFO] [stdout]   62:     0x77f4ae5f0a04 - clone
[INFO] [stdout]   63:                0x0 - <unknown>
[INFO] [stdout] 
[INFO] [stdout] 
[INFO] [stdout] failures:
[INFO] [stdout]     repositories::label::test::crud_scenario
[INFO] [stdout]     repositories::todo::test::crud_scenario
[INFO] [stdout] 
[INFO] [stdout] test result: FAILED. 12 passed; 2 failed; 0 ignored; 0 measured; 0 filtered out; finished in 0.10s
[INFO] [stdout] 
[INFO] [stderr] error: test failed, to rerun pass `--bin rust-todo-app`
[INFO] running `Command { std: "docker" "inspect" "a34d044da610428c224a3491179832551e3fbbd579397e903c7371955e312945", kill_on_drop: false }`
[INFO] running `Command { std: "docker" "rm" "-f" "a34d044da610428c224a3491179832551e3fbbd579397e903c7371955e312945", kill_on_drop: false }`
[INFO] [stdout] a34d044da610428c224a3491179832551e3fbbd579397e903c7371955e312945
