[INFO] cloning repository https://github.com/Yottum/nes-emulator
[INFO] running `Command { std: "git" "-c" "credential.helper=" "-c" "credential.helper=/workspace/cargo-home/bin/git-credential-null" "clone" "--bare" "https://github.com/Yottum/nes-emulator" "/workspace/cache/git-repos/https%3A%2F%2Fgithub.com%2FYottum%2Fnes-emulator", kill_on_drop: false }`
[INFO] [stderr] Cloning into bare repository '/workspace/cache/git-repos/https%3A%2F%2Fgithub.com%2FYottum%2Fnes-emulator'...
[INFO] running `Command { std: "git" "rev-parse" "HEAD", kill_on_drop: false }`
[INFO] [stdout] 6c5acfabf06b2e19dc9854323ddacdc7fd39bb25
[INFO] testing Yottum/nes-emulator against 1.83.0 for beta-1.84.0-4-retry
[INFO] running `Command { std: "git" "clone" "/workspace/cache/git-repos/https%3A%2F%2Fgithub.com%2FYottum%2Fnes-emulator" "/workspace/builds/worker-7-tc1/source", kill_on_drop: false }`
[INFO] [stderr] Cloning into '/workspace/builds/worker-7-tc1/source'...
[INFO] [stderr] done.
[INFO] validating manifest of git repo https://github.com/Yottum/nes-emulator on toolchain 1.83.0
[INFO] running `Command { std: CARGO_HOME="/workspace/cargo-home" RUSTUP_HOME="/workspace/rustup-home" "/workspace/cargo-home/bin/cargo" "+1.83.0" "metadata" "--manifest-path" "Cargo.toml" "--no-deps", kill_on_drop: false }`
[INFO] started tweaking git repo https://github.com/Yottum/nes-emulator
[INFO] finished tweaking git repo https://github.com/Yottum/nes-emulator
[INFO] tweaked toml for git repo https://github.com/Yottum/nes-emulator written to /workspace/builds/worker-7-tc1/source/Cargo.toml
[INFO] crate git repo https://github.com/Yottum/nes-emulator already has a lockfile, it will not be regenerated
[INFO] running `Command { std: CARGO_HOME="/workspace/cargo-home" RUSTUP_HOME="/workspace/rustup-home" "/workspace/cargo-home/bin/cargo" "+1.83.0" "fetch" "--manifest-path" "Cargo.toml", kill_on_drop: false }`
[INFO] [stderr]  Downloading crates ...
[INFO] [stderr]   Downloaded pistoncore-window v0.46.0
[INFO] [stderr]   Downloaded piston v0.51.0
[INFO] [stderr]   Downloaded pistoncore-event_loop v0.51.0
[INFO] [stderr]   Downloaded getset v0.1.1
[INFO] [stderr]   Downloaded pistoncore-glutin_window v0.65.0
[INFO] [stderr]   Downloaded syn v1.0.37
[INFO] [stderr]   Downloaded piston_window v0.110.0
[INFO] running `Command { std: "docker" "create" "-v" "/var/lib/crater-agent-workspace/builds/worker-7-tc1/target:/opt/rustwide/target:rw,Z" "-v" "/var/lib/crater-agent-workspace/builds/worker-7-tc1/source:/opt/rustwide/workdir:ro,Z" "-v" "/var/lib/crater-agent-workspace/cargo-home:/opt/rustwide/cargo-home:ro,Z" "-v" "/var/lib/crater-agent-workspace/rustup-home:/opt/rustwide/rustup-home:ro,Z" "-e" "SOURCE_DIR=/opt/rustwide/workdir" "-e" "CARGO_TARGET_DIR=/opt/rustwide/target" "-e" "CARGO_HOME=/opt/rustwide/cargo-home" "-e" "RUSTUP_HOME=/opt/rustwide/rustup-home" "-w" "/opt/rustwide/workdir" "-m" "1610612736" "--user" "0:0" "--network" "none" "ghcr.io/rust-lang/crates-build-env/linux@sha256:f3a9d4ad9d972b27faf3965f35b62e55ba32bbce8f20bc8fe909558a86702fde" "/opt/rustwide/cargo-home/bin/cargo" "+1.83.0" "metadata" "--no-deps" "--format-version=1", kill_on_drop: false }`
[INFO] [stdout] 56fc0ac5c18dbaa398fd683456642719dc1fab86bd5d2a4ff18e8624a94c9d5a
[INFO] running `Command { std: "docker" "start" "-a" "56fc0ac5c18dbaa398fd683456642719dc1fab86bd5d2a4ff18e8624a94c9d5a", kill_on_drop: false }`
[INFO] running `Command { std: "docker" "inspect" "56fc0ac5c18dbaa398fd683456642719dc1fab86bd5d2a4ff18e8624a94c9d5a", kill_on_drop: false }`
[INFO] running `Command { std: "docker" "rm" "-f" "56fc0ac5c18dbaa398fd683456642719dc1fab86bd5d2a4ff18e8624a94c9d5a", kill_on_drop: false }`
[INFO] [stdout] 56fc0ac5c18dbaa398fd683456642719dc1fab86bd5d2a4ff18e8624a94c9d5a
[INFO] running `Command { std: "docker" "create" "-v" "/var/lib/crater-agent-workspace/builds/worker-7-tc1/target:/opt/rustwide/target:rw,Z" "-v" "/var/lib/crater-agent-workspace/builds/worker-7-tc1/source:/opt/rustwide/workdir:ro,Z" "-v" "/var/lib/crater-agent-workspace/cargo-home:/opt/rustwide/cargo-home:ro,Z" "-v" "/var/lib/crater-agent-workspace/rustup-home:/opt/rustwide/rustup-home:ro,Z" "-e" "SOURCE_DIR=/opt/rustwide/workdir" "-e" "CARGO_TARGET_DIR=/opt/rustwide/target" "-e" "CARGO_INCREMENTAL=0" "-e" "RUST_BACKTRACE=full" "-e" "RUSTFLAGS=--cap-lints=warn" "-e" "RUSTDOCFLAGS=--cap-lints=warn" "-e" "CARGO_HOME=/opt/rustwide/cargo-home" "-e" "RUSTUP_HOME=/opt/rustwide/rustup-home" "-w" "/opt/rustwide/workdir" "-m" "1610612736" "--user" "0:0" "--network" "none" "ghcr.io/rust-lang/crates-build-env/linux@sha256:f3a9d4ad9d972b27faf3965f35b62e55ba32bbce8f20bc8fe909558a86702fde" "/opt/rustwide/cargo-home/bin/cargo" "+1.83.0" "build" "--frozen" "--message-format=json", kill_on_drop: false }`
[INFO] [stdout] 3cc99e03a8ab36df10e26363fb0016000b70f6c7a8b77fd3db2562a11c804e1c
[INFO] running `Command { std: "docker" "start" "-a" "3cc99e03a8ab36df10e26363fb0016000b70f6c7a8b77fd3db2562a11c804e1c", kill_on_drop: false }`
[INFO] [stderr]    Compiling cfg-if v0.1.10
[INFO] [stderr]    Compiling autocfg v1.0.0
[INFO] [stderr]    Compiling xml-rs v0.8.3
[INFO] [stderr]    Compiling libc v0.2.74
[INFO] [stderr]    Compiling log v0.4.11
[INFO] [stderr]    Compiling lazy_static v1.4.0
[INFO] [stderr]    Compiling bitflags v1.2.1
[INFO] [stderr]    Compiling khronos_api v3.1.0
[INFO] [stderr]    Compiling maybe-uninit v2.0.0
[INFO] [stderr]    Compiling byteorder v1.3.4
[INFO] [stderr]    Compiling proc-macro2 v1.0.19
[INFO] [stderr]    Compiling proc-macro2 v0.4.30
[INFO] [stderr]    Compiling unicode-xid v0.2.1
[INFO] [stderr]    Compiling scopeguard v1.1.0
[INFO] [stderr]    Compiling unicode-xid v0.1.0
[INFO] [stderr]    Compiling syn v1.0.37
[INFO] [stderr]    Compiling libloading v0.6.2
[INFO] [stderr]    Compiling semver-parser v0.7.0
[INFO] [stderr]    Compiling piston-float v1.0.0
[INFO] [stderr]    Compiling nix v0.14.1
[INFO] [stderr]    Compiling void v1.0.2
[INFO] [stderr]    Compiling rayon-core v1.7.1
[INFO] [stderr]    Compiling piston-viewport v1.0.0
[INFO] [stderr]    Compiling serde v1.0.114
[INFO] [stderr]    Compiling num-traits v0.2.12
[INFO] [stderr]    Compiling crossbeam-utils v0.7.2
[INFO] [stderr]    Compiling memoffset v0.5.5
[INFO] [stderr]    Compiling semver v0.9.0
[INFO] [stderr]    Compiling crossbeam-epoch v0.8.2
[INFO] [stderr]    Compiling dlib v0.4.2
[INFO] [stderr]    Compiling wayland-sys v0.21.13
[INFO] [stderr]    Compiling num-integer v0.1.43
[INFO] [stderr]    Compiling serde_derive v1.0.114
[INFO] [stderr]    Compiling adler32 v1.2.0
[INFO] [stderr]    Compiling pkg-config v0.3.18
[INFO] [stderr]    Compiling rustc_version v0.2.3
[INFO] [stderr]    Compiling gl_generator v0.13.1
[INFO] [stderr]    Compiling rayon v1.3.1
[INFO] [stderr]    Compiling quote v1.0.7
[INFO] [stderr]    Compiling quote v0.6.13
[INFO] [stderr]    Compiling stb_truetype v0.3.1
[INFO] [stderr]    Compiling piston-graphics_api_version v0.2.0
[INFO] [stderr]    Compiling parking_lot_core v0.6.2
[INFO] [stderr]    Compiling num_cpus v1.13.0
[INFO] [stderr]    Compiling same-file v1.0.6
[INFO] [stderr]    Compiling crc32fast v1.2.0
[INFO] [stderr]    Compiling downcast-rs v1.2.0
[INFO] [stderr]    Compiling version_check v0.9.2
[INFO] [stderr]    Compiling wayland-scanner v0.21.13
[INFO] [stderr]    Compiling walkdir v2.3.1
[INFO] [stderr]    Compiling approx v0.3.2
[INFO] [stderr]    Compiling ordered-float v1.1.0
[INFO] [stderr]    Compiling x11-dl v2.18.5
[INFO] [stderr]    Compiling crossbeam-queue v0.2.3
[INFO] [stderr]    Compiling crossbeam-deque v0.7.3
[INFO] [stderr]    Compiling rusttype v0.8.3
[INFO] [stderr]    Compiling line_drawing v0.7.0
[INFO] [stderr]    Compiling parking_lot v0.9.0
[INFO] [stderr]    Compiling miniz_oxide v0.3.7
[INFO] [stderr]    Compiling smallvec v0.6.13
[INFO] [stderr]    Compiling draw_state v0.8.0
[INFO] [stderr]    Compiling num-rational v0.3.0
[INFO] [stderr]    Compiling num-iter v0.1.41
[INFO] [stderr]    Compiling lzw v0.10.0
[INFO] [stderr]    Compiling cc v1.0.58
[INFO] [stderr]    Compiling rusttype v0.7.9
[INFO] [stderr]    Compiling memchr v2.3.3
[INFO] [stderr]    Compiling either v1.5.3
[INFO] [stderr]    Compiling xdg v2.2.0
[INFO] [stderr]    Compiling glutin_glx_sys v0.1.6
[INFO] [stderr]    Compiling glutin_egl_sys v0.1.4
[INFO] [stderr]    Compiling gfx_core v0.9.2
[INFO] [stderr]    Compiling andrew v0.2.1
[INFO] [stderr]    Compiling memmap v0.7.0
[INFO] [stderr]    Compiling deflate v0.8.6
[INFO] [stderr]    Compiling gl_generator v0.10.0
[INFO] [stderr]    Compiling gl_generator v0.14.0
[INFO] [stderr]    Compiling lock_api v0.3.4
[INFO] [stderr]    Compiling color_quant v1.0.1
[INFO] [stderr]    Compiling gif v0.10.3
[INFO] [stderr]    Compiling libloading v0.5.2
[INFO] [stderr]    Compiling png v0.16.7
[INFO] [stderr]    Compiling wayland-client v0.21.13
[INFO] [stderr]    Compiling wayland-protocols v0.21.13
[INFO] [stderr]    Compiling gfx_gl v0.6.1
[INFO] [stderr]    Compiling jpeg-decoder v0.1.20
[INFO] [stderr]    Compiling tiff v0.5.0
[INFO] [stderr]    Compiling gl v0.11.0
[INFO] [stderr]    Compiling proc-macro-error-attr v1.0.4
[INFO] [stderr]    Compiling raw-window-handle v0.3.3
[INFO] [stderr]    Compiling shared_library v0.1.9
[INFO] [stderr]    Compiling bytemuck v1.3.1
[INFO] [stderr]    Compiling wayland-commons v0.21.13
[INFO] [stderr]    Compiling piston-texture v0.8.0
[INFO] [stderr]    Compiling scoped_threadpool v0.1.9
[INFO] [stderr]    Compiling percent-encoding v2.1.0
[INFO] [stderr]    Compiling osmesa-sys v0.1.2
[INFO] [stderr]    Compiling aho-corasick v0.7.13
[INFO] [stderr]    Compiling gfx v0.18.2
[INFO] [stderr]    Compiling proc-macro-error v1.0.4
[INFO] [stderr]    Compiling image v0.23.8
[INFO] [stderr]    Compiling shader_version v0.6.0
[INFO] [stderr]    Compiling vecmath v1.0.0
[INFO] [stderr]    Compiling thread_local v1.0.1
[INFO] [stderr]    Compiling interpolation v0.2.0
[INFO] [stderr]    Compiling regex-syntax v0.6.18
[INFO] [stderr]    Compiling fnv v1.0.7
[INFO] [stderr]    Compiling read_color v1.0.0
[INFO] [stderr]    Compiling quick-error v1.2.3
[INFO] [stderr]    Compiling humantime v1.3.0
[INFO] [stderr]    Compiling piston2d-graphics v0.36.0
[INFO] [stderr]    Compiling atty v0.2.14
[INFO] [stderr]    Compiling anyhow v1.0.32
[INFO] [stderr]    Compiling termcolor v1.1.0
[INFO] [stderr]    Compiling piston-shaders_graphics2d v0.3.1
[INFO] [stderr]    Compiling thiserror-impl v1.0.20
[INFO] [stderr]    Compiling getset v0.1.1
[INFO] [stderr]    Compiling thiserror v1.0.20
[INFO] [stderr]    Compiling regex v1.3.9
[INFO] [stderr]    Compiling gfx_device_gl v0.16.2
[INFO] [stderr]    Compiling piston-gfx_texture v0.41.0
[INFO] [stderr]    Compiling env_logger v0.7.1
[INFO] [stderr]    Compiling piston2d-gfx_graphics v0.68.0
[INFO] [stderr]    Compiling pretty_env_logger v0.4.0
[INFO] [stderr]    Compiling pistoncore-input v1.0.0
[INFO] [stderr]    Compiling pistoncore-window v0.46.0
[INFO] [stderr]    Compiling pistoncore-event_loop v0.51.0
[INFO] [stderr]    Compiling piston v0.51.0
[INFO] [stderr]    Compiling smithay-client-toolkit v0.4.6
[INFO] [stderr]    Compiling winit v0.19.5
[INFO] [stderr]    Compiling glutin v0.21.2
[INFO] [stderr]    Compiling pistoncore-glutin_window v0.65.0
[INFO] [stderr]    Compiling piston_window v0.110.0
[INFO] [stderr]    Compiling nes v0.1.0 (/opt/rustwide/workdir)
[INFO] [stdout] warning: unused `#[macro_use]` import
[INFO] [stdout]  --> src/lib.rs:1:1
[INFO] [stdout]   |
[INFO] [stdout] 1 | #[macro_use]
[INFO] [stdout]   | ^^^^^^^^^^^^
[INFO] [stdout]   |
[INFO] [stdout]   = note: `#[warn(unused_imports)]` on by default
[INFO] [stdout] 
[INFO] [stdout] 
[INFO] [stdout] warning: unused `#[macro_use]` import
[INFO] [stdout]  --> src/lib.rs:3:1
[INFO] [stdout]   |
[INFO] [stdout] 3 | #[macro_use]
[INFO] [stdout]   | ^^^^^^^^^^^^
[INFO] [stdout] 
[INFO] [stdout] 
[INFO] [stdout] warning: unused `#[macro_use]` import
[INFO] [stdout]  --> src/lib.rs:5:1
[INFO] [stdout]   |
[INFO] [stdout] 5 | #[macro_use]
[INFO] [stdout]   | ^^^^^^^^^^^^
[INFO] [stdout] 
[INFO] [stdout] 
[INFO] [stdout] warning: unused `#[macro_use]` import
[INFO] [stdout]  --> src/lib.rs:9:1
[INFO] [stdout]   |
[INFO] [stdout] 9 | #[macro_use]
[INFO] [stdout]   | ^^^^^^^^^^^^
[INFO] [stdout] 
[INFO] [stdout] 
[INFO] [stdout] warning: unused variable: `address`
[INFO] [stdout]   --> src/apu.rs:12:27
[INFO] [stdout]    |
[INFO] [stdout] 12 |     fn device_read(&self, address: u16) -> u8 {
[INFO] [stdout]    |                           ^^^^^^^ help: if this is intentional, prefix it with an underscore: `_address`
[INFO] [stdout]    |
[INFO] [stdout]    = note: `#[warn(unused_variables)]` on by default
[INFO] [stdout] 
[INFO] [stdout] 
[INFO] [stdout] warning: unused variable: `address`
[INFO] [stdout]   --> src/apu.rs:18:32
[INFO] [stdout]    |
[INFO] [stdout] 18 |     fn device_write(&mut self, address: u16, value: u8) {
[INFO] [stdout]    |                                ^^^^^^^ help: if this is intentional, prefix it with an underscore: `_address`
[INFO] [stdout] 
[INFO] [stdout] 
[INFO] [stdout] warning: unused variable: `value`
[INFO] [stdout]   --> src/apu.rs:18:46
[INFO] [stdout]    |
[INFO] [stdout] 18 |     fn device_write(&mut self, address: u16, value: u8) {
[INFO] [stdout]    |                                              ^^^^^ help: if this is intentional, prefix it with an underscore: `_value`
[INFO] [stdout] 
[INFO] [stdout] 
[INFO] [stdout] warning: unused variable: `address`
[INFO] [stdout]   --> src/ppu.rs:22:27
[INFO] [stdout]    |
[INFO] [stdout] 22 |     fn device_read(&self, address: u16) -> u8 {
[INFO] [stdout]    |                           ^^^^^^^ help: if this is intentional, prefix it with an underscore: `_address`
[INFO] [stdout] 
[INFO] [stdout] 
[INFO] [stdout] warning: unused variable: `address`
[INFO] [stdout]   --> src/rom.rs:57:27
[INFO] [stdout]    |
[INFO] [stdout] 57 |     fn device_read(&self, address: u16) -> u8 {
[INFO] [stdout]    |                           ^^^^^^^ help: if this is intentional, prefix it with an underscore: `_address`
[INFO] [stdout] 
[INFO] [stdout] 
[INFO] [stdout] warning: unused variable: `bus`
[INFO] [stdout]   --> src/lib.rs:32:13
[INFO] [stdout]    |
[INFO] [stdout] 32 |     let mut bus = Bus::new(
[INFO] [stdout]    |             ^^^ help: if this is intentional, prefix it with an underscore: `_bus`
[INFO] [stdout] 
[INFO] [stdout] 
[INFO] [stdout] warning: variable does not need to be mutable
[INFO] [stdout]   --> src/lib.rs:32:9
[INFO] [stdout]    |
[INFO] [stdout] 32 |     let mut bus = Bus::new(
[INFO] [stdout]    |         ----^^^
[INFO] [stdout]    |         |
[INFO] [stdout]    |         help: remove this `mut`
[INFO] [stdout]    |
[INFO] [stdout]    = note: `#[warn(unused_mut)]` on by default
[INFO] [stdout] 
[INFO] [stdout] 
[INFO] [stdout] warning: constant `PPUCTRL` is never used
[INFO] [stdout]  --> src/constants.rs:8:5
[INFO] [stdout]   |
[INFO] [stdout] 8 |     PPUCTRL   = 0x2000;
[INFO] [stdout]   |     ^^^^^^^
[INFO] [stdout]   |
[INFO] [stdout]   = note: `#[warn(dead_code)]` on by default
[INFO] [stdout]   = note: this warning originates in the macro `addresses` (in Nightly builds, run with -Z macro-backtrace for more info)
[INFO] [stdout] 
[INFO] [stdout] 
[INFO] [stdout] warning: constant `PPUMASK` is never used
[INFO] [stdout]  --> src/constants.rs:9:5
[INFO] [stdout]   |
[INFO] [stdout] 9 |     PPUMASK   = 0x2001;
[INFO] [stdout]   |     ^^^^^^^
[INFO] [stdout]   |
[INFO] [stdout]   = note: this warning originates in the macro `addresses` (in Nightly builds, run with -Z macro-backtrace for more info)
[INFO] [stdout] 
[INFO] [stdout] 
[INFO] [stdout] warning: constant `PPUSTATUS` is never used
[INFO] [stdout]   --> src/constants.rs:10:5
[INFO] [stdout]    |
[INFO] [stdout] 10 |     PPUSTATUS = 0x2002;
[INFO] [stdout]    |     ^^^^^^^^^
[INFO] [stdout]    |
[INFO] [stdout]    = note: this warning originates in the macro `addresses` (in Nightly builds, run with -Z macro-backtrace for more info)
[INFO] [stdout] 
[INFO] [stdout] 
[INFO] [stdout] warning: constant `OAMADDR` is never used
[INFO] [stdout]   --> src/constants.rs:11:5
[INFO] [stdout]    |
[INFO] [stdout] 11 |     OAMADDR   = 0x2003;
[INFO] [stdout]    |     ^^^^^^^
[INFO] [stdout]    |
[INFO] [stdout]    = note: this warning originates in the macro `addresses` (in Nightly builds, run with -Z macro-backtrace for more info)
[INFO] [stdout] 
[INFO] [stdout] 
[INFO] [stdout] warning: constant `OAMDATA` is never used
[INFO] [stdout]   --> src/constants.rs:12:5
[INFO] [stdout]    |
[INFO] [stdout] 12 |     OAMDATA   = 0x2004;
[INFO] [stdout]    |     ^^^^^^^
[INFO] [stdout]    |
[INFO] [stdout]    = note: this warning originates in the macro `addresses` (in Nightly builds, run with -Z macro-backtrace for more info)
[INFO] [stdout] 
[INFO] [stdout] 
[INFO] [stdout] warning: constant `PPUSCROLL` is never used
[INFO] [stdout]   --> src/constants.rs:13:5
[INFO] [stdout]    |
[INFO] [stdout] 13 |     PPUSCROLL = 0x2005;
[INFO] [stdout]    |     ^^^^^^^^^
[INFO] [stdout]    |
[INFO] [stdout]    = note: this warning originates in the macro `addresses` (in Nightly builds, run with -Z macro-backtrace for more info)
[INFO] [stdout] 
[INFO] [stdout] 
[INFO] [stdout] warning: constant `PPUDATA` is never used
[INFO] [stdout]   --> src/constants.rs:15:5
[INFO] [stdout]    |
[INFO] [stdout] 15 |     PPUDATA   = 0x2007;
[INFO] [stdout]    |     ^^^^^^^
[INFO] [stdout]    |
[INFO] [stdout]    = note: this warning originates in the macro `addresses` (in Nightly builds, run with -Z macro-backtrace for more info)
[INFO] [stdout] 
[INFO] [stdout] 
[INFO] [stdout] warning: constant `OAMDMA` is never used
[INFO] [stdout]   --> src/constants.rs:16:5
[INFO] [stdout]    |
[INFO] [stdout] 16 |     OAMDMA    = 0x4014;
[INFO] [stdout]    |     ^^^^^^
[INFO] [stdout]    |
[INFO] [stdout]    = note: this warning originates in the macro `addresses` (in Nightly builds, run with -Z macro-backtrace for more info)
[INFO] [stdout] 
[INFO] [stdout] 
[INFO] [stdout] warning: fields `ppu`, `apu`, and `rom` are never read
[INFO] [stdout]  --> src/bus.rs:6:5
[INFO] [stdout]   |
[INFO] [stdout] 5 | pub struct Bus {
[INFO] [stdout]   |            --- fields in this struct
[INFO] [stdout] 6 |     ppu: Ppu,
[INFO] [stdout]   |     ^^^
[INFO] [stdout] 7 |     apu: Apu,
[INFO] [stdout]   |     ^^^
[INFO] [stdout] 8 |     rom: Rom,
[INFO] [stdout]   |     ^^^
[INFO] [stdout] 
[INFO] [stdout] 
[INFO] [stdout] warning: methods `read`, `select_device`, `write`, and `select_device_mut` are never used
[INFO] [stdout]   --> src/bus.rs:16:12
[INFO] [stdout]    |
[INFO] [stdout] 11 | impl Bus {
[INFO] [stdout]    | -------- methods in this implementation
[INFO] [stdout] ...
[INFO] [stdout] 16 |     pub fn read(&self, address: u16) -> u8 {
[INFO] [stdout]    |            ^^^^
[INFO] [stdout] ...
[INFO] [stdout] 20 |     fn select_device(&self, address: u16) -> &dyn DeviceRead {
[INFO] [stdout]    |        ^^^^^^^^^^^^^
[INFO] [stdout] ...
[INFO] [stdout] 29 |     pub fn write(&mut self, address: u16, value: u8) {
[INFO] [stdout]    |            ^^^^^
[INFO] [stdout] ...
[INFO] [stdout] 33 |     fn select_device_mut(&mut self, address: u16) -> &mut dyn DeviceWrite {
[INFO] [stdout]    |        ^^^^^^^^^^^^^^^^^
[INFO] [stdout] 
[INFO] [stdout] 
[INFO] [stdout] warning: method `device_read` is never used
[INFO] [stdout]   --> src/bus.rs:43:8
[INFO] [stdout]    |
[INFO] [stdout] 42 | pub trait DeviceRead {
[INFO] [stdout]    |           ---------- method in this trait
[INFO] [stdout] 43 |     fn device_read(&self, address: u16) -> u8;
[INFO] [stdout]    |        ^^^^^^^^^^^
[INFO] [stdout] 
[INFO] [stdout] 
[INFO] [stdout] warning: method `device_write` is never used
[INFO] [stdout]   --> src/bus.rs:47:8
[INFO] [stdout]    |
[INFO] [stdout] 46 | pub trait DeviceWrite {
[INFO] [stdout]    |           ----------- method in this trait
[INFO] [stdout] 47 |     fn device_write(&mut self, address: u16, value: u8);
[INFO] [stdout]    |        ^^^^^^^^^^^^
[INFO] [stdout] 
[INFO] [stdout] 
[INFO] [stdout] warning: fields `prg_size`, `chr_size`, and `bytes` are never read
[INFO] [stdout]   --> src/rom.rs:16:5
[INFO] [stdout]    |
[INFO] [stdout] 15 | pub struct Rom {
[INFO] [stdout]    |            --- fields in this struct
[INFO] [stdout] 16 |     prg_size: u32,
[INFO] [stdout]    |     ^^^^^^^^
[INFO] [stdout] 17 |     chr_size: u32,
[INFO] [stdout]    |     ^^^^^^^^
[INFO] [stdout] 18 |     bytes: Vec<u8>,
[INFO] [stdout]    |     ^^^^^
[INFO] [stdout] 
[INFO] [stdout] 
[INFO] [stdout] warning: method `as_bytes` is never used
[INFO] [stdout]   --> src/rom.rs:51:12
[INFO] [stdout]    |
[INFO] [stdout] 21 | impl Rom {
[INFO] [stdout]    | -------- method in this implementation
[INFO] [stdout] ...
[INFO] [stdout] 51 |     pub fn as_bytes(self) -> Vec<u8> {
[INFO] [stdout]    |            ^^^^^^^^
[INFO] [stdout] 
[INFO] [stdout] 
[INFO] [stdout] warning: methods `is_bit_set` and `is_bit_clear` are never used
[INFO] [stdout]  --> src/types.rs:7:8
[INFO] [stdout]   |
[INFO] [stdout] 5 | pub trait BitRead: Sized + Shl {
[INFO] [stdout]   |           ------- methods in this trait
[INFO] [stdout] 6 |     fn read_bit(&self, n: u8) -> u8;
[INFO] [stdout] 7 |     fn is_bit_set(&self, n: u8) -> bool;
[INFO] [stdout]   |        ^^^^^^^^^^
[INFO] [stdout] 8 |     fn is_bit_clear(&self, n: u8) -> bool;
[INFO] [stdout]   |        ^^^^^^^^^^^^
[INFO] [stdout] 
[INFO] [stdout] 
[INFO] [stderr]     Finished `dev` profile [unoptimized + debuginfo] target(s) in 2m 07s
[INFO] running `Command { std: "docker" "inspect" "3cc99e03a8ab36df10e26363fb0016000b70f6c7a8b77fd3db2562a11c804e1c", kill_on_drop: false }`
[INFO] running `Command { std: "docker" "rm" "-f" "3cc99e03a8ab36df10e26363fb0016000b70f6c7a8b77fd3db2562a11c804e1c", kill_on_drop: false }`
[INFO] [stdout] 3cc99e03a8ab36df10e26363fb0016000b70f6c7a8b77fd3db2562a11c804e1c
[INFO] running `Command { std: "docker" "create" "-v" "/var/lib/crater-agent-workspace/builds/worker-7-tc1/target:/opt/rustwide/target:rw,Z" "-v" "/var/lib/crater-agent-workspace/builds/worker-7-tc1/source:/opt/rustwide/workdir:ro,Z" "-v" "/var/lib/crater-agent-workspace/cargo-home:/opt/rustwide/cargo-home:ro,Z" "-v" "/var/lib/crater-agent-workspace/rustup-home:/opt/rustwide/rustup-home:ro,Z" "-e" "SOURCE_DIR=/opt/rustwide/workdir" "-e" "CARGO_TARGET_DIR=/opt/rustwide/target" "-e" "CARGO_INCREMENTAL=0" "-e" "RUST_BACKTRACE=full" "-e" "RUSTFLAGS=--cap-lints=warn" "-e" "RUSTDOCFLAGS=--cap-lints=warn" "-e" "CARGO_HOME=/opt/rustwide/cargo-home" "-e" "RUSTUP_HOME=/opt/rustwide/rustup-home" "-w" "/opt/rustwide/workdir" "-m" "1610612736" "--user" "0:0" "--network" "none" "ghcr.io/rust-lang/crates-build-env/linux@sha256:f3a9d4ad9d972b27faf3965f35b62e55ba32bbce8f20bc8fe909558a86702fde" "/opt/rustwide/cargo-home/bin/cargo" "+1.83.0" "test" "--frozen" "--no-run" "--message-format=json", kill_on_drop: false }`
[INFO] [stdout] 5d2c68892c683e267cb7884826b66e0a3de52308de905c474949e2b368c55fd9
[INFO] running `Command { std: "docker" "start" "-a" "5d2c68892c683e267cb7884826b66e0a3de52308de905c474949e2b368c55fd9", kill_on_drop: false }`
[INFO] [stdout] warning: unused `#[macro_use]` import
[INFO] [stdout]  --> src/lib.rs:1:1
[INFO] [stdout]   |
[INFO] [stdout] 1 | #[macro_use]
[INFO] [stdout]   | ^^^^^^^^^^^^
[INFO] [stdout]   |
[INFO] [stdout]   = note: `#[warn(unused_imports)]` on by default
[INFO] [stdout] 
[INFO] [stdout] 
[INFO] [stdout] warning: unused `#[macro_use]` import
[INFO] [stdout]  --> src/lib.rs:3:1
[INFO] [stdout]   |
[INFO] [stdout] 3 | #[macro_use]
[INFO] [stdout]   | ^^^^^^^^^^^^
[INFO] [stdout] 
[INFO] [stdout] 
[INFO] [stdout] warning: unused `#[macro_use]` import
[INFO] [stdout]  --> src/lib.rs:5:1
[INFO] [stdout]   |
[INFO] [stdout] 5 | #[macro_use]
[INFO] [stdout]   | ^^^^^^^^^^^^
[INFO] [stdout] 
[INFO] [stdout] 
[INFO] [stdout] warning: unused `#[macro_use]` import
[INFO] [stdout]  --> src/lib.rs:9:1
[INFO] [stdout]   |
[INFO] [stdout] 9 | #[macro_use]
[INFO] [stdout]   | ^^^^^^^^^^^^
[INFO] [stdout] 
[INFO] [stdout] 
[INFO] [stdout] warning: unused variable: `address`
[INFO] [stdout]   --> src/apu.rs:12:27
[INFO] [stdout]    |
[INFO] [stdout] 12 |     fn device_read(&self, address: u16) -> u8 {
[INFO] [stdout]    |                           ^^^^^^^ help: if this is intentional, prefix it with an underscore: `_address`
[INFO] [stdout]    |
[INFO] [stdout]    = note: `#[warn(unused_variables)]` on by default
[INFO] [stdout] 
[INFO] [stdout] 
[INFO] [stdout] warning: unused variable: `address`
[INFO] [stdout]   --> src/apu.rs:18:32
[INFO] [stdout]    |
[INFO] [stdout] 18 |     fn device_write(&mut self, address: u16, value: u8) {
[INFO] [stdout]    |                                ^^^^^^^ help: if this is intentional, prefix it with an underscore: `_address`
[INFO] [stdout] 
[INFO] [stdout] 
[INFO] [stdout] warning: unused variable: `value`
[INFO] [stdout]   --> src/apu.rs:18:46
[INFO] [stdout]    |
[INFO] [stdout] 18 |     fn device_write(&mut self, address: u16, value: u8) {
[INFO] [stdout]    |                                              ^^^^^ help: if this is intentional, prefix it with an underscore: `_value`
[INFO] [stdout] 
[INFO] [stdout] 
[INFO] [stdout] warning: unused variable: `address`
[INFO] [stdout]   --> src/ppu.rs:22:27
[INFO] [stdout]    |
[INFO] [stdout] 22 |     fn device_read(&self, address: u16) -> u8 {
[INFO] [stdout]    |                           ^^^^^^^ help: if this is intentional, prefix it with an underscore: `_address`
[INFO] [stdout] 
[INFO] [stdout] 
[INFO] [stdout] warning: unused variable: `address`
[INFO] [stdout]   --> src/rom.rs:57:27
[INFO] [stdout]    |
[INFO] [stdout] 57 |     fn device_read(&self, address: u16) -> u8 {
[INFO] [stdout]    |                           ^^^^^^^ help: if this is intentional, prefix it with an underscore: `_address`
[INFO] [stdout] 
[INFO] [stdout] 
[INFO] [stdout] warning: unused variable: `bus`
[INFO] [stdout]   --> src/lib.rs:32:13
[INFO] [stdout]    |
[INFO] [stdout] 32 |     let mut bus = Bus::new(
[INFO] [stdout]    |             ^^^ help: if this is intentional, prefix it with an underscore: `_bus`
[INFO] [stdout] 
[INFO] [stdout] 
[INFO] [stdout] warning: variable does not need to be mutable
[INFO] [stdout]   --> src/lib.rs:32:9
[INFO] [stdout]    |
[INFO] [stdout] 32 |     let mut bus = Bus::new(
[INFO] [stdout]    |         ----^^^
[INFO] [stdout]    |         |
[INFO] [stdout]    |         help: remove this `mut`
[INFO] [stdout]    |
[INFO] [stdout]    = note: `#[warn(unused_mut)]` on by default
[INFO] [stdout] 
[INFO] [stdout] 
[INFO] [stdout] warning: constant `PPUCTRL` is never used
[INFO] [stdout]  --> src/constants.rs:8:5
[INFO] [stdout]   |
[INFO] [stdout] 8 |     PPUCTRL   = 0x2000;
[INFO] [stdout]   |     ^^^^^^^
[INFO] [stdout]   |
[INFO] [stdout]   = note: `#[warn(dead_code)]` on by default
[INFO] [stdout]   = note: this warning originates in the macro `addresses` (in Nightly builds, run with -Z macro-backtrace for more info)
[INFO] [stdout] 
[INFO] [stdout] 
[INFO] [stdout] warning: constant `PPUMASK` is never used
[INFO] [stdout]  --> src/constants.rs:9:5
[INFO] [stdout]   |
[INFO] [stdout] 9 |     PPUMASK   = 0x2001;
[INFO] [stdout]   |     ^^^^^^^
[INFO] [stdout]   |
[INFO] [stdout]   = note: this warning originates in the macro `addresses` (in Nightly builds, run with -Z macro-backtrace for more info)
[INFO] [stdout] 
[INFO] [stdout] 
[INFO] [stdout] warning: constant `PPUSTATUS` is never used
[INFO] [stdout]   --> src/constants.rs:10:5
[INFO] [stdout]    |
[INFO] [stdout] 10 |     PPUSTATUS = 0x2002;
[INFO] [stdout]    |     ^^^^^^^^^
[INFO] [stdout]    |
[INFO] [stdout]    = note: this warning originates in the macro `addresses` (in Nightly builds, run with -Z macro-backtrace for more info)
[INFO] [stdout] 
[INFO] [stdout] 
[INFO] [stdout] warning: constant `OAMADDR` is never used
[INFO] [stdout]   --> src/constants.rs:11:5
[INFO] [stdout]    |
[INFO] [stdout] 11 |     OAMADDR   = 0x2003;
[INFO] [stdout]    |     ^^^^^^^
[INFO] [stdout]    |
[INFO] [stdout]    = note: this warning originates in the macro `addresses` (in Nightly builds, run with -Z macro-backtrace for more info)
[INFO] [stdout] 
[INFO] [stdout] 
[INFO] [stdout] warning: constant `OAMDATA` is never used
[INFO] [stdout]   --> src/constants.rs:12:5
[INFO] [stdout]    |
[INFO] [stdout] 12 |     OAMDATA   = 0x2004;
[INFO] [stdout]    |     ^^^^^^^
[INFO] [stdout]    |
[INFO] [stdout]    = note: this warning originates in the macro `addresses` (in Nightly builds, run with -Z macro-backtrace for more info)
[INFO] [stdout] 
[INFO] [stdout] 
[INFO] [stdout] warning: constant `PPUSCROLL` is never used
[INFO] [stdout]   --> src/constants.rs:13:5
[INFO] [stdout]    |
[INFO] [stdout] 13 |     PPUSCROLL = 0x2005;
[INFO] [stdout]    |     ^^^^^^^^^
[INFO] [stdout]    |
[INFO] [stdout]    = note: this warning originates in the macro `addresses` (in Nightly builds, run with -Z macro-backtrace for more info)
[INFO] [stdout] 
[INFO] [stdout] 
[INFO] [stdout] warning: constant `PPUDATA` is never used
[INFO] [stdout]   --> src/constants.rs:15:5
[INFO] [stdout]    |
[INFO] [stdout] 15 |     PPUDATA   = 0x2007;
[INFO] [stdout]    |     ^^^^^^^
[INFO] [stdout]    |
[INFO] [stdout]    = note: this warning originates in the macro `addresses` (in Nightly builds, run with -Z macro-backtrace for more info)
[INFO] [stdout] 
[INFO] [stdout] 
[INFO] [stdout] warning: constant `OAMDMA` is never used
[INFO] [stdout]   --> src/constants.rs:16:5
[INFO] [stdout]    |
[INFO] [stdout] 16 |     OAMDMA    = 0x4014;
[INFO] [stdout]    |     ^^^^^^
[INFO] [stdout]    |
[INFO] [stdout]    = note: this warning originates in the macro `addresses` (in Nightly builds, run with -Z macro-backtrace for more info)
[INFO] [stdout] 
[INFO] [stdout] 
[INFO] [stdout] warning: fields `ppu`, `apu`, and `rom` are never read
[INFO] [stdout]  --> src/bus.rs:6:5
[INFO] [stdout]   |
[INFO] [stdout] 5 | pub struct Bus {
[INFO] [stdout]   |            --- fields in this struct
[INFO] [stdout] 6 |     ppu: Ppu,
[INFO] [stdout]   |     ^^^
[INFO] [stdout] 7 |     apu: Apu,
[INFO] [stdout]   |     ^^^
[INFO] [stdout] 8 |     rom: Rom,
[INFO] [stdout]   |     ^^^
[INFO] [stdout] 
[INFO] [stdout] 
[INFO] [stdout] warning: methods `read`, `select_device`, `write`, and `select_device_mut` are never used
[INFO] [stdout]   --> src/bus.rs:16:12
[INFO] [stdout]    |
[INFO] [stdout] 11 | impl Bus {
[INFO] [stdout]    | -------- methods in this implementation
[INFO] [stdout] ...
[INFO] [stdout] 16 |     pub fn read(&self, address: u16) -> u8 {
[INFO] [stdout]    |            ^^^^
[INFO] [stdout] ...
[INFO] [stdout] 20 |     fn select_device(&self, address: u16) -> &dyn DeviceRead {
[INFO] [stdout]    |        ^^^^^^^^^^^^^
[INFO] [stdout] ...
[INFO] [stdout] 29 |     pub fn write(&mut self, address: u16, value: u8) {
[INFO] [stdout]    |            ^^^^^
[INFO] [stdout] ...
[INFO] [stdout] 33 |     fn select_device_mut(&mut self, address: u16) -> &mut dyn DeviceWrite {
[INFO] [stdout]    |        ^^^^^^^^^^^^^^^^^
[INFO] [stdout] 
[INFO] [stdout] 
[INFO] [stdout] warning: method `device_read` is never used
[INFO] [stdout]   --> src/bus.rs:43:8
[INFO] [stdout]    |
[INFO] [stdout] 42 | pub trait DeviceRead {
[INFO] [stdout]    |           ---------- method in this trait
[INFO] [stdout] 43 |     fn device_read(&self, address: u16) -> u8;
[INFO] [stdout]    |        ^^^^^^^^^^^
[INFO] [stdout] 
[INFO] [stdout] 
[INFO] [stdout] warning: method `device_write` is never used
[INFO] [stdout]   --> src/bus.rs:47:8
[INFO] [stdout]    |
[INFO] [stdout] 46 | pub trait DeviceWrite {
[INFO] [stdout]    |           ----------- method in this trait
[INFO] [stdout] 47 |     fn device_write(&mut self, address: u16, value: u8);
[INFO] [stdout]    |        ^^^^^^^^^^^^
[INFO] [stdout] 
[INFO] [stdout] 
[INFO] [stdout] warning: fields `prg_size`, `chr_size`, and `bytes` are never read
[INFO] [stdout]   --> src/rom.rs:16:5
[INFO] [stdout]    |
[INFO] [stdout] 15 | pub struct Rom {
[INFO] [stdout]    |            --- fields in this struct
[INFO] [stdout] 16 |     prg_size: u32,
[INFO] [stdout]    |     ^^^^^^^^
[INFO] [stdout] 17 |     chr_size: u32,
[INFO] [stdout]    |     ^^^^^^^^
[INFO] [stdout] 18 |     bytes: Vec<u8>,
[INFO] [stdout]    |     ^^^^^
[INFO] [stdout] 
[INFO] [stdout] 
[INFO] [stderr]    Compiling nes v0.1.0 (/opt/rustwide/workdir)
[INFO] [stdout] warning: method `as_bytes` is never used
[INFO] [stdout]   --> src/rom.rs:51:12
[INFO] [stdout]    |
[INFO] [stdout] 21 | impl Rom {
[INFO] [stdout]    | -------- method in this implementation
[INFO] [stdout] ...
[INFO] [stdout] 51 |     pub fn as_bytes(self) -> Vec<u8> {
[INFO] [stdout]    |            ^^^^^^^^
[INFO] [stdout] 
[INFO] [stdout] 
[INFO] [stdout] warning: methods `is_bit_set` and `is_bit_clear` are never used
[INFO] [stdout]  --> src/types.rs:7:8
[INFO] [stdout]   |
[INFO] [stdout] 5 | pub trait BitRead: Sized + Shl {
[INFO] [stdout]   |           ------- methods in this trait
[INFO] [stdout] 6 |     fn read_bit(&self, n: u8) -> u8;
[INFO] [stdout] 7 |     fn is_bit_set(&self, n: u8) -> bool;
[INFO] [stdout]   |        ^^^^^^^^^^
[INFO] [stdout] 8 |     fn is_bit_clear(&self, n: u8) -> bool;
[INFO] [stdout]   |        ^^^^^^^^^^^^
[INFO] [stdout] 
[INFO] [stdout] 
[INFO] [stdout] warning: unused `#[macro_use]` import
[INFO] [stdout]  --> src/lib.rs:1:1
[INFO] [stdout]   |
[INFO] [stdout] 1 | #[macro_use]
[INFO] [stdout]   | ^^^^^^^^^^^^
[INFO] [stdout]   |
[INFO] [stdout]   = note: `#[warn(unused_imports)]` on by default
[INFO] [stdout] 
[INFO] [stdout] 
[INFO] [stdout] warning: unused `#[macro_use]` import
[INFO] [stdout]  --> src/lib.rs:3:1
[INFO] [stdout]   |
[INFO] [stdout] 3 | #[macro_use]
[INFO] [stdout]   | ^^^^^^^^^^^^
[INFO] [stdout] 
[INFO] [stdout] 
[INFO] [stdout] warning: unused `#[macro_use]` import
[INFO] [stdout]  --> src/lib.rs:5:1
[INFO] [stdout]   |
[INFO] [stdout] 5 | #[macro_use]
[INFO] [stdout]   | ^^^^^^^^^^^^
[INFO] [stdout] 
[INFO] [stdout] 
[INFO] [stdout] warning: unused `#[macro_use]` import
[INFO] [stdout]  --> src/lib.rs:9:1
[INFO] [stdout]   |
[INFO] [stdout] 9 | #[macro_use]
[INFO] [stdout]   | ^^^^^^^^^^^^
[INFO] [stdout] 
[INFO] [stdout] 
[INFO] [stdout] warning: unused variable: `address`
[INFO] [stdout]   --> src/apu.rs:12:27
[INFO] [stdout]    |
[INFO] [stdout] 12 |     fn device_read(&self, address: u16) -> u8 {
[INFO] [stdout]    |                           ^^^^^^^ help: if this is intentional, prefix it with an underscore: `_address`
[INFO] [stdout]    |
[INFO] [stdout]    = note: `#[warn(unused_variables)]` on by default
[INFO] [stdout] 
[INFO] [stdout] 
[INFO] [stdout] warning: unused variable: `address`
[INFO] [stdout]   --> src/apu.rs:18:32
[INFO] [stdout]    |
[INFO] [stdout] 18 |     fn device_write(&mut self, address: u16, value: u8) {
[INFO] [stdout]    |                                ^^^^^^^ help: if this is intentional, prefix it with an underscore: `_address`
[INFO] [stdout] 
[INFO] [stdout] 
[INFO] [stdout] warning: unused variable: `value`
[INFO] [stdout]   --> src/apu.rs:18:46
[INFO] [stdout]    |
[INFO] [stdout] 18 |     fn device_write(&mut self, address: u16, value: u8) {
[INFO] [stdout]    |                                              ^^^^^ help: if this is intentional, prefix it with an underscore: `_value`
[INFO] [stdout] 
[INFO] [stdout] 
[INFO] [stdout] warning: unused variable: `address`
[INFO] [stdout]   --> src/ppu.rs:22:27
[INFO] [stdout]    |
[INFO] [stdout] 22 |     fn device_read(&self, address: u16) -> u8 {
[INFO] [stdout]    |                           ^^^^^^^ help: if this is intentional, prefix it with an underscore: `_address`
[INFO] [stdout] 
[INFO] [stdout] 
[INFO] [stdout] warning: unused variable: `address`
[INFO] [stdout]   --> src/rom.rs:57:27
[INFO] [stdout]    |
[INFO] [stdout] 57 |     fn device_read(&self, address: u16) -> u8 {
[INFO] [stdout]    |                           ^^^^^^^ help: if this is intentional, prefix it with an underscore: `_address`
[INFO] [stdout] 
[INFO] [stdout] 
[INFO] [stdout] warning: unused variable: `bus`
[INFO] [stdout]   --> src/lib.rs:32:13
[INFO] [stdout]    |
[INFO] [stdout] 32 |     let mut bus = Bus::new(
[INFO] [stdout]    |             ^^^ help: if this is intentional, prefix it with an underscore: `_bus`
[INFO] [stdout] 
[INFO] [stdout] 
[INFO] [stdout] warning: variable does not need to be mutable
[INFO] [stdout]   --> src/lib.rs:32:9
[INFO] [stdout]    |
[INFO] [stdout] 32 |     let mut bus = Bus::new(
[INFO] [stdout]    |         ----^^^
[INFO] [stdout]    |         |
[INFO] [stdout]    |         help: remove this `mut`
[INFO] [stdout]    |
[INFO] [stdout]    = note: `#[warn(unused_mut)]` on by default
[INFO] [stdout] 
[INFO] [stdout] 
[INFO] [stdout] warning: constant `PPUCTRL` is never used
[INFO] [stdout]  --> src/constants.rs:8:5
[INFO] [stdout]   |
[INFO] [stdout] 8 |     PPUCTRL   = 0x2000;
[INFO] [stdout]   |     ^^^^^^^
[INFO] [stdout]   |
[INFO] [stdout]   = note: `#[warn(dead_code)]` on by default
[INFO] [stdout]   = note: this warning originates in the macro `addresses` (in Nightly builds, run with -Z macro-backtrace for more info)
[INFO] [stdout] 
[INFO] [stdout] 
[INFO] [stdout] warning: constant `PPUMASK` is never used
[INFO] [stdout]  --> src/constants.rs:9:5
[INFO] [stdout]   |
[INFO] [stdout] 9 |     PPUMASK   = 0x2001;
[INFO] [stdout]   |     ^^^^^^^
[INFO] [stdout]   |
[INFO] [stdout]   = note: this warning originates in the macro `addresses` (in Nightly builds, run with -Z macro-backtrace for more info)
[INFO] [stdout] 
[INFO] [stdout] 
[INFO] [stdout] warning: constant `PPUSTATUS` is never used
[INFO] [stdout]   --> src/constants.rs:10:5
[INFO] [stdout]    |
[INFO] [stdout] 10 |     PPUSTATUS = 0x2002;
[INFO] [stdout]    |     ^^^^^^^^^
[INFO] [stdout]    |
[INFO] [stdout]    = note: this warning originates in the macro `addresses` (in Nightly builds, run with -Z macro-backtrace for more info)
[INFO] [stdout] 
[INFO] [stdout] 
[INFO] [stdout] warning: constant `OAMADDR` is never used
[INFO] [stdout]   --> src/constants.rs:11:5
[INFO] [stdout]    |
[INFO] [stdout] 11 |     OAMADDR   = 0x2003;
[INFO] [stdout]    |     ^^^^^^^
[INFO] [stdout]    |
[INFO] [stdout]    = note: this warning originates in the macro `addresses` (in Nightly builds, run with -Z macro-backtrace for more info)
[INFO] [stdout] 
[INFO] [stdout] 
[INFO] [stdout] warning: constant `OAMDATA` is never used
[INFO] [stdout]   --> src/constants.rs:12:5
[INFO] [stdout]    |
[INFO] [stdout] 12 |     OAMDATA   = 0x2004;
[INFO] [stdout]    |     ^^^^^^^
[INFO] [stdout]    |
[INFO] [stdout]    = note: this warning originates in the macro `addresses` (in Nightly builds, run with -Z macro-backtrace for more info)
[INFO] [stdout] 
[INFO] [stdout] 
[INFO] [stdout] warning: constant `PPUSCROLL` is never used
[INFO] [stdout]   --> src/constants.rs:13:5
[INFO] [stdout]    |
[INFO] [stdout] 13 |     PPUSCROLL = 0x2005;
[INFO] [stdout]    |     ^^^^^^^^^
[INFO] [stdout]    |
[INFO] [stdout]    = note: this warning originates in the macro `addresses` (in Nightly builds, run with -Z macro-backtrace for more info)
[INFO] [stdout] 
[INFO] [stdout] 
[INFO] [stdout] warning: constant `PPUDATA` is never used
[INFO] [stdout]   --> src/constants.rs:15:5
[INFO] [stdout]    |
[INFO] [stdout] 15 |     PPUDATA   = 0x2007;
[INFO] [stdout]    |     ^^^^^^^
[INFO] [stdout]    |
[INFO] [stdout]    = note: this warning originates in the macro `addresses` (in Nightly builds, run with -Z macro-backtrace for more info)
[INFO] [stdout] 
[INFO] [stdout] 
[INFO] [stdout] warning: constant `OAMDMA` is never used
[INFO] [stdout]   --> src/constants.rs:16:5
[INFO] [stdout]    |
[INFO] [stdout] 16 |     OAMDMA    = 0x4014;
[INFO] [stdout]    |     ^^^^^^
[INFO] [stdout]    |
[INFO] [stdout]    = note: this warning originates in the macro `addresses` (in Nightly builds, run with -Z macro-backtrace for more info)
[INFO] [stdout] 
[INFO] [stdout] 
[INFO] [stdout] warning: fields `ppu`, `apu`, and `rom` are never read
[INFO] [stdout]  --> src/bus.rs:6:5
[INFO] [stdout]   |
[INFO] [stdout] 5 | pub struct Bus {
[INFO] [stdout]   |            --- fields in this struct
[INFO] [stdout] 6 |     ppu: Ppu,
[INFO] [stdout]   |     ^^^
[INFO] [stdout] 7 |     apu: Apu,
[INFO] [stdout]   |     ^^^
[INFO] [stdout] 8 |     rom: Rom,
[INFO] [stdout]   |     ^^^
[INFO] [stdout] 
[INFO] [stdout] 
[INFO] [stdout] warning: methods `read`, `select_device`, `write`, and `select_device_mut` are never used
[INFO] [stdout]   --> src/bus.rs:16:12
[INFO] [stdout]    |
[INFO] [stdout] 11 | impl Bus {
[INFO] [stdout]    | -------- methods in this implementation
[INFO] [stdout] ...
[INFO] [stdout] 16 |     pub fn read(&self, address: u16) -> u8 {
[INFO] [stdout]    |            ^^^^
[INFO] [stdout] ...
[INFO] [stdout] 20 |     fn select_device(&self, address: u16) -> &dyn DeviceRead {
[INFO] [stdout]    |        ^^^^^^^^^^^^^
[INFO] [stdout] ...
[INFO] [stdout] 29 |     pub fn write(&mut self, address: u16, value: u8) {
[INFO] [stdout]    |            ^^^^^
[INFO] [stdout] ...
[INFO] [stdout] 33 |     fn select_device_mut(&mut self, address: u16) -> &mut dyn DeviceWrite {
[INFO] [stdout]    |        ^^^^^^^^^^^^^^^^^
[INFO] [stdout] 
[INFO] [stdout] 
[INFO] [stdout] warning: method `device_read` is never used
[INFO] [stdout]   --> src/bus.rs:43:8
[INFO] [stdout]    |
[INFO] [stdout] 42 | pub trait DeviceRead {
[INFO] [stdout]    |           ---------- method in this trait
[INFO] [stdout] 43 |     fn device_read(&self, address: u16) -> u8;
[INFO] [stdout]    |        ^^^^^^^^^^^
[INFO] [stdout] 
[INFO] [stdout] 
[INFO] [stdout] warning: method `as_bytes` is never used
[INFO] [stdout]   --> src/rom.rs:51:12
[INFO] [stdout]    |
[INFO] [stdout] 21 | impl Rom {
[INFO] [stdout]    | -------- method in this implementation
[INFO] [stdout] ...
[INFO] [stdout] 51 |     pub fn as_bytes(self) -> Vec<u8> {
[INFO] [stdout]    |            ^^^^^^^^
[INFO] [stdout] 
[INFO] [stdout] 
[INFO] [stdout] warning: methods `is_bit_set` and `is_bit_clear` are never used
[INFO] [stdout]  --> src/types.rs:7:8
[INFO] [stdout]   |
[INFO] [stdout] 5 | pub trait BitRead: Sized + Shl {
[INFO] [stdout]   |           ------- methods in this trait
[INFO] [stdout] 6 |     fn read_bit(&self, n: u8) -> u8;
[INFO] [stdout] 7 |     fn is_bit_set(&self, n: u8) -> bool;
[INFO] [stdout]   |        ^^^^^^^^^^
[INFO] [stdout] 8 |     fn is_bit_clear(&self, n: u8) -> bool;
[INFO] [stdout]   |        ^^^^^^^^^^^^
[INFO] [stdout] 
[INFO] [stdout] 
[INFO] [stderr]     Finished `test` profile [unoptimized + debuginfo] target(s) in 0.65s
[INFO] running `Command { std: "docker" "inspect" "5d2c68892c683e267cb7884826b66e0a3de52308de905c474949e2b368c55fd9", kill_on_drop: false }`
[INFO] running `Command { std: "docker" "rm" "-f" "5d2c68892c683e267cb7884826b66e0a3de52308de905c474949e2b368c55fd9", kill_on_drop: false }`
[INFO] [stdout] 5d2c68892c683e267cb7884826b66e0a3de52308de905c474949e2b368c55fd9
[INFO] running `Command { std: "docker" "create" "-v" "/var/lib/crater-agent-workspace/builds/worker-7-tc1/target:/opt/rustwide/target:rw,Z" "-v" "/var/lib/crater-agent-workspace/builds/worker-7-tc1/source:/opt/rustwide/workdir:ro,Z" "-v" "/var/lib/crater-agent-workspace/cargo-home:/opt/rustwide/cargo-home:ro,Z" "-v" "/var/lib/crater-agent-workspace/rustup-home:/opt/rustwide/rustup-home:ro,Z" "-e" "SOURCE_DIR=/opt/rustwide/workdir" "-e" "CARGO_TARGET_DIR=/opt/rustwide/target" "-e" "CARGO_INCREMENTAL=0" "-e" "RUST_BACKTRACE=full" "-e" "RUSTFLAGS=--cap-lints=warn" "-e" "RUSTDOCFLAGS=--cap-lints=warn" "-e" "CARGO_HOME=/opt/rustwide/cargo-home" "-e" "RUSTUP_HOME=/opt/rustwide/rustup-home" "-w" "/opt/rustwide/workdir" "-m" "1610612736" "--user" "0:0" "--network" "none" "ghcr.io/rust-lang/crates-build-env/linux@sha256:f3a9d4ad9d972b27faf3965f35b62e55ba32bbce8f20bc8fe909558a86702fde" "/opt/rustwide/cargo-home/bin/cargo" "+1.83.0" "test" "--frozen", kill_on_drop: false }`
[INFO] [stdout] a2068a8d88dab01d3959c3a39a31f13a7a048de39aa882475501db31365f3134
[INFO] running `Command { std: "docker" "start" "-a" "a2068a8d88dab01d3959c3a39a31f13a7a048de39aa882475501db31365f3134", kill_on_drop: false }`
[INFO] [stderr] warning: unused `#[macro_use]` import
[INFO] [stderr]  --> src/lib.rs:1:1
[INFO] [stderr]   |
[INFO] [stderr] 1 | #[macro_use]
[INFO] [stderr]   | ^^^^^^^^^^^^
[INFO] [stderr]   |
[INFO] [stderr]   = note: `#[warn(unused_imports)]` on by default
[INFO] [stderr] 
[INFO] [stderr] warning: unused `#[macro_use]` import
[INFO] [stderr]  --> src/lib.rs:3:1
[INFO] [stderr]   |
[INFO] [stderr] 3 | #[macro_use]
[INFO] [stderr]   | ^^^^^^^^^^^^
[INFO] [stderr] 
[INFO] [stderr] warning: unused `#[macro_use]` import
[INFO] [stderr]  --> src/lib.rs:5:1
[INFO] [stderr]   |
[INFO] [stderr] 5 | #[macro_use]
[INFO] [stderr]   | ^^^^^^^^^^^^
[INFO] [stderr] 
[INFO] [stderr] warning: unused `#[macro_use]` import
[INFO] [stderr]  --> src/lib.rs:9:1
[INFO] [stderr]   |
[INFO] [stderr] 9 | #[macro_use]
[INFO] [stderr]   | ^^^^^^^^^^^^
[INFO] [stderr] 
[INFO] [stderr] warning: unused variable: `address`
[INFO] [stderr]   --> src/apu.rs:12:27
[INFO] [stderr]    |
[INFO] [stderr] 12 |     fn device_read(&self, address: u16) -> u8 {
[INFO] [stderr]    |                           ^^^^^^^ help: if this is intentional, prefix it with an underscore: `_address`
[INFO] [stderr]    |
[INFO] [stderr]    = note: `#[warn(unused_variables)]` on by default
[INFO] [stderr] 
[INFO] [stderr] warning: unused variable: `address`
[INFO] [stderr]   --> src/apu.rs:18:32
[INFO] [stderr]    |
[INFO] [stderr] 18 |     fn device_write(&mut self, address: u16, value: u8) {
[INFO] [stderr]    |                                ^^^^^^^ help: if this is intentional, prefix it with an underscore: `_address`
[INFO] [stderr] 
[INFO] [stderr] warning: unused variable: `value`
[INFO] [stderr]   --> src/apu.rs:18:46
[INFO] [stderr]    |
[INFO] [stderr] 18 |     fn device_write(&mut self, address: u16, value: u8) {
[INFO] [stderr]    |                                              ^^^^^ help: if this is intentional, prefix it with an underscore: `_value`
[INFO] [stderr] 
[INFO] [stderr] warning: unused variable: `address`
[INFO] [stderr]   --> src/ppu.rs:22:27
[INFO] [stderr]    |
[INFO] [stderr] 22 |     fn device_read(&self, address: u16) -> u8 {
[INFO] [stderr]    |                           ^^^^^^^ help: if this is intentional, prefix it with an underscore: `_address`
[INFO] [stderr] 
[INFO] [stderr] warning: unused variable: `address`
[INFO] [stderr]   --> src/rom.rs:57:27
[INFO] [stderr]    |
[INFO] [stderr] 57 |     fn device_read(&self, address: u16) -> u8 {
[INFO] [stderr]    |                           ^^^^^^^ help: if this is intentional, prefix it with an underscore: `_address`
[INFO] [stderr] 
[INFO] [stderr] warning: unused variable: `bus`
[INFO] [stderr]   --> src/lib.rs:32:13
[INFO] [stderr]    |
[INFO] [stderr] 32 |     let mut bus = Bus::new(
[INFO] [stderr]    |             ^^^ help: if this is intentional, prefix it with an underscore: `_bus`
[INFO] [stderr] 
[INFO] [stderr] warning: variable does not need to be mutable
[INFO] [stderr]   --> src/lib.rs:32:9
[INFO] [stderr]    |
[INFO] [stderr] 32 |     let mut bus = Bus::new(
[INFO] [stderr]    |         ----^^^
[INFO] [stderr]    |         |
[INFO] [stderr]    |         help: remove this `mut`
[INFO] [stderr]    |
[INFO] [stderr]    = note: `#[warn(unused_mut)]` on by default
[INFO] [stderr] 
[INFO] [stderr] warning: constant `PPUCTRL` is never used
[INFO] [stderr]  --> src/constants.rs:8:5
[INFO] [stderr]   |
[INFO] [stderr] 8 |     PPUCTRL   = 0x2000;
[INFO] [stderr]   |     ^^^^^^^
[INFO] [stderr]   |
[INFO] [stderr]   = note: `#[warn(dead_code)]` on by default
[INFO] [stderr]   = note: this warning originates in the macro `addresses` (in Nightly builds, run with -Z macro-backtrace for more info)
[INFO] [stderr] 
[INFO] [stderr] warning: constant `PPUMASK` is never used
[INFO] [stderr]  --> src/constants.rs:9:5
[INFO] [stderr]   |
[INFO] [stderr] 9 |     PPUMASK   = 0x2001;
[INFO] [stderr]   |     ^^^^^^^
[INFO] [stderr]   |
[INFO] [stderr]   = note: this warning originates in the macro `addresses` (in Nightly builds, run with -Z macro-backtrace for more info)
[INFO] [stderr] 
[INFO] [stderr] warning: constant `PPUSTATUS` is never used
[INFO] [stderr]   --> src/constants.rs:10:5
[INFO] [stderr]    |
[INFO] [stderr] 10 |     PPUSTATUS = 0x2002;
[INFO] [stderr]    |     ^^^^^^^^^
[INFO] [stderr]    |
[INFO] [stderr]    = note: this warning originates in the macro `addresses` (in Nightly builds, run with -Z macro-backtrace for more info)
[INFO] [stderr] 
[INFO] [stderr] warning: constant `OAMADDR` is never used
[INFO] [stderr]   --> src/constants.rs:11:5
[INFO] [stderr]    |
[INFO] [stderr] 11 |     OAMADDR   = 0x2003;
[INFO] [stderr]    |     ^^^^^^^
[INFO] [stderr]    |
[INFO] [stderr]    = note: this warning originates in the macro `addresses` (in Nightly builds, run with -Z macro-backtrace for more info)
[INFO] [stderr] 
[INFO] [stderr] warning: constant `OAMDATA` is never used
[INFO] [stderr]   --> src/constants.rs:12:5
[INFO] [stderr]    |
[INFO] [stderr] 12 |     OAMDATA   = 0x2004;
[INFO] [stderr]    |     ^^^^^^^
[INFO] [stderr]    |
[INFO] [stderr]    = note: this warning originates in the macro `addresses` (in Nightly builds, run with -Z macro-backtrace for more info)
[INFO] [stderr] 
[INFO] [stderr] warning: constant `PPUSCROLL` is never used
[INFO] [stderr]   --> src/constants.rs:13:5
[INFO] [stderr]    |
[INFO] [stderr] 13 |     PPUSCROLL = 0x2005;
[INFO] [stderr]    |     ^^^^^^^^^
[INFO] [stderr]    |
[INFO] [stderr]    = note: this warning originates in the macro `addresses` (in Nightly builds, run with -Z macro-backtrace for more info)
[INFO] [stderr] 
[INFO] [stderr] warning: constant `PPUDATA` is never used
[INFO] [stderr]   --> src/constants.rs:15:5
[INFO] [stderr]    |
[INFO] [stderr] 15 |     PPUDATA   = 0x2007;
[INFO] [stderr]    |     ^^^^^^^
[INFO] [stderr]    |
[INFO] [stderr]    = note: this warning originates in the macro `addresses` (in Nightly builds, run with -Z macro-backtrace for more info)
[INFO] [stderr] 
[INFO] [stderr] warning: constant `OAMDMA` is never used
[INFO] [stderr]   --> src/constants.rs:16:5
[INFO] [stderr]    |
[INFO] [stderr] 16 |     OAMDMA    = 0x4014;
[INFO] [stderr]    |     ^^^^^^
[INFO] [stderr]    |
[INFO] [stderr]    = note: this warning originates in the macro `addresses` (in Nightly builds, run with -Z macro-backtrace for more info)
[INFO] [stderr] 
[INFO] [stderr] warning: fields `ppu`, `apu`, and `rom` are never read
[INFO] [stderr]  --> src/bus.rs:6:5
[INFO] [stderr]   |
[INFO] [stderr] 5 | pub struct Bus {
[INFO] [stderr]   |            --- fields in this struct
[INFO] [stderr] 6 |     ppu: Ppu,
[INFO] [stderr]   |     ^^^
[INFO] [stderr] 7 |     apu: Apu,
[INFO] [stderr]   |     ^^^
[INFO] [stderr] 8 |     rom: Rom,
[INFO] [stderr]   |     ^^^
[INFO] [stderr] 
[INFO] [stderr] warning: methods `read`, `select_device`, `write`, and `select_device_mut` are never used
[INFO] [stderr]   --> src/bus.rs:16:12
[INFO] [stderr]    |
[INFO] [stderr] 11 | impl Bus {
[INFO] [stderr]    | -------- methods in this implementation
[INFO] [stderr] ...
[INFO] [stderr] 16 |     pub fn read(&self, address: u16) -> u8 {
[INFO] [stderr]    |            ^^^^
[INFO] [stderr] ...
[INFO] [stderr] 20 |     fn select_device(&self, address: u16) -> &dyn DeviceRead {
[INFO] [stderr]    |        ^^^^^^^^^^^^^
[INFO] [stderr] ...
[INFO] [stderr] 29 |     pub fn write(&mut self, address: u16, value: u8) {
[INFO] [stderr]    |            ^^^^^
[INFO] [stderr] ...
[INFO] [stderr] 33 |     fn select_device_mut(&mut self, address: u16) -> &mut dyn DeviceWrite {
[INFO] [stderr]    |        ^^^^^^^^^^^^^^^^^
[INFO] [stderr] 
[INFO] [stderr] warning: method `device_read` is never used
[INFO] [stderr]   --> src/bus.rs:43:8
[INFO] [stderr]    |
[INFO] [stderr] 42 | pub trait DeviceRead {
[INFO] [stderr]    |           ---------- method in this trait
[INFO] [stderr] 43 |     fn device_read(&self, address: u16) -> u8;
[INFO] [stderr]    |        ^^^^^^^^^^^
[INFO] [stderr] 
[INFO] [stderr] warning: method `device_write` is never used
[INFO] [stderr]   --> src/bus.rs:47:8
[INFO] [stderr]    |
[INFO] [stderr] 46 | pub trait DeviceWrite {
[INFO] [stderr]    |           ----------- method in this trait
[INFO] [stderr] 47 |     fn device_write(&mut self, address: u16, value: u8);
[INFO] [stderr]    |        ^^^^^^^^^^^^
[INFO] [stderr] 
[INFO] [stderr] warning: fields `prg_size`, `chr_size`, and `bytes` are never read
[INFO] [stderr]   --> src/rom.rs:16:5
[INFO] [stderr]    |
[INFO] [stderr] 15 | pub struct Rom {
[INFO] [stderr]    |            --- fields in this struct
[INFO] [stderr] 16 |     prg_size: u32,
[INFO] [stderr]    |     ^^^^^^^^
[INFO] [stderr] 17 |     chr_size: u32,
[INFO] [stderr]    |     ^^^^^^^^
[INFO] [stderr] 18 |     bytes: Vec<u8>,
[INFO] [stderr]    |     ^^^^^
[INFO] [stderr] 
[INFO] [stderr] warning: method `as_bytes` is never used
[INFO] [stderr]   --> src/rom.rs:51:12
[INFO] [stderr]    |
[INFO] [stderr] 21 | impl Rom {
[INFO] [stderr]    | -------- method in this implementation
[INFO] [stderr] ...
[INFO] [stderr] 51 |     pub fn as_bytes(self) -> Vec<u8> {
[INFO] [stderr]    |            ^^^^^^^^
[INFO] [stderr] 
[INFO] [stderr] warning: methods `is_bit_set` and `is_bit_clear` are never used
[INFO] [stderr]  --> src/types.rs:7:8
[INFO] [stderr]   |
[INFO] [stderr] 5 | pub trait BitRead: Sized + Shl {
[INFO] [stderr]   |           ------- methods in this trait
[INFO] [stderr] 6 |     fn read_bit(&self, n: u8) -> u8;
[INFO] [stderr] 7 |     fn is_bit_set(&self, n: u8) -> bool;
[INFO] [stderr]   |        ^^^^^^^^^^
[INFO] [stderr] 8 |     fn is_bit_clear(&self, n: u8) -> bool;
[INFO] [stderr]   |        ^^^^^^^^^^^^
[INFO] [stderr] 
[INFO] [stderr] warning: `nes` (lib) generated 26 warnings (run `cargo fix --lib -p nes` to apply 1 suggestion)
[INFO] [stderr] warning: `nes` (lib test) generated 24 warnings (24 duplicates)
[INFO] [stderr]     Finished `test` profile [unoptimized + debuginfo] target(s) in 0.16s
[INFO] [stderr]      Running unittests src/lib.rs (/opt/rustwide/target/debug/deps/nes-3e5af82611d0ea5b)
[INFO] [stdout] 
[INFO] [stdout] running 2 tests
[INFO] [stdout] test ppu::tests::set_address_active ... ok
[INFO] [stdout] test rom::tests::from_file ... FAILED
[INFO] [stdout] 
[INFO] [stdout] failures:
[INFO] [stdout] 
[INFO] [stdout] ---- rom::tests::from_file stdout ----
[INFO] [stdout] thread 'rom::tests::from_file' panicked at src/rom.rs:73:42:
[INFO] [stdout] called `Result::unwrap()` on an `Err` value: failed to read ROM file
[INFO] [stdout] 
[INFO] [stdout] Caused by:
[INFO] [stdout]     No such file or directory (os error 2)
[INFO] [stdout] stack backtrace:
[INFO] [stdout]    0:     0x58362b54eb7a - std::backtrace_rs::backtrace::libunwind::trace::h5a5b8284f2d0c266
[INFO] [stdout]                                at /rustc/90b35a6239c3d8bdabc530a6a0816f7ff89a0aaf/library/std/src/../../backtrace/src/backtrace/libunwind.rs:116:5
[INFO] [stdout]    1:     0x58362b54eb7a - std::backtrace_rs::backtrace::trace_unsynchronized::h76d4f1c9b0b875e3
[INFO] [stdout]                                at /rustc/90b35a6239c3d8bdabc530a6a0816f7ff89a0aaf/library/std/src/../../backtrace/src/backtrace/mod.rs:66:5
[INFO] [stdout]    2:     0x58362b54eb7a - std::sys::backtrace::_print_fmt::hc4546b8364a537c6
[INFO] [stdout]                                at /rustc/90b35a6239c3d8bdabc530a6a0816f7ff89a0aaf/library/std/src/sys/backtrace.rs:66:9
[INFO] [stdout]    3:     0x58362b54eb7a - <std::sys::backtrace::BacktraceLock::print::DisplayBacktrace as core::fmt::Display>::fmt::h5b6bd5631a6d1f6b
[INFO] [stdout]                                at /rustc/90b35a6239c3d8bdabc530a6a0816f7ff89a0aaf/library/std/src/sys/backtrace.rs:39:26
[INFO] [stdout]    4:     0x58362b573fa3 - core::fmt::rt::Argument::fmt::h270f6602a2b96f62
[INFO] [stdout]                                at /rustc/90b35a6239c3d8bdabc530a6a0816f7ff89a0aaf/library/core/src/fmt/rt.rs:177:76
[INFO] [stdout]    5:     0x58362b573fa3 - core::fmt::write::h7550c97b06c86515
[INFO] [stdout]                                at /rustc/90b35a6239c3d8bdabc530a6a0816f7ff89a0aaf/library/core/src/fmt/mod.rs:1186:21
[INFO] [stdout]    6:     0x58362b54bd43 - std::io::Write::write_fmt::h509ff860e5956e5e
[INFO] [stdout]                                at /rustc/90b35a6239c3d8bdabc530a6a0816f7ff89a0aaf/library/std/src/io/mod.rs:1839:15
[INFO] [stdout]    7:     0x58362b54e9c2 - std::sys::backtrace::BacktraceLock::print::h2395ccd2c84ba3aa
[INFO] [stdout]                                at /rustc/90b35a6239c3d8bdabc530a6a0816f7ff89a0aaf/library/std/src/sys/backtrace.rs:42:9
[INFO] [stdout]    8:     0x58362b54ffda - std::panicking::default_hook::{{closure}}::he19d4c7230e07961
[INFO] [stdout]                                at /rustc/90b35a6239c3d8bdabc530a6a0816f7ff89a0aaf/library/std/src/panicking.rs:268:22
[INFO] [stdout]    9:     0x58362b54fde4 - std::panicking::default_hook::hf614597d3c67bbdb
[INFO] [stdout]                                at /rustc/90b35a6239c3d8bdabc530a6a0816f7ff89a0aaf/library/std/src/panicking.rs:292:9
[INFO] [stdout]   10:     0x58362b518649 - <alloc::boxed::Box<F,A> as core::ops::function::Fn<Args>>::call::h39b51ce4599c23d1
[INFO] [stdout]                                at /rustc/90b35a6239c3d8bdabc530a6a0816f7ff89a0aaf/library/alloc/src/boxed.rs:2468:9
[INFO] [stdout]   11:     0x58362b518649 - test::test_main::{{closure}}::he977ae839a582784
[INFO] [stdout]                                at /rustc/90b35a6239c3d8bdabc530a6a0816f7ff89a0aaf/library/test/src/lib.rs:133:21
[INFO] [stdout]   12:     0x58362b550678 - <alloc::boxed::Box<F,A> as core::ops::function::Fn<Args>>::call::h9455091b6b06f9fb
[INFO] [stdout]                                at /rustc/90b35a6239c3d8bdabc530a6a0816f7ff89a0aaf/library/alloc/src/boxed.rs:2468:9
[INFO] [stdout]   13:     0x58362b550678 - std::panicking::rust_panic_with_hook::h8942133a8b252070
[INFO] [stdout]                                at /rustc/90b35a6239c3d8bdabc530a6a0816f7ff89a0aaf/library/std/src/panicking.rs:809:13
[INFO] [stdout]   14:     0x58362b55043a - std::panicking::begin_panic_handler::{{closure}}::hb5f5963570096b29
[INFO] [stdout]                                at /rustc/90b35a6239c3d8bdabc530a6a0816f7ff89a0aaf/library/std/src/panicking.rs:674:13
[INFO] [stdout]   15:     0x58362b54f059 - std::sys::backtrace::__rust_end_short_backtrace::h6208cedc1922feda
[INFO] [stdout]                                at /rustc/90b35a6239c3d8bdabc530a6a0816f7ff89a0aaf/library/std/src/sys/backtrace.rs:170:18
[INFO] [stdout]   16:     0x58362b5500cc - rust_begin_unwind
[INFO] [stdout]                                at /rustc/90b35a6239c3d8bdabc530a6a0816f7ff89a0aaf/library/std/src/panicking.rs:665:5
[INFO] [stdout]   17:     0x58362b4d8a60 - core::panicking::panic_fmt::h0c3082644d1bf418
[INFO] [stdout]                                at /rustc/90b35a6239c3d8bdabc530a6a0816f7ff89a0aaf/library/core/src/panicking.rs:74:14
[INFO] [stdout]   18:     0x58362b4d8e06 - core::result::unwrap_failed::hd20b4aa073bda1e2
[INFO] [stdout]                                at /rustc/90b35a6239c3d8bdabc530a6a0816f7ff89a0aaf/library/core/src/result.rs:1700:5
[INFO] [stdout]   19:     0x58362b4dd3d5 - core::result::Result<T,E>::unwrap::h7d3ec72f9d5e0571
[INFO] [stdout]                                at /rustc/90b35a6239c3d8bdabc530a6a0816f7ff89a0aaf/library/core/src/result.rs:1104:23
[INFO] [stdout]   20:     0x58362b4dd3d5 - nes::rom::tests::load_test_rom::h05cda8c1fb9899a1
[INFO] [stdout]                                at /opt/rustwide/workdir/src/rom.rs:73:9
[INFO] [stdout]   21:     0x58362b4dd77d - nes::rom::tests::from_file::h8957aa9a5752286b
[INFO] [stdout]                                at /opt/rustwide/workdir/src/rom.rs:78:19
[INFO] [stdout]   22:     0x58362b4dd747 - nes::rom::tests::from_file::{{closure}}::hfaf7a7f152b2efe2
[INFO] [stderr] error: test failed, to rerun pass `--lib`
[INFO] [stdout]                                at /opt/rustwide/workdir/src/rom.rs:77:19
[INFO] [stdout]   23:     0x58362b4d9ff6 - core::ops::function::FnOnce::call_once::h103f803db9daf41a
[INFO] [stdout]                                at /rustc/90b35a6239c3d8bdabc530a6a0816f7ff89a0aaf/library/core/src/ops/function.rs:250:5
[INFO] [stdout]   24:     0x58362b51d00b - core::ops::function::FnOnce::call_once::h109cf8051a59b34e
[INFO] [stdout]                                at /rustc/90b35a6239c3d8bdabc530a6a0816f7ff89a0aaf/library/core/src/ops/function.rs:250:5
[INFO] [stdout]   25:     0x58362b51d00b - test::__rust_begin_short_backtrace::hf4fff89d377446ba
[INFO] [stdout]                                at /rustc/90b35a6239c3d8bdabc530a6a0816f7ff89a0aaf/library/test/src/lib.rs:621:18
[INFO] [stdout]   26:     0x58362b51c847 - test::run_test_in_process::{{closure}}::h0e39181dd7ee5a43
[INFO] [stdout]                                at /rustc/90b35a6239c3d8bdabc530a6a0816f7ff89a0aaf/library/test/src/lib.rs:644:60
[INFO] [stdout]   27:     0x58362b51c847 - <core::panic::unwind_safe::AssertUnwindSafe<F> as core::ops::function::FnOnce<()>>::call_once::hc5a66a30f0bdfd1f
[INFO] [stdout]                                at /rustc/90b35a6239c3d8bdabc530a6a0816f7ff89a0aaf/library/core/src/panic/unwind_safe.rs:272:9
[INFO] [stdout]   28:     0x58362b51c847 - std::panicking::try::do_call::h873b7cf639554a5e
[INFO] [stdout]                                at /rustc/90b35a6239c3d8bdabc530a6a0816f7ff89a0aaf/library/std/src/panicking.rs:557:40
[INFO] [stdout]   29:     0x58362b51c847 - std::panicking::try::hdb19862fad9c8bd1
[INFO] [stdout]                                at /rustc/90b35a6239c3d8bdabc530a6a0816f7ff89a0aaf/library/std/src/panicking.rs:520:19
[INFO] [stdout]   30:     0x58362b51c847 - std::panic::catch_unwind::h281fe732d236d260
[INFO] [stdout]                                at /rustc/90b35a6239c3d8bdabc530a6a0816f7ff89a0aaf/library/std/src/panic.rs:358:14
[INFO] [stdout]   31:     0x58362b51c847 - test::run_test_in_process::h949b6df8457ed338
[INFO] [stdout]                                at /rustc/90b35a6239c3d8bdabc530a6a0816f7ff89a0aaf/library/test/src/lib.rs:644:27
[INFO] [stdout]   32:     0x58362b51c847 - test::run_test::{{closure}}::h52c556a6d4740e10
[INFO] [stdout]                                at /rustc/90b35a6239c3d8bdabc530a6a0816f7ff89a0aaf/library/test/src/lib.rs:565:43
[INFO] [stdout]   33:     0x58362b4e1b24 - test::run_test::{{closure}}::h4237f6381c45ccb9
[INFO] [stdout]                                at /rustc/90b35a6239c3d8bdabc530a6a0816f7ff89a0aaf/library/test/src/lib.rs:595:41
[INFO] [stdout]   34:     0x58362b4e1b24 - std::sys::backtrace::__rust_begin_short_backtrace::h505c97a579eca628
[INFO] [stdout]                                at /rustc/90b35a6239c3d8bdabc530a6a0816f7ff89a0aaf/library/std/src/sys/backtrace.rs:154:18
[INFO] [stdout]   35:     0x58362b4e51ee - std::thread::Builder::spawn_unchecked_::{{closure}}::{{closure}}::h9e86b2e2bc107ea3
[INFO] [stdout]                                at /rustc/90b35a6239c3d8bdabc530a6a0816f7ff89a0aaf/library/std/src/thread/mod.rs:538:17
[INFO] [stdout]   36:     0x58362b4e51ee - <core::panic::unwind_safe::AssertUnwindSafe<F> as core::ops::function::FnOnce<()>>::call_once::h8b06ddb275ff4a25
[INFO] [stdout]                                at /rustc/90b35a6239c3d8bdabc530a6a0816f7ff89a0aaf/library/core/src/panic/unwind_safe.rs:272:9
[INFO] [stdout]   37:     0x58362b4e51ee - std::panicking::try::do_call::hb26ecd7cd9a9355d
[INFO] [stdout]                                at /rustc/90b35a6239c3d8bdabc530a6a0816f7ff89a0aaf/library/std/src/panicking.rs:557:40
[INFO] [stdout]   38:     0x58362b4e51ee - std::panicking::try::h8ddeca9d705f9069
[INFO] [stdout]                                at /rustc/90b35a6239c3d8bdabc530a6a0816f7ff89a0aaf/library/std/src/panicking.rs:520:19
[INFO] [stdout]   39:     0x58362b4e51ee - std::panic::catch_unwind::h49e1c33078844c46
[INFO] [stdout]                                at /rustc/90b35a6239c3d8bdabc530a6a0816f7ff89a0aaf/library/std/src/panic.rs:358:14
[INFO] [stdout]   40:     0x58362b4e51ee - std::thread::Builder::spawn_unchecked_::{{closure}}::h6073db6ff56ad35d
[INFO] [stdout]                                at /rustc/90b35a6239c3d8bdabc530a6a0816f7ff89a0aaf/library/std/src/thread/mod.rs:537:30
[INFO] [stdout]   41:     0x58362b4e51ee - core::ops::function::FnOnce::call_once{{vtable.shim}}::h2c5a5f3779c774f1
[INFO] [stdout]                                at /rustc/90b35a6239c3d8bdabc530a6a0816f7ff89a0aaf/library/core/src/ops/function.rs:250:5
[INFO] [stdout]   42:     0x58362b5543db - <alloc::boxed::Box<F,A> as core::ops::function::FnOnce<Args>>::call_once::hf75717d9f28faebf
[INFO] [stdout]                                at /rustc/90b35a6239c3d8bdabc530a6a0816f7ff89a0aaf/library/alloc/src/boxed.rs:2454:9
[INFO] [stdout]   43:     0x58362b5543db - <alloc::boxed::Box<F,A> as core::ops::function::FnOnce<Args>>::call_once::h7bd883a5f3c5f3c1
[INFO] [stdout]                                at /rustc/90b35a6239c3d8bdabc530a6a0816f7ff89a0aaf/library/alloc/src/boxed.rs:2454:9
[INFO] [stdout]   44:     0x58362b5543db - std::sys::pal::unix::thread::Thread::new::thread_start::hcc78f3943333fa94
[INFO] [stdout]                                at /rustc/90b35a6239c3d8bdabc530a6a0816f7ff89a0aaf/library/std/src/sys/pal/unix/thread.rs:105:17
[INFO] [stdout]   45:     0x7412ea6bbac3 - <unknown>
[INFO] [stdout]   46:     0x7412ea74ca04 - clone
[INFO] [stdout]   47:                0x0 - <unknown>
[INFO] [stdout] 
[INFO] [stdout] 
[INFO] [stdout] failures:
[INFO] [stdout]     rom::tests::from_file
[INFO] [stdout] 
[INFO] [stdout] test result: FAILED. 1 passed; 1 failed; 0 ignored; 0 measured; 0 filtered out; finished in 0.03s
[INFO] [stdout] 
[INFO] running `Command { std: "docker" "inspect" "a2068a8d88dab01d3959c3a39a31f13a7a048de39aa882475501db31365f3134", kill_on_drop: false }`
[INFO] running `Command { std: "docker" "rm" "-f" "a2068a8d88dab01d3959c3a39a31f13a7a048de39aa882475501db31365f3134", kill_on_drop: false }`
[INFO] [stdout] a2068a8d88dab01d3959c3a39a31f13a7a048de39aa882475501db31365f3134
