[INFO] cloning repository https://github.com/Xiaobin0860/rust_learning
[INFO] running `Command { std: "git" "-c" "credential.helper=" "-c" "credential.helper=/workspace/cargo-home/bin/git-credential-null" "clone" "--bare" "https://github.com/Xiaobin0860/rust_learning" "/workspace/cache/git-repos/https%3A%2F%2Fgithub.com%2FXiaobin0860%2Frust_learning", kill_on_drop: false }`
[INFO] [stderr] Cloning into bare repository '/workspace/cache/git-repos/https%3A%2F%2Fgithub.com%2FXiaobin0860%2Frust_learning'...
[INFO] running `Command { std: "git" "rev-parse" "HEAD", kill_on_drop: false }`
[INFO] [stdout] ca22993d82c8fca285d70548a685466fcbd47c70
[INFO] testing Xiaobin0860/rust_learning against 1.83.0 for beta-1.84.0-4-retry
[INFO] running `Command { std: "git" "clone" "/workspace/cache/git-repos/https%3A%2F%2Fgithub.com%2FXiaobin0860%2Frust_learning" "/workspace/builds/worker-7-tc1/source", kill_on_drop: false }`
[INFO] [stderr] Cloning into '/workspace/builds/worker-7-tc1/source'...
[INFO] [stderr] done.
[INFO] validating manifest of git repo https://github.com/Xiaobin0860/rust_learning on toolchain 1.83.0
[INFO] running `Command { std: CARGO_HOME="/workspace/cargo-home" RUSTUP_HOME="/workspace/rustup-home" "/workspace/cargo-home/bin/cargo" "+1.83.0" "metadata" "--manifest-path" "Cargo.toml" "--no-deps", kill_on_drop: false }`
[INFO] started tweaking git repo https://github.com/Xiaobin0860/rust_learning
[INFO] finished tweaking git repo https://github.com/Xiaobin0860/rust_learning
[INFO] tweaked toml for git repo https://github.com/Xiaobin0860/rust_learning written to /workspace/builds/worker-7-tc1/source/Cargo.toml
[INFO] crate git repo https://github.com/Xiaobin0860/rust_learning already has a lockfile, it will not be regenerated
[INFO] running `Command { std: CARGO_HOME="/workspace/cargo-home" RUSTUP_HOME="/workspace/rustup-home" "/workspace/cargo-home/bin/cargo" "+1.83.0" "fetch" "--manifest-path" "Cargo.toml", kill_on_drop: false }`
[INFO] [stderr]  Downloading crates ...
[INFO] [stderr]   Downloaded prost-derive v0.10.1
[INFO] [stderr]   Downloaded which v4.1.0
[INFO] [stderr]   Downloaded prettyplease v0.1.10
[INFO] [stderr]   Downloaded async-stream-impl v0.3.2
[INFO] [stderr]   Downloaded dashmap v5.2.0
[INFO] [stderr]   Downloaded async-stream v0.3.2
[INFO] [stderr]   Downloaded prost v0.10.3
[INFO] [stderr]   Downloaded tokio-io-timeout v1.1.1
[INFO] [stderr]   Downloaded tower-http v0.3.3
[INFO] [stderr]   Downloaded axum v0.5.6
[INFO] [stderr]   Downloaded tonic v0.7.2
[INFO] [stderr]   Downloaded prost-types v0.10.1
[INFO] [stderr]   Downloaded tonic-build v0.7.2
[INFO] [stderr]   Downloaded tokio v1.11.0
[INFO] [stderr]   Downloaded prost-build v0.10.3
[INFO] running `Command { std: "docker" "create" "-v" "/var/lib/crater-agent-workspace/builds/worker-7-tc1/target:/opt/rustwide/target:rw,Z" "-v" "/var/lib/crater-agent-workspace/builds/worker-7-tc1/source:/opt/rustwide/workdir:ro,Z" "-v" "/var/lib/crater-agent-workspace/cargo-home:/opt/rustwide/cargo-home:ro,Z" "-v" "/var/lib/crater-agent-workspace/rustup-home:/opt/rustwide/rustup-home:ro,Z" "-e" "SOURCE_DIR=/opt/rustwide/workdir" "-e" "CARGO_TARGET_DIR=/opt/rustwide/target" "-e" "CARGO_HOME=/opt/rustwide/cargo-home" "-e" "RUSTUP_HOME=/opt/rustwide/rustup-home" "-w" "/opt/rustwide/workdir" "-m" "1610612736" "--user" "0:0" "--network" "none" "ghcr.io/rust-lang/crates-build-env/linux@sha256:f3a9d4ad9d972b27faf3965f35b62e55ba32bbce8f20bc8fe909558a86702fde" "/opt/rustwide/cargo-home/bin/cargo" "+1.83.0" "metadata" "--no-deps" "--format-version=1", kill_on_drop: false }`
[INFO] [stdout] 39305d8ca8c3a50ff053ed363730e5ca5a2b234a762a2d8e155eac2d2f5b7df5
[INFO] running `Command { std: "docker" "start" "-a" "39305d8ca8c3a50ff053ed363730e5ca5a2b234a762a2d8e155eac2d2f5b7df5", kill_on_drop: false }`
[INFO] running `Command { std: "docker" "inspect" "39305d8ca8c3a50ff053ed363730e5ca5a2b234a762a2d8e155eac2d2f5b7df5", kill_on_drop: false }`
[INFO] running `Command { std: "docker" "rm" "-f" "39305d8ca8c3a50ff053ed363730e5ca5a2b234a762a2d8e155eac2d2f5b7df5", kill_on_drop: false }`
[INFO] [stdout] 39305d8ca8c3a50ff053ed363730e5ca5a2b234a762a2d8e155eac2d2f5b7df5
[INFO] running `Command { std: "docker" "create" "-v" "/var/lib/crater-agent-workspace/builds/worker-7-tc1/target:/opt/rustwide/target:rw,Z" "-v" "/var/lib/crater-agent-workspace/builds/worker-7-tc1/source:/opt/rustwide/workdir:ro,Z" "-v" "/var/lib/crater-agent-workspace/cargo-home:/opt/rustwide/cargo-home:ro,Z" "-v" "/var/lib/crater-agent-workspace/rustup-home:/opt/rustwide/rustup-home:ro,Z" "-e" "SOURCE_DIR=/opt/rustwide/workdir" "-e" "CARGO_TARGET_DIR=/opt/rustwide/target" "-e" "CARGO_INCREMENTAL=0" "-e" "RUST_BACKTRACE=full" "-e" "RUSTFLAGS=--cap-lints=warn" "-e" "RUSTDOCFLAGS=--cap-lints=warn" "-e" "CARGO_HOME=/opt/rustwide/cargo-home" "-e" "RUSTUP_HOME=/opt/rustwide/rustup-home" "-w" "/opt/rustwide/workdir" "-m" "1610612736" "--user" "0:0" "--network" "none" "ghcr.io/rust-lang/crates-build-env/linux@sha256:f3a9d4ad9d972b27faf3965f35b62e55ba32bbce8f20bc8fe909558a86702fde" "/opt/rustwide/cargo-home/bin/cargo" "+1.83.0" "build" "--frozen" "--message-format=json", kill_on_drop: false }`
[INFO] [stdout] 7051adab36be35044d9a63d39e20e50d2d518a21d40898e4f419e7c5dab314e8
[INFO] running `Command { std: "docker" "start" "-a" "7051adab36be35044d9a63d39e20e50d2d518a21d40898e4f419e7c5dab314e8", kill_on_drop: false }`
[INFO] [stderr]    Compiling libc v0.2.95
[INFO] [stderr]    Compiling ppv-lite86 v0.2.8
[INFO] [stderr]    Compiling cc v1.0.73
[INFO] [stderr]    Compiling rust_learning v0.1.0 (/opt/rustwide/workdir)
[INFO] [stderr]    Compiling getrandom v0.2.3
[INFO] [stderr]    Compiling rand_core v0.6.2
[INFO] [stderr]    Compiling rand_chacha v0.3.0
[INFO] [stderr]    Compiling rand v0.8.3
[INFO] [stderr]     Finished `dev` profile [unoptimized + debuginfo] target(s) in 5.34s
[INFO] running `Command { std: "docker" "inspect" "7051adab36be35044d9a63d39e20e50d2d518a21d40898e4f419e7c5dab314e8", kill_on_drop: false }`
[INFO] running `Command { std: "docker" "rm" "-f" "7051adab36be35044d9a63d39e20e50d2d518a21d40898e4f419e7c5dab314e8", kill_on_drop: false }`
[INFO] [stdout] 7051adab36be35044d9a63d39e20e50d2d518a21d40898e4f419e7c5dab314e8
[INFO] running `Command { std: "docker" "create" "-v" "/var/lib/crater-agent-workspace/builds/worker-7-tc1/target:/opt/rustwide/target:rw,Z" "-v" "/var/lib/crater-agent-workspace/builds/worker-7-tc1/source:/opt/rustwide/workdir:ro,Z" "-v" "/var/lib/crater-agent-workspace/cargo-home:/opt/rustwide/cargo-home:ro,Z" "-v" "/var/lib/crater-agent-workspace/rustup-home:/opt/rustwide/rustup-home:ro,Z" "-e" "SOURCE_DIR=/opt/rustwide/workdir" "-e" "CARGO_TARGET_DIR=/opt/rustwide/target" "-e" "CARGO_INCREMENTAL=0" "-e" "RUST_BACKTRACE=full" "-e" "RUSTFLAGS=--cap-lints=warn" "-e" "RUSTDOCFLAGS=--cap-lints=warn" "-e" "CARGO_HOME=/opt/rustwide/cargo-home" "-e" "RUSTUP_HOME=/opt/rustwide/rustup-home" "-w" "/opt/rustwide/workdir" "-m" "1610612736" "--user" "0:0" "--network" "none" "ghcr.io/rust-lang/crates-build-env/linux@sha256:f3a9d4ad9d972b27faf3965f35b62e55ba32bbce8f20bc8fe909558a86702fde" "/opt/rustwide/cargo-home/bin/cargo" "+1.83.0" "test" "--frozen" "--no-run" "--message-format=json", kill_on_drop: false }`
[INFO] [stdout] 67ceacba1cf752047948a774ceb7fdaf7f825a19260795462e9536852a8d3c53
[INFO] running `Command { std: "docker" "start" "-a" "67ceacba1cf752047948a774ceb7fdaf7f825a19260795462e9536852a8d3c53", kill_on_drop: false }`
[INFO] [stderr]    Compiling rust_learning v0.1.0 (/opt/rustwide/workdir)
[INFO] [stdout] warning: fields `name` and `age` are never read
[INFO] [stdout]   --> tests/test_custom_types.rs:12:5
[INFO] [stdout]    |
[INFO] [stdout] 10 | struct Person<'a> {
[INFO] [stdout]    |        ------ fields in this struct
[INFO] [stdout] 11 |     // The 'a defines a lifetime
[INFO] [stdout] 12 |     name: &'a str,
[INFO] [stdout]    |     ^^^^
[INFO] [stdout] 13 |     age: u8,
[INFO] [stdout]    |     ^^^
[INFO] [stdout]    |
[INFO] [stdout]    = note: `Person` has a derived impl for the trait `Debug`, but this is intentionally ignored during dead code analysis
[INFO] [stdout]    = note: `#[warn(dead_code)]` on by default
[INFO] [stdout] 
[INFO] [stdout] 
[INFO] [stdout] warning: field `0` is never read
[INFO] [stdout]    --> tests/test_traits.rs:142:16
[INFO] [stdout]     |
[INFO] [stdout] 142 | struct Seconds(i32);
[INFO] [stdout]     |        ------- ^^^
[INFO] [stdout]     |        |
[INFO] [stdout]     |        field in this struct
[INFO] [stdout]     |
[INFO] [stdout]     = help: consider removing this field
[INFO] [stdout]     = note: `#[warn(dead_code)]` on by default
[INFO] [stdout] 
[INFO] [stdout] 
[INFO] [stdout] warning: field `value` is never read
[INFO] [stdout]   --> tests/test_conversion.rs:23:5
[INFO] [stdout]    |
[INFO] [stdout] 22 | struct Number<T> {
[INFO] [stdout]    |        ------ field in this struct
[INFO] [stdout] 23 |     value: T,
[INFO] [stdout]    |     ^^^^^
[INFO] [stdout]    |
[INFO] [stdout]    = note: `Number` has a derived impl for the trait `Debug`, but this is intentionally ignored during dead code analysis
[INFO] [stdout]    = note: `#[warn(dead_code)]` on by default
[INFO] [stdout] 
[INFO] [stdout] 
[INFO] [stdout] warning: trailing semicolon in macro used in expression position
[INFO] [stdout]   --> tests/test_macros.rs:55:70
[INFO] [stdout]    |
[INFO] [stdout] 55 |           println!("{:?} = {:?}", stringify!($expression), $expression);
[INFO] [stdout]    |                                                                        ^
[INFO] [stdout] ...
[INFO] [stdout] 64 | /     print_result!({
[INFO] [stdout] 65 | |         let x = 1u32;
[INFO] [stdout] 66 | |         x * x + 2 * x - 1
[INFO] [stdout] 67 | |     })
[INFO] [stdout]    | |______- in this macro invocation
[INFO] [stdout]    |
[INFO] [stdout]    = warning: this was previously accepted by the compiler but is being phased out; it will become a hard error in a future release!
[INFO] [stdout]    = note: for more information, see issue #79813 <https://github.com/rust-lang/rust/issues/79813>
[INFO] [stdout]    = note: macro invocations at the end of a block are treated as expressions
[INFO] [stdout]    = note: to ignore the value produced by the macro, add a semicolon after the invocation of `print_result`
[INFO] [stdout]    = note: `#[warn(semicolon_in_expressions_from_macros)]` on by default
[INFO] [stdout]    = note: this warning originates in the macro `print_result` (in Nightly builds, run with -Z macro-backtrace for more info)
[INFO] [stdout] 
[INFO] [stdout] 
[INFO] [stdout] warning: fields `x` and `y` are never read
[INFO] [stdout]   --> tests/test_std_libs.rs:37:5
[INFO] [stdout]    |
[INFO] [stdout] 36 | struct Point {
[INFO] [stdout]    |        ----- fields in this struct
[INFO] [stdout] 37 |     x: f64,
[INFO] [stdout]    |     ^
[INFO] [stdout] 38 |     y: f64,
[INFO] [stdout]    |     ^
[INFO] [stdout]    |
[INFO] [stdout]    = note: `Point` has derived impls for the traits `Clone` and `Debug`, but these are intentionally ignored during dead code analysis
[INFO] [stdout]    = note: `#[warn(dead_code)]` on by default
[INFO] [stdout] 
[INFO] [stdout] 
[INFO] [stdout] warning: struct `Vec3` is never constructed
[INFO] [stdout]   --> tests/test_prints.rs:31:8
[INFO] [stdout]    |
[INFO] [stdout] 31 | struct Vec3 {
[INFO] [stdout]    |        ^^^^
[INFO] [stdout]    |
[INFO] [stdout]    = note: `#[warn(dead_code)]` on by default
[INFO] [stdout] 
[INFO] [stdout] 
[INFO] [stdout] warning: fields `p1` and `p2` are never read
[INFO] [stdout]   --> tests/test_prints.rs:39:5
[INFO] [stdout]    |
[INFO] [stdout] 38 | struct Line2D {
[INFO] [stdout]    |        ------ fields in this struct
[INFO] [stdout] 39 |     p1: Point,
[INFO] [stdout]    |     ^^
[INFO] [stdout] 40 |     p2: Point,
[INFO] [stdout]    |     ^^
[INFO] [stdout]    |
[INFO] [stdout]    = note: `Line2D` has a derived impl for the trait `Debug`, but this is intentionally ignored during dead code analysis
[INFO] [stdout] 
[INFO] [stdout] 
[INFO] [stdout] warning: field `0` is never read
[INFO] [stdout]    --> tests/test_error_handling.rs:155:15
[INFO] [stdout]     |
[INFO] [stdout] 155 | struct Cooked(Food);
[INFO] [stdout]     |        ------ ^^^^
[INFO] [stdout]     |        |
[INFO] [stdout]     |        field in this struct
[INFO] [stdout]     |
[INFO] [stdout]     = help: consider removing this field
[INFO] [stdout]     = note: `Cooked` has a derived impl for the trait `Debug`, but this is intentionally ignored during dead code analysis
[INFO] [stdout]     = note: `#[warn(dead_code)]` on by default
[INFO] [stdout] 
[INFO] [stdout] 
[INFO] [stdout] warning: fields `0`, `1`, `2`, and `3` are never read
[INFO] [stdout]   --> tests/test_primitives.rs:18:10
[INFO] [stdout]    |
[INFO] [stdout] 18 | struct M(f32, f32, f32, f32);
[INFO] [stdout]    |        - ^^^  ^^^  ^^^  ^^^
[INFO] [stdout]    |        |
[INFO] [stdout]    |        fields in this struct
[INFO] [stdout]    |
[INFO] [stdout]    = help: consider removing these fields
[INFO] [stdout]    = note: `M` has a derived impl for the trait `Debug`, but this is intentionally ignored during dead code analysis
[INFO] [stdout]    = note: `#[warn(dead_code)]` on by default
[INFO] [stdout] 
[INFO] [stdout] 
[INFO] [stderr]     Finished `test` profile [unoptimized + debuginfo] target(s) in 9.47s
[INFO] [stderr] warning: the following packages contain code that will be rejected by a future version of Rust: rust_learning v0.1.0 (/opt/rustwide/workdir)
[INFO] [stderr] note: to see what the problems were, use the option `--future-incompat-report`, or run `cargo report future-incompatibilities --id 1`
[INFO] running `Command { std: "docker" "inspect" "67ceacba1cf752047948a774ceb7fdaf7f825a19260795462e9536852a8d3c53", kill_on_drop: false }`
[INFO] running `Command { std: "docker" "rm" "-f" "67ceacba1cf752047948a774ceb7fdaf7f825a19260795462e9536852a8d3c53", kill_on_drop: false }`
[INFO] [stdout] 67ceacba1cf752047948a774ceb7fdaf7f825a19260795462e9536852a8d3c53
[INFO] running `Command { std: "docker" "create" "-v" "/var/lib/crater-agent-workspace/builds/worker-7-tc1/target:/opt/rustwide/target:rw,Z" "-v" "/var/lib/crater-agent-workspace/builds/worker-7-tc1/source:/opt/rustwide/workdir:ro,Z" "-v" "/var/lib/crater-agent-workspace/cargo-home:/opt/rustwide/cargo-home:ro,Z" "-v" "/var/lib/crater-agent-workspace/rustup-home:/opt/rustwide/rustup-home:ro,Z" "-e" "SOURCE_DIR=/opt/rustwide/workdir" "-e" "CARGO_TARGET_DIR=/opt/rustwide/target" "-e" "CARGO_INCREMENTAL=0" "-e" "RUST_BACKTRACE=full" "-e" "RUSTFLAGS=--cap-lints=warn" "-e" "RUSTDOCFLAGS=--cap-lints=warn" "-e" "CARGO_HOME=/opt/rustwide/cargo-home" "-e" "RUSTUP_HOME=/opt/rustwide/rustup-home" "-w" "/opt/rustwide/workdir" "-m" "1610612736" "--user" "0:0" "--network" "none" "ghcr.io/rust-lang/crates-build-env/linux@sha256:f3a9d4ad9d972b27faf3965f35b62e55ba32bbce8f20bc8fe909558a86702fde" "/opt/rustwide/cargo-home/bin/cargo" "+1.83.0" "test" "--frozen", kill_on_drop: false }`
[INFO] [stdout] b71e041b266f7c892a1c26d3f36c115f26f189530b5021538423fd7f8e0bf924
[INFO] running `Command { std: "docker" "start" "-a" "b71e041b266f7c892a1c26d3f36c115f26f189530b5021538423fd7f8e0bf924", kill_on_drop: false }`
[INFO] [stderr] warning: fields `x` and `y` are never read
[INFO] [stderr]   --> tests/test_std_libs.rs:37:5
[INFO] [stderr]    |
[INFO] [stderr] 36 | struct Point {
[INFO] [stderr]    |        ----- fields in this struct
[INFO] [stderr] 37 |     x: f64,
[INFO] [stderr]    |     ^
[INFO] [stderr] 38 |     y: f64,
[INFO] [stderr]    |     ^
[INFO] [stderr]    |
[INFO] [stderr]    = note: `Point` has derived impls for the traits `Clone` and `Debug`, but these are intentionally ignored during dead code analysis
[INFO] [stderr]    = note: `#[warn(dead_code)]` on by default
[INFO] [stderr] 
[INFO] [stderr] warning: `rust_learning` (test "test_std_libs") generated 1 warning
[INFO] [stderr] warning: field `0` is never read
[INFO] [stderr]    --> tests/test_traits.rs:142:16
[INFO] [stderr]     |
[INFO] [stderr] 142 | struct Seconds(i32);
[INFO] [stderr]     |        ------- ^^^
[INFO] [stderr]     |        |
[INFO] [stderr]     |        field in this struct
[INFO] [stderr]     |
[INFO] [stderr]     = help: consider removing this field
[INFO] [stderr]     = note: `#[warn(dead_code)]` on by default
[INFO] [stderr] 
[INFO] [stderr] warning: trailing semicolon in macro used in expression position
[INFO] [stderr]   --> tests/test_macros.rs:55:70
[INFO] [stderr]    |
[INFO] [stderr] 55 |           println!("{:?} = {:?}", stringify!($expression), $expression);
[INFO] [stderr]    |                                                                        ^
[INFO] [stderr] ...
[INFO] [stderr] 64 | /     print_result!({
[INFO] [stderr] 65 | |         let x = 1u32;
[INFO] [stderr] 66 | |         x * x + 2 * x - 1
[INFO] [stderr] 67 | |     })
[INFO] [stderr]    | |______- in this macro invocation
[INFO] [stderr]    |
[INFO] [stderr]    = warning: this was previously accepted by the compiler but is being phased out; it will become a hard error in a future release!
[INFO] [stderr]    = note: for more information, see issue #79813 <https://github.com/rust-lang/rust/issues/79813>
[INFO] [stderr]    = note: macro invocations at the end of a block are treated as expressions
[INFO] [stderr]    = note: to ignore the value produced by the macro, add a semicolon after the invocation of `print_result`
[INFO] [stderr]    = note: `#[warn(semicolon_in_expressions_from_macros)]` on by default
[INFO] [stderr]    = note: this warning originates in the macro `print_result` (in Nightly builds, run with -Z macro-backtrace for more info)
[INFO] [stderr] 
[INFO] [stderr] warning: field `value` is never read
[INFO] [stderr]   --> tests/test_conversion.rs:23:5
[INFO] [stderr]    |
[INFO] [stderr] 22 | struct Number<T> {
[INFO] [stderr]    |        ------ field in this struct
[INFO] [stderr] 23 |     value: T,
[INFO] [stderr]    |     ^^^^^
[INFO] [stderr]    |
[INFO] [stderr]    = note: `Number` has a derived impl for the trait `Debug`, but this is intentionally ignored during dead code analysis
[INFO] [stderr]    = note: `#[warn(dead_code)]` on by default
[INFO] [stderr] 
[INFO] [stderr] warning: `rust_learning` (test "test_traits") generated 1 warning
[INFO] [stderr] warning: `rust_learning` (test "test_macros") generated 1 warning
[INFO] [stderr] warning: `rust_learning` (test "test_conversion") generated 1 warning
[INFO] [stderr] warning: fields `name` and `age` are never read
[INFO] [stderr]   --> tests/test_custom_types.rs:12:5
[INFO] [stderr]    |
[INFO] [stderr] 10 | struct Person<'a> {
[INFO] [stderr]    |        ------ fields in this struct
[INFO] [stderr] 11 |     // The 'a defines a lifetime
[INFO] [stderr] 12 |     name: &'a str,
[INFO] [stderr]    |     ^^^^
[INFO] [stderr] 13 |     age: u8,
[INFO] [stderr]    |     ^^^
[INFO] [stderr]    |
[INFO] [stderr]    = note: `Person` has a derived impl for the trait `Debug`, but this is intentionally ignored during dead code analysis
[INFO] [stderr]    = note: `#[warn(dead_code)]` on by default
[INFO] [stderr] 
[INFO] [stderr] warning: field `0` is never read
[INFO] [stderr]    --> tests/test_error_handling.rs:155:15
[INFO] [stderr]     |
[INFO] [stderr] 155 | struct Cooked(Food);
[INFO] [stderr]     |        ------ ^^^^
[INFO] [stderr]     |        |
[INFO] [stderr]     |        field in this struct
[INFO] [stderr]     |
[INFO] [stderr]     = help: consider removing this field
[INFO] [stderr]     = note: `Cooked` has a derived impl for the trait `Debug`, but this is intentionally ignored during dead code analysis
[INFO] [stderr]     = note: `#[warn(dead_code)]` on by default
[INFO] [stderr] 
[INFO] [stderr] warning: `rust_learning` (test "test_custom_types") generated 1 warning
[INFO] [stderr] warning: `rust_learning` (test "test_error_handling") generated 1 warning
[INFO] [stderr] warning: fields `0`, `1`, `2`, and `3` are never read
[INFO] [stderr]   --> tests/test_primitives.rs:18:10
[INFO] [stderr]    |
[INFO] [stderr] 18 | struct M(f32, f32, f32, f32);
[INFO] [stderr]    |        - ^^^  ^^^  ^^^  ^^^
[INFO] [stderr]    |        |
[INFO] [stderr]    |        fields in this struct
[INFO] [stderr]    |
[INFO] [stderr]    = help: consider removing these fields
[INFO] [stderr]    = note: `M` has a derived impl for the trait `Debug`, but this is intentionally ignored during dead code analysis
[INFO] [stderr]    = note: `#[warn(dead_code)]` on by default
[INFO] [stderr] 
[INFO] [stderr] warning: struct `Vec3` is never constructed
[INFO] [stderr]   --> tests/test_prints.rs:31:8
[INFO] [stderr]    |
[INFO] [stderr] 31 | struct Vec3 {
[INFO] [stderr]    |        ^^^^
[INFO] [stderr]    |
[INFO] [stderr]    = note: `#[warn(dead_code)]` on by default
[INFO] [stderr] 
[INFO] [stderr] warning: fields `p1` and `p2` are never read
[INFO] [stderr]   --> tests/test_prints.rs:39:5
[INFO] [stderr]    |
[INFO] [stderr] 38 | struct Line2D {
[INFO] [stderr]    |        ------ fields in this struct
[INFO] [stderr] 39 |     p1: Point,
[INFO] [stderr]    |     ^^
[INFO] [stderr] 40 |     p2: Point,
[INFO] [stderr]    |     ^^
[INFO] [stderr]    |
[INFO] [stderr]    = note: `Line2D` has a derived impl for the trait `Debug`, but this is intentionally ignored during dead code analysis
[INFO] [stderr] 
[INFO] [stderr] warning: `rust_learning` (test "test_primitives") generated 1 warning
[INFO] [stderr] warning: `rust_learning` (test "test_prints") generated 2 warnings
[INFO] [stderr]     Finished `test` profile [unoptimized + debuginfo] target(s) in 0.08s
[INFO] [stderr] warning: the following packages contain code that will be rejected by a future version of Rust: rust_learning v0.1.0 (/opt/rustwide/workdir)
[INFO] [stderr] note: to see what the problems were, use the option `--future-incompat-report`, or run `cargo report future-incompatibilities --id 1`
[INFO] [stderr]      Running unittests src/rary.rs (/opt/rustwide/target/debug/deps/rary-473f31565bc61d0c)
[INFO] [stdout] 
[INFO] [stdout] running 0 tests
[INFO] [stdout] 
[INFO] [stdout] test result: ok. 0 passed; 0 failed; 0 ignored; 0 measured; 0 filtered out; finished in 0.00s
[INFO] [stdout] 
[INFO] [stdout] 
[INFO] [stderr]      Running unittests src/main.rs (/opt/rustwide/target/debug/deps/rust_learning-5189a274dfbcfd27)
[INFO] [stdout] running 2 tests
[INFO] [stdout] test comments::test_add ... ok
[INFO] [stdout] test comments::test_comments ... ok
[INFO] [stdout] 
[INFO] [stdout] test result: ok. 2 passed; 0 failed; 0 ignored; 0 measured; 0 filtered out; finished in 0.00s
[INFO] [stdout] 
[INFO] [stderr]      Running tests/test_attributes.rs (/opt/rustwide/target/debug/deps/test_attributes-3472a0082f19892c)
[INFO] [stdout] 
[INFO] [stdout] running 1 test
[INFO] [stdout] test test_attributes ... ok
[INFO] [stderr]      Running tests/test_comments.rs (/opt/rustwide/target/debug/deps/test_comments-e90f88a05d7cde98)
[INFO] [stdout] 
[INFO] [stdout] test result: ok. 1 passed; 0 failed; 0 ignored; 0 measured; 0 filtered out; finished in 0.00s
[INFO] [stdout] 
[INFO] [stdout] 
[INFO] [stdout] running 3 tests
[INFO] [stdout] test comments::test_add ... ok
[INFO] [stdout] test tests::test_comments ... ok
[INFO] [stdout] test comments::test_comments ... ok
[INFO] [stdout] 
[INFO] [stdout] test result: ok. 3 passed; 0 failed; 0 ignored; 0 measured; 0 filtered out; finished in 0.01s
[INFO] [stdout] 
[INFO] [stderr]      Running tests/test_consts.rs (/opt/rustwide/target/debug/deps/test_consts-40c0a0e5af1fccb2)
[INFO] [stdout] 
[INFO] [stdout] running 1 test
[INFO] [stderr]      Running tests/test_conversion.rs (/opt/rustwide/target/debug/deps/test_conversion-4fc0c545e1ed2e12)
[INFO] [stdout] test test_consts ... ok
[INFO] [stdout] 
[INFO] [stdout] test result: ok. 1 passed; 0 failed; 0 ignored; 0 measured; 0 filtered out; finished in 0.00s
[INFO] [stdout] 
[INFO] [stdout] 
[INFO] [stdout] running 16 tests
[INFO] [stdout] test tests::test_bad_age ... ok
[INFO] [stdout] test tests::test_bad_convert ... ok
[INFO] [stdout] test tests::test_good_convert ... ok
[INFO] [stdout] test tests::test_missing_name_and_age ... ok
[INFO] [stdout] test test_convert ... ok
[INFO] [stdout] test tests_asref::different_counts ... ok
[INFO] [stdout] test tests_asref::different_counts_using_string ... ok
[INFO] [stdout] test tests_asref::same_counts ... ok
[INFO] [stdout] test tests_asref::same_counts_using_string ... ok
[INFO] [stdout] test tests::test_missing_name_and_invalid_age ... ok
[INFO] [stdout] test tests::test_trailing_comma ... ok
[INFO] [stdout] test tests::test_trailing_comma_and_some_string ... ok
[INFO] [stdout] test tests::test_default ... ok
[INFO] [stdout] test tests::test_missing_age ... ok
[INFO] [stdout] test tests::test_missing_comma_and_age ... ok
[INFO] [stdout] test tests::test_missing_name ... ok
[INFO] [stdout] 
[INFO] [stdout] test result: ok. 16 passed; 0 failed; 0 ignored; 0 measured; 0 filtered out; finished in 0.02s
[INFO] [stdout] 
[INFO] [stderr]      Running tests/test_crates.rs (/opt/rustwide/target/debug/deps/test_crates-95a301491011fdc6)
[INFO] [stdout] 
[INFO] [stdout] running 1 test
[INFO] [stderr]      Running tests/test_custom_types.rs (/opt/rustwide/target/debug/deps/test_custom_types-783d2dd07abe5287)
[INFO] [stdout] test test_crates ... ok
[INFO] [stdout] 
[INFO] [stdout] test result: ok. 1 passed; 0 failed; 0 ignored; 0 measured; 0 filtered out; finished in 0.00s
[INFO] [stdout] 
[INFO] [stdout] 
[INFO] [stdout] running 3 tests
[INFO] [stdout] test test_constants ... ok
[INFO] [stderr]      Running tests/test_error_handling.rs (/opt/rustwide/target/debug/deps/test_error_handling-d7e089a30cd43108)
[INFO] [stdout] test test_enums ... ok
[INFO] [stdout] test test_structs ... ok
[INFO] [stdout] 
[INFO] [stdout] test result: ok. 3 passed; 0 failed; 0 ignored; 0 measured; 0 filtered out; finished in 0.01s
[INFO] [stdout] 
[INFO] [stdout] 
[INFO] [stdout] running 6 tests
[INFO] [stdout] test test_combinators ... ok
[INFO] [stdout] test test_iterating_over_results ... ok
[INFO] [stdout] test test_result ... ok
[INFO] [stdout] test test_multiple_error_types ... ok
[INFO] [stdout] test test_unpacking ... ok
[INFO] [stdout] test test_error_handling - should panic ... ok
[INFO] [stderr]      Running tests/test_expressions.rs (/opt/rustwide/target/debug/deps/test_expressions-75bfa832012dd2fb)
[INFO] [stdout] 
[INFO] [stdout] test result: ok. 6 passed; 0 failed; 0 ignored; 0 measured; 0 filtered out; finished in 0.06s
[INFO] [stdout] 
[INFO] [stdout] 
[INFO] [stdout] running 1 test
[INFO] [stdout] test test_expressions ... ok
[INFO] [stdout] 
[INFO] [stdout] test result: ok. 1 passed; 0 failed; 0 ignored; 0 measured; 0 filtered out; finished in 0.00s
[INFO] [stdout] 
[INFO] [stderr]      Running tests/test_flow_of_control.rs (/opt/rustwide/target/debug/deps/test_flow_of_control-edb718846196e010)
[INFO] [stdout] 
[INFO] [stdout] running 9 tests
[INFO] [stdout] test test_for ... ok
[INFO] [stdout] test test_if ... ok
[INFO] [stdout] test test_match ... ok
[INFO] [stdout] test test_match_binding ... ok
[INFO] [stdout] test test_match_guard ... ok
[INFO] [stdout] test test_loop ... ok
[INFO] [stdout] test test_while ... ok
[INFO] [stdout] test test_match_let ... ok
[INFO] [stdout] test test_match_destructure ... ok
[INFO] [stdout] 
[INFO] [stdout] test result: ok. 9 passed; 0 failed; 0 ignored; 0 measured; 0 filtered out; finished in 0.01s
[INFO] [stdout] 
[INFO] [stderr]      Running tests/test_functions.rs (/opt/rustwide/target/debug/deps/test_functions-3902162bcf5c5916)
[INFO] [stdout] 
[INFO] [stdout] running 3 tests
[INFO] [stdout] test test_closures ... ok
[INFO] [stdout] test test_funcs ... ok
[INFO] [stderr]      Running tests/test_generics.rs (/opt/rustwide/target/debug/deps/test_generics-a85bccaa439397db)
[INFO] [stdout] test test_methods ... ok
[INFO] [stdout] 
[INFO] [stdout] test result: ok. 3 passed; 0 failed; 0 ignored; 0 measured; 0 filtered out; finished in 0.02s
[INFO] [stdout] 
[INFO] [stdout] 
[INFO] [stdout] running 1 test
[INFO] [stdout] test test_generics ... ok
[INFO] [stdout] 
[INFO] [stdout] test result: ok. 1 passed; 0 failed; 0 ignored; 0 measured; 0 filtered out; finished in 0.01s
[INFO] [stdout] 
[INFO] [stderr]      Running tests/test_iterators.rs (/opt/rustwide/target/debug/deps/test_iterators-41fd816d7951277f)
[INFO] [stdout] 
[INFO] [stdout] running 13 tests
[INFO] [stdout] test tests::count_complete ... ok
[INFO] [stdout] test tests::count_equals_for ... ok
[INFO] [stdout] test tests::factorial_of_4 ... ok
[INFO] [stdout] test tests::test_divide_0_by_something ... ok
[INFO] [stdout] test tests::test_divide_by_0 ... ok
[INFO] [stdout] test tests::test_not_divisible ... ok
[INFO] [stdout] test tests::test_result_with_list ... ok
[INFO] [stdout] test tests::test_list_of_results ... ok
[INFO] [stdout] test tests::factorial_of_2 ... ok
[INFO] [stdout] test tests::count_collection_equals_for ... ok
[INFO] [stdout] test tests::factorial_of_1 ... ok
[INFO] [stdout] test tests::test_success ... ok
[INFO] [stdout] test tests::count_collection_complete ... ok
[INFO] [stdout] 
[INFO] [stdout] test result: ok. 13 passed; 0 failed; 0 ignored; 0 measured; 0 filtered out; finished in 0.02s
[INFO] [stdout] 
[INFO] [stderr]      Running tests/test_macros.rs (/opt/rustwide/target/debug/deps/test_macros-e7d0b0f972b9f27a)
[INFO] [stdout] 
[INFO] [stdout] running 8 tests
[INFO] [stdout] test test::add_assign ... ok
[INFO] [stdout] test test::sub_assign ... ok
[INFO] [stderr]      Running tests/test_modules.rs (/opt/rustwide/target/debug/deps/test_modules-8c9bb24283703f83)
[INFO] [stdout] test test_dsl ... ok
[INFO] [stdout] test test_overload ... ok
[INFO] [stdout] test test::mul_assign ... ok
[INFO] [stdout] test test_designators ... ok
[INFO] [stdout] test test_macros ... ok
[INFO] [stdout] test test_repeat ... ok
[INFO] [stdout] 
[INFO] [stdout] test result: ok. 8 passed; 0 failed; 0 ignored; 0 measured; 0 filtered out; finished in 0.04s
[INFO] [stdout] 
[INFO] [stdout] 
[INFO] [stdout] running 1 test
[INFO] [stderr]      Running tests/test_primitives.rs (/opt/rustwide/target/debug/deps/test_primitives-b04107d7693e033e)
[INFO] [stdout] test test_modules ... ok
[INFO] [stdout] 
[INFO] [stdout] test result: ok. 1 passed; 0 failed; 0 ignored; 0 measured; 0 filtered out; finished in 0.00s
[INFO] [stdout] 
[INFO] [stdout] 
[INFO] [stdout] running 3 tests
[INFO] [stdout] test test_arrays_and_slices ... ok
[INFO] [stdout] test test_primitives ... ok
[INFO] [stdout] test test_tuples ... ok
[INFO] [stdout] 
[INFO] [stderr]      Running tests/test_prints.rs (/opt/rustwide/target/debug/deps/test_prints-537b2e1d35f0ef28)
[INFO] [stdout] test result: ok. 3 passed; 0 failed; 0 ignored; 0 measured; 0 filtered out; finished in 0.02s
[INFO] [stdout] 
[INFO] [stdout] 
[INFO] [stdout] running 1 test
[INFO] [stderr]      Running tests/test_std_libs.rs (/opt/rustwide/target/debug/deps/test_std_libs-6fcad29f06d7e08c)
[INFO] [stdout] test test_prints ... ok
[INFO] [stdout] 
[INFO] [stdout] test result: ok. 1 passed; 0 failed; 0 ignored; 0 measured; 0 filtered out; finished in 0.00s
[INFO] [stdout] 
[INFO] [stdout] 
[INFO] [stdout] running 12 tests
[INFO] [stdout] test test_box ... ok
[INFO] [stdout] test test_args ... ok
[INFO] [stdout] test test_custom_key_types ... ok
[INFO] [stdout] test test_fs ... FAILED
[INFO] [stdout] test test_maps ... ok
[INFO] [stdout] test test_path ... ok
[INFO] [stdout] test test_strings ... ok
[INFO] [stdout] test test_vecs ... ok
[INFO] [stdout] test test_channels ... ok
[INFO] [stdout] test test_file ... FAILED
[INFO] [stdout] test test_threads ... ok
[INFO] [stdout] test test_process ... FAILED
[INFO] [stderr] error: test failed, to rerun pass `--test test_std_libs`
[INFO] [stdout] 
[INFO] [stdout] failures:
[INFO] [stdout] 
[INFO] [stdout] ---- test_fs stdout ----
[INFO] [stdout] `mkdir t`
[INFO] [stdout] ! Os { code: 30, kind: ReadOnlyFilesystem, message: "Read-only file system" }
[INFO] [stdout] `echo hello > t/b.txt`
[INFO] [stdout] ! Os { code: 2, kind: NotFound, message: "No such file or directory" }
[INFO] [stdout] `mkdir -p t/c/d`
[INFO] [stdout] ! Os { code: 30, kind: ReadOnlyFilesystem, message: "Read-only file system" }
[INFO] [stdout] `touch t/c/e.txt`
[INFO] [stdout] ! Os { code: 2, kind: NotFound, message: "No such file or directory" }
[INFO] [stdout] `ln -s ../b.txt t/c/b.txt`
[INFO] [stdout] ! Os { code: 2, kind: NotFound, message: "No such file or directory" }
[INFO] [stdout] cat t/c/b.txt
[INFO] [stdout] `cat t/c/e.txt`
[INFO] [stdout] Error: Os { code: 2, kind: NotFound, message: "No such file or directory" }
[INFO] [stdout] 
[INFO] [stdout] ---- test_file stdout ----
[INFO] [stdout] thread 'test_file' panicked at tests/test_std_libs.rs:609:48:
[INFO] [stdout] called `Result::unwrap()` on an `Err` value: Os { code: 30, kind: ReadOnlyFilesystem, message: "Read-only file system" }
[INFO] [stdout] stack backtrace:
[INFO] [stdout]    0:     0x609abe108e0a - std::backtrace_rs::backtrace::libunwind::trace::h5a5b8284f2d0c266
[INFO] [stdout]                                at /rustc/90b35a6239c3d8bdabc530a6a0816f7ff89a0aaf/library/std/src/../../backtrace/src/backtrace/libunwind.rs:116:5
[INFO] [stdout]    1:     0x609abe108e0a - std::backtrace_rs::backtrace::trace_unsynchronized::h76d4f1c9b0b875e3
[INFO] [stdout]                                at /rustc/90b35a6239c3d8bdabc530a6a0816f7ff89a0aaf/library/std/src/../../backtrace/src/backtrace/mod.rs:66:5
[INFO] [stdout]    2:     0x609abe108e0a - std::sys::backtrace::_print_fmt::hc4546b8364a537c6
[INFO] [stdout]                                at /rustc/90b35a6239c3d8bdabc530a6a0816f7ff89a0aaf/library/std/src/sys/backtrace.rs:66:9
[INFO] [stdout]    3:     0x609abe108e0a - <std::sys::backtrace::BacktraceLock::print::DisplayBacktrace as core::fmt::Display>::fmt::h5b6bd5631a6d1f6b
[INFO] [stdout]                                at /rustc/90b35a6239c3d8bdabc530a6a0816f7ff89a0aaf/library/std/src/sys/backtrace.rs:39:26
[INFO] [stdout]    4:     0x609abe130053 - core::fmt::rt::Argument::fmt::h270f6602a2b96f62
[INFO] [stdout]                                at /rustc/90b35a6239c3d8bdabc530a6a0816f7ff89a0aaf/library/core/src/fmt/rt.rs:177:76
[INFO] [stdout]    5:     0x609abe130053 - core::fmt::write::h7550c97b06c86515
[INFO] [stdout]                                at /rustc/90b35a6239c3d8bdabc530a6a0816f7ff89a0aaf/library/core/src/fmt/mod.rs:1186:21
[INFO] [stdout]    6:     0x609abe105a13 - std::io::Write::write_fmt::h509ff860e5956e5e
[INFO] [stdout]                                at /rustc/90b35a6239c3d8bdabc530a6a0816f7ff89a0aaf/library/std/src/io/mod.rs:1839:15
[INFO] [stdout]    7:     0x609abe108c52 - std::sys::backtrace::BacktraceLock::print::h2395ccd2c84ba3aa
[INFO] [stdout]                                at /rustc/90b35a6239c3d8bdabc530a6a0816f7ff89a0aaf/library/std/src/sys/backtrace.rs:42:9
[INFO] [stdout]    8:     0x609abe10a26a - std::panicking::default_hook::{{closure}}::he19d4c7230e07961
[INFO] [stdout]                                at /rustc/90b35a6239c3d8bdabc530a6a0816f7ff89a0aaf/library/std/src/panicking.rs:268:22
[INFO] [stdout]    9:     0x609abe10a074 - std::panicking::default_hook::hf614597d3c67bbdb
[INFO] [stdout]                                at /rustc/90b35a6239c3d8bdabc530a6a0816f7ff89a0aaf/library/std/src/panicking.rs:292:9
[INFO] [stdout]   10:     0x609abe0d4b49 - <alloc::boxed::Box<F,A> as core::ops::function::Fn<Args>>::call::h39b51ce4599c23d1
[INFO] [stdout]                                at /rustc/90b35a6239c3d8bdabc530a6a0816f7ff89a0aaf/library/alloc/src/boxed.rs:2468:9
[INFO] [stdout]   11:     0x609abe0d4b49 - test::test_main::{{closure}}::he977ae839a582784
[INFO] [stdout]                                at /rustc/90b35a6239c3d8bdabc530a6a0816f7ff89a0aaf/library/test/src/lib.rs:133:21
[INFO] [stdout]   12:     0x609abe10a908 - <alloc::boxed::Box<F,A> as core::ops::function::Fn<Args>>::call::h9455091b6b06f9fb
[INFO] [stdout]                                at /rustc/90b35a6239c3d8bdabc530a6a0816f7ff89a0aaf/library/alloc/src/boxed.rs:2468:9
[INFO] [stdout]   13:     0x609abe10a908 - std::panicking::rust_panic_with_hook::h8942133a8b252070
[INFO] [stdout]                                at /rustc/90b35a6239c3d8bdabc530a6a0816f7ff89a0aaf/library/std/src/panicking.rs:809:13
[INFO] [stdout]   14:     0x609abe10a6ca - std::panicking::begin_panic_handler::{{closure}}::hb5f5963570096b29
[INFO] [stdout]                                at /rustc/90b35a6239c3d8bdabc530a6a0816f7ff89a0aaf/library/std/src/panicking.rs:674:13
[INFO] [stdout]   15:     0x609abe1092e9 - std::sys::backtrace::__rust_end_short_backtrace::h6208cedc1922feda
[INFO] [stdout]                                at /rustc/90b35a6239c3d8bdabc530a6a0816f7ff89a0aaf/library/std/src/sys/backtrace.rs:170:18
[INFO] [stdout]   16:     0x609abe10a35c - rust_begin_unwind
[INFO] [stdout]                                at /rustc/90b35a6239c3d8bdabc530a6a0816f7ff89a0aaf/library/std/src/panicking.rs:665:5
[INFO] [stdout]   17:     0x609abe057be0 - core::panicking::panic_fmt::h0c3082644d1bf418
[INFO] [stdout]                                at /rustc/90b35a6239c3d8bdabc530a6a0816f7ff89a0aaf/library/core/src/panicking.rs:74:14
[INFO] [stdout]   18:     0x609abe058026 - core::result::unwrap_failed::hd20b4aa073bda1e2
[INFO] [stdout]                                at /rustc/90b35a6239c3d8bdabc530a6a0816f7ff89a0aaf/library/core/src/result.rs:1700:5
[INFO] [stdout]   19:     0x609abe08a6df - core::result::Result<T,E>::unwrap::h3172bb80f5e3ead7
[INFO] [stdout]                                at /rustc/90b35a6239c3d8bdabc530a6a0816f7ff89a0aaf/library/core/src/result.rs:1104:23
[INFO] [stdout]   20:     0x609abe08a6df - test_std_libs::test_file::h44fb0950438ae8c5
[INFO] [stdout]                                at /opt/rustwide/workdir/tests/test_std_libs.rs:609:21
[INFO] [stdout]   21:     0x609abe08a657 - test_std_libs::test_file::{{closure}}::h09940bc9a2d6f6e2
[INFO] [stdout]                                at /opt/rustwide/workdir/tests/test_std_libs.rs:607:15
[INFO] [stdout]   22:     0x609abe0679e6 - core::ops::function::FnOnce::call_once::hb099602fe1b55d35
[INFO] [stdout]                                at /rustc/90b35a6239c3d8bdabc530a6a0816f7ff89a0aaf/library/core/src/ops/function.rs:250:5
[INFO] [stdout]   23:     0x609abe0d950b - core::ops::function::FnOnce::call_once::h109cf8051a59b34e
[INFO] [stdout]                                at /rustc/90b35a6239c3d8bdabc530a6a0816f7ff89a0aaf/library/core/src/ops/function.rs:250:5
[INFO] [stdout]   24:     0x609abe0d950b - test::__rust_begin_short_backtrace::hf4fff89d377446ba
[INFO] [stdout]                                at /rustc/90b35a6239c3d8bdabc530a6a0816f7ff89a0aaf/library/test/src/lib.rs:621:18
[INFO] [stdout]   25:     0x609abe0d8d47 - test::run_test_in_process::{{closure}}::h0e39181dd7ee5a43
[INFO] [stdout]                                at /rustc/90b35a6239c3d8bdabc530a6a0816f7ff89a0aaf/library/test/src/lib.rs:644:60
[INFO] [stdout]   26:     0x609abe0d8d47 - <core::panic::unwind_safe::AssertUnwindSafe<F> as core::ops::function::FnOnce<()>>::call_once::hc5a66a30f0bdfd1f
[INFO] [stdout]                                at /rustc/90b35a6239c3d8bdabc530a6a0816f7ff89a0aaf/library/core/src/panic/unwind_safe.rs:272:9
[INFO] [stdout]   27:     0x609abe0d8d47 - std::panicking::try::do_call::h873b7cf639554a5e
[INFO] [stdout]                                at /rustc/90b35a6239c3d8bdabc530a6a0816f7ff89a0aaf/library/std/src/panicking.rs:557:40
[INFO] [stdout]   28:     0x609abe0d8d47 - std::panicking::try::hdb19862fad9c8bd1
[INFO] [stdout]                                at /rustc/90b35a6239c3d8bdabc530a6a0816f7ff89a0aaf/library/std/src/panicking.rs:520:19
[INFO] [stdout]   29:     0x609abe0d8d47 - std::panic::catch_unwind::h281fe732d236d260
[INFO] [stdout]                                at /rustc/90b35a6239c3d8bdabc530a6a0816f7ff89a0aaf/library/std/src/panic.rs:358:14
[INFO] [stdout]   30:     0x609abe0d8d47 - test::run_test_in_process::h949b6df8457ed338
[INFO] [stdout]                                at /rustc/90b35a6239c3d8bdabc530a6a0816f7ff89a0aaf/library/test/src/lib.rs:644:27
[INFO] [stdout]   31:     0x609abe0d8d47 - test::run_test::{{closure}}::h52c556a6d4740e10
[INFO] [stdout]                                at /rustc/90b35a6239c3d8bdabc530a6a0816f7ff89a0aaf/library/test/src/lib.rs:565:43
[INFO] [stdout]   32:     0x609abe09e024 - test::run_test::{{closure}}::h4237f6381c45ccb9
[INFO] [stdout]                                at /rustc/90b35a6239c3d8bdabc530a6a0816f7ff89a0aaf/library/test/src/lib.rs:595:41
[INFO] [stdout]   33:     0x609abe09e024 - std::sys::backtrace::__rust_begin_short_backtrace::h505c97a579eca628
[INFO] [stdout]                                at /rustc/90b35a6239c3d8bdabc530a6a0816f7ff89a0aaf/library/std/src/sys/backtrace.rs:154:18
[INFO] [stdout]   34:     0x609abe0a16ee - std::thread::Builder::spawn_unchecked_::{{closure}}::{{closure}}::h9e86b2e2bc107ea3
[INFO] [stdout]                                at /rustc/90b35a6239c3d8bdabc530a6a0816f7ff89a0aaf/library/std/src/thread/mod.rs:538:17
[INFO] [stdout]   35:     0x609abe0a16ee - <core::panic::unwind_safe::AssertUnwindSafe<F> as core::ops::function::FnOnce<()>>::call_once::h8b06ddb275ff4a25
[INFO] [stdout]                                at /rustc/90b35a6239c3d8bdabc530a6a0816f7ff89a0aaf/library/core/src/panic/unwind_safe.rs:272:9
[INFO] [stdout]   36:     0x609abe0a16ee - std::panicking::try::do_call::hb26ecd7cd9a9355d
[INFO] [stdout]                                at /rustc/90b35a6239c3d8bdabc530a6a0816f7ff89a0aaf/library/std/src/panicking.rs:557:40
[INFO] [stdout]   37:     0x609abe0a16ee - std::panicking::try::h8ddeca9d705f9069
[INFO] [stdout]                                at /rustc/90b35a6239c3d8bdabc530a6a0816f7ff89a0aaf/library/std/src/panicking.rs:520:19
[INFO] [stdout]   38:     0x609abe0a16ee - std::panic::catch_unwind::h49e1c33078844c46
[INFO] [stdout]                                at /rustc/90b35a6239c3d8bdabc530a6a0816f7ff89a0aaf/library/std/src/panic.rs:358:14
[INFO] [stdout]   39:     0x609abe0a16ee - std::thread::Builder::spawn_unchecked_::{{closure}}::h6073db6ff56ad35d
[INFO] [stdout]                                at /rustc/90b35a6239c3d8bdabc530a6a0816f7ff89a0aaf/library/std/src/thread/mod.rs:537:30
[INFO] [stdout]   40:     0x609abe0a16ee - core::ops::function::FnOnce::call_once{{vtable.shim}}::h2c5a5f3779c774f1
[INFO] [stdout]                                at /rustc/90b35a6239c3d8bdabc530a6a0816f7ff89a0aaf/library/core/src/ops/function.rs:250:5
[INFO] [stdout]   41:     0x609abe10f72b - <alloc::boxed::Box<F,A> as core::ops::function::FnOnce<Args>>::call_once::hf75717d9f28faebf
[INFO] [stdout]                                at /rustc/90b35a6239c3d8bdabc530a6a0816f7ff89a0aaf/library/alloc/src/boxed.rs:2454:9
[INFO] [stdout]   42:     0x609abe10f72b - <alloc::boxed::Box<F,A> as core::ops::function::FnOnce<Args>>::call_once::h7bd883a5f3c5f3c1
[INFO] [stdout]                                at /rustc/90b35a6239c3d8bdabc530a6a0816f7ff89a0aaf/library/alloc/src/boxed.rs:2454:9
[INFO] [stdout]   43:     0x609abe10f72b - std::sys::pal::unix::thread::Thread::new::thread_start::hcc78f3943333fa94
[INFO] [stdout]                                at /rustc/90b35a6239c3d8bdabc530a6a0816f7ff89a0aaf/library/std/src/sys/pal/unix/thread.rs:105:17
[INFO] [stdout]   44:     0x72db43611ac3 - <unknown>
[INFO] [stdout]   45:     0x72db436a2a04 - clone
[INFO] [stdout]   46:                0x0 - <unknown>
[INFO] [stdout] 
[INFO] [stdout] ---- test_process stdout ----
[INFO] [stdout] stdout: rustc 1.83.0 (90b35a623 2024-11-26)
[INFO] [stdout] 
[INFO] [stdout] thread 'test_process' panicked at tests/test_std_libs.rs:663:10:
[INFO] [stdout] called `Result::unwrap()` on an `Err` value: Os { code: 2, kind: NotFound, message: "No such file or directory" }
[INFO] [stdout] stack backtrace:
[INFO] [stdout]    0:     0x609abe108e0a - std::backtrace_rs::backtrace::libunwind::trace::h5a5b8284f2d0c266
[INFO] [stdout]                                at /rustc/90b35a6239c3d8bdabc530a6a0816f7ff89a0aaf/library/std/src/../../backtrace/src/backtrace/libunwind.rs:116:5
[INFO] [stdout]    1:     0x609abe108e0a - std::backtrace_rs::backtrace::trace_unsynchronized::h76d4f1c9b0b875e3
[INFO] [stdout]                                at /rustc/90b35a6239c3d8bdabc530a6a0816f7ff89a0aaf/library/std/src/../../backtrace/src/backtrace/mod.rs:66:5
[INFO] [stdout]    2:     0x609abe108e0a - std::sys::backtrace::_print_fmt::hc4546b8364a537c6
[INFO] [stdout]                                at /rustc/90b35a6239c3d8bdabc530a6a0816f7ff89a0aaf/library/std/src/sys/backtrace.rs:66:9
[INFO] [stdout]    3:     0x609abe108e0a - <std::sys::backtrace::BacktraceLock::print::DisplayBacktrace as core::fmt::Display>::fmt::h5b6bd5631a6d1f6b
[INFO] [stdout]                                at /rustc/90b35a6239c3d8bdabc530a6a0816f7ff89a0aaf/library/std/src/sys/backtrace.rs:39:26
[INFO] [stdout]    4:     0x609abe130053 - core::fmt::rt::Argument::fmt::h270f6602a2b96f62
[INFO] [stdout]                                at /rustc/90b35a6239c3d8bdabc530a6a0816f7ff89a0aaf/library/core/src/fmt/rt.rs:177:76
[INFO] [stdout]    5:     0x609abe130053 - core::fmt::write::h7550c97b06c86515
[INFO] [stdout]                                at /rustc/90b35a6239c3d8bdabc530a6a0816f7ff89a0aaf/library/core/src/fmt/mod.rs:1186:21
[INFO] [stdout]    6:     0x609abe105a13 - std::io::Write::write_fmt::h509ff860e5956e5e
[INFO] [stdout]                                at /rustc/90b35a6239c3d8bdabc530a6a0816f7ff89a0aaf/library/std/src/io/mod.rs:1839:15
[INFO] [stdout]    7:     0x609abe108c52 - std::sys::backtrace::BacktraceLock::print::h2395ccd2c84ba3aa
[INFO] [stdout]                                at /rustc/90b35a6239c3d8bdabc530a6a0816f7ff89a0aaf/library/std/src/sys/backtrace.rs:42:9
[INFO] [stdout]    8:     0x609abe10a26a - std::panicking::default_hook::{{closure}}::he19d4c7230e07961
[INFO] [stdout]                                at /rustc/90b35a6239c3d8bdabc530a6a0816f7ff89a0aaf/library/std/src/panicking.rs:268:22
[INFO] [stdout]    9:     0x609abe10a074 - std::panicking::default_hook::hf614597d3c67bbdb
[INFO] [stdout]                                at /rustc/90b35a6239c3d8bdabc530a6a0816f7ff89a0aaf/library/std/src/panicking.rs:292:9
[INFO] [stdout]   10:     0x609abe0d4b49 - <alloc::boxed::Box<F,A> as core::ops::function::Fn<Args>>::call::h39b51ce4599c23d1
[INFO] [stdout]                                at /rustc/90b35a6239c3d8bdabc530a6a0816f7ff89a0aaf/library/alloc/src/boxed.rs:2468:9
[INFO] [stdout]   11:     0x609abe0d4b49 - test::test_main::{{closure}}::he977ae839a582784
[INFO] [stdout]                                at /rustc/90b35a6239c3d8bdabc530a6a0816f7ff89a0aaf/library/test/src/lib.rs:133:21
[INFO] [stdout]   12:     0x609abe10a908 - <alloc::boxed::Box<F,A> as core::ops::function::Fn<Args>>::call::h9455091b6b06f9fb
[INFO] [stdout]                                at /rustc/90b35a6239c3d8bdabc530a6a0816f7ff89a0aaf/library/alloc/src/boxed.rs:2468:9
[INFO] [stdout]   13:     0x609abe10a908 - std::panicking::rust_panic_with_hook::h8942133a8b252070
[INFO] [stdout]                                at /rustc/90b35a6239c3d8bdabc530a6a0816f7ff89a0aaf/library/std/src/panicking.rs:809:13
[INFO] [stdout]   14:     0x609abe10a6ca - std::panicking::begin_panic_handler::{{closure}}::hb5f5963570096b29
[INFO] [stdout]                                at /rustc/90b35a6239c3d8bdabc530a6a0816f7ff89a0aaf/library/std/src/panicking.rs:674:13
[INFO] [stdout]   15:     0x609abe1092e9 - std::sys::backtrace::__rust_end_short_backtrace::h6208cedc1922feda
[INFO] [stdout]                                at /rustc/90b35a6239c3d8bdabc530a6a0816f7ff89a0aaf/library/std/src/sys/backtrace.rs:170:18
[INFO] [stdout]   16:     0x609abe10a35c - rust_begin_unwind
[INFO] [stdout]                                at /rustc/90b35a6239c3d8bdabc530a6a0816f7ff89a0aaf/library/std/src/panicking.rs:665:5
[INFO] [stdout]   17:     0x609abe057be0 - core::panicking::panic_fmt::h0c3082644d1bf418
[INFO] [stdout]                                at /rustc/90b35a6239c3d8bdabc530a6a0816f7ff89a0aaf/library/core/src/panicking.rs:74:14
[INFO] [stdout]   18:     0x609abe058026 - core::result::unwrap_failed::hd20b4aa073bda1e2
[INFO] [stdout]                                at /rustc/90b35a6239c3d8bdabc530a6a0816f7ff89a0aaf/library/core/src/result.rs:1700:5
[INFO] [stdout]   19:     0x609abe08b223 - core::result::Result<T,E>::unwrap::hc7d71ec33691ac8b
[INFO] [stdout]                                at /rustc/90b35a6239c3d8bdabc530a6a0816f7ff89a0aaf/library/core/src/result.rs:1104:23
[INFO] [stdout]   20:     0x609abe08b223 - test_std_libs::test_process::he04eaf13a0618199
[INFO] [stdout]                                at /opt/rustwide/workdir/tests/test_std_libs.rs:659:19
[INFO] [stdout]   21:     0x609abe08ac77 - test_std_libs::test_process::{{closure}}::hde5fb3537f330edc
[INFO] [stdout]                                at /opt/rustwide/workdir/tests/test_std_libs.rs:649:18
[INFO] [stdout]   22:     0x609abe067936 - core::ops::function::FnOnce::call_once::ha168a992ba169f61
[INFO] [stdout]                                at /rustc/90b35a6239c3d8bdabc530a6a0816f7ff89a0aaf/library/core/src/ops/function.rs:250:5
[INFO] [stdout]   23:     0x609abe0d950b - core::ops::function::FnOnce::call_once::h109cf8051a59b34e
[INFO] [stdout]                                at /rustc/90b35a6239c3d8bdabc530a6a0816f7ff89a0aaf/library/core/src/ops/function.rs:250:5
[INFO] [stdout]   24:     0x609abe0d950b - test::__rust_begin_short_backtrace::hf4fff89d377446ba
[INFO] [stdout]                                at /rustc/90b35a6239c3d8bdabc530a6a0816f7ff89a0aaf/library/test/src/lib.rs:621:18
[INFO] [stdout]   25:     0x609abe0d8d47 - test::run_test_in_process::{{closure}}::h0e39181dd7ee5a43
[INFO] [stdout]                                at /rustc/90b35a6239c3d8bdabc530a6a0816f7ff89a0aaf/library/test/src/lib.rs:644:60
[INFO] [stdout]   26:     0x609abe0d8d47 - <core::panic::unwind_safe::AssertUnwindSafe<F> as core::ops::function::FnOnce<()>>::call_once::hc5a66a30f0bdfd1f
[INFO] [stdout]                                at /rustc/90b35a6239c3d8bdabc530a6a0816f7ff89a0aaf/library/core/src/panic/unwind_safe.rs:272:9
[INFO] [stdout]   27:     0x609abe0d8d47 - std::panicking::try::do_call::h873b7cf639554a5e
[INFO] [stdout]                                at /rustc/90b35a6239c3d8bdabc530a6a0816f7ff89a0aaf/library/std/src/panicking.rs:557:40
[INFO] [stdout]   28:     0x609abe0d8d47 - std::panicking::try::hdb19862fad9c8bd1
[INFO] [stdout]                                at /rustc/90b35a6239c3d8bdabc530a6a0816f7ff89a0aaf/library/std/src/panicking.rs:520:19
[INFO] [stdout]   29:     0x609abe0d8d47 - std::panic::catch_unwind::h281fe732d236d260
[INFO] [stdout]                                at /rustc/90b35a6239c3d8bdabc530a6a0816f7ff89a0aaf/library/std/src/panic.rs:358:14
[INFO] [stdout]   30:     0x609abe0d8d47 - test::run_test_in_process::h949b6df8457ed338
[INFO] [stdout]                                at /rustc/90b35a6239c3d8bdabc530a6a0816f7ff89a0aaf/library/test/src/lib.rs:644:27
[INFO] [stdout]   31:     0x609abe0d8d47 - test::run_test::{{closure}}::h52c556a6d4740e10
[INFO] [stdout]                                at /rustc/90b35a6239c3d8bdabc530a6a0816f7ff89a0aaf/library/test/src/lib.rs:565:43
[INFO] [stdout]   32:     0x609abe09e024 - test::run_test::{{closure}}::h4237f6381c45ccb9
[INFO] [stdout]                                at /rustc/90b35a6239c3d8bdabc530a6a0816f7ff89a0aaf/library/test/src/lib.rs:595:41
[INFO] [stdout]   33:     0x609abe09e024 - std::sys::backtrace::__rust_begin_short_backtrace::h505c97a579eca628
[INFO] [stdout]                                at /rustc/90b35a6239c3d8bdabc530a6a0816f7ff89a0aaf/library/std/src/sys/backtrace.rs:154:18
[INFO] [stdout]   34:     0x609abe0a16ee - std::thread::Builder::spawn_unchecked_::{{closure}}::{{closure}}::h9e86b2e2bc107ea3
[INFO] [stdout]                                at /rustc/90b35a6239c3d8bdabc530a6a0816f7ff89a0aaf/library/std/src/thread/mod.rs:538:17
[INFO] [stdout]   35:     0x609abe0a16ee - <core::panic::unwind_safe::AssertUnwindSafe<F> as core::ops::function::FnOnce<()>>::call_once::h8b06ddb275ff4a25
[INFO] [stdout]                                at /rustc/90b35a6239c3d8bdabc530a6a0816f7ff89a0aaf/library/core/src/panic/unwind_safe.rs:272:9
[INFO] [stdout]   36:     0x609abe0a16ee - std::panicking::try::do_call::hb26ecd7cd9a9355d
[INFO] [stdout]                                at /rustc/90b35a6239c3d8bdabc530a6a0816f7ff89a0aaf/library/std/src/panicking.rs:557:40
[INFO] [stdout]   37:     0x609abe0a16ee - std::panicking::try::h8ddeca9d705f9069
[INFO] [stdout]                                at /rustc/90b35a6239c3d8bdabc530a6a0816f7ff89a0aaf/library/std/src/panicking.rs:520:19
[INFO] [stdout]   38:     0x609abe0a16ee - std::panic::catch_unwind::h49e1c33078844c46
[INFO] [stdout]                                at /rustc/90b35a6239c3d8bdabc530a6a0816f7ff89a0aaf/library/std/src/panic.rs:358:14
[INFO] [stdout]   39:     0x609abe0a16ee - std::thread::Builder::spawn_unchecked_::{{closure}}::h6073db6ff56ad35d
[INFO] [stdout]                                at /rustc/90b35a6239c3d8bdabc530a6a0816f7ff89a0aaf/library/std/src/thread/mod.rs:537:30
[INFO] [stdout]   40:     0x609abe0a16ee - core::ops::function::FnOnce::call_once{{vtable.shim}}::h2c5a5f3779c774f1
[INFO] [stdout]                                at /rustc/90b35a6239c3d8bdabc530a6a0816f7ff89a0aaf/library/core/src/ops/function.rs:250:5
[INFO] [stdout]   41:     0x609abe10f72b - <alloc::boxed::Box<F,A> as core::ops::function::FnOnce<Args>>::call_once::hf75717d9f28faebf
[INFO] [stdout]                                at /rustc/90b35a6239c3d8bdabc530a6a0816f7ff89a0aaf/library/alloc/src/boxed.rs:2454:9
[INFO] [stdout]   42:     0x609abe10f72b - <alloc::boxed::Box<F,A> as core::ops::function::FnOnce<Args>>::call_once::h7bd883a5f3c5f3c1
[INFO] [stdout]                                at /rustc/90b35a6239c3d8bdabc530a6a0816f7ff89a0aaf/library/alloc/src/boxed.rs:2454:9
[INFO] [stdout]   43:     0x609abe10f72b - std::sys::pal::unix::thread::Thread::new::thread_start::hcc78f3943333fa94
[INFO] [stdout]                                at /rustc/90b35a6239c3d8bdabc530a6a0816f7ff89a0aaf/library/std/src/sys/pal/unix/thread.rs:105:17
[INFO] [stdout]   44:     0x72db43611ac3 - <unknown>
[INFO] [stdout]   45:     0x72db436a2a04 - clone
[INFO] [stdout]   46:                0x0 - <unknown>
[INFO] [stdout] 
[INFO] [stdout] 
[INFO] [stdout] failures:
[INFO] [stdout]     test_file
[INFO] [stdout]     test_fs
[INFO] [stdout]     test_process
[INFO] [stdout] 
[INFO] [stdout] test result: FAILED. 9 passed; 3 failed; 0 ignored; 0 measured; 0 filtered out; finished in 0.21s
[INFO] [stdout] 
[INFO] running `Command { std: "docker" "inspect" "b71e041b266f7c892a1c26d3f36c115f26f189530b5021538423fd7f8e0bf924", kill_on_drop: false }`
[INFO] running `Command { std: "docker" "rm" "-f" "b71e041b266f7c892a1c26d3f36c115f26f189530b5021538423fd7f8e0bf924", kill_on_drop: false }`
[INFO] [stdout] b71e041b266f7c892a1c26d3f36c115f26f189530b5021538423fd7f8e0bf924
