[INFO] cloning repository https://github.com/XHMM/wechat-vendor-sdk-rs
[INFO] running `Command { std: "git" "-c" "credential.helper=" "-c" "credential.helper=/workspace/cargo-home/bin/git-credential-null" "clone" "--bare" "https://github.com/XHMM/wechat-vendor-sdk-rs" "/workspace/cache/git-repos/https%3A%2F%2Fgithub.com%2FXHMM%2Fwechat-vendor-sdk-rs", kill_on_drop: false }`
[INFO] [stderr] Cloning into bare repository '/workspace/cache/git-repos/https%3A%2F%2Fgithub.com%2FXHMM%2Fwechat-vendor-sdk-rs'...
[INFO] running `Command { std: "git" "rev-parse" "HEAD", kill_on_drop: false }`
[INFO] [stdout] 44da8f0d2819c282bc3bb3abe0e2ae64586bee85
[INFO] testing XHMM/wechat-vendor-sdk-rs against beta-2024-12-08 for beta-1.84.0-4-retry
[INFO] running `Command { std: "git" "clone" "/workspace/cache/git-repos/https%3A%2F%2Fgithub.com%2FXHMM%2Fwechat-vendor-sdk-rs" "/workspace/builds/worker-1-tc2/source", kill_on_drop: false }`
[INFO] [stderr] Cloning into '/workspace/builds/worker-1-tc2/source'...
[INFO] [stderr] done.
[INFO] validating manifest of git repo https://github.com/XHMM/wechat-vendor-sdk-rs on toolchain beta-2024-12-08
[INFO] running `Command { std: CARGO_HOME="/workspace/cargo-home" RUSTUP_HOME="/workspace/rustup-home" "/workspace/cargo-home/bin/cargo" "+beta-2024-12-08" "metadata" "--manifest-path" "Cargo.toml" "--no-deps", kill_on_drop: false }`
[INFO] removed /workspace/builds/worker-1-tc2/source/.cargo/config.toml
[INFO] started tweaking git repo https://github.com/XHMM/wechat-vendor-sdk-rs
[INFO] removed 0 missing examples
[INFO] finished tweaking git repo https://github.com/XHMM/wechat-vendor-sdk-rs
[INFO] tweaked toml for git repo https://github.com/XHMM/wechat-vendor-sdk-rs written to /workspace/builds/worker-1-tc2/source/Cargo.toml
[INFO] crate git repo https://github.com/XHMM/wechat-vendor-sdk-rs already has a lockfile, it will not be regenerated
[INFO] running `Command { std: CARGO_HOME="/workspace/cargo-home" RUSTUP_HOME="/workspace/rustup-home" "/workspace/cargo-home/bin/cargo" "+beta-2024-12-08" "fetch" "--manifest-path" "Cargo.toml", kill_on_drop: false }`
[INFO] running `Command { std: "docker" "create" "-v" "/var/lib/crater-agent-workspace/builds/worker-1-tc2/target:/opt/rustwide/target:rw,Z" "-v" "/var/lib/crater-agent-workspace/builds/worker-1-tc2/source:/opt/rustwide/workdir:ro,Z" "-v" "/var/lib/crater-agent-workspace/cargo-home:/opt/rustwide/cargo-home:ro,Z" "-v" "/var/lib/crater-agent-workspace/rustup-home:/opt/rustwide/rustup-home:ro,Z" "-e" "SOURCE_DIR=/opt/rustwide/workdir" "-e" "CARGO_TARGET_DIR=/opt/rustwide/target" "-e" "CARGO_HOME=/opt/rustwide/cargo-home" "-e" "RUSTUP_HOME=/opt/rustwide/rustup-home" "-w" "/opt/rustwide/workdir" "-m" "1610612736" "--user" "0:0" "--network" "none" "ghcr.io/rust-lang/crates-build-env/linux@sha256:f3a9d4ad9d972b27faf3965f35b62e55ba32bbce8f20bc8fe909558a86702fde" "/opt/rustwide/cargo-home/bin/cargo" "+beta-2024-12-08" "metadata" "--no-deps" "--format-version=1", kill_on_drop: false }`
[INFO] [stdout] bd22ce971bca06c350b4bbf842ba8f757f3ab2732ddfbf43b8f6ffd069aa5d56
[INFO] running `Command { std: "docker" "start" "-a" "bd22ce971bca06c350b4bbf842ba8f757f3ab2732ddfbf43b8f6ffd069aa5d56", kill_on_drop: false }`
[INFO] running `Command { std: "docker" "inspect" "bd22ce971bca06c350b4bbf842ba8f757f3ab2732ddfbf43b8f6ffd069aa5d56", kill_on_drop: false }`
[INFO] running `Command { std: "docker" "rm" "-f" "bd22ce971bca06c350b4bbf842ba8f757f3ab2732ddfbf43b8f6ffd069aa5d56", kill_on_drop: false }`
[INFO] [stdout] bd22ce971bca06c350b4bbf842ba8f757f3ab2732ddfbf43b8f6ffd069aa5d56
[INFO] running `Command { std: "docker" "create" "-v" "/var/lib/crater-agent-workspace/builds/worker-1-tc2/target:/opt/rustwide/target:rw,Z" "-v" "/var/lib/crater-agent-workspace/builds/worker-1-tc2/source:/opt/rustwide/workdir:ro,Z" "-v" "/var/lib/crater-agent-workspace/cargo-home:/opt/rustwide/cargo-home:ro,Z" "-v" "/var/lib/crater-agent-workspace/rustup-home:/opt/rustwide/rustup-home:ro,Z" "-e" "SOURCE_DIR=/opt/rustwide/workdir" "-e" "CARGO_TARGET_DIR=/opt/rustwide/target" "-e" "CARGO_INCREMENTAL=0" "-e" "RUST_BACKTRACE=full" "-e" "RUSTFLAGS=--cap-lints=warn" "-e" "RUSTDOCFLAGS=--cap-lints=warn" "-e" "CARGO_HOME=/opt/rustwide/cargo-home" "-e" "RUSTUP_HOME=/opt/rustwide/rustup-home" "-w" "/opt/rustwide/workdir" "-m" "1610612736" "--user" "0:0" "--network" "none" "ghcr.io/rust-lang/crates-build-env/linux@sha256:f3a9d4ad9d972b27faf3965f35b62e55ba32bbce8f20bc8fe909558a86702fde" "/opt/rustwide/cargo-home/bin/cargo" "+beta-2024-12-08" "build" "--frozen" "--message-format=json", kill_on_drop: false }`
[INFO] [stdout] 5a0135ccad78aac080059de6e250a4029643ccaf94e2f74f17740e5540f4603d
[INFO] running `Command { std: "docker" "start" "-a" "5a0135ccad78aac080059de6e250a4029643ccaf94e2f74f17740e5540f4603d", kill_on_drop: false }`
[INFO] [stderr]    Compiling proc-macro2 v1.0.85
[INFO] [stderr]    Compiling libc v0.2.155
[INFO] [stderr]    Compiling bytes v1.6.0
[INFO] [stderr]    Compiling stable_deref_trait v1.2.0
[INFO] [stderr]    Compiling cc v1.0.99
[INFO] [stderr]    Compiling vcpkg v0.2.15
[INFO] [stderr]    Compiling litemap v0.7.3
[INFO] [stderr]    Compiling writeable v0.5.5
[INFO] [stderr]    Compiling smallvec v1.13.2
[INFO] [stderr]    Compiling futures-task v0.3.30
[INFO] [stderr]    Compiling openssl v0.10.64
[INFO] [stderr]    Compiling foreign-types-shared v0.1.1
[INFO] [stderr]    Compiling icu_locid_transform_data v1.5.0
[INFO] [stderr]    Compiling indexmap v2.2.6
[INFO] [stderr]    Compiling serde v1.0.203
[INFO] [stderr]    Compiling atomic-waker v1.1.2
[INFO] [stderr]    Compiling foreign-types v0.3.2
[INFO] [stderr]    Compiling try-lock v0.2.5
[INFO] [stderr]    Compiling bitflags v2.5.0
[INFO] [stderr]    Compiling native-tls v0.2.12
[INFO] [stderr]    Compiling icu_properties_data v1.5.0
[INFO] [stderr]    Compiling want v0.3.1
[INFO] [stderr]    Compiling futures-util v0.3.30
[INFO] [stderr]    Compiling futures-channel v0.3.30
[INFO] [stderr]    Compiling openssl-probe v0.1.5
[INFO] [stderr]    Compiling utf8_iter v1.0.4
[INFO] [stderr]    Compiling write16 v1.0.0
[INFO] [stderr]    Compiling icu_normalizer_data v1.5.0
[INFO] [stderr]    Compiling utf16_iter v1.0.5
[INFO] [stderr]    Compiling tower-service v0.3.2
[INFO] [stderr]    Compiling tower-layer v0.3.2
[INFO] [stderr]    Compiling log v0.4.21
[INFO] [stderr]    Compiling serde_json v1.0.117
[INFO] [stderr]    Compiling thiserror v1.0.61
[INFO] [stderr]    Compiling rustls-pki-types v1.7.0
[INFO] [stderr]    Compiling sync_wrapper v1.0.1
[INFO] [stderr]    Compiling ipnet v2.9.0
[INFO] [stderr]    Compiling http v1.1.0
[INFO] [stderr]    Compiling rustls-pemfile v2.1.2
[INFO] [stderr]    Compiling quote v1.0.36
[INFO] [stderr]    Compiling openssl-sys v0.9.102
[INFO] [stderr]    Compiling syn v2.0.66
[INFO] [stderr]    Compiling socket2 v0.5.7
[INFO] [stderr]    Compiling mio v0.8.11
[INFO] [stderr]    Compiling tokio v1.38.0
[INFO] [stderr]    Compiling http-body v1.0.0
[INFO] [stderr]    Compiling http-body-util v0.1.2
[INFO] [stderr]    Compiling synstructure v0.13.1
[INFO] [stderr]    Compiling zerofrom-derive v0.1.4
[INFO] [stderr]    Compiling yoke-derive v0.7.4
[INFO] [stderr]    Compiling zerovec-derive v0.10.2
[INFO] [stderr]    Compiling displaydoc v0.2.4
[INFO] [stderr]    Compiling icu_provider_macros v1.5.0
[INFO] [stderr]    Compiling tracing-attributes v0.1.27
[INFO] [stderr]    Compiling pin-project-internal v1.1.5
[INFO] [stderr]    Compiling openssl-macros v0.1.1
[INFO] [stderr]    Compiling serde_derive v1.0.203
[INFO] [stderr]    Compiling thiserror-impl v1.0.61
[INFO] [stderr]    Compiling tokio-util v0.7.11
[INFO] [stderr]    Compiling tracing v0.1.40
[INFO] [stderr]    Compiling h2 v0.4.5
[INFO] [stderr]    Compiling zerofrom v0.1.4
[INFO] [stderr]    Compiling pin-project v1.1.5
[INFO] [stderr]    Compiling tower v0.4.13
[INFO] [stderr]    Compiling yoke v0.7.4
[INFO] [stderr]    Compiling zerovec v0.10.2
[INFO] [stderr]    Compiling tinystr v0.7.6
[INFO] [stderr]    Compiling icu_collections v1.5.0
[INFO] [stderr]    Compiling icu_locid v1.5.0
[INFO] [stderr]    Compiling icu_provider v1.5.0
[INFO] [stderr]    Compiling icu_locid_transform v1.5.0
[INFO] [stderr]    Compiling hyper v1.3.1
[INFO] [stderr]    Compiling tokio-native-tls v0.3.1
[INFO] [stderr]    Compiling icu_properties v1.5.0
[INFO] [stderr]    Compiling hyper-util v0.1.5
[INFO] [stderr]    Compiling serde_urlencoded v0.7.1
[INFO] [stderr]    Compiling hyper-tls v0.6.0
[INFO] [stderr]    Compiling icu_normalizer v1.5.0
[INFO] [stderr]    Compiling idna v1.0.0
[INFO] [stderr]    Compiling url v2.5.1
[INFO] [stderr]    Compiling reqwest v0.12.5
[INFO] [stderr]    Compiling wechat-vendor-sdk v0.3.13 (/opt/rustwide/workdir)
[INFO] [stderr]     Finished `dev` profile [unoptimized + debuginfo] target(s) in 50.23s
[INFO] running `Command { std: "docker" "inspect" "5a0135ccad78aac080059de6e250a4029643ccaf94e2f74f17740e5540f4603d", kill_on_drop: false }`
[INFO] running `Command { std: "docker" "rm" "-f" "5a0135ccad78aac080059de6e250a4029643ccaf94e2f74f17740e5540f4603d", kill_on_drop: false }`
[INFO] [stdout] 5a0135ccad78aac080059de6e250a4029643ccaf94e2f74f17740e5540f4603d
[INFO] running `Command { std: "docker" "create" "-v" "/var/lib/crater-agent-workspace/builds/worker-1-tc2/target:/opt/rustwide/target:rw,Z" "-v" "/var/lib/crater-agent-workspace/builds/worker-1-tc2/source:/opt/rustwide/workdir:ro,Z" "-v" "/var/lib/crater-agent-workspace/cargo-home:/opt/rustwide/cargo-home:ro,Z" "-v" "/var/lib/crater-agent-workspace/rustup-home:/opt/rustwide/rustup-home:ro,Z" "-e" "SOURCE_DIR=/opt/rustwide/workdir" "-e" "CARGO_TARGET_DIR=/opt/rustwide/target" "-e" "CARGO_INCREMENTAL=0" "-e" "RUST_BACKTRACE=full" "-e" "RUSTFLAGS=--cap-lints=warn" "-e" "RUSTDOCFLAGS=--cap-lints=warn" "-e" "CARGO_HOME=/opt/rustwide/cargo-home" "-e" "RUSTUP_HOME=/opt/rustwide/rustup-home" "-w" "/opt/rustwide/workdir" "-m" "1610612736" "--user" "0:0" "--network" "none" "ghcr.io/rust-lang/crates-build-env/linux@sha256:f3a9d4ad9d972b27faf3965f35b62e55ba32bbce8f20bc8fe909558a86702fde" "/opt/rustwide/cargo-home/bin/cargo" "+beta-2024-12-08" "test" "--frozen" "--no-run" "--message-format=json", kill_on_drop: false }`
[INFO] [stdout] 4507594a47e1b3b8b846edbe2632fdc85fe1385142f2b0a407c15c975987b050
[INFO] running `Command { std: "docker" "start" "-a" "4507594a47e1b3b8b846edbe2632fdc85fe1385142f2b0a407c15c975987b050", kill_on_drop: false }`
[INFO] [stderr]    Compiling libm v0.2.8
[INFO] [stderr]    Compiling const-oid v0.9.6
[INFO] [stderr]    Compiling num-traits v0.2.19
[INFO] [stderr]    Compiling zeroize v1.8.1
[INFO] [stderr]    Compiling getrandom v0.2.15
[INFO] [stderr]    Compiling parking_lot_core v0.9.10
[INFO] [stderr]    Compiling num_cpus v1.16.0
[INFO] [stderr]    Compiling signal-hook-registry v1.4.2
[INFO] [stderr]    Compiling base64ct v1.6.0
[INFO] [stderr]    Compiling tokio-macros v2.3.0
[INFO] [stderr]    Compiling zerocopy-derive v0.7.35
[INFO] [stderr]    Compiling cpufeatures v0.2.14
[INFO] [stderr]    Compiling subtle v2.5.0
[INFO] [stderr]    Compiling inout v0.1.3
[INFO] [stderr]    Compiling num-bigint-dig v0.8.4
[INFO] [stderr]    Compiling opaque-debug v0.3.1
[INFO] [stderr]    Compiling lazy_static v1.5.0
[INFO] [stderr]    Compiling iana-time-zone v0.1.61
[INFO] [stderr]    Compiling rand_core v0.6.4
[INFO] [stderr]    Compiling parking_lot v0.12.3
[INFO] [stderr]    Compiling crypto-common v0.1.6
[INFO] [stderr]    Compiling pem-rfc7468 v0.7.0
[INFO] [stderr]    Compiling der v0.7.9
[INFO] [stderr]    Compiling universal-hash v0.5.1
[INFO] [stderr]    Compiling cipher v0.4.4
[INFO] [stderr]    Compiling digest v0.10.7
[INFO] [stderr]    Compiling aead v0.5.2
[INFO] [stderr]    Compiling polyval v0.6.2
[INFO] [stderr]    Compiling ghash v0.5.1
[INFO] [stderr]    Compiling signature v2.2.0
[INFO] [stderr]    Compiling sha2 v0.10.8
[INFO] [stderr]    Compiling ctr v0.9.2
[INFO] [stderr]    Compiling aes v0.8.4
[INFO] [stderr]    Compiling tokio v1.38.0
[INFO] [stderr]    Compiling zerocopy v0.7.35
[INFO] [stderr]    Compiling spki v0.7.3
[INFO] [stderr]    Compiling pkcs8 v0.10.2
[INFO] [stderr]    Compiling aes-gcm v0.10.3
[INFO] [stderr]    Compiling pkcs1 v0.7.5
[INFO] [stderr]    Compiling num-integer v0.1.46
[INFO] [stderr]    Compiling chrono v0.4.38
[INFO] [stderr]    Compiling ppv-lite86 v0.2.20
[INFO] [stderr]    Compiling num-iter v0.1.45
[INFO] [stderr]    Compiling rand_chacha v0.3.1
[INFO] [stderr]    Compiling rand v0.8.5
[INFO] [stderr]    Compiling rsa v0.9.6
[INFO] [stderr]    Compiling tokio-util v0.7.11
[INFO] [stderr]    Compiling tower v0.4.13
[INFO] [stderr]    Compiling tokio-native-tls v0.3.1
[INFO] [stderr]    Compiling h2 v0.4.5
[INFO] [stderr]    Compiling hyper v1.3.1
[INFO] [stderr]    Compiling hyper-util v0.1.5
[INFO] [stderr]    Compiling hyper-tls v0.6.0
[INFO] [stderr]    Compiling reqwest v0.12.5
[INFO] [stderr]    Compiling wechat-vendor-sdk v0.3.13 (/opt/rustwide/workdir)
[INFO] [stdout] warning: unused variable: `e`
[INFO] [stdout]    --> src/wxpay/mod.rs:181:61
[INFO] [stdout]     |
[INFO] [stdout] 181 |         RsaPrivateKey::from_pkcs8_pem(private_key).map_err(|e| WxpayApiError::InvalidPrivateKey)?;
[INFO] [stdout]     |                                                             ^ help: if this is intentional, prefix it with an underscore: `_e`
[INFO] [stdout]     |
[INFO] [stdout]     = note: `#[warn(unused_variables)]` on by default
[INFO] [stdout] 
[INFO] [stdout] 
[INFO] [stdout] warning: unused variable: `e`
[INFO] [stdout]    --> src/wxpay/mod.rs:238:19
[INFO] [stdout]     |
[INFO] [stdout] 238 |         .map_err(|e| WxpayApiError::InvalidPublicKey)?;
[INFO] [stdout]     |                   ^ help: if this is intentional, prefix it with an underscore: `_e`
[INFO] [stdout] 
[INFO] [stdout] 
[INFO] [stdout] warning: unused import: `serde_json::json`
[INFO] [stdout]  --> examples/wxpay.rs:1:5
[INFO] [stdout]   |
[INFO] [stdout] 1 | use serde_json::json;
[INFO] [stdout]   |     ^^^^^^^^^^^^^^^^
[INFO] [stdout]   |
[INFO] [stdout]   = note: `#[warn(unused_imports)]` on by default
[INFO] [stdout] 
[INFO] [stdout] 
[INFO] [stdout] warning: unused imports: `BatchTransferRequest`, `RequestBatchTransfer`, `TransferDetail`, and `request_batch_transfer`
[INFO] [stdout]  --> examples/wxpay.rs:3:5
[INFO] [stdout]   |
[INFO] [stdout] 3 |     request_batch_transfer, BatchTransferRequest, RequestBatchTransfer, TransferDetail,
[INFO] [stdout]   |     ^^^^^^^^^^^^^^^^^^^^^^  ^^^^^^^^^^^^^^^^^^^^  ^^^^^^^^^^^^^^^^^^^^  ^^^^^^^^^^^^^^
[INFO] [stdout] 
[INFO] [stdout] 
[INFO] [stdout] warning: unused import: `serde_json::json`
[INFO] [stdout]  --> examples/wxcorp.rs:1:5
[INFO] [stdout]   |
[INFO] [stdout] 1 | use serde_json::json;
[INFO] [stdout]   |     ^^^^^^^^^^^^^^^^
[INFO] [stdout]   |
[INFO] [stdout]   = note: `#[warn(unused_imports)]` on by default
[INFO] [stdout] 
[INFO] [stdout] 
[INFO] [stdout] warning: unused import: `serde_json::json`
[INFO] [stdout]  --> examples/wxmini.rs:1:5
[INFO] [stdout]   |
[INFO] [stdout] 1 | use serde_json::json;
[INFO] [stdout]   |     ^^^^^^^^^^^^^^^^
[INFO] [stdout]   |
[INFO] [stdout]   = note: `#[warn(unused_imports)]` on by default
[INFO] [stdout] 
[INFO] [stdout] 
[INFO] [stdout] warning: unused import: `wechat_vendor_sdk::wxcorp::WxcorpClient`
[INFO] [stdout]  --> examples/wxcorp.rs:2:5
[INFO] [stdout]   |
[INFO] [stdout] 2 | use wechat_vendor_sdk::wxcorp::WxcorpClient;
[INFO] [stdout]   |     ^^^^^^^^^^^^^^^^^^^^^^^^^^^^^^^^^^^^^^^
[INFO] [stdout] 
[INFO] [stdout] 
[INFO] [stdout] warning: unused imports: `ActionInfo`, `ActionScene`, `GetwxacodeUnlimitRequestBody`, `MenuCreateRequestBody`, `MessageTemplateSendMiniprogramData`, `MessageTemplateSendRequestBody`, `QrcodeCreateRequestBody`, `StableAccessTokenRequestBody`, `TagsCreateRequestBody`, `TagsCreateRequestItem`, `TagsMembersBatchtaggingRequestBody`, `UserInfoBatchgetItem`, and `WxminiClient`
[INFO] [stdout]  --> examples/wxmini.rs:3:5
[INFO] [stdout]   |
[INFO] [stdout] 3 |     ActionInfo, ActionScene, GetwxacodeUnlimitRequestBody, MenuCreateRequestBody,
[INFO] [stdout]   |     ^^^^^^^^^^  ^^^^^^^^^^^  ^^^^^^^^^^^^^^^^^^^^^^^^^^^^  ^^^^^^^^^^^^^^^^^^^^^
[INFO] [stdout] 4 |     MessageTemplateSendMiniprogramData, MessageTemplateSendRequestBody, QrcodeCreateRequestBody,
[INFO] [stdout]   |     ^^^^^^^^^^^^^^^^^^^^^^^^^^^^^^^^^^  ^^^^^^^^^^^^^^^^^^^^^^^^^^^^^^  ^^^^^^^^^^^^^^^^^^^^^^^
[INFO] [stdout] 5 |     StableAccessTokenRequestBody, TagsCreateRequestBody, TagsCreateRequestItem,
[INFO] [stdout]   |     ^^^^^^^^^^^^^^^^^^^^^^^^^^^^  ^^^^^^^^^^^^^^^^^^^^^  ^^^^^^^^^^^^^^^^^^^^^
[INFO] [stdout] 6 |     TagsMembersBatchtaggingRequestBody, UserInfoBatchgetItem, WxminiClient,
[INFO] [stdout]   |     ^^^^^^^^^^^^^^^^^^^^^^^^^^^^^^^^^^  ^^^^^^^^^^^^^^^^^^^^  ^^^^^^^^^^^^
[INFO] [stdout] 
[INFO] [stdout] 
[INFO] [stdout] warning: constant `WXMINI_ACCESS_TOKEN` is never used
[INFO] [stdout]   --> examples/wxmini.rs:44:7
[INFO] [stdout]    |
[INFO] [stdout] 44 | const WXMINI_ACCESS_TOKEN: &str = "TOKEN_FOR_TEST";
[INFO] [stdout]    |       ^^^^^^^^^^^^^^^^^^^
[INFO] [stdout]    |
[INFO] [stdout]    = note: `#[warn(dead_code)]` on by default
[INFO] [stdout] 
[INFO] [stdout] 
[INFO] [stdout] warning: unused variable: `e`
[INFO] [stdout]    --> src/wxpay/mod.rs:181:61
[INFO] [stdout]     |
[INFO] [stdout] 181 |         RsaPrivateKey::from_pkcs8_pem(private_key).map_err(|e| WxpayApiError::InvalidPrivateKey)?;
[INFO] [stdout]     |                                                             ^ help: if this is intentional, prefix it with an underscore: `_e`
[INFO] [stdout]     |
[INFO] [stdout]     = note: `#[warn(unused_variables)]` on by default
[INFO] [stdout] 
[INFO] [stdout] 
[INFO] [stdout] warning: unused variable: `e`
[INFO] [stdout]    --> src/wxpay/mod.rs:238:19
[INFO] [stdout]     |
[INFO] [stdout] 238 |         .map_err(|e| WxpayApiError::InvalidPublicKey)?;
[INFO] [stdout]     |                   ^ help: if this is intentional, prefix it with an underscore: `_e`
[INFO] [stdout] 
[INFO] [stdout] 
[INFO] [stderr]     Finished `test` profile [unoptimized + debuginfo] target(s) in 35.93s
[INFO] running `Command { std: "docker" "inspect" "4507594a47e1b3b8b846edbe2632fdc85fe1385142f2b0a407c15c975987b050", kill_on_drop: false }`
[INFO] running `Command { std: "docker" "rm" "-f" "4507594a47e1b3b8b846edbe2632fdc85fe1385142f2b0a407c15c975987b050", kill_on_drop: false }`
[INFO] [stdout] 4507594a47e1b3b8b846edbe2632fdc85fe1385142f2b0a407c15c975987b050
[INFO] running `Command { std: "docker" "create" "-v" "/var/lib/crater-agent-workspace/builds/worker-1-tc2/target:/opt/rustwide/target:rw,Z" "-v" "/var/lib/crater-agent-workspace/builds/worker-1-tc2/source:/opt/rustwide/workdir:ro,Z" "-v" "/var/lib/crater-agent-workspace/cargo-home:/opt/rustwide/cargo-home:ro,Z" "-v" "/var/lib/crater-agent-workspace/rustup-home:/opt/rustwide/rustup-home:ro,Z" "-e" "SOURCE_DIR=/opt/rustwide/workdir" "-e" "CARGO_TARGET_DIR=/opt/rustwide/target" "-e" "CARGO_INCREMENTAL=0" "-e" "RUST_BACKTRACE=full" "-e" "RUSTFLAGS=--cap-lints=warn" "-e" "RUSTDOCFLAGS=--cap-lints=warn" "-e" "CARGO_HOME=/opt/rustwide/cargo-home" "-e" "RUSTUP_HOME=/opt/rustwide/rustup-home" "-w" "/opt/rustwide/workdir" "-m" "1610612736" "--user" "0:0" "--network" "none" "ghcr.io/rust-lang/crates-build-env/linux@sha256:f3a9d4ad9d972b27faf3965f35b62e55ba32bbce8f20bc8fe909558a86702fde" "/opt/rustwide/cargo-home/bin/cargo" "+beta-2024-12-08" "test" "--frozen", kill_on_drop: false }`
[INFO] [stdout] 2febaa5c236c37f4836c8917887a9f0e645bb2c40a3d5d17224696d71584994e
[INFO] running `Command { std: "docker" "start" "-a" "2febaa5c236c37f4836c8917887a9f0e645bb2c40a3d5d17224696d71584994e", kill_on_drop: false }`
[INFO] [stderr] warning: unused variable: `e`
[INFO] [stderr]    --> src/wxpay/mod.rs:181:61
[INFO] [stderr]     |
[INFO] [stderr] 181 |         RsaPrivateKey::from_pkcs8_pem(private_key).map_err(|e| WxpayApiError::InvalidPrivateKey)?;
[INFO] [stderr]     |                                                             ^ help: if this is intentional, prefix it with an underscore: `_e`
[INFO] [stderr]     |
[INFO] [stderr]     = note: `#[warn(unused_variables)]` on by default
[INFO] [stderr] 
[INFO] [stderr] warning: unused variable: `e`
[INFO] [stderr]    --> src/wxpay/mod.rs:238:19
[INFO] [stderr]     |
[INFO] [stderr] 238 |         .map_err(|e| WxpayApiError::InvalidPublicKey)?;
[INFO] [stderr]     |                   ^ help: if this is intentional, prefix it with an underscore: `_e`
[INFO] [stderr] 
[INFO] [stderr] warning: `wechat-vendor-sdk` (lib) generated 2 warnings
[INFO] [stderr] warning: unused import: `serde_json::json`
[INFO] [stderr]  --> examples/wxmini.rs:1:5
[INFO] [stderr]   |
[INFO] [stderr] 1 | use serde_json::json;
[INFO] [stderr]   |     ^^^^^^^^^^^^^^^^
[INFO] [stderr]   |
[INFO] [stderr]   = note: `#[warn(unused_imports)]` on by default
[INFO] [stderr] 
[INFO] [stderr] warning: unused imports: `ActionInfo`, `ActionScene`, `GetwxacodeUnlimitRequestBody`, `MenuCreateRequestBody`, `MessageTemplateSendMiniprogramData`, `MessageTemplateSendRequestBody`, `QrcodeCreateRequestBody`, `StableAccessTokenRequestBody`, `TagsCreateRequestBody`, `TagsCreateRequestItem`, `TagsMembersBatchtaggingRequestBody`, `UserInfoBatchgetItem`, and `WxminiClient`
[INFO] [stderr]  --> examples/wxmini.rs:3:5
[INFO] [stderr]   |
[INFO] [stderr] 3 |     ActionInfo, ActionScene, GetwxacodeUnlimitRequestBody, MenuCreateRequestBody,
[INFO] [stderr]   |     ^^^^^^^^^^  ^^^^^^^^^^^  ^^^^^^^^^^^^^^^^^^^^^^^^^^^^  ^^^^^^^^^^^^^^^^^^^^^
[INFO] [stderr] 4 |     MessageTemplateSendMiniprogramData, MessageTemplateSendRequestBody, QrcodeCreateRequestBody,
[INFO] [stderr]   |     ^^^^^^^^^^^^^^^^^^^^^^^^^^^^^^^^^^  ^^^^^^^^^^^^^^^^^^^^^^^^^^^^^^  ^^^^^^^^^^^^^^^^^^^^^^^
[INFO] [stderr] 5 |     StableAccessTokenRequestBody, TagsCreateRequestBody, TagsCreateRequestItem,
[INFO] [stderr]   |     ^^^^^^^^^^^^^^^^^^^^^^^^^^^^  ^^^^^^^^^^^^^^^^^^^^^  ^^^^^^^^^^^^^^^^^^^^^
[INFO] [stderr] 6 |     TagsMembersBatchtaggingRequestBody, UserInfoBatchgetItem, WxminiClient,
[INFO] [stderr]   |     ^^^^^^^^^^^^^^^^^^^^^^^^^^^^^^^^^^  ^^^^^^^^^^^^^^^^^^^^  ^^^^^^^^^^^^
[INFO] [stderr] 
[INFO] [stderr] warning: constant `WXMINI_ACCESS_TOKEN` is never used
[INFO] [stderr]   --> examples/wxmini.rs:44:7
[INFO] [stderr]    |
[INFO] [stderr] 44 | const WXMINI_ACCESS_TOKEN: &str = "TOKEN_FOR_TEST";
[INFO] [stderr]    |       ^^^^^^^^^^^^^^^^^^^
[INFO] [stderr]    |
[INFO] [stderr]    = note: `#[warn(dead_code)]` on by default
[INFO] [stderr] 
[INFO] [stderr] warning: unused import: `serde_json::json`
[INFO] [stderr]  --> examples/wxpay.rs:1:5
[INFO] [stderr]   |
[INFO] [stderr] 1 | use serde_json::json;
[INFO] [stderr]   |     ^^^^^^^^^^^^^^^^
[INFO] [stderr]   |
[INFO] [stderr]   = note: `#[warn(unused_imports)]` on by default
[INFO] [stderr] 
[INFO] [stderr] warning: unused imports: `BatchTransferRequest`, `RequestBatchTransfer`, `TransferDetail`, and `request_batch_transfer`
[INFO] [stderr]  --> examples/wxpay.rs:3:5
[INFO] [stderr]   |
[INFO] [stderr] 3 |     request_batch_transfer, BatchTransferRequest, RequestBatchTransfer, TransferDetail,
[INFO] [stderr]   |     ^^^^^^^^^^^^^^^^^^^^^^  ^^^^^^^^^^^^^^^^^^^^  ^^^^^^^^^^^^^^^^^^^^  ^^^^^^^^^^^^^^
[INFO] [stderr] 
[INFO] [stderr] warning: unused import: `serde_json::json`
[INFO] [stderr]  --> examples/wxcorp.rs:1:5
[INFO] [stderr]   |
[INFO] [stderr] 1 | use serde_json::json;
[INFO] [stderr]   |     ^^^^^^^^^^^^^^^^
[INFO] [stderr]   |
[INFO] [stderr]   = note: `#[warn(unused_imports)]` on by default
[INFO] [stderr] 
[INFO] [stderr] warning: unused import: `wechat_vendor_sdk::wxcorp::WxcorpClient`
[INFO] [stderr]  --> examples/wxcorp.rs:2:5
[INFO] [stderr]   |
[INFO] [stderr] 2 | use wechat_vendor_sdk::wxcorp::WxcorpClient;
[INFO] [stderr]   |     ^^^^^^^^^^^^^^^^^^^^^^^^^^^^^^^^^^^^^^^
[INFO] [stderr] 
[INFO] [stderr] warning: `wechat-vendor-sdk` (example "wxmini") generated 3 warnings (run `cargo fix --example "wxmini"` to apply 2 suggestions)
[INFO] [stderr] warning: `wechat-vendor-sdk` (lib test) generated 2 warnings (2 duplicates)
[INFO] [stderr] warning: `wechat-vendor-sdk` (example "wxpay") generated 2 warnings (run `cargo fix --example "wxpay"` to apply 2 suggestions)
[INFO] [stderr] warning: `wechat-vendor-sdk` (example "wxcorp") generated 2 warnings (run `cargo fix --example "wxcorp"` to apply 2 suggestions)
[INFO] [stderr]     Finished `test` profile [unoptimized + debuginfo] target(s) in 0.22s
[INFO] [stderr]      Running unittests src/lib.rs (/opt/rustwide/target/debug/deps/wechat_vendor_sdk-be865bbe1c97b182)
[INFO] [stdout] 
[INFO] [stdout] running 4 tests
[INFO] [stdout] test wxpay::test_decrypt_wxpay_callback_resource ... ok
[INFO] [stdout] test wxpay::test_timestamp_diff ... ok
[INFO] [stdout] test wxpay::test_generate_wxpay_signature ... ok
[INFO] [stdout] test wxpay::test_verify_wxpay_callback_signature ... ok
[INFO] [stdout] 
[INFO] [stdout] test result: ok. 4 passed; 0 failed; 0 ignored; 0 measured; 0 filtered out; finished in 0.00s
[INFO] [stdout] 
[INFO] [stderr]    Doc-tests wechat_vendor_sdk
[INFO] [stdout] 
[INFO] [stdout] running 3 tests
[INFO] [stdout] test src/wxmini/mod.rs - wxmini (line 6) ... FAILED
[INFO] [stdout] test src/wxmini/mod.rs - wxmini (line 14) ... FAILED
[INFO] [stderr] error: doctest failed, to rerun pass `--doc`
[INFO] [stdout] test src/wxcorp/mod.rs - wxcorp (line 3) ... FAILED
[INFO] [stdout] 
[INFO] [stdout] failures:
[INFO] [stdout] 
[INFO] [stdout] ---- src/wxmini/mod.rs - wxmini (line 6) stdout ----
[INFO] [stdout] error[E0433]: failed to resolve: use of undeclared type `WxminiClient`
[INFO] [stdout]  --> src/wxmini/mod.rs:7:14
[INFO] [stdout]   |
[INFO] [stdout] 3 | let client = WxminiClient::without_https();
[INFO] [stdout]   |              ^^^^^^^^^^^^ use of undeclared type `WxminiClient`
[INFO] [stdout]   |
[INFO] [stdout] help: consider importing this struct
[INFO] [stdout]   |
[INFO] [stdout] 2 + use wechat_vendor_sdk::wxmini::WxminiClient;
[INFO] [stdout]   |
[INFO] [stdout] 
[INFO] [stdout] error[E0425]: cannot find value `body` in this scope
[INFO] [stdout]  --> src/wxmini/mod.rs:8:46
[INFO] [stdout]   |
[INFO] [stdout] 4 | let res_data = client.request_msg_sec_check(&body, None).await;
[INFO] [stdout]   |                                              ^^^^ not found in this scope
[INFO] [stdout] 
[INFO] [stdout] error[E0728]: `await` is only allowed inside `async` functions and blocks
[INFO] [stdout]  --> src/wxmini/mod.rs:8:58
[INFO] [stdout]   |
[INFO] [stdout] 2 | fn main() { #[allow(non_snake_case)] fn _doctest_main_src_wxmini_mod_rs_6_0() {
[INFO] [stdout]   |                                      ---------------------------------------- this is not `async`
[INFO] [stdout] 3 | let client = WxminiClient::without_https();
[INFO] [stdout] 4 | let res_data = client.request_msg_sec_check(&body, None).await;
[INFO] [stdout]   |                                                          ^^^^^ only allowed inside `async` functions and blocks
[INFO] [stdout] 
[INFO] [stdout] error: aborting due to 3 previous errors
[INFO] [stdout] 
[INFO] [stdout] Some errors have detailed explanations: E0425, E0433, E0728.
[INFO] [stdout] For more information about an error, try `rustc --explain E0425`.
[INFO] [stdout] Couldn't compile the test.
[INFO] [stdout] ---- src/wxmini/mod.rs - wxmini (line 14) stdout ----
[INFO] [stdout] error[E0433]: failed to resolve: use of undeclared type `WxminiClient`
[INFO] [stdout]  --> src/wxmini/mod.rs:15:14
[INFO] [stdout]   |
[INFO] [stdout] 3 | let client = WxminiClient::new();
[INFO] [stdout]   |              ^^^^^^^^^^^^ use of undeclared type `WxminiClient`
[INFO] [stdout]   |
[INFO] [stdout] help: consider importing this struct
[INFO] [stdout]   |
[INFO] [stdout] 2 + use wechat_vendor_sdk::wxmini::WxminiClient;
[INFO] [stdout]   |
[INFO] [stdout] 
[INFO] [stdout] error[E0425]: cannot find value `body` in this scope
[INFO] [stdout]  --> src/wxmini/mod.rs:16:46
[INFO] [stdout]   |
[INFO] [stdout] 4 | let res_data = client.request_msg_sec_check(&body, Some(access_token)).await;
[INFO] [stdout]   |                                              ^^^^ not found in this scope
[INFO] [stdout] 
[INFO] [stdout] error[E0425]: cannot find value `access_token` in this scope
[INFO] [stdout]  --> src/wxmini/mod.rs:16:57
[INFO] [stdout]   |
[INFO] [stdout] 4 | let res_data = client.request_msg_sec_check(&body, Some(access_token)).await;
[INFO] [stdout]   |                                                         ^^^^^^^^^^^^ not found in this scope
[INFO] [stdout] 
[INFO] [stdout] error[E0728]: `await` is only allowed inside `async` functions and blocks
[INFO] [stdout]  --> src/wxmini/mod.rs:16:72
[INFO] [stdout]   |
[INFO] [stdout] 2 | fn main() { #[allow(non_snake_case)] fn _doctest_main_src_wxmini_mod_rs_14_0() {
[INFO] [stdout]   |                                      ----------------------------------------- this is not `async`
[INFO] [stdout] 3 | let client = WxminiClient::new();
[INFO] [stdout] 4 | let res_data = client.request_msg_sec_check(&body, Some(access_token)).await;
[INFO] [stdout]   |                                                                        ^^^^^ only allowed inside `async` functions and blocks
[INFO] [stdout] 
[INFO] [stdout] error: aborting due to 4 previous errors
[INFO] [stdout] 
[INFO] [stdout] Some errors have detailed explanations: E0425, E0433, E0728.
[INFO] [stdout] For more information about an error, try `rustc --explain E0425`.
[INFO] [stdout] Couldn't compile the test.
[INFO] [stdout] ---- src/wxcorp/mod.rs - wxcorp (line 3) stdout ----
[INFO] [stdout] error: expected `;`, found `}`
[INFO] [stdout]  --> src/wxcorp/mod.rs:5:71
[INFO] [stdout]   |
[INFO] [stdout] 4 | let res_data = client.request_user_id_by_auth_code(access_token, code)
[INFO] [stdout]   |                                                                       ^ help: add `;` here
[INFO] [stdout] 5 | } _doctest_main_src_wxcorp_mod_rs_3_0() }
[INFO] [stdout]   | - unexpected token
[INFO] [stdout] 
[INFO] [stdout] error[E0433]: failed to resolve: use of undeclared type `WxcorpClient`
[INFO] [stdout]  --> src/wxcorp/mod.rs:4:14
[INFO] [stdout]   |
[INFO] [stdout] 3 | let client = WxcorpClient::new();
[INFO] [stdout]   |              ^^^^^^^^^^^^ use of undeclared type `WxcorpClient`
[INFO] [stdout]   |
[INFO] [stdout] help: consider importing this struct
[INFO] [stdout]   |
[INFO] [stdout] 2 + use wechat_vendor_sdk::wxcorp::WxcorpClient;
[INFO] [stdout]   |
[INFO] [stdout] 
[INFO] [stdout] error[E0425]: cannot find value `access_token` in this scope
[INFO] [stdout]  --> src/wxcorp/mod.rs:5:52
[INFO] [stdout]   |
[INFO] [stdout] 4 | let res_data = client.request_user_id_by_auth_code(access_token, code)
[INFO] [stdout]   |                                                    ^^^^^^^^^^^^ not found in this scope
[INFO] [stdout] 
[INFO] [stdout] error[E0425]: cannot find value `code` in this scope
[INFO] [stdout]  --> src/wxcorp/mod.rs:5:66
[INFO] [stdout]   |
[INFO] [stdout] 4 | let res_data = client.request_user_id_by_auth_code(access_token, code)
[INFO] [stdout]   |                                                                  ^^^^ not found in this scope
[INFO] [stdout] 
[INFO] [stdout] error: aborting due to 4 previous errors
[INFO] [stdout] 
[INFO] [stdout] Some errors have detailed explanations: E0425, E0433.
[INFO] [stdout] For more information about an error, try `rustc --explain E0425`.
[INFO] [stdout] Couldn't compile the test.
[INFO] [stdout] 
[INFO] [stdout] failures:
[INFO] [stdout]     src/wxcorp/mod.rs - wxcorp (line 3)
[INFO] [stdout]     src/wxmini/mod.rs - wxmini (line 14)
[INFO] [stdout]     src/wxmini/mod.rs - wxmini (line 6)
[INFO] [stdout] 
[INFO] [stdout] test result: FAILED. 0 passed; 3 failed; 0 ignored; 0 measured; 0 filtered out; finished in 0.19s
[INFO] [stdout] 
[INFO] running `Command { std: "docker" "inspect" "2febaa5c236c37f4836c8917887a9f0e645bb2c40a3d5d17224696d71584994e", kill_on_drop: false }`
[INFO] running `Command { std: "docker" "rm" "-f" "2febaa5c236c37f4836c8917887a9f0e645bb2c40a3d5d17224696d71584994e", kill_on_drop: false }`
[INFO] [stdout] 2febaa5c236c37f4836c8917887a9f0e645bb2c40a3d5d17224696d71584994e
