[INFO] cloning repository https://github.com/WinThant16/CS152-CompilerDesignProject
[INFO] running `Command { std: "git" "-c" "credential.helper=" "-c" "credential.helper=/workspace/cargo-home/bin/git-credential-null" "clone" "--bare" "https://github.com/WinThant16/CS152-CompilerDesignProject" "/workspace/cache/git-repos/https%3A%2F%2Fgithub.com%2FWinThant16%2FCS152-CompilerDesignProject", kill_on_drop: false }`
[INFO] [stderr] Cloning into bare repository '/workspace/cache/git-repos/https%3A%2F%2Fgithub.com%2FWinThant16%2FCS152-CompilerDesignProject'...
[INFO] running `Command { std: "git" "rev-parse" "HEAD", kill_on_drop: false }`
[INFO] [stdout] 09844b626588ca3ff3bab5344424f9269fbe1d93
[INFO] testing WinThant16/CS152-CompilerDesignProject against 1.83.0 for beta-1.84.0-4-retry
[INFO] running `Command { std: "git" "clone" "/workspace/cache/git-repos/https%3A%2F%2Fgithub.com%2FWinThant16%2FCS152-CompilerDesignProject" "/workspace/builds/worker-2-tc1/source", kill_on_drop: false }`
[INFO] [stderr] Cloning into '/workspace/builds/worker-2-tc1/source'...
[INFO] [stderr] done.
[INFO] validating manifest of git repo https://github.com/WinThant16/CS152-CompilerDesignProject on toolchain 1.83.0
[INFO] running `Command { std: CARGO_HOME="/workspace/cargo-home" RUSTUP_HOME="/workspace/rustup-home" "/workspace/cargo-home/bin/cargo" "+1.83.0" "metadata" "--manifest-path" "Cargo.toml" "--no-deps", kill_on_drop: false }`
[INFO] started tweaking git repo https://github.com/WinThant16/CS152-CompilerDesignProject
[INFO] finished tweaking git repo https://github.com/WinThant16/CS152-CompilerDesignProject
[INFO] tweaked toml for git repo https://github.com/WinThant16/CS152-CompilerDesignProject written to /workspace/builds/worker-2-tc1/source/Cargo.toml
[INFO] crate git repo https://github.com/WinThant16/CS152-CompilerDesignProject already has a lockfile, it will not be regenerated
[INFO] running `Command { std: CARGO_HOME="/workspace/cargo-home" RUSTUP_HOME="/workspace/rustup-home" "/workspace/cargo-home/bin/cargo" "+1.83.0" "fetch" "--manifest-path" "Cargo.toml", kill_on_drop: false }`
[INFO] running `Command { std: "docker" "create" "-v" "/var/lib/crater-agent-workspace/builds/worker-2-tc1/target:/opt/rustwide/target:rw,Z" "-v" "/var/lib/crater-agent-workspace/builds/worker-2-tc1/source:/opt/rustwide/workdir:ro,Z" "-v" "/var/lib/crater-agent-workspace/cargo-home:/opt/rustwide/cargo-home:ro,Z" "-v" "/var/lib/crater-agent-workspace/rustup-home:/opt/rustwide/rustup-home:ro,Z" "-e" "SOURCE_DIR=/opt/rustwide/workdir" "-e" "CARGO_TARGET_DIR=/opt/rustwide/target" "-e" "CARGO_HOME=/opt/rustwide/cargo-home" "-e" "RUSTUP_HOME=/opt/rustwide/rustup-home" "-w" "/opt/rustwide/workdir" "-m" "1610612736" "--user" "0:0" "--network" "none" "ghcr.io/rust-lang/crates-build-env/linux@sha256:f3a9d4ad9d972b27faf3965f35b62e55ba32bbce8f20bc8fe909558a86702fde" "/opt/rustwide/cargo-home/bin/cargo" "+1.83.0" "metadata" "--no-deps" "--format-version=1", kill_on_drop: false }`
[INFO] [stdout] 9a10552da38c480dd6eb67057255f2b3124fe5920b3b4bb038f58f8a27ab3430
[INFO] running `Command { std: "docker" "start" "-a" "9a10552da38c480dd6eb67057255f2b3124fe5920b3b4bb038f58f8a27ab3430", kill_on_drop: false }`
[INFO] running `Command { std: "docker" "inspect" "9a10552da38c480dd6eb67057255f2b3124fe5920b3b4bb038f58f8a27ab3430", kill_on_drop: false }`
[INFO] running `Command { std: "docker" "rm" "-f" "9a10552da38c480dd6eb67057255f2b3124fe5920b3b4bb038f58f8a27ab3430", kill_on_drop: false }`
[INFO] [stdout] 9a10552da38c480dd6eb67057255f2b3124fe5920b3b4bb038f58f8a27ab3430
[INFO] running `Command { std: "docker" "create" "-v" "/var/lib/crater-agent-workspace/builds/worker-2-tc1/target:/opt/rustwide/target:rw,Z" "-v" "/var/lib/crater-agent-workspace/builds/worker-2-tc1/source:/opt/rustwide/workdir:ro,Z" "-v" "/var/lib/crater-agent-workspace/cargo-home:/opt/rustwide/cargo-home:ro,Z" "-v" "/var/lib/crater-agent-workspace/rustup-home:/opt/rustwide/rustup-home:ro,Z" "-e" "SOURCE_DIR=/opt/rustwide/workdir" "-e" "CARGO_TARGET_DIR=/opt/rustwide/target" "-e" "CARGO_INCREMENTAL=0" "-e" "RUST_BACKTRACE=full" "-e" "RUSTFLAGS=--cap-lints=warn" "-e" "RUSTDOCFLAGS=--cap-lints=warn" "-e" "CARGO_HOME=/opt/rustwide/cargo-home" "-e" "RUSTUP_HOME=/opt/rustwide/rustup-home" "-w" "/opt/rustwide/workdir" "-m" "1610612736" "--user" "0:0" "--network" "none" "ghcr.io/rust-lang/crates-build-env/linux@sha256:f3a9d4ad9d972b27faf3965f35b62e55ba32bbce8f20bc8fe909558a86702fde" "/opt/rustwide/cargo-home/bin/cargo" "+1.83.0" "build" "--frozen" "--message-format=json", kill_on_drop: false }`
[INFO] [stdout] 71d36895549fd0a94ba4c1debe9c7f656cb9f5bdfc59580f0deb0fc926046d0b
[INFO] running `Command { std: "docker" "start" "-a" "71d36895549fd0a94ba4c1debe9c7f656cb9f5bdfc59580f0deb0fc926046d0b", kill_on_drop: false }`
[INFO] [stderr]    Compiling rustcompiler v0.1.0 (/opt/rustwide/workdir)
[INFO] [stdout] warning: unnecessary parentheses around `if` condition
[INFO] [stdout]    --> src/main.rs:115:9
[INFO] [stdout]     |
[INFO] [stdout] 115 |       if(symbol_table.contains_key(&key_name)){
[INFO] [stdout]     |         ^                                    ^
[INFO] [stdout]     |
[INFO] [stdout]     = note: `#[warn(unused_parens)]` on by default
[INFO] [stdout] help: remove these parentheses
[INFO] [stdout]     |
[INFO] [stdout] 115 -       if(symbol_table.contains_key(&key_name)){
[INFO] [stdout] 115 +       if symbol_table.contains_key(&key_name) {
[INFO] [stdout]     |
[INFO] [stdout] 
[INFO] [stdout] 
[INFO] [stdout] warning: unnecessary parentheses around `if` condition
[INFO] [stdout]    --> src/main.rs:126:11
[INFO] [stdout]     |
[INFO] [stdout] 126 |         if(param == "%int"){
[INFO] [stdout]     |           ^               ^
[INFO] [stdout]     |
[INFO] [stdout] help: remove these parentheses
[INFO] [stdout]     |
[INFO] [stdout] 126 -         if(param == "%int"){
[INFO] [stdout] 126 +         if param == "%int" {
[INFO] [stdout]     |
[INFO] [stdout] 
[INFO] [stdout] 
[INFO] [stdout] warning: unnecessary parentheses around `if` condition
[INFO] [stdout]    --> src/main.rs:131:11
[INFO] [stdout]     |
[INFO] [stdout] 131 |         if(symbol_table.contains_key(&key_name)){
[INFO] [stdout]     |           ^                                    ^
[INFO] [stdout]     |
[INFO] [stdout] help: remove these parentheses
[INFO] [stdout]     |
[INFO] [stdout] 131 -         if(symbol_table.contains_key(&key_name)){
[INFO] [stdout] 131 +         if symbol_table.contains_key(&key_name) {
[INFO] [stdout]     |
[INFO] [stdout] 
[INFO] [stdout] 
[INFO] [stdout] warning: unnecessary parentheses around `if` condition
[INFO] [stdout]    --> src/main.rs:143:9
[INFO] [stdout]     |
[INFO] [stdout] 143 |       if(array_size.parse::<i32>().unwrap() <= 0){
[INFO] [stdout]     |         ^                                       ^
[INFO] [stdout]     |
[INFO] [stdout] help: remove these parentheses
[INFO] [stdout]     |
[INFO] [stdout] 143 -       if(array_size.parse::<i32>().unwrap() <= 0){
[INFO] [stdout] 143 +       if array_size.parse::<i32>().unwrap() <= 0 {
[INFO] [stdout]     |
[INFO] [stdout] 
[INFO] [stdout] 
[INFO] [stdout] warning: unnecessary parentheses around `if` condition
[INFO] [stdout]    --> src/main.rs:149:9
[INFO] [stdout]     |
[INFO] [stdout] 149 |       if(symbol_table.contains_key(&key_name)){
[INFO] [stdout]     |         ^                                    ^
[INFO] [stdout]     |
[INFO] [stdout] help: remove these parentheses
[INFO] [stdout]     |
[INFO] [stdout] 149 -       if(symbol_table.contains_key(&key_name)){
[INFO] [stdout] 149 +       if symbol_table.contains_key(&key_name) {
[INFO] [stdout]     |
[INFO] [stdout] 
[INFO] [stdout] 
[INFO] [stdout] warning: unnecessary parentheses around `if` condition
[INFO] [stdout]    --> src/main.rs:160:9
[INFO] [stdout]     |
[INFO] [stdout] 160 |       if(symbol_table.contains_key(&key_name)){
[INFO] [stdout]     |         ^                                    ^
[INFO] [stdout]     |
[INFO] [stdout] help: remove these parentheses
[INFO] [stdout]     |
[INFO] [stdout] 160 -       if(symbol_table.contains_key(&key_name)){
[INFO] [stdout] 160 +       if symbol_table.contains_key(&key_name) {
[INFO] [stdout]     |
[INFO] [stdout] 
[INFO] [stdout] 
[INFO] [stdout] warning: unnecessary parentheses around `if` condition
[INFO] [stdout]    --> src/main.rs:183:13
[INFO] [stdout]     |
[INFO] [stdout] 183 |           if(param.ends_with("(")){
[INFO] [stdout]     |             ^                    ^
[INFO] [stdout]     |
[INFO] [stdout] help: remove these parentheses
[INFO] [stdout]     |
[INFO] [stdout] 183 -           if(param.ends_with("(")){
[INFO] [stdout] 183 +           if param.ends_with("(") {
[INFO] [stdout]     |
[INFO] [stdout] 
[INFO] [stdout] 
[INFO] [stdout] warning: unnecessary parentheses around `if` condition
[INFO] [stdout]    --> src/main.rs:194:13
[INFO] [stdout]     |
[INFO] [stdout] 194 |           if(!matches!(data_type, &DataType::Array)){
[INFO] [stdout]     |             ^                                      ^
[INFO] [stdout]     |
[INFO] [stdout] help: remove these parentheses
[INFO] [stdout]     |
[INFO] [stdout] 194 -           if(!matches!(data_type, &DataType::Array)){
[INFO] [stdout] 194 +           if !matches!(data_type, &DataType::Array) {
[INFO] [stdout]     |
[INFO] [stdout] 
[INFO] [stdout] 
[INFO] [stdout] warning: unnecessary parentheses around `if` condition
[INFO] [stdout]    --> src/main.rs:203:11
[INFO] [stdout]     |
[INFO] [stdout] 203 |         if(seen_array_type){
[INFO] [stdout]     |           ^               ^
[INFO] [stdout]     |
[INFO] [stdout] help: remove these parentheses
[INFO] [stdout]     |
[INFO] [stdout] 203 -         if(seen_array_type){
[INFO] [stdout] 203 +         if seen_array_type {
[INFO] [stdout]     |
[INFO] [stdout] 
[INFO] [stdout] 
[INFO] [stdout] warning: unnecessary parentheses around `if` condition
[INFO] [stdout]    --> src/main.rs:212:13
[INFO] [stdout]     |
[INFO] [stdout] 212 |           if(matches!(data_type, &DataType::Array)){
[INFO] [stdout]     |             ^                                     ^
[INFO] [stdout]     |
[INFO] [stdout] help: remove these parentheses
[INFO] [stdout]     |
[INFO] [stdout] 212 -           if(matches!(data_type, &DataType::Array)){
[INFO] [stdout] 212 +           if matches!(data_type, &DataType::Array) {
[INFO] [stdout]     |
[INFO] [stdout] 
[INFO] [stdout] 
[INFO] [stdout] warning: unnecessary parentheses around `if` condition
[INFO] [stdout]    --> src/main.rs:220:5
[INFO] [stdout]     |
[INFO] [stdout] 220 |   if(main_function_seen == false){
[INFO] [stdout]     |     ^                           ^
[INFO] [stdout]     |
[INFO] [stdout] help: remove these parentheses
[INFO] [stdout]     |
[INFO] [stdout] 220 -   if(main_function_seen == false){
[INFO] [stdout] 220 +   if main_function_seen == false {
[INFO] [stdout]     |
[INFO] [stdout] 
[INFO] [stdout] 
[INFO] [stdout] warning: unnecessary parentheses around `if` condition
[INFO] [stdout]    --> src/main.rs:290:12
[INFO] [stdout]     |
[INFO] [stdout] 290 |         if (semantics_check(generated_code.clone())){
[INFO] [stdout]     |            ^                                       ^
[INFO] [stdout]     |
[INFO] [stdout] help: remove these parentheses
[INFO] [stdout]     |
[INFO] [stdout] 290 -         if (semantics_check(generated_code.clone())){
[INFO] [stdout] 290 +         if semantics_check(generated_code.clone()) {
[INFO] [stdout]     |
[INFO] [stdout] 
[INFO] [stdout] 
[INFO] [stdout] warning: unnecessary parentheses around `if` condition
[INFO] [stdout]    --> src/main.rs:818:5
[INFO] [stdout]     |
[INFO] [stdout] 818 |   if(params.len() > 0){
[INFO] [stdout]     |     ^                ^
[INFO] [stdout]     |
[INFO] [stdout] help: remove these parentheses
[INFO] [stdout]     |
[INFO] [stdout] 818 -   if(params.len() > 0){
[INFO] [stdout] 818 +   if params.len() > 0 {
[INFO] [stdout]     |
[INFO] [stdout] 
[INFO] [stdout] 
[INFO] [stdout] warning: unnecessary parentheses around `if` condition
[INFO] [stdout]    --> src/main.rs:991:21
[INFO] [stdout]     |
[INFO] [stdout] 991 |                   if(matches!(peek_result(tokens, *index)?, Token::LeftBracket)){
[INFO] [stdout]     |                     ^                                                          ^
[INFO] [stdout]     |
[INFO] [stdout] help: remove these parentheses
[INFO] [stdout]     |
[INFO] [stdout] 991 -                   if(matches!(peek_result(tokens, *index)?, Token::LeftBracket)){
[INFO] [stdout] 991 +                   if matches!(peek_result(tokens, *index)?, Token::LeftBracket) {
[INFO] [stdout]     |
[INFO] [stdout] 
[INFO] [stdout] 
[INFO] [stdout] warning: unnecessary parentheses around `if` condition
[INFO] [stdout]     --> src/main.rs:1110:21
[INFO] [stdout]      |
[INFO] [stdout] 1110 |                   if(WHILE_LABEL_STACK.len() == 0){
[INFO] [stdout]      |                     ^                            ^
[INFO] [stdout]      |
[INFO] [stdout] help: remove these parentheses
[INFO] [stdout]      |
[INFO] [stdout] 1110 -                   if(WHILE_LABEL_STACK.len() == 0){
[INFO] [stdout] 1110 +                   if WHILE_LABEL_STACK.len() == 0 {
[INFO] [stdout]      |
[INFO] [stdout] 
[INFO] [stdout] 
[INFO] [stdout] warning: unnecessary parentheses around `if` condition
[INFO] [stdout]     --> src/main.rs:1122:21
[INFO] [stdout]      |
[INFO] [stdout] 1122 |                   if(WHILE_LABEL_STACK.len() == 0){
[INFO] [stdout]      |                     ^                            ^
[INFO] [stdout]      |
[INFO] [stdout] help: remove these parentheses
[INFO] [stdout]      |
[INFO] [stdout] 1122 -                   if(WHILE_LABEL_STACK.len() == 0){
[INFO] [stdout] 1122 +                   if WHILE_LABEL_STACK.len() == 0 {
[INFO] [stdout]      |
[INFO] [stdout] 
[INFO] [stdout] 
[INFO] [stdout] warning: unnecessary parentheses around `if` condition
[INFO] [stdout]     --> src/main.rs:1158:5
[INFO] [stdout]      |
[INFO] [stdout] 1158 |   if(matches!(peek_result(tokens, *index)?, Token::LeftBracket)){
[INFO] [stdout]      |     ^                                                          ^
[INFO] [stdout]      |
[INFO] [stdout] help: remove these parentheses
[INFO] [stdout]      |
[INFO] [stdout] 1158 -   if(matches!(peek_result(tokens, *index)?, Token::LeftBracket)){
[INFO] [stdout] 1158 +   if matches!(peek_result(tokens, *index)?, Token::LeftBracket) {
[INFO] [stdout]      |
[INFO] [stdout] 
[INFO] [stdout] 
[INFO] [stdout] warning: unnecessary parentheses around `if` condition
[INFO] [stdout]     --> src/main.rs:1211:5
[INFO] [stdout]      |
[INFO] [stdout] 1211 |   if(matches!(peek_result(tokens, *index)?,Token::LeftBracket)){
[INFO] [stdout]      |     ^                                                         ^
[INFO] [stdout]      |
[INFO] [stdout] help: remove these parentheses
[INFO] [stdout]      |
[INFO] [stdout] 1211 -   if(matches!(peek_result(tokens, *index)?,Token::LeftBracket)){
[INFO] [stdout] 1211 +   if matches!(peek_result(tokens, *index)?,Token::LeftBracket) {
[INFO] [stdout]      |
[INFO] [stdout] 
[INFO] [stdout] 
[INFO] [stdout] warning: unnecessary parentheses around `if` condition
[INFO] [stdout]     --> src/main.rs:1233:5
[INFO] [stdout]      |
[INFO] [stdout] 1233 |   if(matches!(peek_result(tokens, *index)?,Token::LeftBracket)){
[INFO] [stdout]      |     ^                                                         ^
[INFO] [stdout]      |
[INFO] [stdout] help: remove these parentheses
[INFO] [stdout]      |
[INFO] [stdout] 1233 -   if(matches!(peek_result(tokens, *index)?,Token::LeftBracket)){
[INFO] [stdout] 1233 +   if matches!(peek_result(tokens, *index)?,Token::LeftBracket) {
[INFO] [stdout]      |
[INFO] [stdout] 
[INFO] [stdout] 
[INFO] [stdout] warning: variable does not need to be mutable
[INFO] [stdout]    --> src/main.rs:121:11
[INFO] [stdout]     |
[INFO] [stdout] 121 |       let mut params = line2.split_whitespace().skip(2);
[INFO] [stdout]     |           ----^^^^^^
[INFO] [stdout]     |           |
[INFO] [stdout]     |           help: remove this `mut`
[INFO] [stdout]     |
[INFO] [stdout]     = note: `#[warn(unused_mut)]` on by default
[INFO] [stdout] 
[INFO] [stdout] 
[INFO] [stdout] warning: value assigned to `codenode` is never read
[INFO] [stdout]    --> src/main.rs:963:29
[INFO] [stdout]     |
[INFO] [stdout] 963 | ...                   codenode = None;
[INFO] [stdout]     |                       ^^^^^^^^
[INFO] [stdout]     |
[INFO] [stdout]     = help: maybe it is overwritten before being read?
[INFO] [stdout]     = note: `#[warn(unused_assignments)]` on by default
[INFO] [stdout] 
[INFO] [stdout] 
[INFO] [stdout] warning: value assigned to `codenode` is never read
[INFO] [stdout]    --> src/main.rs:970:25
[INFO] [stdout]     |
[INFO] [stdout] 970 |                         codenode = None;
[INFO] [stdout]     |                         ^^^^^^^^
[INFO] [stdout]     |
[INFO] [stdout]     = help: maybe it is overwritten before being read?
[INFO] [stdout] 
[INFO] [stdout] 
[INFO] [stdout] warning: value assigned to `codenode` is never read
[INFO] [stdout]     --> src/main.rs:1133:17
[INFO] [stdout]      |
[INFO] [stdout] 1133 |                 codenode = None;
[INFO] [stdout]      |                 ^^^^^^^^
[INFO] [stdout]      |
[INFO] [stdout]      = help: maybe it is overwritten before being read?
[INFO] [stdout] 
[INFO] [stdout] 
[INFO] [stdout] warning: variable does not need to be mutable
[INFO] [stdout]     --> src/main.rs:1174:9
[INFO] [stdout]      |
[INFO] [stdout] 1174 |     let mut right_expr = parse_multiply_expression(tokens, index)?; // Parse the next higher precedence expression
[INFO] [stdout]      |         ----^^^^^^^^^^
[INFO] [stdout]      |         |
[INFO] [stdout]      |         help: remove this `mut`
[INFO] [stdout] 
[INFO] [stdout] 
[INFO] [stdout] warning: variable does not need to be mutable
[INFO] [stdout]     --> src/main.rs:1197:11
[INFO] [stdout]      |
[INFO] [stdout] 1197 |       let mut right_expr = parse_term(tokens, index)?; // Parse the next term
[INFO] [stdout]      |           ----^^^^^^^^^^
[INFO] [stdout]      |           |
[INFO] [stdout]      |           help: remove this `mut`
[INFO] [stdout] 
[INFO] [stdout] 
[INFO] [stdout] warning: unused variable: `instr`
[INFO] [stdout]     --> src/main.rs:1230:11
[INFO] [stdout]      |
[INFO] [stdout] 1230 |   let mut instr = "";
[INFO] [stdout]      |           ^^^^^ help: if this is intentional, prefix it with an underscore: `_instr`
[INFO] [stdout]      |
[INFO] [stdout]      = note: `#[warn(unused_variables)]` on by default
[INFO] [stdout] 
[INFO] [stdout] 
[INFO] [stdout] warning: variable does not need to be mutable
[INFO] [stdout]     --> src/main.rs:1230:7
[INFO] [stdout]      |
[INFO] [stdout] 1230 |   let mut instr = "";
[INFO] [stdout]      |       ----^^^^^
[INFO] [stdout]      |       |
[INFO] [stdout]      |       help: remove this `mut`
[INFO] [stdout] 
[INFO] [stdout] 
[INFO] [stdout] warning: static `else_num` is never used
[INFO] [stdout]   --> src/main.rs:61:12
[INFO] [stdout]    |
[INFO] [stdout] 61 | static mut else_num: i64 = 0;
[INFO] [stdout]    |            ^^^^^^^^
[INFO] [stdout]    |
[INFO] [stdout]    = note: `#[warn(dead_code)]` on by default
[INFO] [stdout] 
[INFO] [stdout] 
[INFO] [stdout] warning: function `create_else_label` is never used
[INFO] [stdout]   --> src/main.rs:62:4
[INFO] [stdout]    |
[INFO] [stdout] 62 | fn create_else_label() -> String {
[INFO] [stdout]    |    ^^^^^^^^^^^^^^^^^
[INFO] [stdout] 
[INFO] [stdout] 
[INFO] [stdout] warning: field `0` is never read
[INFO] [stdout]     --> src/interpreter.rs:1498:11
[INFO] [stdout]      |
[INFO] [stdout] 1498 |     Label(usize),
[INFO] [stdout]      |     ----- ^^^^^
[INFO] [stdout]      |     |
[INFO] [stdout]      |     field in this variant
[INFO] [stdout]      |
[INFO] [stdout]      = note: `Bytecode` has a derived impl for the trait `Debug`, but this is intentionally ignored during dead code analysis
[INFO] [stdout] help: consider changing the field to be of unit type to suppress this warning while preserving the field numbering, or remove the field
[INFO] [stdout]      |
[INFO] [stdout] 1498 |     Label(()),
[INFO] [stdout]      |           ~~
[INFO] [stdout] 
[INFO] [stdout] 
[INFO] [stdout] warning: creating a shared reference to mutable static is discouraged
[INFO] [stdout]   --> src/main.rs:25:26
[INFO] [stdout]    |
[INFO] [stdout] 25 |       format!("_temp{}", VAR_NUM)
[INFO] [stdout]    |                          ^^^^^^^ shared reference to mutable static
[INFO] [stdout]    |
[INFO] [stdout]    = note: for more information, see <https://doc.rust-lang.org/nightly/edition-guide/rust-2024/static-mut-references.html>
[INFO] [stdout]    = note: shared references to mutable statics are dangerous; it's undefined behavior if the static is mutated or if a mutable reference is created for it while the shared reference lives
[INFO] [stdout]    = note: `#[warn(static_mut_refs)]` on by default
[INFO] [stdout] 
[INFO] [stdout] 
[INFO] [stdout] warning: static variable `whileloopbegin_num` should have an upper case name
[INFO] [stdout]   --> src/main.rs:29:12
[INFO] [stdout]    |
[INFO] [stdout] 29 | static mut whileloopbegin_num: i64 = 0;
[INFO] [stdout]    |            ^^^^^^^^^^^^^^^^^^ help: convert the identifier to upper case: `WHILELOOPBEGIN_NUM`
[INFO] [stdout]    |
[INFO] [stdout]    = note: `#[warn(non_upper_case_globals)]` on by default
[INFO] [stdout] 
[INFO] [stdout] 
[INFO] [stdout] warning: creating a shared reference to mutable static is discouraged
[INFO] [stdout]   --> src/main.rs:33:30
[INFO] [stdout]    |
[INFO] [stdout] 33 |       format!("loopbegin{}", whileloopbegin_num)
[INFO] [stdout]    |                              ^^^^^^^^^^^^^^^^^^ shared reference to mutable static
[INFO] [stdout]    |
[INFO] [stdout]    = note: for more information, see <https://doc.rust-lang.org/nightly/edition-guide/rust-2024/static-mut-references.html>
[INFO] [stdout]    = note: shared references to mutable statics are dangerous; it's undefined behavior if the static is mutated or if a mutable reference is created for it while the shared reference lives
[INFO] [stdout] 
[INFO] [stdout] 
[INFO] [stdout] warning: static variable `whileloopend_num` should have an upper case name
[INFO] [stdout]   --> src/main.rs:37:12
[INFO] [stdout]    |
[INFO] [stdout] 37 | static mut whileloopend_num: i64 = 0;
[INFO] [stdout]    |            ^^^^^^^^^^^^^^^^ help: convert the identifier to upper case: `WHILELOOPEND_NUM`
[INFO] [stdout] 
[INFO] [stdout] 
[INFO] [stdout] warning: creating a shared reference to mutable static is discouraged
[INFO] [stdout]   --> src/main.rs:41:29
[INFO] [stdout]    |
[INFO] [stdout] 41 |       format!("endloop_{}", whileloopend_num)
[INFO] [stdout]    |                             ^^^^^^^^^^^^^^^^ shared reference to mutable static
[INFO] [stdout]    |
[INFO] [stdout]    = note: for more information, see <https://doc.rust-lang.org/nightly/edition-guide/rust-2024/static-mut-references.html>
[INFO] [stdout]    = note: shared references to mutable statics are dangerous; it's undefined behavior if the static is mutated or if a mutable reference is created for it while the shared reference lives
[INFO] [stdout] 
[INFO] [stdout] 
[INFO] [stdout] warning: static variable `iftrue_num` should have an upper case name
[INFO] [stdout]   --> src/main.rs:45:12
[INFO] [stdout]    |
[INFO] [stdout] 45 | static mut iftrue_num: i64 = 0;
[INFO] [stdout]    |            ^^^^^^^^^^ help: convert the identifier to upper case: `IFTRUE_NUM`
[INFO] [stdout] 
[INFO] [stdout] 
[INFO] [stdout] warning: creating a shared reference to mutable static is discouraged
[INFO] [stdout]   --> src/main.rs:49:27
[INFO] [stdout]    |
[INFO] [stdout] 49 |       format!("iftrue{}", iftrue_num)
[INFO] [stdout]    |                           ^^^^^^^^^^ shared reference to mutable static
[INFO] [stdout]    |
[INFO] [stdout]    = note: for more information, see <https://doc.rust-lang.org/nightly/edition-guide/rust-2024/static-mut-references.html>
[INFO] [stdout]    = note: shared references to mutable statics are dangerous; it's undefined behavior if the static is mutated or if a mutable reference is created for it while the shared reference lives
[INFO] [stdout] 
[INFO] [stdout] 
[INFO] [stdout] warning: static variable `endif_num` should have an upper case name
[INFO] [stdout]   --> src/main.rs:53:12
[INFO] [stdout]    |
[INFO] [stdout] 53 | static mut endif_num: i64 = 0;
[INFO] [stdout]    |            ^^^^^^^^^ help: convert the identifier to upper case: `ENDIF_NUM`
[INFO] [stdout] 
[INFO] [stdout] 
[INFO] [stdout] warning: creating a shared reference to mutable static is discouraged
[INFO] [stdout]   --> src/main.rs:57:26
[INFO] [stdout]    |
[INFO] [stdout] 57 |       format!("endif{}", endif_num)
[INFO] [stdout]    |                          ^^^^^^^^^ shared reference to mutable static
[INFO] [stdout]    |
[INFO] [stdout]    = note: for more information, see <https://doc.rust-lang.org/nightly/edition-guide/rust-2024/static-mut-references.html>
[INFO] [stdout]    = note: shared references to mutable statics are dangerous; it's undefined behavior if the static is mutated or if a mutable reference is created for it while the shared reference lives
[INFO] [stdout] 
[INFO] [stdout] 
[INFO] [stdout] warning: static variable `else_num` should have an upper case name
[INFO] [stdout]   --> src/main.rs:61:12
[INFO] [stdout]    |
[INFO] [stdout] 61 | static mut else_num: i64 = 0;
[INFO] [stdout]    |            ^^^^^^^^ help: convert the identifier to upper case: `ELSE_NUM`
[INFO] [stdout] 
[INFO] [stdout] 
[INFO] [stdout] warning: creating a shared reference to mutable static is discouraged
[INFO] [stdout]   --> src/main.rs:65:25
[INFO] [stdout]    |
[INFO] [stdout] 65 |       format!("else{}", else_num)
[INFO] [stdout]    |                         ^^^^^^^^ shared reference to mutable static
[INFO] [stdout]    |
[INFO] [stdout]    = note: for more information, see <https://doc.rust-lang.org/nightly/edition-guide/rust-2024/static-mut-references.html>
[INFO] [stdout]    = note: shared references to mutable statics are dangerous; it's undefined behavior if the static is mutated or if a mutable reference is created for it while the shared reference lives
[INFO] [stdout] 
[INFO] [stdout] 
[INFO] [stdout] warning: creating a mutable reference to mutable static is discouraged
[INFO] [stdout]     --> src/main.rs:1023:19
[INFO] [stdout]      |
[INFO] [stdout] 1023 |                   WHILE_LABEL_STACK.push(while_label.clone());
[INFO] [stdout]      |                   ^^^^^^^^^^^^^^^^^^^^^^^^^^^^^^^^^^^^^^^^^^^ mutable reference to mutable static
[INFO] [stdout]      |
[INFO] [stdout]      = note: for more information, see <https://doc.rust-lang.org/nightly/edition-guide/rust-2024/static-mut-references.html>
[INFO] [stdout]      = note: mutable references to mutable statics are dangerous; it's undefined behavior if any other pointer to the static is used or if any other reference is created for the static while the mutable reference lives
[INFO] [stdout] 
[INFO] [stdout] 
[INFO] [stdout] warning: creating a mutable reference to mutable static is discouraged
[INFO] [stdout]     --> src/main.rs:1024:19
[INFO] [stdout]      |
[INFO] [stdout] 1024 |                   WHILE_LABEL_STACK.push(endwhile_label.clone());
[INFO] [stdout]      |                   ^^^^^^^^^^^^^^^^^^^^^^^^^^^^^^^^^^^^^^^^^^^^^^ mutable reference to mutable static
[INFO] [stdout]      |
[INFO] [stdout]      = note: for more information, see <https://doc.rust-lang.org/nightly/edition-guide/rust-2024/static-mut-references.html>
[INFO] [stdout]      = note: mutable references to mutable statics are dangerous; it's undefined behavior if any other pointer to the static is used or if any other reference is created for the static while the mutable reference lives
[INFO] [stdout] 
[INFO] [stdout] 
[INFO] [stdout] warning: variable `statementCode` should have a snake case name
[INFO] [stdout]     --> src/main.rs:1026:25
[INFO] [stdout]      |
[INFO] [stdout] 1026 |                 let mut statementCode: String = String::from("");
[INFO] [stdout]      |                         ^^^^^^^^^^^^^ help: convert the identifier to snake case: `statement_code`
[INFO] [stdout]      |
[INFO] [stdout]      = note: `#[warn(non_snake_case)]` on by default
[INFO] [stdout] 
[INFO] [stdout] 
[INFO] [stdout] warning: creating a mutable reference to mutable static is discouraged
[INFO] [stdout]     --> src/main.rs:1052:19
[INFO] [stdout]      |
[INFO] [stdout] 1052 |                   WHILE_LABEL_STACK.pop();
[INFO] [stdout]      |                   ^^^^^^^^^^^^^^^^^^^^^^^ mutable reference to mutable static
[INFO] [stdout]      |
[INFO] [stdout]      = note: for more information, see <https://doc.rust-lang.org/nightly/edition-guide/rust-2024/static-mut-references.html>
[INFO] [stdout]      = note: mutable references to mutable statics are dangerous; it's undefined behavior if any other pointer to the static is used or if any other reference is created for the static while the mutable reference lives
[INFO] [stdout] 
[INFO] [stdout] 
[INFO] [stdout] warning: creating a mutable reference to mutable static is discouraged
[INFO] [stdout]     --> src/main.rs:1053:19
[INFO] [stdout]      |
[INFO] [stdout] 1053 |                   WHILE_LABEL_STACK.pop();
[INFO] [stdout]      |                   ^^^^^^^^^^^^^^^^^^^^^^^ mutable reference to mutable static
[INFO] [stdout]      |
[INFO] [stdout]      = note: for more information, see <https://doc.rust-lang.org/nightly/edition-guide/rust-2024/static-mut-references.html>
[INFO] [stdout]      = note: mutable references to mutable statics are dangerous; it's undefined behavior if any other pointer to the static is used or if any other reference is created for the static while the mutable reference lives
[INFO] [stdout] 
[INFO] [stdout] 
[INFO] [stdout] warning: variable `statementCode` should have a snake case name
[INFO] [stdout]     --> src/main.rs:1069:25
[INFO] [stdout]      |
[INFO] [stdout] 1069 |                 let mut statementCode: String = String::from("");
[INFO] [stdout]      |                         ^^^^^^^^^^^^^ help: convert the identifier to snake case: `statement_code`
[INFO] [stdout] 
[INFO] [stdout] 
[INFO] [stdout] warning: creating a shared reference to mutable static is discouraged
[INFO] [stdout]     --> src/main.rs:1110:22
[INFO] [stdout]      |
[INFO] [stdout] 1110 |                   if(WHILE_LABEL_STACK.len() == 0){
[INFO] [stdout]      |                      ^^^^^^^^^^^^^^^^^^^^^^^ shared reference to mutable static
[INFO] [stdout]      |
[INFO] [stdout]      = note: for more information, see <https://doc.rust-lang.org/nightly/edition-guide/rust-2024/static-mut-references.html>
[INFO] [stdout]      = note: shared references to mutable statics are dangerous; it's undefined behavior if the static is mutated or if a mutable reference is created for it while the shared reference lives
[INFO] [stdout] 
[INFO] [stdout] 
[INFO] [stdout] warning: creating a shared reference to mutable static is discouraged
[INFO] [stdout]     --> src/main.rs:1113:67
[INFO] [stdout]      |
[INFO] [stdout] 1113 |                    code = format!("%jmp :{}\n", WHILE_LABEL_STACK[WHILE_LABEL_STACK.len() - 2]);
[INFO] [stdout]      |                                                                   ^^^^^^^^^^^^^^^^^^^^^^^ shared reference to mutable static
[INFO] [stdout]      |
[INFO] [stdout]      = note: for more information, see <https://doc.rust-lang.org/nightly/edition-guide/rust-2024/static-mut-references.html>
[INFO] [stdout]      = note: shared references to mutable statics are dangerous; it's undefined behavior if the static is mutated or if a mutable reference is created for it while the shared reference lives
[INFO] [stdout] 
[INFO] [stdout] 
[INFO] [stdout] warning: creating a shared reference to mutable static is discouraged
[INFO] [stdout]     --> src/main.rs:1122:22
[INFO] [stdout]      |
[INFO] [stdout] 1122 |                   if(WHILE_LABEL_STACK.len() == 0){
[INFO] [stdout]      |                      ^^^^^^^^^^^^^^^^^^^^^^^ shared reference to mutable static
[INFO] [stdout]      |
[INFO] [stdout]      = note: for more information, see <https://doc.rust-lang.org/nightly/edition-guide/rust-2024/static-mut-references.html>
[INFO] [stdout]      = note: shared references to mutable statics are dangerous; it's undefined behavior if the static is mutated or if a mutable reference is created for it while the shared reference lives
[INFO] [stdout] 
[INFO] [stdout] 
[INFO] [stdout] warning: creating a shared reference to mutable static is discouraged
[INFO] [stdout]     --> src/main.rs:1125:66
[INFO] [stdout]      |
[INFO] [stdout] 1125 |                   code = format!("%jmp :{}\n", WHILE_LABEL_STACK[WHILE_LABEL_STACK.len() - 1]);
[INFO] [stdout]      |                                                                  ^^^^^^^^^^^^^^^^^^^^^^^ shared reference to mutable static
[INFO] [stdout]      |
[INFO] [stdout]      = note: for more information, see <https://doc.rust-lang.org/nightly/edition-guide/rust-2024/static-mut-references.html>
[INFO] [stdout]      = note: shared references to mutable statics are dangerous; it's undefined behavior if the static is mutated or if a mutable reference is created for it while the shared reference lives
[INFO] [stdout] 
[INFO] [stdout] 
[INFO] [stderr]     Finished `dev` profile [unoptimized + debuginfo] target(s) in 1.16s
[INFO] running `Command { std: "docker" "inspect" "71d36895549fd0a94ba4c1debe9c7f656cb9f5bdfc59580f0deb0fc926046d0b", kill_on_drop: false }`
[INFO] running `Command { std: "docker" "rm" "-f" "71d36895549fd0a94ba4c1debe9c7f656cb9f5bdfc59580f0deb0fc926046d0b", kill_on_drop: false }`
[INFO] [stdout] 71d36895549fd0a94ba4c1debe9c7f656cb9f5bdfc59580f0deb0fc926046d0b
[INFO] running `Command { std: "docker" "create" "-v" "/var/lib/crater-agent-workspace/builds/worker-2-tc1/target:/opt/rustwide/target:rw,Z" "-v" "/var/lib/crater-agent-workspace/builds/worker-2-tc1/source:/opt/rustwide/workdir:ro,Z" "-v" "/var/lib/crater-agent-workspace/cargo-home:/opt/rustwide/cargo-home:ro,Z" "-v" "/var/lib/crater-agent-workspace/rustup-home:/opt/rustwide/rustup-home:ro,Z" "-e" "SOURCE_DIR=/opt/rustwide/workdir" "-e" "CARGO_TARGET_DIR=/opt/rustwide/target" "-e" "CARGO_INCREMENTAL=0" "-e" "RUST_BACKTRACE=full" "-e" "RUSTFLAGS=--cap-lints=warn" "-e" "RUSTDOCFLAGS=--cap-lints=warn" "-e" "CARGO_HOME=/opt/rustwide/cargo-home" "-e" "RUSTUP_HOME=/opt/rustwide/rustup-home" "-w" "/opt/rustwide/workdir" "-m" "1610612736" "--user" "0:0" "--network" "none" "ghcr.io/rust-lang/crates-build-env/linux@sha256:f3a9d4ad9d972b27faf3965f35b62e55ba32bbce8f20bc8fe909558a86702fde" "/opt/rustwide/cargo-home/bin/cargo" "+1.83.0" "test" "--frozen" "--no-run" "--message-format=json", kill_on_drop: false }`
[INFO] [stdout] 58dc2c80eba3c06c4469852f9be7d58a1843e89dce5d2177c2ccb90238330b35
[INFO] running `Command { std: "docker" "start" "-a" "58dc2c80eba3c06c4469852f9be7d58a1843e89dce5d2177c2ccb90238330b35", kill_on_drop: false }`
[INFO] [stderr]    Compiling rustcompiler v0.1.0 (/opt/rustwide/workdir)
[INFO] [stdout] warning: unnecessary parentheses around `if` condition
[INFO] [stdout]    --> src/main.rs:115:9
[INFO] [stdout]     |
[INFO] [stdout] 115 |       if(symbol_table.contains_key(&key_name)){
[INFO] [stdout]     |         ^                                    ^
[INFO] [stdout]     |
[INFO] [stdout]     = note: `#[warn(unused_parens)]` on by default
[INFO] [stdout] help: remove these parentheses
[INFO] [stdout]     |
[INFO] [stdout] 115 -       if(symbol_table.contains_key(&key_name)){
[INFO] [stdout] 115 +       if symbol_table.contains_key(&key_name) {
[INFO] [stdout]     |
[INFO] [stdout] 
[INFO] [stdout] 
[INFO] [stdout] warning: unnecessary parentheses around `if` condition
[INFO] [stdout]    --> src/main.rs:126:11
[INFO] [stdout]     |
[INFO] [stdout] 126 |         if(param == "%int"){
[INFO] [stdout]     |           ^               ^
[INFO] [stdout]     |
[INFO] [stdout] help: remove these parentheses
[INFO] [stdout]     |
[INFO] [stdout] 126 -         if(param == "%int"){
[INFO] [stdout] 126 +         if param == "%int" {
[INFO] [stdout]     |
[INFO] [stdout] 
[INFO] [stdout] 
[INFO] [stdout] warning: unnecessary parentheses around `if` condition
[INFO] [stdout]    --> src/main.rs:131:11
[INFO] [stdout]     |
[INFO] [stdout] 131 |         if(symbol_table.contains_key(&key_name)){
[INFO] [stdout]     |           ^                                    ^
[INFO] [stdout]     |
[INFO] [stdout] help: remove these parentheses
[INFO] [stdout]     |
[INFO] [stdout] 131 -         if(symbol_table.contains_key(&key_name)){
[INFO] [stdout] 131 +         if symbol_table.contains_key(&key_name) {
[INFO] [stdout]     |
[INFO] [stdout] 
[INFO] [stdout] 
[INFO] [stdout] warning: unnecessary parentheses around `if` condition
[INFO] [stdout]    --> src/main.rs:143:9
[INFO] [stdout]     |
[INFO] [stdout] 143 |       if(array_size.parse::<i32>().unwrap() <= 0){
[INFO] [stdout]     |         ^                                       ^
[INFO] [stdout]     |
[INFO] [stdout] help: remove these parentheses
[INFO] [stdout]     |
[INFO] [stdout] 143 -       if(array_size.parse::<i32>().unwrap() <= 0){
[INFO] [stdout] 143 +       if array_size.parse::<i32>().unwrap() <= 0 {
[INFO] [stdout]     |
[INFO] [stdout] 
[INFO] [stdout] 
[INFO] [stdout] warning: unnecessary parentheses around `if` condition
[INFO] [stdout]    --> src/main.rs:149:9
[INFO] [stdout]     |
[INFO] [stdout] 149 |       if(symbol_table.contains_key(&key_name)){
[INFO] [stdout]     |         ^                                    ^
[INFO] [stdout]     |
[INFO] [stdout] help: remove these parentheses
[INFO] [stdout]     |
[INFO] [stdout] 149 -       if(symbol_table.contains_key(&key_name)){
[INFO] [stdout] 149 +       if symbol_table.contains_key(&key_name) {
[INFO] [stdout]     |
[INFO] [stdout] 
[INFO] [stdout] 
[INFO] [stdout] warning: unnecessary parentheses around `if` condition
[INFO] [stdout]    --> src/main.rs:160:9
[INFO] [stdout]     |
[INFO] [stdout] 160 |       if(symbol_table.contains_key(&key_name)){
[INFO] [stdout]     |         ^                                    ^
[INFO] [stdout]     |
[INFO] [stdout] help: remove these parentheses
[INFO] [stdout]     |
[INFO] [stdout] 160 -       if(symbol_table.contains_key(&key_name)){
[INFO] [stdout] 160 +       if symbol_table.contains_key(&key_name) {
[INFO] [stdout]     |
[INFO] [stdout] 
[INFO] [stdout] 
[INFO] [stdout] warning: unnecessary parentheses around `if` condition
[INFO] [stdout]    --> src/main.rs:183:13
[INFO] [stdout]     |
[INFO] [stdout] 183 |           if(param.ends_with("(")){
[INFO] [stdout]     |             ^                    ^
[INFO] [stdout]     |
[INFO] [stdout] help: remove these parentheses
[INFO] [stdout]     |
[INFO] [stdout] 183 -           if(param.ends_with("(")){
[INFO] [stdout] 183 +           if param.ends_with("(") {
[INFO] [stdout]     |
[INFO] [stdout] 
[INFO] [stdout] 
[INFO] [stdout] warning: unnecessary parentheses around `if` condition
[INFO] [stdout]    --> src/main.rs:194:13
[INFO] [stdout]     |
[INFO] [stdout] 194 |           if(!matches!(data_type, &DataType::Array)){
[INFO] [stdout]     |             ^                                      ^
[INFO] [stdout]     |
[INFO] [stdout] help: remove these parentheses
[INFO] [stdout]     |
[INFO] [stdout] 194 -           if(!matches!(data_type, &DataType::Array)){
[INFO] [stdout] 194 +           if !matches!(data_type, &DataType::Array) {
[INFO] [stdout]     |
[INFO] [stdout] 
[INFO] [stdout] 
[INFO] [stdout] warning: unnecessary parentheses around `if` condition
[INFO] [stdout]    --> src/main.rs:203:11
[INFO] [stdout]     |
[INFO] [stdout] 203 |         if(seen_array_type){
[INFO] [stdout]     |           ^               ^
[INFO] [stdout]     |
[INFO] [stdout] help: remove these parentheses
[INFO] [stdout]     |
[INFO] [stdout] 203 -         if(seen_array_type){
[INFO] [stdout] 203 +         if seen_array_type {
[INFO] [stdout]     |
[INFO] [stdout] 
[INFO] [stdout] 
[INFO] [stdout] warning: unnecessary parentheses around `if` condition
[INFO] [stdout]    --> src/main.rs:212:13
[INFO] [stdout]     |
[INFO] [stdout] 212 |           if(matches!(data_type, &DataType::Array)){
[INFO] [stdout]     |             ^                                     ^
[INFO] [stdout]     |
[INFO] [stdout] help: remove these parentheses
[INFO] [stdout]     |
[INFO] [stdout] 212 -           if(matches!(data_type, &DataType::Array)){
[INFO] [stdout] 212 +           if matches!(data_type, &DataType::Array) {
[INFO] [stdout]     |
[INFO] [stdout] 
[INFO] [stdout] 
[INFO] [stdout] warning: unnecessary parentheses around `if` condition
[INFO] [stdout]    --> src/main.rs:220:5
[INFO] [stdout]     |
[INFO] [stdout] 220 |   if(main_function_seen == false){
[INFO] [stdout]     |     ^                           ^
[INFO] [stdout]     |
[INFO] [stdout] help: remove these parentheses
[INFO] [stdout]     |
[INFO] [stdout] 220 -   if(main_function_seen == false){
[INFO] [stdout] 220 +   if main_function_seen == false {
[INFO] [stdout]     |
[INFO] [stdout] 
[INFO] [stdout] 
[INFO] [stdout] warning: unnecessary parentheses around `if` condition
[INFO] [stdout]    --> src/main.rs:290:12
[INFO] [stdout]     |
[INFO] [stdout] 290 |         if (semantics_check(generated_code.clone())){
[INFO] [stdout]     |            ^                                       ^
[INFO] [stdout]     |
[INFO] [stdout] help: remove these parentheses
[INFO] [stdout]     |
[INFO] [stdout] 290 -         if (semantics_check(generated_code.clone())){
[INFO] [stdout] 290 +         if semantics_check(generated_code.clone()) {
[INFO] [stdout]     |
[INFO] [stdout] 
[INFO] [stdout] 
[INFO] [stdout] warning: unnecessary parentheses around `if` condition
[INFO] [stdout]    --> src/main.rs:818:5
[INFO] [stdout]     |
[INFO] [stdout] 818 |   if(params.len() > 0){
[INFO] [stdout]     |     ^                ^
[INFO] [stdout]     |
[INFO] [stdout] help: remove these parentheses
[INFO] [stdout]     |
[INFO] [stdout] 818 -   if(params.len() > 0){
[INFO] [stdout] 818 +   if params.len() > 0 {
[INFO] [stdout]     |
[INFO] [stdout] 
[INFO] [stdout] 
[INFO] [stdout] warning: unnecessary parentheses around `if` condition
[INFO] [stdout]    --> src/main.rs:991:21
[INFO] [stdout]     |
[INFO] [stdout] 991 |                   if(matches!(peek_result(tokens, *index)?, Token::LeftBracket)){
[INFO] [stdout]     |                     ^                                                          ^
[INFO] [stdout]     |
[INFO] [stdout] help: remove these parentheses
[INFO] [stdout]     |
[INFO] [stdout] 991 -                   if(matches!(peek_result(tokens, *index)?, Token::LeftBracket)){
[INFO] [stdout] 991 +                   if matches!(peek_result(tokens, *index)?, Token::LeftBracket) {
[INFO] [stdout]     |
[INFO] [stdout] 
[INFO] [stdout] 
[INFO] [stdout] warning: unnecessary parentheses around `if` condition
[INFO] [stdout]     --> src/main.rs:1110:21
[INFO] [stdout]      |
[INFO] [stdout] 1110 |                   if(WHILE_LABEL_STACK.len() == 0){
[INFO] [stdout]      |                     ^                            ^
[INFO] [stdout]      |
[INFO] [stdout] help: remove these parentheses
[INFO] [stdout]      |
[INFO] [stdout] 1110 -                   if(WHILE_LABEL_STACK.len() == 0){
[INFO] [stdout] 1110 +                   if WHILE_LABEL_STACK.len() == 0 {
[INFO] [stdout]      |
[INFO] [stdout] 
[INFO] [stdout] 
[INFO] [stdout] warning: unnecessary parentheses around `if` condition
[INFO] [stdout]     --> src/main.rs:1122:21
[INFO] [stdout]      |
[INFO] [stdout] 1122 |                   if(WHILE_LABEL_STACK.len() == 0){
[INFO] [stdout]      |                     ^                            ^
[INFO] [stdout]      |
[INFO] [stdout] help: remove these parentheses
[INFO] [stdout]      |
[INFO] [stdout] 1122 -                   if(WHILE_LABEL_STACK.len() == 0){
[INFO] [stdout] 1122 +                   if WHILE_LABEL_STACK.len() == 0 {
[INFO] [stdout]      |
[INFO] [stdout] 
[INFO] [stdout] 
[INFO] [stdout] warning: unnecessary parentheses around `if` condition
[INFO] [stdout]     --> src/main.rs:1158:5
[INFO] [stdout]      |
[INFO] [stdout] 1158 |   if(matches!(peek_result(tokens, *index)?, Token::LeftBracket)){
[INFO] [stdout]      |     ^                                                          ^
[INFO] [stdout]      |
[INFO] [stdout] help: remove these parentheses
[INFO] [stdout]      |
[INFO] [stdout] 1158 -   if(matches!(peek_result(tokens, *index)?, Token::LeftBracket)){
[INFO] [stdout] 1158 +   if matches!(peek_result(tokens, *index)?, Token::LeftBracket) {
[INFO] [stdout]      |
[INFO] [stdout] 
[INFO] [stdout] 
[INFO] [stdout] warning: unnecessary parentheses around `if` condition
[INFO] [stdout]     --> src/main.rs:1211:5
[INFO] [stdout]      |
[INFO] [stdout] 1211 |   if(matches!(peek_result(tokens, *index)?,Token::LeftBracket)){
[INFO] [stdout]      |     ^                                                         ^
[INFO] [stdout]      |
[INFO] [stdout] help: remove these parentheses
[INFO] [stdout]      |
[INFO] [stdout] 1211 -   if(matches!(peek_result(tokens, *index)?,Token::LeftBracket)){
[INFO] [stdout] 1211 +   if matches!(peek_result(tokens, *index)?,Token::LeftBracket) {
[INFO] [stdout]      |
[INFO] [stdout] 
[INFO] [stdout] 
[INFO] [stdout] warning: unnecessary parentheses around `if` condition
[INFO] [stdout]     --> src/main.rs:1233:5
[INFO] [stdout]      |
[INFO] [stdout] 1233 |   if(matches!(peek_result(tokens, *index)?,Token::LeftBracket)){
[INFO] [stdout]      |     ^                                                         ^
[INFO] [stdout]      |
[INFO] [stdout] help: remove these parentheses
[INFO] [stdout]      |
[INFO] [stdout] 1233 -   if(matches!(peek_result(tokens, *index)?,Token::LeftBracket)){
[INFO] [stdout] 1233 +   if matches!(peek_result(tokens, *index)?,Token::LeftBracket) {
[INFO] [stdout]      |
[INFO] [stdout] 
[INFO] [stdout] 
[INFO] [stdout] warning: unused import: `Token`
[INFO] [stdout]     --> src/main.rs:1554:39
[INFO] [stdout]      |
[INFO] [stdout] 1554 |     use crate::{lex, parse_statement, Token};
[INFO] [stdout]      |                                       ^^^^^
[INFO] [stdout]      |
[INFO] [stdout]      = note: `#[warn(unused_imports)]` on by default
[INFO] [stdout] 
[INFO] [stdout] 
[INFO] [stdout] warning: variable does not need to be mutable
[INFO] [stdout]    --> src/main.rs:121:11
[INFO] [stdout]     |
[INFO] [stdout] 121 |       let mut params = line2.split_whitespace().skip(2);
[INFO] [stdout]     |           ----^^^^^^
[INFO] [stdout]     |           |
[INFO] [stdout]     |           help: remove this `mut`
[INFO] [stdout]     |
[INFO] [stdout]     = note: `#[warn(unused_mut)]` on by default
[INFO] [stdout] 
[INFO] [stdout] 
[INFO] [stdout] warning: value assigned to `codenode` is never read
[INFO] [stdout]    --> src/main.rs:963:29
[INFO] [stdout]     |
[INFO] [stdout] 963 | ...                   codenode = None;
[INFO] [stdout]     |                       ^^^^^^^^
[INFO] [stdout]     |
[INFO] [stdout]     = help: maybe it is overwritten before being read?
[INFO] [stdout]     = note: `#[warn(unused_assignments)]` on by default
[INFO] [stdout] 
[INFO] [stdout] 
[INFO] [stdout] warning: value assigned to `codenode` is never read
[INFO] [stdout]    --> src/main.rs:970:25
[INFO] [stdout]     |
[INFO] [stdout] 970 |                         codenode = None;
[INFO] [stdout]     |                         ^^^^^^^^
[INFO] [stdout]     |
[INFO] [stdout]     = help: maybe it is overwritten before being read?
[INFO] [stdout] 
[INFO] [stdout] 
[INFO] [stdout] warning: value assigned to `codenode` is never read
[INFO] [stdout]     --> src/main.rs:1133:17
[INFO] [stdout]      |
[INFO] [stdout] 1133 |                 codenode = None;
[INFO] [stdout]      |                 ^^^^^^^^
[INFO] [stdout]      |
[INFO] [stdout]      = help: maybe it is overwritten before being read?
[INFO] [stdout] 
[INFO] [stdout] 
[INFO] [stdout] warning: variable does not need to be mutable
[INFO] [stdout]     --> src/main.rs:1174:9
[INFO] [stdout]      |
[INFO] [stdout] 1174 |     let mut right_expr = parse_multiply_expression(tokens, index)?; // Parse the next higher precedence expression
[INFO] [stdout]      |         ----^^^^^^^^^^
[INFO] [stdout]      |         |
[INFO] [stdout]      |         help: remove this `mut`
[INFO] [stdout] 
[INFO] [stdout] 
[INFO] [stdout] warning: variable does not need to be mutable
[INFO] [stdout]     --> src/main.rs:1197:11
[INFO] [stdout]      |
[INFO] [stdout] 1197 |       let mut right_expr = parse_term(tokens, index)?; // Parse the next term
[INFO] [stdout]      |           ----^^^^^^^^^^
[INFO] [stdout]      |           |
[INFO] [stdout]      |           help: remove this `mut`
[INFO] [stdout] 
[INFO] [stdout] 
[INFO] [stdout] warning: unused variable: `instr`
[INFO] [stdout]     --> src/main.rs:1230:11
[INFO] [stdout]      |
[INFO] [stdout] 1230 |   let mut instr = "";
[INFO] [stdout]      |           ^^^^^ help: if this is intentional, prefix it with an underscore: `_instr`
[INFO] [stdout]      |
[INFO] [stdout]      = note: `#[warn(unused_variables)]` on by default
[INFO] [stdout] 
[INFO] [stdout] 
[INFO] [stdout] warning: variable does not need to be mutable
[INFO] [stdout]     --> src/main.rs:1230:7
[INFO] [stdout]      |
[INFO] [stdout] 1230 |   let mut instr = "";
[INFO] [stdout]      |       ----^^^^^
[INFO] [stdout]      |       |
[INFO] [stdout]      |       help: remove this `mut`
[INFO] [stdout] 
[INFO] [stdout] 
[INFO] [stdout] warning: static `else_num` is never used
[INFO] [stdout]   --> src/main.rs:61:12
[INFO] [stdout]    |
[INFO] [stdout] 61 | static mut else_num: i64 = 0;
[INFO] [stdout]    |            ^^^^^^^^
[INFO] [stdout]    |
[INFO] [stdout]    = note: `#[warn(dead_code)]` on by default
[INFO] [stdout] 
[INFO] [stdout] 
[INFO] [stdout] warning: function `create_else_label` is never used
[INFO] [stdout]   --> src/main.rs:62:4
[INFO] [stdout]    |
[INFO] [stdout] 62 | fn create_else_label() -> String {
[INFO] [stdout]    |    ^^^^^^^^^^^^^^^^^
[INFO] [stdout] 
[INFO] [stdout] 
[INFO] [stdout] warning: field `0` is never read
[INFO] [stdout]     --> src/interpreter.rs:1498:11
[INFO] [stdout]      |
[INFO] [stdout] 1498 |     Label(usize),
[INFO] [stdout]      |     ----- ^^^^^
[INFO] [stdout]      |     |
[INFO] [stdout]      |     field in this variant
[INFO] [stdout]      |
[INFO] [stdout]      = note: `Bytecode` has a derived impl for the trait `Debug`, but this is intentionally ignored during dead code analysis
[INFO] [stdout] help: consider changing the field to be of unit type to suppress this warning while preserving the field numbering, or remove the field
[INFO] [stdout]      |
[INFO] [stdout] 1498 |     Label(()),
[INFO] [stdout]      |           ~~
[INFO] [stdout] 
[INFO] [stdout] 
[INFO] [stdout] warning: creating a shared reference to mutable static is discouraged
[INFO] [stdout]   --> src/main.rs:25:26
[INFO] [stdout]    |
[INFO] [stdout] 25 |       format!("_temp{}", VAR_NUM)
[INFO] [stdout]    |                          ^^^^^^^ shared reference to mutable static
[INFO] [stdout]    |
[INFO] [stdout]    = note: for more information, see <https://doc.rust-lang.org/nightly/edition-guide/rust-2024/static-mut-references.html>
[INFO] [stdout]    = note: shared references to mutable statics are dangerous; it's undefined behavior if the static is mutated or if a mutable reference is created for it while the shared reference lives
[INFO] [stdout]    = note: `#[warn(static_mut_refs)]` on by default
[INFO] [stdout] 
[INFO] [stdout] 
[INFO] [stdout] warning: static variable `whileloopbegin_num` should have an upper case name
[INFO] [stdout]   --> src/main.rs:29:12
[INFO] [stdout]    |
[INFO] [stdout] 29 | static mut whileloopbegin_num: i64 = 0;
[INFO] [stdout]    |            ^^^^^^^^^^^^^^^^^^ help: convert the identifier to upper case: `WHILELOOPBEGIN_NUM`
[INFO] [stdout]    |
[INFO] [stdout]    = note: `#[warn(non_upper_case_globals)]` on by default
[INFO] [stdout] 
[INFO] [stdout] 
[INFO] [stdout] warning: creating a shared reference to mutable static is discouraged
[INFO] [stdout]   --> src/main.rs:33:30
[INFO] [stdout]    |
[INFO] [stdout] 33 |       format!("loopbegin{}", whileloopbegin_num)
[INFO] [stdout]    |                              ^^^^^^^^^^^^^^^^^^ shared reference to mutable static
[INFO] [stdout]    |
[INFO] [stdout]    = note: for more information, see <https://doc.rust-lang.org/nightly/edition-guide/rust-2024/static-mut-references.html>
[INFO] [stdout]    = note: shared references to mutable statics are dangerous; it's undefined behavior if the static is mutated or if a mutable reference is created for it while the shared reference lives
[INFO] [stdout] 
[INFO] [stdout] 
[INFO] [stdout] warning: static variable `whileloopend_num` should have an upper case name
[INFO] [stdout]   --> src/main.rs:37:12
[INFO] [stdout]    |
[INFO] [stdout] 37 | static mut whileloopend_num: i64 = 0;
[INFO] [stdout]    |            ^^^^^^^^^^^^^^^^ help: convert the identifier to upper case: `WHILELOOPEND_NUM`
[INFO] [stdout] 
[INFO] [stdout] 
[INFO] [stdout] warning: creating a shared reference to mutable static is discouraged
[INFO] [stdout]   --> src/main.rs:41:29
[INFO] [stdout]    |
[INFO] [stdout] 41 |       format!("endloop_{}", whileloopend_num)
[INFO] [stdout]    |                             ^^^^^^^^^^^^^^^^ shared reference to mutable static
[INFO] [stdout]    |
[INFO] [stdout]    = note: for more information, see <https://doc.rust-lang.org/nightly/edition-guide/rust-2024/static-mut-references.html>
[INFO] [stdout]    = note: shared references to mutable statics are dangerous; it's undefined behavior if the static is mutated or if a mutable reference is created for it while the shared reference lives
[INFO] [stdout] 
[INFO] [stdout] 
[INFO] [stdout] warning: static variable `iftrue_num` should have an upper case name
[INFO] [stdout]   --> src/main.rs:45:12
[INFO] [stdout]    |
[INFO] [stdout] 45 | static mut iftrue_num: i64 = 0;
[INFO] [stdout]    |            ^^^^^^^^^^ help: convert the identifier to upper case: `IFTRUE_NUM`
[INFO] [stdout] 
[INFO] [stdout] 
[INFO] [stdout] warning: creating a shared reference to mutable static is discouraged
[INFO] [stdout]   --> src/main.rs:49:27
[INFO] [stdout]    |
[INFO] [stdout] 49 |       format!("iftrue{}", iftrue_num)
[INFO] [stdout]    |                           ^^^^^^^^^^ shared reference to mutable static
[INFO] [stdout]    |
[INFO] [stdout]    = note: for more information, see <https://doc.rust-lang.org/nightly/edition-guide/rust-2024/static-mut-references.html>
[INFO] [stdout]    = note: shared references to mutable statics are dangerous; it's undefined behavior if the static is mutated or if a mutable reference is created for it while the shared reference lives
[INFO] [stdout] 
[INFO] [stdout] 
[INFO] [stdout] warning: static variable `endif_num` should have an upper case name
[INFO] [stdout]   --> src/main.rs:53:12
[INFO] [stdout]    |
[INFO] [stdout] 53 | static mut endif_num: i64 = 0;
[INFO] [stdout]    |            ^^^^^^^^^ help: convert the identifier to upper case: `ENDIF_NUM`
[INFO] [stdout] 
[INFO] [stdout] 
[INFO] [stdout] warning: creating a shared reference to mutable static is discouraged
[INFO] [stdout]   --> src/main.rs:57:26
[INFO] [stdout]    |
[INFO] [stdout] 57 |       format!("endif{}", endif_num)
[INFO] [stdout]    |                          ^^^^^^^^^ shared reference to mutable static
[INFO] [stdout]    |
[INFO] [stdout]    = note: for more information, see <https://doc.rust-lang.org/nightly/edition-guide/rust-2024/static-mut-references.html>
[INFO] [stdout]    = note: shared references to mutable statics are dangerous; it's undefined behavior if the static is mutated or if a mutable reference is created for it while the shared reference lives
[INFO] [stdout] 
[INFO] [stdout] 
[INFO] [stdout] warning: static variable `else_num` should have an upper case name
[INFO] [stdout]   --> src/main.rs:61:12
[INFO] [stdout]    |
[INFO] [stdout] 61 | static mut else_num: i64 = 0;
[INFO] [stdout]    |            ^^^^^^^^ help: convert the identifier to upper case: `ELSE_NUM`
[INFO] [stdout] 
[INFO] [stdout] 
[INFO] [stdout] warning: creating a shared reference to mutable static is discouraged
[INFO] [stdout]   --> src/main.rs:65:25
[INFO] [stdout]    |
[INFO] [stdout] 65 |       format!("else{}", else_num)
[INFO] [stdout]    |                         ^^^^^^^^ shared reference to mutable static
[INFO] [stdout]    |
[INFO] [stdout]    = note: for more information, see <https://doc.rust-lang.org/nightly/edition-guide/rust-2024/static-mut-references.html>
[INFO] [stdout]    = note: shared references to mutable statics are dangerous; it's undefined behavior if the static is mutated or if a mutable reference is created for it while the shared reference lives
[INFO] [stdout] 
[INFO] [stdout] 
[INFO] [stdout] warning: creating a mutable reference to mutable static is discouraged
[INFO] [stdout]     --> src/main.rs:1023:19
[INFO] [stdout]      |
[INFO] [stdout] 1023 |                   WHILE_LABEL_STACK.push(while_label.clone());
[INFO] [stdout]      |                   ^^^^^^^^^^^^^^^^^^^^^^^^^^^^^^^^^^^^^^^^^^^ mutable reference to mutable static
[INFO] [stdout]      |
[INFO] [stdout]      = note: for more information, see <https://doc.rust-lang.org/nightly/edition-guide/rust-2024/static-mut-references.html>
[INFO] [stdout]      = note: mutable references to mutable statics are dangerous; it's undefined behavior if any other pointer to the static is used or if any other reference is created for the static while the mutable reference lives
[INFO] [stdout] 
[INFO] [stdout] 
[INFO] [stdout] warning: creating a mutable reference to mutable static is discouraged
[INFO] [stdout]     --> src/main.rs:1024:19
[INFO] [stdout]      |
[INFO] [stdout] 1024 |                   WHILE_LABEL_STACK.push(endwhile_label.clone());
[INFO] [stdout]      |                   ^^^^^^^^^^^^^^^^^^^^^^^^^^^^^^^^^^^^^^^^^^^^^^ mutable reference to mutable static
[INFO] [stdout]      |
[INFO] [stdout]      = note: for more information, see <https://doc.rust-lang.org/nightly/edition-guide/rust-2024/static-mut-references.html>
[INFO] [stdout]      = note: mutable references to mutable statics are dangerous; it's undefined behavior if any other pointer to the static is used or if any other reference is created for the static while the mutable reference lives
[INFO] [stdout] 
[INFO] [stdout] 
[INFO] [stdout] warning: variable `statementCode` should have a snake case name
[INFO] [stdout]     --> src/main.rs:1026:25
[INFO] [stdout]      |
[INFO] [stdout] 1026 |                 let mut statementCode: String = String::from("");
[INFO] [stdout]      |                         ^^^^^^^^^^^^^ help: convert the identifier to snake case: `statement_code`
[INFO] [stdout]      |
[INFO] [stdout]      = note: `#[warn(non_snake_case)]` on by default
[INFO] [stdout] 
[INFO] [stdout] 
[INFO] [stdout] warning: creating a mutable reference to mutable static is discouraged
[INFO] [stdout]     --> src/main.rs:1052:19
[INFO] [stdout]      |
[INFO] [stdout] 1052 |                   WHILE_LABEL_STACK.pop();
[INFO] [stdout]      |                   ^^^^^^^^^^^^^^^^^^^^^^^ mutable reference to mutable static
[INFO] [stdout]      |
[INFO] [stdout]      = note: for more information, see <https://doc.rust-lang.org/nightly/edition-guide/rust-2024/static-mut-references.html>
[INFO] [stdout]      = note: mutable references to mutable statics are dangerous; it's undefined behavior if any other pointer to the static is used or if any other reference is created for the static while the mutable reference lives
[INFO] [stdout] 
[INFO] [stdout] 
[INFO] [stdout] warning: creating a mutable reference to mutable static is discouraged
[INFO] [stdout]     --> src/main.rs:1053:19
[INFO] [stdout]      |
[INFO] [stdout] 1053 |                   WHILE_LABEL_STACK.pop();
[INFO] [stdout]      |                   ^^^^^^^^^^^^^^^^^^^^^^^ mutable reference to mutable static
[INFO] [stdout]      |
[INFO] [stdout]      = note: for more information, see <https://doc.rust-lang.org/nightly/edition-guide/rust-2024/static-mut-references.html>
[INFO] [stdout]      = note: mutable references to mutable statics are dangerous; it's undefined behavior if any other pointer to the static is used or if any other reference is created for the static while the mutable reference lives
[INFO] [stdout] 
[INFO] [stdout] 
[INFO] [stdout] warning: variable `statementCode` should have a snake case name
[INFO] [stdout]     --> src/main.rs:1069:25
[INFO] [stdout]      |
[INFO] [stdout] 1069 |                 let mut statementCode: String = String::from("");
[INFO] [stdout]      |                         ^^^^^^^^^^^^^ help: convert the identifier to snake case: `statement_code`
[INFO] [stdout] 
[INFO] [stdout] 
[INFO] [stdout] warning: creating a shared reference to mutable static is discouraged
[INFO] [stdout]     --> src/main.rs:1110:22
[INFO] [stdout]      |
[INFO] [stdout] 1110 |                   if(WHILE_LABEL_STACK.len() == 0){
[INFO] [stdout]      |                      ^^^^^^^^^^^^^^^^^^^^^^^ shared reference to mutable static
[INFO] [stdout]      |
[INFO] [stdout]      = note: for more information, see <https://doc.rust-lang.org/nightly/edition-guide/rust-2024/static-mut-references.html>
[INFO] [stdout]      = note: shared references to mutable statics are dangerous; it's undefined behavior if the static is mutated or if a mutable reference is created for it while the shared reference lives
[INFO] [stdout] 
[INFO] [stdout] 
[INFO] [stdout] warning: creating a shared reference to mutable static is discouraged
[INFO] [stdout]     --> src/main.rs:1113:67
[INFO] [stdout]      |
[INFO] [stdout] 1113 |                    code = format!("%jmp :{}\n", WHILE_LABEL_STACK[WHILE_LABEL_STACK.len() - 2]);
[INFO] [stdout]      |                                                                   ^^^^^^^^^^^^^^^^^^^^^^^ shared reference to mutable static
[INFO] [stdout]      |
[INFO] [stdout]      = note: for more information, see <https://doc.rust-lang.org/nightly/edition-guide/rust-2024/static-mut-references.html>
[INFO] [stdout]      = note: shared references to mutable statics are dangerous; it's undefined behavior if the static is mutated or if a mutable reference is created for it while the shared reference lives
[INFO] [stdout] 
[INFO] [stdout] 
[INFO] [stdout] warning: creating a shared reference to mutable static is discouraged
[INFO] [stdout]     --> src/main.rs:1122:22
[INFO] [stdout]      |
[INFO] [stdout] 1122 |                   if(WHILE_LABEL_STACK.len() == 0){
[INFO] [stdout]      |                      ^^^^^^^^^^^^^^^^^^^^^^^ shared reference to mutable static
[INFO] [stdout]      |
[INFO] [stdout]      = note: for more information, see <https://doc.rust-lang.org/nightly/edition-guide/rust-2024/static-mut-references.html>
[INFO] [stdout]      = note: shared references to mutable statics are dangerous; it's undefined behavior if the static is mutated or if a mutable reference is created for it while the shared reference lives
[INFO] [stdout] 
[INFO] [stdout] 
[INFO] [stdout] warning: creating a shared reference to mutable static is discouraged
[INFO] [stdout]     --> src/main.rs:1125:66
[INFO] [stdout]      |
[INFO] [stdout] 1125 |                   code = format!("%jmp :{}\n", WHILE_LABEL_STACK[WHILE_LABEL_STACK.len() - 1]);
[INFO] [stdout]      |                                                                  ^^^^^^^^^^^^^^^^^^^^^^^ shared reference to mutable static
[INFO] [stdout]      |
[INFO] [stdout]      = note: for more information, see <https://doc.rust-lang.org/nightly/edition-guide/rust-2024/static-mut-references.html>
[INFO] [stdout]      = note: shared references to mutable statics are dangerous; it's undefined behavior if the static is mutated or if a mutable reference is created for it while the shared reference lives
[INFO] [stdout] 
[INFO] [stdout] 
[INFO] [stderr]     Finished `test` profile [unoptimized + debuginfo] target(s) in 1.01s
[INFO] running `Command { std: "docker" "inspect" "58dc2c80eba3c06c4469852f9be7d58a1843e89dce5d2177c2ccb90238330b35", kill_on_drop: false }`
[INFO] running `Command { std: "docker" "rm" "-f" "58dc2c80eba3c06c4469852f9be7d58a1843e89dce5d2177c2ccb90238330b35", kill_on_drop: false }`
[INFO] [stdout] 58dc2c80eba3c06c4469852f9be7d58a1843e89dce5d2177c2ccb90238330b35
[INFO] running `Command { std: "docker" "create" "-v" "/var/lib/crater-agent-workspace/builds/worker-2-tc1/target:/opt/rustwide/target:rw,Z" "-v" "/var/lib/crater-agent-workspace/builds/worker-2-tc1/source:/opt/rustwide/workdir:ro,Z" "-v" "/var/lib/crater-agent-workspace/cargo-home:/opt/rustwide/cargo-home:ro,Z" "-v" "/var/lib/crater-agent-workspace/rustup-home:/opt/rustwide/rustup-home:ro,Z" "-e" "SOURCE_DIR=/opt/rustwide/workdir" "-e" "CARGO_TARGET_DIR=/opt/rustwide/target" "-e" "CARGO_INCREMENTAL=0" "-e" "RUST_BACKTRACE=full" "-e" "RUSTFLAGS=--cap-lints=warn" "-e" "RUSTDOCFLAGS=--cap-lints=warn" "-e" "CARGO_HOME=/opt/rustwide/cargo-home" "-e" "RUSTUP_HOME=/opt/rustwide/rustup-home" "-w" "/opt/rustwide/workdir" "-m" "1610612736" "--user" "0:0" "--network" "none" "ghcr.io/rust-lang/crates-build-env/linux@sha256:f3a9d4ad9d972b27faf3965f35b62e55ba32bbce8f20bc8fe909558a86702fde" "/opt/rustwide/cargo-home/bin/cargo" "+1.83.0" "test" "--frozen", kill_on_drop: false }`
[INFO] [stdout] d7a26e02a53816d8ca7a8d61b060c839a567c105351785ee9e9030cbc97e40c5
[INFO] running `Command { std: "docker" "start" "-a" "d7a26e02a53816d8ca7a8d61b060c839a567c105351785ee9e9030cbc97e40c5", kill_on_drop: false }`
[INFO] [stderr] warning: unnecessary parentheses around `if` condition
[INFO] [stderr]    --> src/main.rs:115:9
[INFO] [stderr]     |
[INFO] [stderr] 115 |       if(symbol_table.contains_key(&key_name)){
[INFO] [stderr]     |         ^                                    ^
[INFO] [stderr]     |
[INFO] [stderr]     = note: `#[warn(unused_parens)]` on by default
[INFO] [stderr] help: remove these parentheses
[INFO] [stderr]     |
[INFO] [stderr] 115 -       if(symbol_table.contains_key(&key_name)){
[INFO] [stderr] 115 +       if symbol_table.contains_key(&key_name) {
[INFO] [stderr]     |
[INFO] [stderr] 
[INFO] [stderr] warning: unnecessary parentheses around `if` condition
[INFO] [stderr]    --> src/main.rs:126:11
[INFO] [stderr]     |
[INFO] [stderr] 126 |         if(param == "%int"){
[INFO] [stderr]     |           ^               ^
[INFO] [stderr]     |
[INFO] [stderr] help: remove these parentheses
[INFO] [stderr]     |
[INFO] [stderr] 126 -         if(param == "%int"){
[INFO] [stderr] 126 +         if param == "%int" {
[INFO] [stderr]     |
[INFO] [stderr] 
[INFO] [stderr] warning: unnecessary parentheses around `if` condition
[INFO] [stderr]    --> src/main.rs:131:11
[INFO] [stderr]     |
[INFO] [stderr] 131 |         if(symbol_table.contains_key(&key_name)){
[INFO] [stderr]     |           ^                                    ^
[INFO] [stderr]     |
[INFO] [stderr] help: remove these parentheses
[INFO] [stderr]     |
[INFO] [stderr] 131 -         if(symbol_table.contains_key(&key_name)){
[INFO] [stderr] 131 +         if symbol_table.contains_key(&key_name) {
[INFO] [stderr]     |
[INFO] [stderr] 
[INFO] [stderr] warning: unnecessary parentheses around `if` condition
[INFO] [stderr]    --> src/main.rs:143:9
[INFO] [stderr]     |
[INFO] [stderr] 143 |       if(array_size.parse::<i32>().unwrap() <= 0){
[INFO] [stderr]     |         ^                                       ^
[INFO] [stderr]     |
[INFO] [stderr] help: remove these parentheses
[INFO] [stderr]     |
[INFO] [stderr] 143 -       if(array_size.parse::<i32>().unwrap() <= 0){
[INFO] [stderr] 143 +       if array_size.parse::<i32>().unwrap() <= 0 {
[INFO] [stderr]     |
[INFO] [stderr] 
[INFO] [stderr] warning: unnecessary parentheses around `if` condition
[INFO] [stderr]    --> src/main.rs:149:9
[INFO] [stderr]     |
[INFO] [stderr] 149 |       if(symbol_table.contains_key(&key_name)){
[INFO] [stderr]     |         ^                                    ^
[INFO] [stderr]     |
[INFO] [stderr] help: remove these parentheses
[INFO] [stderr]     |
[INFO] [stderr] 149 -       if(symbol_table.contains_key(&key_name)){
[INFO] [stderr] 149 +       if symbol_table.contains_key(&key_name) {
[INFO] [stderr]     |
[INFO] [stderr] 
[INFO] [stderr] warning: unnecessary parentheses around `if` condition
[INFO] [stderr]    --> src/main.rs:160:9
[INFO] [stderr]     |
[INFO] [stderr] 160 |       if(symbol_table.contains_key(&key_name)){
[INFO] [stderr]     |         ^                                    ^
[INFO] [stderr]     |
[INFO] [stderr] help: remove these parentheses
[INFO] [stderr]     |
[INFO] [stderr] 160 -       if(symbol_table.contains_key(&key_name)){
[INFO] [stderr] 160 +       if symbol_table.contains_key(&key_name) {
[INFO] [stderr]     |
[INFO] [stderr] 
[INFO] [stderr] warning: unnecessary parentheses around `if` condition
[INFO] [stderr]    --> src/main.rs:183:13
[INFO] [stderr]     |
[INFO] [stderr] 183 |           if(param.ends_with("(")){
[INFO] [stderr]     |             ^                    ^
[INFO] [stderr]     |
[INFO] [stderr] help: remove these parentheses
[INFO] [stderr]     |
[INFO] [stderr] 183 -           if(param.ends_with("(")){
[INFO] [stderr] 183 +           if param.ends_with("(") {
[INFO] [stderr]     |
[INFO] [stderr] 
[INFO] [stderr] warning: unnecessary parentheses around `if` condition
[INFO] [stderr]    --> src/main.rs:194:13
[INFO] [stderr]     |
[INFO] [stderr] 194 |           if(!matches!(data_type, &DataType::Array)){
[INFO] [stderr]     |             ^                                      ^
[INFO] [stderr]     |
[INFO] [stderr] help: remove these parentheses
[INFO] [stderr]     |
[INFO] [stderr] 194 -           if(!matches!(data_type, &DataType::Array)){
[INFO] [stderr] 194 +           if !matches!(data_type, &DataType::Array) {
[INFO] [stderr]     |
[INFO] [stderr] 
[INFO] [stderr] warning: unnecessary parentheses around `if` condition
[INFO] [stderr]    --> src/main.rs:203:11
[INFO] [stderr]     |
[INFO] [stderr] 203 |         if(seen_array_type){
[INFO] [stderr]     |           ^               ^
[INFO] [stderr]     |
[INFO] [stderr] help: remove these parentheses
[INFO] [stderr]     |
[INFO] [stderr] 203 -         if(seen_array_type){
[INFO] [stderr] 203 +         if seen_array_type {
[INFO] [stderr]     |
[INFO] [stderr] 
[INFO] [stderr] warning: unnecessary parentheses around `if` condition
[INFO] [stderr]    --> src/main.rs:212:13
[INFO] [stderr]     |
[INFO] [stderr] 212 |           if(matches!(data_type, &DataType::Array)){
[INFO] [stderr]     |             ^                                     ^
[INFO] [stderr]     |
[INFO] [stderr] help: remove these parentheses
[INFO] [stderr]     |
[INFO] [stderr] 212 -           if(matches!(data_type, &DataType::Array)){
[INFO] [stderr] 212 +           if matches!(data_type, &DataType::Array) {
[INFO] [stderr]     |
[INFO] [stderr] 
[INFO] [stderr] warning: unnecessary parentheses around `if` condition
[INFO] [stderr]    --> src/main.rs:220:5
[INFO] [stderr]     |
[INFO] [stderr] 220 |   if(main_function_seen == false){
[INFO] [stderr]     |     ^                           ^
[INFO] [stderr]     |
[INFO] [stderr] help: remove these parentheses
[INFO] [stderr]     |
[INFO] [stderr] 220 -   if(main_function_seen == false){
[INFO] [stderr] 220 +   if main_function_seen == false {
[INFO] [stderr]     |
[INFO] [stderr] 
[INFO] [stderr] warning: unnecessary parentheses around `if` condition
[INFO] [stderr]    --> src/main.rs:290:12
[INFO] [stderr]     |
[INFO] [stderr] 290 |         if (semantics_check(generated_code.clone())){
[INFO] [stderr]     |            ^                                       ^
[INFO] [stderr]     |
[INFO] [stderr] help: remove these parentheses
[INFO] [stderr]     |
[INFO] [stderr] 290 -         if (semantics_check(generated_code.clone())){
[INFO] [stderr] 290 +         if semantics_check(generated_code.clone()) {
[INFO] [stderr]     |
[INFO] [stderr] 
[INFO] [stderr] warning: unnecessary parentheses around `if` condition
[INFO] [stderr]    --> src/main.rs:818:5
[INFO] [stderr]     |
[INFO] [stderr] 818 |   if(params.len() > 0){
[INFO] [stderr]     |     ^                ^
[INFO] [stderr]     |
[INFO] [stderr] help: remove these parentheses
[INFO] [stderr]     |
[INFO] [stderr] 818 -   if(params.len() > 0){
[INFO] [stderr] 818 +   if params.len() > 0 {
[INFO] [stderr]     |
[INFO] [stderr] 
[INFO] [stderr] warning: unnecessary parentheses around `if` condition
[INFO] [stderr]    --> src/main.rs:991:21
[INFO] [stderr]     |
[INFO] [stderr] 991 |                   if(matches!(peek_result(tokens, *index)?, Token::LeftBracket)){
[INFO] [stderr]     |                     ^                                                          ^
[INFO] [stderr]     |
[INFO] [stderr] help: remove these parentheses
[INFO] [stderr]     |
[INFO] [stderr] 991 -                   if(matches!(peek_result(tokens, *index)?, Token::LeftBracket)){
[INFO] [stderr] 991 +                   if matches!(peek_result(tokens, *index)?, Token::LeftBracket) {
[INFO] [stderr]     |
[INFO] [stderr] 
[INFO] [stderr] warning: unnecessary parentheses around `if` condition
[INFO] [stderr]     --> src/main.rs:1110:21
[INFO] [stderr]      |
[INFO] [stderr] 1110 |                   if(WHILE_LABEL_STACK.len() == 0){
[INFO] [stderr]      |                     ^                            ^
[INFO] [stderr]      |
[INFO] [stderr] help: remove these parentheses
[INFO] [stderr]      |
[INFO] [stderr] 1110 -                   if(WHILE_LABEL_STACK.len() == 0){
[INFO] [stderr] 1110 +                   if WHILE_LABEL_STACK.len() == 0 {
[INFO] [stderr]      |
[INFO] [stderr] 
[INFO] [stderr] warning: unnecessary parentheses around `if` condition
[INFO] [stderr]     --> src/main.rs:1122:21
[INFO] [stderr]      |
[INFO] [stderr] 1122 |                   if(WHILE_LABEL_STACK.len() == 0){
[INFO] [stderr]      |                     ^                            ^
[INFO] [stderr]      |
[INFO] [stderr] help: remove these parentheses
[INFO] [stderr]      |
[INFO] [stderr] 1122 -                   if(WHILE_LABEL_STACK.len() == 0){
[INFO] [stderr] 1122 +                   if WHILE_LABEL_STACK.len() == 0 {
[INFO] [stderr]      |
[INFO] [stderr] 
[INFO] [stderr] warning: unnecessary parentheses around `if` condition
[INFO] [stderr]     --> src/main.rs:1158:5
[INFO] [stderr]      |
[INFO] [stderr] 1158 |   if(matches!(peek_result(tokens, *index)?, Token::LeftBracket)){
[INFO] [stderr]      |     ^                                                          ^
[INFO] [stderr]      |
[INFO] [stderr] help: remove these parentheses
[INFO] [stderr]      |
[INFO] [stderr] 1158 -   if(matches!(peek_result(tokens, *index)?, Token::LeftBracket)){
[INFO] [stderr] 1158 +   if matches!(peek_result(tokens, *index)?, Token::LeftBracket) {
[INFO] [stderr]      |
[INFO] [stdout] 
[INFO] [stderr] 
[INFO] [stdout] running 7 tests
[INFO] [stderr] warning: unnecessary parentheses around `if` condition
[INFO] [stderr]     --> src/main.rs:1211:5
[INFO] [stderr]      |
[INFO] [stderr] 1211 |   if(matches!(peek_result(tokens, *index)?,Token::LeftBracket)){
[INFO] [stderr]      |     ^                                                         ^
[INFO] [stderr]      |
[INFO] [stderr] help: remove these parentheses
[INFO] [stderr]      |
[INFO] [stderr] 1211 -   if(matches!(peek_result(tokens, *index)?,Token::LeftBracket)){
[INFO] [stderr] 1211 +   if matches!(peek_result(tokens, *index)?,Token::LeftBracket) {
[INFO] [stderr]      |
[INFO] [stderr] 
[INFO] [stderr] warning: unnecessary parentheses around `if` condition
[INFO] [stderr]     --> src/main.rs:1233:5
[INFO] [stderr]      |
[INFO] [stderr] 1233 |   if(matches!(peek_result(tokens, *index)?,Token::LeftBracket)){
[INFO] [stderr]      |     ^                                                         ^
[INFO] [stderr]      |
[INFO] [stderr] help: remove these parentheses
[INFO] [stderr]      |
[INFO] [stderr] 1233 -   if(matches!(peek_result(tokens, *index)?,Token::LeftBracket)){
[INFO] [stderr] 1233 +   if matches!(peek_result(tokens, *index)?,Token::LeftBracket) {
[INFO] [stderr]      |
[INFO] [stderr] 
[INFO] [stderr] warning: unused import: `Token`
[INFO] [stderr]     --> src/main.rs:1554:39
[INFO] [stderr]      |
[INFO] [stderr] 1554 |     use crate::{lex, parse_statement, Token};
[INFO] [stderr]      |                                       ^^^^^
[INFO] [stderr]      |
[INFO] [stderr]      = note: `#[warn(unused_imports)]` on by default
[INFO] [stderr] 
[INFO] [stderr] warning: variable does not need to be mutable
[INFO] [stderr]    --> src/main.rs:121:11
[INFO] [stderr]     |
[INFO] [stderr] 121 |       let mut params = line2.split_whitespace().skip(2);
[INFO] [stderr]     |           ----^^^^^^
[INFO] [stderr]     |           |
[INFO] [stderr]     |           help: remove this `mut`
[INFO] [stderr]     |
[INFO] [stderr]     = note: `#[warn(unused_mut)]` on by default
[INFO] [stderr] 
[INFO] [stderr] warning: value assigned to `codenode` is never read
[INFO] [stderr]    --> src/main.rs:963:29
[INFO] [stderr]     |
[INFO] [stderr] 963 | ...                   codenode = None;
[INFO] [stderr]     |                       ^^^^^^^^
[INFO] [stderr]     |
[INFO] [stderr]     = help: maybe it is overwritten before being read?
[INFO] [stderr]     = note: `#[warn(unused_assignments)]` on by default
[INFO] [stderr] 
[INFO] [stderr] warning: value assigned to `codenode` is never read
[INFO] [stderr]    --> src/main.rs:970:25
[INFO] [stderr]     |
[INFO] [stderr] 970 |                         codenode = None;
[INFO] [stderr]     |                         ^^^^^^^^
[INFO] [stderr]     |
[INFO] [stderr]     = help: maybe it is overwritten before being read?
[INFO] [stderr] 
[INFO] [stderr] warning: value assigned to `codenode` is never read
[INFO] [stderr]     --> src/main.rs:1133:17
[INFO] [stderr]      |
[INFO] [stderr] 1133 |                 codenode = None;
[INFO] [stderr]      |                 ^^^^^^^^
[INFO] [stderr]      |
[INFO] [stderr]      = help: maybe it is overwritten before being read?
[INFO] [stderr] 
[INFO] [stderr] warning: variable does not need to be mutable
[INFO] [stderr]     --> src/main.rs:1174:9
[INFO] [stderr]      |
[INFO] [stderr] 1174 |     let mut right_expr = parse_multiply_expression(tokens, index)?; // Parse the next higher precedence expression
[INFO] [stderr]      |         ----^^^^^^^^^^
[INFO] [stderr]      |         |
[INFO] [stderr]      |         help: remove this `mut`
[INFO] [stderr] 
[INFO] [stderr] warning: variable does not need to be mutable
[INFO] [stderr]     --> src/main.rs:1197:11
[INFO] [stderr]      |
[INFO] [stderr] 1197 |       let mut right_expr = parse_term(tokens, index)?; // Parse the next term
[INFO] [stderr]      |           ----^^^^^^^^^^
[INFO] [stderr]      |           |
[INFO] [stderr]      |           help: remove this `mut`
[INFO] [stderr] 
[INFO] [stderr] warning: unused variable: `instr`
[INFO] [stderr]     --> src/main.rs:1230:11
[INFO] [stderr]      |
[INFO] [stderr] 1230 |   let mut instr = "";
[INFO] [stderr]      |           ^^^^^ help: if this is intentional, prefix it with an underscore: `_instr`
[INFO] [stderr]      |
[INFO] [stderr]      = note: `#[warn(unused_variables)]` on by default
[INFO] [stderr] 
[INFO] [stderr] warning: variable does not need to be mutable
[INFO] [stderr]     --> src/main.rs:1230:7
[INFO] [stderr]      |
[INFO] [stderr] 1230 |   let mut instr = "";
[INFO] [stderr]      |       ----^^^^^
[INFO] [stderr]      |       |
[INFO] [stderr]      |       help: remove this `mut`
[INFO] [stderr] 
[INFO] [stderr] warning: static `else_num` is never used
[INFO] [stderr]   --> src/main.rs:61:12
[INFO] [stderr]    |
[INFO] [stderr] 61 | static mut else_num: i64 = 0;
[INFO] [stderr]    |            ^^^^^^^^
[INFO] [stderr]    |
[INFO] [stderr]    = note: `#[warn(dead_code)]` on by default
[INFO] [stderr] 
[INFO] [stderr] warning: function `create_else_label` is never used
[INFO] [stderr]   --> src/main.rs:62:4
[INFO] [stderr]    |
[INFO] [stderr] 62 | fn create_else_label() -> String {
[INFO] [stderr]    |    ^^^^^^^^^^^^^^^^^
[INFO] [stderr] 
[INFO] [stderr] warning: field `0` is never read
[INFO] [stderr]     --> src/interpreter.rs:1498:11
[INFO] [stderr]      |
[INFO] [stderr] 1498 |     Label(usize),
[INFO] [stderr]      |     ----- ^^^^^
[INFO] [stderr]      |     |
[INFO] [stderr]      |     field in this variant
[INFO] [stderr]      |
[INFO] [stderr]      = note: `Bytecode` has a derived impl for the trait `Debug`, but this is intentionally ignored during dead code analysis
[INFO] [stderr] help: consider changing the field to be of unit type to suppress this warning while preserving the field numbering, or remove the field
[INFO] [stderr]      |
[INFO] [stderr] 1498 |     Label(()),
[INFO] [stderr]      |           ~~
[INFO] [stderr] 
[INFO] [stderr] warning: creating a shared reference to mutable static is discouraged
[INFO] [stderr]   --> src/main.rs:25:26
[INFO] [stderr]    |
[INFO] [stderr] 25 |       format!("_temp{}", VAR_NUM)
[INFO] [stderr]    |                          ^^^^^^^ shared reference to mutable static
[INFO] [stderr]    |
[INFO] [stderr]    = note: for more information, see <https://doc.rust-lang.org/nightly/edition-guide/rust-2024/static-mut-references.html>
[INFO] [stderr]    = note: shared references to mutable statics are dangerous; it's undefined behavior if the static is mutated or if a mutable reference is created for it while the shared reference lives
[INFO] [stderr]    = note: `#[warn(static_mut_refs)]` on by default
[INFO] [stderr] 
[INFO] [stderr] warning: static variable `whileloopbegin_num` should have an upper case name
[INFO] [stderr]   --> src/main.rs:29:12
[INFO] [stderr]    |
[INFO] [stderr] 29 | static mut whileloopbegin_num: i64 = 0;
[INFO] [stderr]    |            ^^^^^^^^^^^^^^^^^^ help: convert the identifier to upper case: `WHILELOOPBEGIN_NUM`
[INFO] [stderr]    |
[INFO] [stderr]    = note: `#[warn(non_upper_case_globals)]` on by default
[INFO] [stderr] 
[INFO] [stderr] warning: creating a shared reference to mutable static is discouraged
[INFO] [stderr]   --> src/main.rs:33:30
[INFO] [stderr]    |
[INFO] [stderr] 33 |       format!("loopbegin{}", whileloopbegin_num)
[INFO] [stderr]    |                              ^^^^^^^^^^^^^^^^^^ shared reference to mutable static
[INFO] [stderr]    |
[INFO] [stderr]    = note: for more information, see <https://doc.rust-lang.org/nightly/edition-guide/rust-2024/static-mut-references.html>
[INFO] [stderr]    = note: shared references to mutable statics are dangerous; it's undefined behavior if the static is mutated or if a mutable reference is created for it while the shared reference lives
[INFO] [stderr] 
[INFO] [stderr] warning: static variable `whileloopend_num` should have an upper case name
[INFO] [stderr]   --> src/main.rs:37:12
[INFO] [stderr]    |
[INFO] [stderr] 37 | static mut whileloopend_num: i64 = 0;
[INFO] [stderr]    |            ^^^^^^^^^^^^^^^^ help: convert the identifier to upper case: `WHILELOOPEND_NUM`
[INFO] [stderr] 
[INFO] [stderr] warning: creating a shared reference to mutable static is discouraged
[INFO] [stderr]   --> src/main.rs:41:29
[INFO] [stderr]    |
[INFO] [stderr] 41 |       format!("endloop_{}", whileloopend_num)
[INFO] [stderr]    |                             ^^^^^^^^^^^^^^^^ shared reference to mutable static
[INFO] [stderr]    |
[INFO] [stderr]    = note: for more information, see <https://doc.rust-lang.org/nightly/edition-guide/rust-2024/static-mut-references.html>
[INFO] [stderr]    = note: shared references to mutable statics are dangerous; it's undefined behavior if the static is mutated or if a mutable reference is created for it while the shared reference lives
[INFO] [stderr] 
[INFO] [stderr] warning: static variable `iftrue_num` should have an upper case name
[INFO] [stderr]   --> src/main.rs:45:12
[INFO] [stderr]    |
[INFO] [stderr] 45 | static mut iftrue_num: i64 = 0;
[INFO] [stderr]    |            ^^^^^^^^^^ help: convert the identifier to upper case: `IFTRUE_NUM`
[INFO] [stderr] 
[INFO] [stderr] warning: creating a shared reference to mutable static is discouraged
[INFO] [stderr]   --> src/main.rs:49:27
[INFO] [stderr]    |
[INFO] [stderr] 49 |       format!("iftrue{}", iftrue_num)
[INFO] [stderr]    |                           ^^^^^^^^^^ shared reference to mutable static
[INFO] [stderr]    |
[INFO] [stderr]    = note: for more information, see <https://doc.rust-lang.org/nightly/edition-guide/rust-2024/static-mut-references.html>
[INFO] [stderr]    = note: shared references to mutable statics are dangerous; it's undefined behavior if the static is mutated or if a mutable reference is created for it while the shared reference lives
[INFO] [stderr] 
[INFO] [stderr] warning: static variable `endif_num` should have an upper case name
[INFO] [stderr]   --> src/main.rs:53:12
[INFO] [stderr]    |
[INFO] [stderr] 53 | static mut endif_num: i64 = 0;
[INFO] [stderr]    |            ^^^^^^^^^ help: convert the identifier to upper case: `ENDIF_NUM`
[INFO] [stderr] 
[INFO] [stderr] warning: creating a shared reference to mutable static is discouraged
[INFO] [stderr]   --> src/main.rs:57:26
[INFO] [stderr]    |
[INFO] [stderr] 57 |       format!("endif{}", endif_num)
[INFO] [stderr]    |                          ^^^^^^^^^ shared reference to mutable static
[INFO] [stderr]    |
[INFO] [stderr]    = note: for more information, see <https://doc.rust-lang.org/nightly/edition-guide/rust-2024/static-mut-references.html>
[INFO] [stderr]    = note: shared references to mutable statics are dangerous; it's undefined behavior if the static is mutated or if a mutable reference is created for it while the shared reference lives
[INFO] [stderr] 
[INFO] [stderr] warning: static variable `else_num` should have an upper case name
[INFO] [stderr]   --> src/main.rs:61:12
[INFO] [stderr]    |
[INFO] [stderr] 61 | static mut else_num: i64 = 0;
[INFO] [stderr]    |            ^^^^^^^^ help: convert the identifier to upper case: `ELSE_NUM`
[INFO] [stderr] 
[INFO] [stderr] warning: creating a shared reference to mutable static is discouraged
[INFO] [stderr]   --> src/main.rs:65:25
[INFO] [stderr]    |
[INFO] [stderr] 65 |       format!("else{}", else_num)
[INFO] [stderr]    |                         ^^^^^^^^ shared reference to mutable static
[INFO] [stderr]    |
[INFO] [stderr]    = note: for more information, see <https://doc.rust-lang.org/nightly/edition-guide/rust-2024/static-mut-references.html>
[INFO] [stderr]    = note: shared references to mutable statics are dangerous; it's undefined behavior if the static is mutated or if a mutable reference is created for it while the shared reference lives
[INFO] [stderr] 
[INFO] [stderr] warning: creating a mutable reference to mutable static is discouraged
[INFO] [stderr]     --> src/main.rs:1023:19
[INFO] [stderr]      |
[INFO] [stderr] 1023 |                   WHILE_LABEL_STACK.push(while_label.clone());
[INFO] [stderr]      |                   ^^^^^^^^^^^^^^^^^^^^^^^^^^^^^^^^^^^^^^^^^^^ mutable reference to mutable static
[INFO] [stderr]      |
[INFO] [stderr]      = note: for more information, see <https://doc.rust-lang.org/nightly/edition-guide/rust-2024/static-mut-references.html>
[INFO] [stderr]      = note: mutable references to mutable statics are dangerous; it's undefined behavior if any other pointer to the static is used or if any other reference is created for the static while the mutable reference lives
[INFO] [stderr] 
[INFO] [stderr] warning: creating a mutable reference to mutable static is discouraged
[INFO] [stderr]     --> src/main.rs:1024:19
[INFO] [stderr]      |
[INFO] [stderr] 1024 |                   WHILE_LABEL_STACK.push(endwhile_label.clone());
[INFO] [stderr]      |                   ^^^^^^^^^^^^^^^^^^^^^^^^^^^^^^^^^^^^^^^^^^^^^^ mutable reference to mutable static
[INFO] [stderr]      |
[INFO] [stderr]      = note: for more information, see <https://doc.rust-lang.org/nightly/edition-guide/rust-2024/static-mut-references.html>
[INFO] [stderr]      = note: mutable references to mutable statics are dangerous; it's undefined behavior if any other pointer to the static is used or if any other reference is created for the static while the mutable reference lives
[INFO] [stderr] 
[INFO] [stderr] warning: variable `statementCode` should have a snake case name
[INFO] [stderr]     --> src/main.rs:1026:25
[INFO] [stderr]      |
[INFO] [stderr] 1026 |                 let mut statementCode: String = String::from("");
[INFO] [stderr]      |                         ^^^^^^^^^^^^^ help: convert the identifier to snake case: `statement_code`
[INFO] [stderr]      |
[INFO] [stderr]      = note: `#[warn(non_snake_case)]` on by default
[INFO] [stderr] 
[INFO] [stderr] warning: creating a mutable reference to mutable static is discouraged
[INFO] [stderr]     --> src/main.rs:1052:19
[INFO] [stderr]      |
[INFO] [stderr] 1052 |                   WHILE_LABEL_STACK.pop();
[INFO] [stderr]      |                   ^^^^^^^^^^^^^^^^^^^^^^^ mutable reference to mutable static
[INFO] [stderr]      |
[INFO] [stderr]      = note: for more information, see <https://doc.rust-lang.org/nightly/edition-guide/rust-2024/static-mut-references.html>
[INFO] [stderr]      = note: mutable references to mutable statics are dangerous; it's undefined behavior if any other pointer to the static is used or if any other reference is created for the static while the mutable reference lives
[INFO] [stderr] 
[INFO] [stderr] warning: creating a mutable reference to mutable static is discouraged
[INFO] [stderr]     --> src/main.rs:1053:19
[INFO] [stderr]      |
[INFO] [stderr] 1053 |                   WHILE_LABEL_STACK.pop();
[INFO] [stderr]      |                   ^^^^^^^^^^^^^^^^^^^^^^^ mutable reference to mutable static
[INFO] [stderr]      |
[INFO] [stderr]      = note: for more information, see <https://doc.rust-lang.org/nightly/edition-guide/rust-2024/static-mut-references.html>
[INFO] [stderr]      = note: mutable references to mutable statics are dangerous; it's undefined behavior if any other pointer to the static is used or if any other reference is created for the static while the mutable reference lives
[INFO] [stderr] 
[INFO] [stderr] warning: variable `statementCode` should have a snake case name
[INFO] [stderr]     --> src/main.rs:1069:25
[INFO] [stderr]      |
[INFO] [stderr] 1069 |                 let mut statementCode: String = String::from("");
[INFO] [stderr]      |                         ^^^^^^^^^^^^^ help: convert the identifier to snake case: `statement_code`
[INFO] [stderr] 
[INFO] [stderr] warning: creating a shared reference to mutable static is discouraged
[INFO] [stderr]     --> src/main.rs:1110:22
[INFO] [stderr]      |
[INFO] [stderr] 1110 |                   if(WHILE_LABEL_STACK.len() == 0){
[INFO] [stderr]      |                      ^^^^^^^^^^^^^^^^^^^^^^^ shared reference to mutable static
[INFO] [stderr]      |
[INFO] [stderr]      = note: for more information, see <https://doc.rust-lang.org/nightly/edition-guide/rust-2024/static-mut-references.html>
[INFO] [stderr]      = note: shared references to mutable statics are dangerous; it's undefined behavior if the static is mutated or if a mutable reference is created for it while the shared reference lives
[INFO] [stderr] 
[INFO] [stderr] warning: creating a shared reference to mutable static is discouraged
[INFO] [stderr]     --> src/main.rs:1113:67
[INFO] [stderr]      |
[INFO] [stderr] 1113 |                    code = format!("%jmp :{}\n", WHILE_LABEL_STACK[WHILE_LABEL_STACK.len() - 2]);
[INFO] [stderr]      |                                                                   ^^^^^^^^^^^^^^^^^^^^^^^ shared reference to mutable static
[INFO] [stderr]      |
[INFO] [stderr]      = note: for more information, see <https://doc.rust-lang.org/nightly/edition-guide/rust-2024/static-mut-references.html>
[INFO] [stderr]      = note: shared references to mutable statics are dangerous; it's undefined behavior if the static is mutated or if a mutable reference is created for it while the shared reference lives
[INFO] [stderr] 
[INFO] [stderr] warning: creating a shared reference to mutable static is discouraged
[INFO] [stderr]     --> src/main.rs:1122:22
[INFO] [stderr]      |
[INFO] [stderr] 1122 |                   if(WHILE_LABEL_STACK.len() == 0){
[INFO] [stderr]      |                      ^^^^^^^^^^^^^^^^^^^^^^^ shared reference to mutable static
[INFO] [stderr]      |
[INFO] [stderr]      = note: for more information, see <https://doc.rust-lang.org/nightly/edition-guide/rust-2024/static-mut-references.html>
[INFO] [stderr]      = note: shared references to mutable statics are dangerous; it's undefined behavior if the static is mutated or if a mutable reference is created for it while the shared reference lives
[INFO] [stderr] 
[INFO] [stderr] warning: creating a shared reference to mutable static is discouraged
[INFO] [stderr]     --> src/main.rs:1125:66
[INFO] [stderr]      |
[INFO] [stderr] 1125 |                   code = format!("%jmp :{}\n", WHILE_LABEL_STACK[WHILE_LABEL_STACK.len() - 1]);
[INFO] [stderr]      |                                                                  ^^^^^^^^^^^^^^^^^^^^^^^ shared reference to mutable static
[INFO] [stderr]      |
[INFO] [stderr]      = note: for more information, see <https://doc.rust-lang.org/nightly/edition-guide/rust-2024/static-mut-references.html>
[INFO] [stderr]      = note: shared references to mutable statics are dangerous; it's undefined behavior if the static is mutated or if a mutable reference is created for it while the shared reference lives
[INFO] [stderr] 
[INFO] [stderr] warning: `rustcompiler` (bin "rustcompiler" test) generated 52 warnings (run `cargo fix --bin "rustcompiler" --tests` to apply 24 suggestions)
[INFO] [stderr]     Finished `test` profile [unoptimized + debuginfo] target(s) in 0.01s
[INFO] [stderr]      Running unittests src/main.rs (/opt/rustwide/target/debug/deps/rustcompiler-ccf61904927a98a7)
[INFO] [stdout] test interpreter::ir_tests::ir_token ... ok
[INFO] [stdout] test interpreter::ir_tests::ir_lex ... ok
[INFO] [stdout] test tests::lexer_test ... ok
[INFO] [stdout] test parser_tests::test_error_handling ... ok
[INFO] [stdout] test parser_tests::test_assignment ... FAILED
[INFO] [stdout] test parser_tests::test_control_flow ... FAILED
[INFO] [stdout] test parser_tests::test_function_definition ... FAILED
[INFO] [stdout] 
[INFO] [stdout] failures:
[INFO] [stdout] 
[INFO] [stdout] ---- parser_tests::test_assignment stdout ----
[INFO] [stdout] parse_statement Ident("a")
[INFO] [stdout] parse expression after identifier
[INFO] [stdout] parse_expression 1
[INFO] [stdout] parse_statement Ident("b")
[INFO] [stdout] parse expression after identifier
[INFO] [stdout] parse_expression a
[INFO] [stdout] not ; : Num(5)
[INFO] [stdout] thread 'parser_tests::test_assignment' panicked at src/main.rs:1564:42:
[INFO] [stdout] called `Result::unwrap()` on an `Err` value: "expect ';' closing statement after statement"
[INFO] [stdout] stack backtrace:
[INFO] [stdout]    0:     0x57a54bd3812a - std::backtrace_rs::backtrace::libunwind::trace::h5a5b8284f2d0c266
[INFO] [stdout]                                at /rustc/90b35a6239c3d8bdabc530a6a0816f7ff89a0aaf/library/std/src/../../backtrace/src/backtrace/libunwind.rs:116:5
[INFO] [stdout]    1:     0x57a54bd3812a - std::backtrace_rs::backtrace::trace_unsynchronized::h76d4f1c9b0b875e3
[INFO] [stdout]                                at /rustc/90b35a6239c3d8bdabc530a6a0816f7ff89a0aaf/library/std/src/../../backtrace/src/backtrace/mod.rs:66:5
[INFO] [stdout]    2:     0x57a54bd3812a - std::sys::backtrace::_print_fmt::hc4546b8364a537c6
[INFO] [stdout]                                at /rustc/90b35a6239c3d8bdabc530a6a0816f7ff89a0aaf/library/std/src/sys/backtrace.rs:66:9
[INFO] [stdout]    3:     0x57a54bd3812a - <std::sys::backtrace::BacktraceLock::print::DisplayBacktrace as core::fmt::Display>::fmt::h5b6bd5631a6d1f6b
[INFO] [stdout]                                at /rustc/90b35a6239c3d8bdabc530a6a0816f7ff89a0aaf/library/std/src/sys/backtrace.rs:39:26
[INFO] [stdout]    4:     0x57a54bd5d563 - core::fmt::rt::Argument::fmt::h270f6602a2b96f62
[INFO] [stdout]                                at /rustc/90b35a6239c3d8bdabc530a6a0816f7ff89a0aaf/library/core/src/fmt/rt.rs:177:76
[INFO] [stdout]    5:     0x57a54bd5d563 - core::fmt::write::h7550c97b06c86515
[INFO] [stdout]                                at /rustc/90b35a6239c3d8bdabc530a6a0816f7ff89a0aaf/library/core/src/fmt/mod.rs:1186:21
[INFO] [stdout]    6:     0x57a54bd352f3 - std::io::Write::write_fmt::h509ff860e5956e5e
[INFO] [stdout]                                at /rustc/90b35a6239c3d8bdabc530a6a0816f7ff89a0aaf/library/std/src/io/mod.rs:1839:15
[INFO] [stdout]    7:     0x57a54bd37f72 - std::sys::backtrace::BacktraceLock::print::h2395ccd2c84ba3aa
[INFO] [stdout]                                at /rustc/90b35a6239c3d8bdabc530a6a0816f7ff89a0aaf/library/std/src/sys/backtrace.rs:42:9
[INFO] [stdout]    8:     0x57a54bd3958a - std::panicking::default_hook::{{closure}}::he19d4c7230e07961
[INFO] [stdout]                                at /rustc/90b35a6239c3d8bdabc530a6a0816f7ff89a0aaf/library/std/src/panicking.rs:268:22
[INFO] [stdout]    9:     0x57a54bd39394 - std::panicking::default_hook::hf614597d3c67bbdb
[INFO] [stdout]                                at /rustc/90b35a6239c3d8bdabc530a6a0816f7ff89a0aaf/library/std/src/panicking.rs:292:9
[INFO] [stdout]   10:     0x57a54bd04c79 - <alloc::boxed::Box<F,A> as core::ops::function::Fn<Args>>::call::h39b51ce4599c23d1
[INFO] [stdout]                                at /rustc/90b35a6239c3d8bdabc530a6a0816f7ff89a0aaf/library/alloc/src/boxed.rs:2468:9
[INFO] [stdout]   11:     0x57a54bd04c79 - test::test_main::{{closure}}::he977ae839a582784
[INFO] [stdout]                                at /rustc/90b35a6239c3d8bdabc530a6a0816f7ff89a0aaf/library/test/src/lib.rs:133:21
[INFO] [stdout]   12:     0x57a54bd39c28 - <alloc::boxed::Box<F,A> as core::ops::function::Fn<Args>>::call::h9455091b6b06f9fb
[INFO] [stdout]                                at /rustc/90b35a6239c3d8bdabc530a6a0816f7ff89a0aaf/library/alloc/src/boxed.rs:2468:9
[INFO] [stdout]   13:     0x57a54bd39c28 - std::panicking::rust_panic_with_hook::h8942133a8b252070
[INFO] [stdout]                                at /rustc/90b35a6239c3d8bdabc530a6a0816f7ff89a0aaf/library/std/src/panicking.rs:809:13
[INFO] [stdout]   14:     0x57a54bd399ea - std::panicking::begin_panic_handler::{{closure}}::hb5f5963570096b29
[INFO] [stdout]                                at /rustc/90b35a6239c3d8bdabc530a6a0816f7ff89a0aaf/library/std/src/panicking.rs:674:13
[INFO] [stdout]   15:     0x57a54bd38609 - std::sys::backtrace::__rust_end_short_backtrace::h6208cedc1922feda
[INFO] [stdout]                                at /rustc/90b35a6239c3d8bdabc530a6a0816f7ff89a0aaf/library/std/src/sys/backtrace.rs:170:18
[INFO] [stdout]   16:     0x57a54bd3967c - rust_begin_unwind
[INFO] [stdout]                                at /rustc/90b35a6239c3d8bdabc530a6a0816f7ff89a0aaf/library/std/src/panicking.rs:665:5
[INFO] [stdout]   17:     0x57a54bcaea60 - core::panicking::panic_fmt::h0c3082644d1bf418
[INFO] [stdout]                                at /rustc/90b35a6239c3d8bdabc530a6a0816f7ff89a0aaf/library/core/src/panicking.rs:74:14
[INFO] [stdout]   18:     0x57a54bcaee06 - core::result::unwrap_failed::hd20b4aa073bda1e2
[INFO] [stdout]                                at /rustc/90b35a6239c3d8bdabc530a6a0816f7ff89a0aaf/library/core/src/result.rs:1700:5
[INFO] [stdout]   19:     0x57a54bcb9d14 - core::result::Result<T,E>::unwrap::h0718626cbe341d27
[INFO] [stdout]                                at /rustc/90b35a6239c3d8bdabc530a6a0816f7ff89a0aaf/library/core/src/result.rs:1104:23
[INFO] [stdout]   20:     0x57a54bcb9d14 - rustcompiler::parser_tests::test_assignment::h37a0060b7a24bc2a
[INFO] [stdout]                                at /opt/rustwide/workdir/src/main.rs:1564:9
[INFO] [stdout]   21:     0x57a54bcb98f7 - rustcompiler::parser_tests::test_assignment::{{closure}}::h17a0bd4779ba7bca
[INFO] [stdout]                                at /opt/rustwide/workdir/src/main.rs:1557:25
[INFO] [stdout]   22:     0x57a54bcc97d6 - core::ops::function::FnOnce::call_once::hc00adc4bf397188b
[INFO] [stdout]                                at /rustc/90b35a6239c3d8bdabc530a6a0816f7ff89a0aaf/library/core/src/ops/function.rs:250:5
[INFO] [stdout]   23:     0x57a54bd0963b - core::ops::function::FnOnce::call_once::h109cf8051a59b34e
[INFO] [stdout]                                at /rustc/90b35a6239c3d8bdabc530a6a0816f7ff89a0aaf/library/core/src/ops/function.rs:250:5
[INFO] [stdout]   24:     0x57a54bd0963b - test::__rust_begin_short_backtrace::hf4fff89d377446ba
[INFO] [stdout]                                at /rustc/90b35a6239c3d8bdabc530a6a0816f7ff89a0aaf/library/test/src/lib.rs:621:18
[INFO] [stdout]   25:     0x57a54bd08e77 - test::run_test_in_process::{{closure}}::h0e39181dd7ee5a43
[INFO] [stdout]                                at /rustc/90b35a6239c3d8bdabc530a6a0816f7ff89a0aaf/library/test/src/lib.rs:644:60
[INFO] [stdout]   26:     0x57a54bd08e77 - <core::panic::unwind_safe::AssertUnwindSafe<F> as core::ops::function::FnOnce<()>>::call_once::hc5a66a30f0bdfd1f
[INFO] [stdout]                                at /rustc/90b35a6239c3d8bdabc530a6a0816f7ff89a0aaf/library/core/src/panic/unwind_safe.rs:272:9
[INFO] [stdout]   27:     0x57a54bd08e77 - std::panicking::try::do_call::h873b7cf639554a5e
[INFO] [stdout]                                at /rustc/90b35a6239c3d8bdabc530a6a0816f7ff89a0aaf/library/std/src/panicking.rs:557:40
[INFO] [stdout]   28:     0x57a54bd08e77 - std::panicking::try::hdb19862fad9c8bd1
[INFO] [stdout]                                at /rustc/90b35a6239c3d8bdabc530a6a0816f7ff89a0aaf/library/std/src/panicking.rs:520:19
[INFO] [stdout]   29:     0x57a54bd08e77 - std::panic::catch_unwind::h281fe732d236d260
[INFO] [stdout]                                at /rustc/90b35a6239c3d8bdabc530a6a0816f7ff89a0aaf/library/std/src/panic.rs:358:14
[INFO] [stdout]   30:     0x57a54bd08e77 - test::run_test_in_process::h949b6df8457ed338
[INFO] [stdout]                                at /rustc/90b35a6239c3d8bdabc530a6a0816f7ff89a0aaf/library/test/src/lib.rs:644:27
[INFO] [stdout]   31:     0x57a54bd08e77 - test::run_test::{{closure}}::h52c556a6d4740e10
[INFO] [stdout]                                at /rustc/90b35a6239c3d8bdabc530a6a0816f7ff89a0aaf/library/test/src/lib.rs:565:43
[INFO] [stdout]   32:     0x57a54bcce154 - test::run_test::{{closure}}::h4237f6381c45ccb9
[INFO] [stdout]                                at /rustc/90b35a6239c3d8bdabc530a6a0816f7ff89a0aaf/library/test/src/lib.rs:595:41
[INFO] [stdout]   33:     0x57a54bcce154 - std::sys::backtrace::__rust_begin_short_backtrace::h505c97a579eca628
[INFO] [stdout]                                at /rustc/90b35a6239c3d8bdabc530a6a0816f7ff89a0aaf/library/std/src/sys/backtrace.rs:154:18
[INFO] [stdout]   34:     0x57a54bcd181e - std::thread::Builder::spawn_unchecked_::{{closure}}::{{closure}}::h9e86b2e2bc107ea3
[INFO] [stdout]                                at /rustc/90b35a6239c3d8bdabc530a6a0816f7ff89a0aaf/library/std/src/thread/mod.rs:538:17
[INFO] [stdout]   35:     0x57a54bcd181e - <core::panic::unwind_safe::AssertUnwindSafe<F> as core::ops::function::FnOnce<()>>::call_once::h8b06ddb275ff4a25
[INFO] [stdout]                                at /rustc/90b35a6239c3d8bdabc530a6a0816f7ff89a0aaf/library/core/src/panic/unwind_safe.rs:272:9
[INFO] [stdout]   36:     0x57a54bcd181e - std::panicking::try::do_call::hb26ecd7cd9a9355d
[INFO] [stdout]                                at /rustc/90b35a6239c3d8bdabc530a6a0816f7ff89a0aaf/library/std/src/panicking.rs:557:40
[INFO] [stdout]   37:     0x57a54bcd181e - std::panicking::try::h8ddeca9d705f9069
[INFO] [stdout]                                at /rustc/90b35a6239c3d8bdabc530a6a0816f7ff89a0aaf/library/std/src/panicking.rs:520:19
[INFO] [stdout]   38:     0x57a54bcd181e - std::panic::catch_unwind::h49e1c33078844c46
[INFO] [stdout]                                at /rustc/90b35a6239c3d8bdabc530a6a0816f7ff89a0aaf/library/std/src/panic.rs:358:14
[INFO] [stdout]   39:     0x57a54bcd181e - std::thread::Builder::spawn_unchecked_::{{closure}}::h6073db6ff56ad35d
[INFO] [stdout]                                at /rustc/90b35a6239c3d8bdabc530a6a0816f7ff89a0aaf/library/std/src/thread/mod.rs:537:30
[INFO] [stdout]   40:     0x57a54bcd181e - core::ops::function::FnOnce::call_once{{vtable.shim}}::h2c5a5f3779c774f1
[INFO] [stdout]                                at /rustc/90b35a6239c3d8bdabc530a6a0816f7ff89a0aaf/library/core/src/ops/function.rs:250:5
[INFO] [stdout]   41:     0x57a54bd3d97b - <alloc::boxed::Box<F,A> as core::ops::function::FnOnce<Args>>::call_once::hf75717d9f28faebf
[INFO] [stdout]                                at /rustc/90b35a6239c3d8bdabc530a6a0816f7ff89a0aaf/library/alloc/src/boxed.rs:2454:9
[INFO] [stdout]   42:     0x57a54bd3d97b - <alloc::boxed::Box<F,A> as core::ops::function::FnOnce<Args>>::call_once::h7bd883a5f3c5f3c1
[INFO] [stdout]                                at /rustc/90b35a6239c3d8bdabc530a6a0816f7ff89a0aaf/library/alloc/src/boxed.rs:2454:9
[INFO] [stdout]   43:     0x57a54bd3d97b - std::sys::pal::unix::thread::Thread::new::thread_start::hcc78f3943333fa94
[INFO] [stdout]                                at /rustc/90b35a6239c3d8bdabc530a6a0816f7ff89a0aaf/library/std/src/sys/pal/unix/thread.rs:105:17
[INFO] [stdout]   44:     0x7b531825eac3 - <unknown>
[INFO] [stdout]   45:     0x7b53182efa04 - clone
[INFO] [stdout]   46:                0x0 - <unknown>
[INFO] [stdout] 
[INFO] [stdout] ---- parser_tests::test_control_flow stdout ----
[INFO] [stdout] parse_statement If
[INFO] [stdout] before if parse boolean expression: Ident("a")
[INFO] [stdout] parse_boolean_expression
[INFO] [stdout] term: Ident("a")
[INFO] [stdout] after term: Greater
[INFO] [stdout] boolean operator : Num(5)
[INFO] [stdout] term: Num(5)
[INFO] [stdout] after term: LeftCurly
[INFO] [stdout] after if parse boolean expression: LeftCurly
[INFO] [stdout] parse_statement Ident("b")
[INFO] [stdout] parse expression after identifier
[INFO] [stdout] parse_expression 10
[INFO] [stdout] parse_statement Ident("b")
[INFO] [stdout] parse expression after identifier
[INFO] [stdout] parse_expression 5
[INFO] [stdout] parse_statement While
[INFO] [stdout] parse_boolean_expression
[INFO] [stdout] term: Ident("a")
[INFO] [stdout] after term: Less
[INFO] [stdout] boolean operator : Num(10)
[INFO] [stdout] term: Num(10)
[INFO] [stdout] after term: LeftCurly
[INFO] [stdout] parse_statement Ident("a")
[INFO] [stdout] parse expression after identifier
[INFO] [stdout] parse_expression a
[INFO] [stdout] parse_statement Ident("for")
[INFO] [stdout] thread 'parser_tests::test_control_flow' panicked at src/main.rs:1602:42:
[INFO] [stdout] called `Result::unwrap()` on an `Err` value: "unexpected token after identifier"
[INFO] [stdout] stack backtrace:
[INFO] [stdout]    0:     0x57a54bd3812a - std::backtrace_rs::backtrace::libunwind::trace::h5a5b8284f2d0c266
[INFO] [stdout]                                at /rustc/90b35a6239c3d8bdabc530a6a0816f7ff89a0aaf/library/std/src/../../backtrace/src/backtrace/libunwind.rs:116:5
[INFO] [stdout]    1:     0x57a54bd3812a - std::backtrace_rs::backtrace::trace_unsynchronized::h76d4f1c9b0b875e3
[INFO] [stdout]                                at /rustc/90b35a6239c3d8bdabc530a6a0816f7ff89a0aaf/library/std/src/../../backtrace/src/backtrace/mod.rs:66:5
[INFO] [stdout]    2:     0x57a54bd3812a - std::sys::backtrace::_print_fmt::hc4546b8364a537c6
[INFO] [stdout]                                at /rustc/90b35a6239c3d8bdabc530a6a0816f7ff89a0aaf/library/std/src/sys/backtrace.rs:66:9
[INFO] [stdout]    3:     0x57a54bd3812a - <std::sys::backtrace::BacktraceLock::print::DisplayBacktrace as core::fmt::Display>::fmt::h5b6bd5631a6d1f6b
[INFO] [stdout]                                at /rustc/90b35a6239c3d8bdabc530a6a0816f7ff89a0aaf/library/std/src/sys/backtrace.rs:39:26
[INFO] [stdout]    4:     0x57a54bd5d563 - core::fmt::rt::Argument::fmt::h270f6602a2b96f62
[INFO] [stdout]                                at /rustc/90b35a6239c3d8bdabc530a6a0816f7ff89a0aaf/library/core/src/fmt/rt.rs:177:76
[INFO] [stdout]    5:     0x57a54bd5d563 - core::fmt::write::h7550c97b06c86515
[INFO] [stdout]                                at /rustc/90b35a6239c3d8bdabc530a6a0816f7ff89a0aaf/library/core/src/fmt/mod.rs:1186:21
[INFO] [stdout]    6:     0x57a54bd352f3 - std::io::Write::write_fmt::h509ff860e5956e5e
[INFO] [stdout]                                at /rustc/90b35a6239c3d8bdabc530a6a0816f7ff89a0aaf/library/std/src/io/mod.rs:1839:15
[INFO] [stdout]    7:     0x57a54bd37f72 - std::sys::backtrace::BacktraceLock::print::h2395ccd2c84ba3aa
[INFO] [stdout]                                at /rustc/90b35a6239c3d8bdabc530a6a0816f7ff89a0aaf/library/std/src/sys/backtrace.rs:42:9
[INFO] [stdout]    8:     0x57a54bd3958a - std::panicking::default_hook::{{closure}}::he19d4c7230e07961
[INFO] [stdout]                                at /rustc/90b35a6239c3d8bdabc530a6a0816f7ff89a0aaf/library/std/src/panicking.rs:268:22
[INFO] [stdout]    9:     0x57a54bd39394 - std::panicking::default_hook::hf614597d3c67bbdb
[INFO] [stdout]                                at /rustc/90b35a6239c3d8bdabc530a6a0816f7ff89a0aaf/library/std/src/panicking.rs:292:9
[INFO] [stdout]   10:     0x57a54bd04c79 - <alloc::boxed::Box<F,A> as core::ops::function::Fn<Args>>::call::h39b51ce4599c23d1
[INFO] [stdout]                                at /rustc/90b35a6239c3d8bdabc530a6a0816f7ff89a0aaf/library/alloc/src/boxed.rs:2468:9
[INFO] [stdout]   11:     0x57a54bd04c79 - test::test_main::{{closure}}::he977ae839a582784
[INFO] [stdout]                                at /rustc/90b35a6239c3d8bdabc530a6a0816f7ff89a0aaf/library/test/src/lib.rs:133:21
[INFO] [stdout]   12:     0x57a54bd39c28 - <alloc::boxed::Box<F,A> as core::ops::function::Fn<Args>>::call::h9455091b6b06f9fb
[INFO] [stdout]                                at /rustc/90b35a6239c3d8bdabc530a6a0816f7ff89a0aaf/library/alloc/src/boxed.rs:2468:9
[INFO] [stdout]   13:     0x57a54bd39c28 - std::panicking::rust_panic_with_hook::h8942133a8b252070
[INFO] [stdout]                                at /rustc/90b35a6239c3d8bdabc530a6a0816f7ff89a0aaf/library/std/src/panicking.rs:809:13
[INFO] [stdout]   14:     0x57a54bd399ea - std::panicking::begin_panic_handler::{{closure}}::hb5f5963570096b29
[INFO] [stdout]                                at /rustc/90b35a6239c3d8bdabc530a6a0816f7ff89a0aaf/library/std/src/panicking.rs:674:13
[INFO] [stdout]   15:     0x57a54bd38609 - std::sys::backtrace::__rust_end_short_backtrace::h6208cedc1922feda
[INFO] [stdout]                                at /rustc/90b35a6239c3d8bdabc530a6a0816f7ff89a0aaf/library/std/src/sys/backtrace.rs:170:18
[INFO] [stdout]   16:     0x57a54bd3967c - rust_begin_unwind
[INFO] [stderr] error: test failed, to rerun pass `--bin rustcompiler`
[INFO] [stdout]                                at /rustc/90b35a6239c3d8bdabc530a6a0816f7ff89a0aaf/library/std/src/panicking.rs:665:5
[INFO] [stdout]   17:     0x57a54bcaea60 - core::panicking::panic_fmt::h0c3082644d1bf418
[INFO] [stdout]                                at /rustc/90b35a6239c3d8bdabc530a6a0816f7ff89a0aaf/library/core/src/panicking.rs:74:14
[INFO] [stdout]   18:     0x57a54bcaee06 - core::result::unwrap_failed::hd20b4aa073bda1e2
[INFO] [stdout]                                at /rustc/90b35a6239c3d8bdabc530a6a0816f7ff89a0aaf/library/core/src/result.rs:1700:5
[INFO] [stdout]   19:     0x57a54bcbae67 - core::result::Result<T,E>::unwrap::h0718626cbe341d27
[INFO] [stdout]                                at /rustc/90b35a6239c3d8bdabc530a6a0816f7ff89a0aaf/library/core/src/result.rs:1104:23
[INFO] [stdout]   20:     0x57a54bcbae67 - rustcompiler::parser_tests::test_control_flow::h127cce8c2f9a2796
[INFO] [stdout]                                at /opt/rustwide/workdir/src/main.rs:1602:9
[INFO] [stdout]   21:     0x57a54bcba817 - rustcompiler::parser_tests::test_control_flow::{{closure}}::h4294a0aa4473082f
[INFO] [stdout]                                at /opt/rustwide/workdir/src/main.rs:1591:27
[INFO] [stdout]   22:     0x57a54bcc9816 - core::ops::function::FnOnce::call_once::hcc4028004fc1234e
[INFO] [stdout]                                at /rustc/90b35a6239c3d8bdabc530a6a0816f7ff89a0aaf/library/core/src/ops/function.rs:250:5
[INFO] [stdout]   23:     0x57a54bd0963b - core::ops::function::FnOnce::call_once::h109cf8051a59b34e
[INFO] [stdout]                                at /rustc/90b35a6239c3d8bdabc530a6a0816f7ff89a0aaf/library/core/src/ops/function.rs:250:5
[INFO] [stdout]   24:     0x57a54bd0963b - test::__rust_begin_short_backtrace::hf4fff89d377446ba
[INFO] [stdout]                                at /rustc/90b35a6239c3d8bdabc530a6a0816f7ff89a0aaf/library/test/src/lib.rs:621:18
[INFO] [stdout]   25:     0x57a54bd08e77 - test::run_test_in_process::{{closure}}::h0e39181dd7ee5a43
[INFO] [stdout]                                at /rustc/90b35a6239c3d8bdabc530a6a0816f7ff89a0aaf/library/test/src/lib.rs:644:60
[INFO] [stdout]   26:     0x57a54bd08e77 - <core::panic::unwind_safe::AssertUnwindSafe<F> as core::ops::function::FnOnce<()>>::call_once::hc5a66a30f0bdfd1f
[INFO] [stdout]                                at /rustc/90b35a6239c3d8bdabc530a6a0816f7ff89a0aaf/library/core/src/panic/unwind_safe.rs:272:9
[INFO] [stdout]   27:     0x57a54bd08e77 - std::panicking::try::do_call::h873b7cf639554a5e
[INFO] [stdout]                                at /rustc/90b35a6239c3d8bdabc530a6a0816f7ff89a0aaf/library/std/src/panicking.rs:557:40
[INFO] [stdout]   28:     0x57a54bd08e77 - std::panicking::try::hdb19862fad9c8bd1
[INFO] [stdout]                                at /rustc/90b35a6239c3d8bdabc530a6a0816f7ff89a0aaf/library/std/src/panicking.rs:520:19
[INFO] [stdout]   29:     0x57a54bd08e77 - std::panic::catch_unwind::h281fe732d236d260
[INFO] [stdout]                                at /rustc/90b35a6239c3d8bdabc530a6a0816f7ff89a0aaf/library/std/src/panic.rs:358:14
[INFO] [stdout]   30:     0x57a54bd08e77 - test::run_test_in_process::h949b6df8457ed338
[INFO] [stdout]                                at /rustc/90b35a6239c3d8bdabc530a6a0816f7ff89a0aaf/library/test/src/lib.rs:644:27
[INFO] [stdout]   31:     0x57a54bd08e77 - test::run_test::{{closure}}::h52c556a6d4740e10
[INFO] [stdout]                                at /rustc/90b35a6239c3d8bdabc530a6a0816f7ff89a0aaf/library/test/src/lib.rs:565:43
[INFO] [stdout]   32:     0x57a54bcce154 - test::run_test::{{closure}}::h4237f6381c45ccb9
[INFO] [stdout]                                at /rustc/90b35a6239c3d8bdabc530a6a0816f7ff89a0aaf/library/test/src/lib.rs:595:41
[INFO] [stdout]   33:     0x57a54bcce154 - std::sys::backtrace::__rust_begin_short_backtrace::h505c97a579eca628
[INFO] [stdout]                                at /rustc/90b35a6239c3d8bdabc530a6a0816f7ff89a0aaf/library/std/src/sys/backtrace.rs:154:18
[INFO] [stdout]   34:     0x57a54bcd181e - std::thread::Builder::spawn_unchecked_::{{closure}}::{{closure}}::h9e86b2e2bc107ea3
[INFO] [stdout]                                at /rustc/90b35a6239c3d8bdabc530a6a0816f7ff89a0aaf/library/std/src/thread/mod.rs:538:17
[INFO] [stdout]   35:     0x57a54bcd181e - <core::panic::unwind_safe::AssertUnwindSafe<F> as core::ops::function::FnOnce<()>>::call_once::h8b06ddb275ff4a25
[INFO] [stdout]                                at /rustc/90b35a6239c3d8bdabc530a6a0816f7ff89a0aaf/library/core/src/panic/unwind_safe.rs:272:9
[INFO] [stdout]   36:     0x57a54bcd181e - std::panicking::try::do_call::hb26ecd7cd9a9355d
[INFO] [stdout]                                at /rustc/90b35a6239c3d8bdabc530a6a0816f7ff89a0aaf/library/std/src/panicking.rs:557:40
[INFO] [stdout]   37:     0x57a54bcd181e - std::panicking::try::h8ddeca9d705f9069
[INFO] [stdout]                                at /rustc/90b35a6239c3d8bdabc530a6a0816f7ff89a0aaf/library/std/src/panicking.rs:520:19
[INFO] [stdout]   38:     0x57a54bcd181e - std::panic::catch_unwind::h49e1c33078844c46
[INFO] [stdout]                                at /rustc/90b35a6239c3d8bdabc530a6a0816f7ff89a0aaf/library/std/src/panic.rs:358:14
[INFO] [stdout]   39:     0x57a54bcd181e - std::thread::Builder::spawn_unchecked_::{{closure}}::h6073db6ff56ad35d
[INFO] [stdout]                                at /rustc/90b35a6239c3d8bdabc530a6a0816f7ff89a0aaf/library/std/src/thread/mod.rs:537:30
[INFO] [stdout]   40:     0x57a54bcd181e - core::ops::function::FnOnce::call_once{{vtable.shim}}::h2c5a5f3779c774f1
[INFO] [stdout]                                at /rustc/90b35a6239c3d8bdabc530a6a0816f7ff89a0aaf/library/core/src/ops/function.rs:250:5
[INFO] [stdout]   41:     0x57a54bd3d97b - <alloc::boxed::Box<F,A> as core::ops::function::FnOnce<Args>>::call_once::hf75717d9f28faebf
[INFO] [stdout]                                at /rustc/90b35a6239c3d8bdabc530a6a0816f7ff89a0aaf/library/alloc/src/boxed.rs:2454:9
[INFO] [stdout]   42:     0x57a54bd3d97b - <alloc::boxed::Box<F,A> as core::ops::function::FnOnce<Args>>::call_once::h7bd883a5f3c5f3c1
[INFO] [stdout]                                at /rustc/90b35a6239c3d8bdabc530a6a0816f7ff89a0aaf/library/alloc/src/boxed.rs:2454:9
[INFO] [stdout]   43:     0x57a54bd3d97b - std::sys::pal::unix::thread::Thread::new::thread_start::hcc78f3943333fa94
[INFO] [stdout]                                at /rustc/90b35a6239c3d8bdabc530a6a0816f7ff89a0aaf/library/std/src/sys/pal/unix/thread.rs:105:17
[INFO] [stdout]   44:     0x7b531825eac3 - <unknown>
[INFO] [stdout]   45:     0x7b53182efa04 - clone
[INFO] [stdout]   46:                0x0 - <unknown>
[INFO] [stdout] 
[INFO] [stdout] ---- parser_tests::test_function_definition stdout ----
[INFO] [stdout] parse_statement Ident("fn")
[INFO] [stdout] thread 'parser_tests::test_function_definition' panicked at src/main.rs:1609:42:
[INFO] [stdout] called `Result::unwrap()` on an `Err` value: "unexpected token after identifier"
[INFO] [stdout] stack backtrace:
[INFO] [stdout]    0:     0x57a54bd3812a - std::backtrace_rs::backtrace::libunwind::trace::h5a5b8284f2d0c266
[INFO] [stdout]                                at /rustc/90b35a6239c3d8bdabc530a6a0816f7ff89a0aaf/library/std/src/../../backtrace/src/backtrace/libunwind.rs:116:5
[INFO] [stdout]    1:     0x57a54bd3812a - std::backtrace_rs::backtrace::trace_unsynchronized::h76d4f1c9b0b875e3
[INFO] [stdout]                                at /rustc/90b35a6239c3d8bdabc530a6a0816f7ff89a0aaf/library/std/src/../../backtrace/src/backtrace/mod.rs:66:5
[INFO] [stdout]    2:     0x57a54bd3812a - std::sys::backtrace::_print_fmt::hc4546b8364a537c6
[INFO] [stdout]                                at /rustc/90b35a6239c3d8bdabc530a6a0816f7ff89a0aaf/library/std/src/sys/backtrace.rs:66:9
[INFO] [stdout]    3:     0x57a54bd3812a - <std::sys::backtrace::BacktraceLock::print::DisplayBacktrace as core::fmt::Display>::fmt::h5b6bd5631a6d1f6b
[INFO] [stdout]                                at /rustc/90b35a6239c3d8bdabc530a6a0816f7ff89a0aaf/library/std/src/sys/backtrace.rs:39:26
[INFO] [stdout]    4:     0x57a54bd5d563 - core::fmt::rt::Argument::fmt::h270f6602a2b96f62
[INFO] [stdout]                                at /rustc/90b35a6239c3d8bdabc530a6a0816f7ff89a0aaf/library/core/src/fmt/rt.rs:177:76
[INFO] [stdout]    5:     0x57a54bd5d563 - core::fmt::write::h7550c97b06c86515
[INFO] [stdout]                                at /rustc/90b35a6239c3d8bdabc530a6a0816f7ff89a0aaf/library/core/src/fmt/mod.rs:1186:21
[INFO] [stdout]    6:     0x57a54bd352f3 - std::io::Write::write_fmt::h509ff860e5956e5e
[INFO] [stdout]                                at /rustc/90b35a6239c3d8bdabc530a6a0816f7ff89a0aaf/library/std/src/io/mod.rs:1839:15
[INFO] [stdout]    7:     0x57a54bd37f72 - std::sys::backtrace::BacktraceLock::print::h2395ccd2c84ba3aa
[INFO] [stdout]                                at /rustc/90b35a6239c3d8bdabc530a6a0816f7ff89a0aaf/library/std/src/sys/backtrace.rs:42:9
[INFO] [stdout]    8:     0x57a54bd3958a - std::panicking::default_hook::{{closure}}::he19d4c7230e07961
[INFO] [stdout]                                at /rustc/90b35a6239c3d8bdabc530a6a0816f7ff89a0aaf/library/std/src/panicking.rs:268:22
[INFO] [stdout]    9:     0x57a54bd39394 - std::panicking::default_hook::hf614597d3c67bbdb
[INFO] [stdout]                                at /rustc/90b35a6239c3d8bdabc530a6a0816f7ff89a0aaf/library/std/src/panicking.rs:292:9
[INFO] [stdout]   10:     0x57a54bd04c79 - <alloc::boxed::Box<F,A> as core::ops::function::Fn<Args>>::call::h39b51ce4599c23d1
[INFO] [stdout]                                at /rustc/90b35a6239c3d8bdabc530a6a0816f7ff89a0aaf/library/alloc/src/boxed.rs:2468:9
[INFO] [stdout]   11:     0x57a54bd04c79 - test::test_main::{{closure}}::he977ae839a582784
[INFO] [stdout]                                at /rustc/90b35a6239c3d8bdabc530a6a0816f7ff89a0aaf/library/test/src/lib.rs:133:21
[INFO] [stdout]   12:     0x57a54bd39c28 - <alloc::boxed::Box<F,A> as core::ops::function::Fn<Args>>::call::h9455091b6b06f9fb
[INFO] [stdout]                                at /rustc/90b35a6239c3d8bdabc530a6a0816f7ff89a0aaf/library/alloc/src/boxed.rs:2468:9
[INFO] [stdout]   13:     0x57a54bd39c28 - std::panicking::rust_panic_with_hook::h8942133a8b252070
[INFO] [stdout]                                at /rustc/90b35a6239c3d8bdabc530a6a0816f7ff89a0aaf/library/std/src/panicking.rs:809:13
[INFO] [stdout]   14:     0x57a54bd399ea - std::panicking::begin_panic_handler::{{closure}}::hb5f5963570096b29
[INFO] [stdout]                                at /rustc/90b35a6239c3d8bdabc530a6a0816f7ff89a0aaf/library/std/src/panicking.rs:674:13
[INFO] [stdout]   15:     0x57a54bd38609 - std::sys::backtrace::__rust_end_short_backtrace::h6208cedc1922feda
[INFO] [stdout]                                at /rustc/90b35a6239c3d8bdabc530a6a0816f7ff89a0aaf/library/std/src/sys/backtrace.rs:170:18
[INFO] [stdout]   16:     0x57a54bd3967c - rust_begin_unwind
[INFO] [stdout]                                at /rustc/90b35a6239c3d8bdabc530a6a0816f7ff89a0aaf/library/std/src/panicking.rs:665:5
[INFO] [stdout]   17:     0x57a54bcaea60 - core::panicking::panic_fmt::h0c3082644d1bf418
[INFO] [stdout]                                at /rustc/90b35a6239c3d8bdabc530a6a0816f7ff89a0aaf/library/core/src/panicking.rs:74:14
[INFO] [stdout]   18:     0x57a54bcaee06 - core::result::unwrap_failed::hd20b4aa073bda1e2
[INFO] [stdout]                                at /rustc/90b35a6239c3d8bdabc530a6a0816f7ff89a0aaf/library/core/src/result.rs:1700:5
[INFO] [stdout]   19:     0x57a54bcbb113 - core::result::Result<T,E>::unwrap::h0718626cbe341d27
[INFO] [stdout]                                at /rustc/90b35a6239c3d8bdabc530a6a0816f7ff89a0aaf/library/core/src/result.rs:1104:23
[INFO] [stdout]   20:     0x57a54bcbb113 - rustcompiler::parser_tests::test_function_definition::h64d1d6397479d227
[INFO] [stdout]                                at /opt/rustwide/workdir/src/main.rs:1609:9
[INFO] [stdout]   21:     0x57a54bcbaf67 - rustcompiler::parser_tests::test_function_definition::{{closure}}::he9e380225c823cab
[INFO] [stdout]                                at /opt/rustwide/workdir/src/main.rs:1606:34
[INFO] [stdout]   22:     0x57a54bcc96c6 - core::ops::function::FnOnce::call_once::h29948d0df602180b
[INFO] [stdout]                                at /rustc/90b35a6239c3d8bdabc530a6a0816f7ff89a0aaf/library/core/src/ops/function.rs:250:5
[INFO] [stdout]   23:     0x57a54bd0963b - core::ops::function::FnOnce::call_once::h109cf8051a59b34e
[INFO] [stdout]                                at /rustc/90b35a6239c3d8bdabc530a6a0816f7ff89a0aaf/library/core/src/ops/function.rs:250:5
[INFO] [stdout]   24:     0x57a54bd0963b - test::__rust_begin_short_backtrace::hf4fff89d377446ba
[INFO] [stdout]                                at /rustc/90b35a6239c3d8bdabc530a6a0816f7ff89a0aaf/library/test/src/lib.rs:621:18
[INFO] [stdout]   25:     0x57a54bd08e77 - test::run_test_in_process::{{closure}}::h0e39181dd7ee5a43
[INFO] [stdout]                                at /rustc/90b35a6239c3d8bdabc530a6a0816f7ff89a0aaf/library/test/src/lib.rs:644:60
[INFO] [stdout]   26:     0x57a54bd08e77 - <core::panic::unwind_safe::AssertUnwindSafe<F> as core::ops::function::FnOnce<()>>::call_once::hc5a66a30f0bdfd1f
[INFO] [stdout]                                at /rustc/90b35a6239c3d8bdabc530a6a0816f7ff89a0aaf/library/core/src/panic/unwind_safe.rs:272:9
[INFO] [stdout]   27:     0x57a54bd08e77 - std::panicking::try::do_call::h873b7cf639554a5e
[INFO] [stdout]                                at /rustc/90b35a6239c3d8bdabc530a6a0816f7ff89a0aaf/library/std/src/panicking.rs:557:40
[INFO] [stdout]   28:     0x57a54bd08e77 - std::panicking::try::hdb19862fad9c8bd1
[INFO] [stdout]                                at /rustc/90b35a6239c3d8bdabc530a6a0816f7ff89a0aaf/library/std/src/panicking.rs:520:19
[INFO] [stdout]   29:     0x57a54bd08e77 - std::panic::catch_unwind::h281fe732d236d260
[INFO] [stdout]                                at /rustc/90b35a6239c3d8bdabc530a6a0816f7ff89a0aaf/library/std/src/panic.rs:358:14
[INFO] [stdout]   30:     0x57a54bd08e77 - test::run_test_in_process::h949b6df8457ed338
[INFO] [stdout]                                at /rustc/90b35a6239c3d8bdabc530a6a0816f7ff89a0aaf/library/test/src/lib.rs:644:27
[INFO] [stdout]   31:     0x57a54bd08e77 - test::run_test::{{closure}}::h52c556a6d4740e10
[INFO] [stdout]                                at /rustc/90b35a6239c3d8bdabc530a6a0816f7ff89a0aaf/library/test/src/lib.rs:565:43
[INFO] [stdout]   32:     0x57a54bcce154 - test::run_test::{{closure}}::h4237f6381c45ccb9
[INFO] [stdout]                                at /rustc/90b35a6239c3d8bdabc530a6a0816f7ff89a0aaf/library/test/src/lib.rs:595:41
[INFO] [stdout]   33:     0x57a54bcce154 - std::sys::backtrace::__rust_begin_short_backtrace::h505c97a579eca628
[INFO] [stdout]                                at /rustc/90b35a6239c3d8bdabc530a6a0816f7ff89a0aaf/library/std/src/sys/backtrace.rs:154:18
[INFO] [stdout]   34:     0x57a54bcd181e - std::thread::Builder::spawn_unchecked_::{{closure}}::{{closure}}::h9e86b2e2bc107ea3
[INFO] [stdout]                                at /rustc/90b35a6239c3d8bdabc530a6a0816f7ff89a0aaf/library/std/src/thread/mod.rs:538:17
[INFO] [stdout]   35:     0x57a54bcd181e - <core::panic::unwind_safe::AssertUnwindSafe<F> as core::ops::function::FnOnce<()>>::call_once::h8b06ddb275ff4a25
[INFO] [stdout]                                at /rustc/90b35a6239c3d8bdabc530a6a0816f7ff89a0aaf/library/core/src/panic/unwind_safe.rs:272:9
[INFO] [stdout]   36:     0x57a54bcd181e - std::panicking::try::do_call::hb26ecd7cd9a9355d
[INFO] [stdout]                                at /rustc/90b35a6239c3d8bdabc530a6a0816f7ff89a0aaf/library/std/src/panicking.rs:557:40
[INFO] [stdout]   37:     0x57a54bcd181e - std::panicking::try::h8ddeca9d705f9069
[INFO] [stdout]                                at /rustc/90b35a6239c3d8bdabc530a6a0816f7ff89a0aaf/library/std/src/panicking.rs:520:19
[INFO] [stdout]   38:     0x57a54bcd181e - std::panic::catch_unwind::h49e1c33078844c46
[INFO] [stdout]                                at /rustc/90b35a6239c3d8bdabc530a6a0816f7ff89a0aaf/library/std/src/panic.rs:358:14
[INFO] [stdout]   39:     0x57a54bcd181e - std::thread::Builder::spawn_unchecked_::{{closure}}::h6073db6ff56ad35d
[INFO] [stdout]                                at /rustc/90b35a6239c3d8bdabc530a6a0816f7ff89a0aaf/library/std/src/thread/mod.rs:537:30
[INFO] [stdout]   40:     0x57a54bcd181e - core::ops::function::FnOnce::call_once{{vtable.shim}}::h2c5a5f3779c774f1
[INFO] [stdout]                                at /rustc/90b35a6239c3d8bdabc530a6a0816f7ff89a0aaf/library/core/src/ops/function.rs:250:5
[INFO] [stdout]   41:     0x57a54bd3d97b - <alloc::boxed::Box<F,A> as core::ops::function::FnOnce<Args>>::call_once::hf75717d9f28faebf
[INFO] [stdout]                                at /rustc/90b35a6239c3d8bdabc530a6a0816f7ff89a0aaf/library/alloc/src/boxed.rs:2454:9
[INFO] [stdout]   42:     0x57a54bd3d97b - <alloc::boxed::Box<F,A> as core::ops::function::FnOnce<Args>>::call_once::h7bd883a5f3c5f3c1
[INFO] [stdout]                                at /rustc/90b35a6239c3d8bdabc530a6a0816f7ff89a0aaf/library/alloc/src/boxed.rs:2454:9
[INFO] [stdout]   43:     0x57a54bd3d97b - std::sys::pal::unix::thread::Thread::new::thread_start::hcc78f3943333fa94
[INFO] [stdout]                                at /rustc/90b35a6239c3d8bdabc530a6a0816f7ff89a0aaf/library/std/src/sys/pal/unix/thread.rs:105:17
[INFO] [stdout]   44:     0x7b531825eac3 - <unknown>
[INFO] [stdout]   45:     0x7b53182efa04 - clone
[INFO] [stdout]   46:                0x0 - <unknown>
[INFO] [stdout] 
[INFO] [stdout] 
[INFO] [stdout] failures:
[INFO] [stdout]     parser_tests::test_assignment
[INFO] [stdout]     parser_tests::test_control_flow
[INFO] [stdout]     parser_tests::test_function_definition
[INFO] [stdout] 
[INFO] [stdout] test result: FAILED. 4 passed; 3 failed; 0 ignored; 0 measured; 0 filtered out; finished in 0.03s
[INFO] [stdout] 
[INFO] running `Command { std: "docker" "inspect" "d7a26e02a53816d8ca7a8d61b060c839a567c105351785ee9e9030cbc97e40c5", kill_on_drop: false }`
[INFO] running `Command { std: "docker" "rm" "-f" "d7a26e02a53816d8ca7a8d61b060c839a567c105351785ee9e9030cbc97e40c5", kill_on_drop: false }`
[INFO] [stdout] d7a26e02a53816d8ca7a8d61b060c839a567c105351785ee9e9030cbc97e40c5
