[INFO] cloning repository https://github.com/WilliamVenner/build_cfg
[INFO] running `Command { std: "git" "-c" "credential.helper=" "-c" "credential.helper=/workspace/cargo-home/bin/git-credential-null" "clone" "--bare" "https://github.com/WilliamVenner/build_cfg" "/workspace/cache/git-repos/https%3A%2F%2Fgithub.com%2FWilliamVenner%2Fbuild_cfg", kill_on_drop: false }`
[INFO] [stderr] Cloning into bare repository '/workspace/cache/git-repos/https%3A%2F%2Fgithub.com%2FWilliamVenner%2Fbuild_cfg'...
[INFO] running `Command { std: "git" "rev-parse" "HEAD", kill_on_drop: false }`
[INFO] [stdout] 6230f0fdc317182d4297cd8a2615fbadef2d7983
[INFO] testing WilliamVenner/build_cfg against 1.83.0 for beta-1.84.0-4-retry
[INFO] running `Command { std: "git" "clone" "/workspace/cache/git-repos/https%3A%2F%2Fgithub.com%2FWilliamVenner%2Fbuild_cfg" "/workspace/builds/worker-6-tc1/source", kill_on_drop: false }`
[INFO] [stderr] Cloning into '/workspace/builds/worker-6-tc1/source'...
[INFO] [stderr] done.
[INFO] validating manifest of git repo https://github.com/WilliamVenner/build_cfg on toolchain 1.83.0
[INFO] running `Command { std: CARGO_HOME="/workspace/cargo-home" RUSTUP_HOME="/workspace/rustup-home" "/workspace/cargo-home/bin/cargo" "+1.83.0" "metadata" "--manifest-path" "Cargo.toml" "--no-deps", kill_on_drop: false }`
[INFO] started tweaking git repo https://github.com/WilliamVenner/build_cfg
[INFO] finished tweaking git repo https://github.com/WilliamVenner/build_cfg
[INFO] tweaked toml for git repo https://github.com/WilliamVenner/build_cfg written to /workspace/builds/worker-6-tc1/source/Cargo.toml
[INFO] crate git repo https://github.com/WilliamVenner/build_cfg already has a lockfile, it will not be regenerated
[INFO] running `Command { std: CARGO_HOME="/workspace/cargo-home" RUSTUP_HOME="/workspace/rustup-home" "/workspace/cargo-home/bin/cargo" "+1.83.0" "fetch" "--manifest-path" "Cargo.toml", kill_on_drop: false }`
[INFO] running `Command { std: "docker" "create" "-v" "/var/lib/crater-agent-workspace/builds/worker-6-tc1/target:/opt/rustwide/target:rw,Z" "-v" "/var/lib/crater-agent-workspace/builds/worker-6-tc1/source:/opt/rustwide/workdir:ro,Z" "-v" "/var/lib/crater-agent-workspace/cargo-home:/opt/rustwide/cargo-home:ro,Z" "-v" "/var/lib/crater-agent-workspace/rustup-home:/opt/rustwide/rustup-home:ro,Z" "-e" "SOURCE_DIR=/opt/rustwide/workdir" "-e" "CARGO_TARGET_DIR=/opt/rustwide/target" "-e" "CARGO_HOME=/opt/rustwide/cargo-home" "-e" "RUSTUP_HOME=/opt/rustwide/rustup-home" "-w" "/opt/rustwide/workdir" "-m" "1610612736" "--user" "0:0" "--network" "none" "ghcr.io/rust-lang/crates-build-env/linux@sha256:f3a9d4ad9d972b27faf3965f35b62e55ba32bbce8f20bc8fe909558a86702fde" "/opt/rustwide/cargo-home/bin/cargo" "+1.83.0" "metadata" "--no-deps" "--format-version=1", kill_on_drop: false }`
[INFO] [stdout] cf02666e6f73a764a9814db1e44e6744c3170705f14b493c615f420cff9d123c
[INFO] running `Command { std: "docker" "start" "-a" "cf02666e6f73a764a9814db1e44e6744c3170705f14b493c615f420cff9d123c", kill_on_drop: false }`
[INFO] running `Command { std: "docker" "inspect" "cf02666e6f73a764a9814db1e44e6744c3170705f14b493c615f420cff9d123c", kill_on_drop: false }`
[INFO] running `Command { std: "docker" "rm" "-f" "cf02666e6f73a764a9814db1e44e6744c3170705f14b493c615f420cff9d123c", kill_on_drop: false }`
[INFO] [stdout] cf02666e6f73a764a9814db1e44e6744c3170705f14b493c615f420cff9d123c
[INFO] running `Command { std: "docker" "create" "-v" "/var/lib/crater-agent-workspace/builds/worker-6-tc1/target:/opt/rustwide/target:rw,Z" "-v" "/var/lib/crater-agent-workspace/builds/worker-6-tc1/source:/opt/rustwide/workdir:ro,Z" "-v" "/var/lib/crater-agent-workspace/cargo-home:/opt/rustwide/cargo-home:ro,Z" "-v" "/var/lib/crater-agent-workspace/rustup-home:/opt/rustwide/rustup-home:ro,Z" "-e" "SOURCE_DIR=/opt/rustwide/workdir" "-e" "CARGO_TARGET_DIR=/opt/rustwide/target" "-e" "CARGO_INCREMENTAL=0" "-e" "RUST_BACKTRACE=full" "-e" "RUSTFLAGS=--cap-lints=warn" "-e" "RUSTDOCFLAGS=--cap-lints=warn" "-e" "CARGO_HOME=/opt/rustwide/cargo-home" "-e" "RUSTUP_HOME=/opt/rustwide/rustup-home" "-w" "/opt/rustwide/workdir" "-m" "1610612736" "--user" "0:0" "--network" "none" "ghcr.io/rust-lang/crates-build-env/linux@sha256:f3a9d4ad9d972b27faf3965f35b62e55ba32bbce8f20bc8fe909558a86702fde" "/opt/rustwide/cargo-home/bin/cargo" "+1.83.0" "build" "--frozen" "--message-format=json", kill_on_drop: false }`
[INFO] [stdout] cdcf294a7f63bd98e2f16775e0e300a64ae9795f58ff6a846ffb88a262d9664b
[INFO] running `Command { std: "docker" "start" "-a" "cdcf294a7f63bd98e2f16775e0e300a64ae9795f58ff6a846ffb88a262d9664b", kill_on_drop: false }`
[INFO] [stderr]    Compiling proc-macro2 v1.0.29
[INFO] [stderr]    Compiling unicode-xid v0.2.2
[INFO] [stderr]    Compiling syn v1.0.77
[INFO] [stderr]    Compiling convert_case v0.4.0
[INFO] [stderr]    Compiling quote v1.0.9
[INFO] [stderr]    Compiling derive_more v0.99.16
[INFO] [stderr]    Compiling build_cfg_shared v1.1.0 (/opt/rustwide/workdir/build_cfg_shared)
[INFO] [stderr]    Compiling build_cfg_macros v1.1.0 (/opt/rustwide/workdir/build_cfg_macros)
[INFO] [stderr]    Compiling build_cfg v1.1.0 (/opt/rustwide/workdir/build_cfg)
[INFO] [stderr]    Compiling tests v0.1.0 (/opt/rustwide/workdir/tests)
[INFO] [stderr]     Finished `dev` profile [unoptimized + debuginfo] target(s) in 11.78s
[INFO] running `Command { std: "docker" "inspect" "cdcf294a7f63bd98e2f16775e0e300a64ae9795f58ff6a846ffb88a262d9664b", kill_on_drop: false }`
[INFO] running `Command { std: "docker" "rm" "-f" "cdcf294a7f63bd98e2f16775e0e300a64ae9795f58ff6a846ffb88a262d9664b", kill_on_drop: false }`
[INFO] [stdout] cdcf294a7f63bd98e2f16775e0e300a64ae9795f58ff6a846ffb88a262d9664b
[INFO] running `Command { std: "docker" "create" "-v" "/var/lib/crater-agent-workspace/builds/worker-6-tc1/target:/opt/rustwide/target:rw,Z" "-v" "/var/lib/crater-agent-workspace/builds/worker-6-tc1/source:/opt/rustwide/workdir:ro,Z" "-v" "/var/lib/crater-agent-workspace/cargo-home:/opt/rustwide/cargo-home:ro,Z" "-v" "/var/lib/crater-agent-workspace/rustup-home:/opt/rustwide/rustup-home:ro,Z" "-e" "SOURCE_DIR=/opt/rustwide/workdir" "-e" "CARGO_TARGET_DIR=/opt/rustwide/target" "-e" "CARGO_INCREMENTAL=0" "-e" "RUST_BACKTRACE=full" "-e" "RUSTFLAGS=--cap-lints=warn" "-e" "RUSTDOCFLAGS=--cap-lints=warn" "-e" "CARGO_HOME=/opt/rustwide/cargo-home" "-e" "RUSTUP_HOME=/opt/rustwide/rustup-home" "-w" "/opt/rustwide/workdir" "-m" "1610612736" "--user" "0:0" "--network" "none" "ghcr.io/rust-lang/crates-build-env/linux@sha256:f3a9d4ad9d972b27faf3965f35b62e55ba32bbce8f20bc8fe909558a86702fde" "/opt/rustwide/cargo-home/bin/cargo" "+1.83.0" "test" "--frozen" "--no-run" "--message-format=json", kill_on_drop: false }`
[INFO] [stdout] dad96c6efb2e01c99c21e940c22a3cb046b976f52fa13333a1e7ae6ab4d40d7f
[INFO] running `Command { std: "docker" "start" "-a" "dad96c6efb2e01c99c21e940c22a3cb046b976f52fa13333a1e7ae6ab4d40d7f", kill_on_drop: false }`
[INFO] [stderr]    Compiling build_cfg_shared v1.1.0 (/opt/rustwide/workdir/build_cfg_shared)
[INFO] [stderr]    Compiling build_cfg_macros v1.1.0 (/opt/rustwide/workdir/build_cfg_macros)
[INFO] [stderr]    Compiling build_cfg v1.1.0 (/opt/rustwide/workdir/build_cfg)
[INFO] [stderr]    Compiling tests v0.1.0 (/opt/rustwide/workdir/tests)
[INFO] [stderr]     Finished `test` profile [unoptimized + debuginfo] target(s) in 2.15s
[INFO] running `Command { std: "docker" "inspect" "dad96c6efb2e01c99c21e940c22a3cb046b976f52fa13333a1e7ae6ab4d40d7f", kill_on_drop: false }`
[INFO] running `Command { std: "docker" "rm" "-f" "dad96c6efb2e01c99c21e940c22a3cb046b976f52fa13333a1e7ae6ab4d40d7f", kill_on_drop: false }`
[INFO] [stdout] dad96c6efb2e01c99c21e940c22a3cb046b976f52fa13333a1e7ae6ab4d40d7f
[INFO] running `Command { std: "docker" "create" "-v" "/var/lib/crater-agent-workspace/builds/worker-6-tc1/target:/opt/rustwide/target:rw,Z" "-v" "/var/lib/crater-agent-workspace/builds/worker-6-tc1/source:/opt/rustwide/workdir:ro,Z" "-v" "/var/lib/crater-agent-workspace/cargo-home:/opt/rustwide/cargo-home:ro,Z" "-v" "/var/lib/crater-agent-workspace/rustup-home:/opt/rustwide/rustup-home:ro,Z" "-e" "SOURCE_DIR=/opt/rustwide/workdir" "-e" "CARGO_TARGET_DIR=/opt/rustwide/target" "-e" "CARGO_INCREMENTAL=0" "-e" "RUST_BACKTRACE=full" "-e" "RUSTFLAGS=--cap-lints=warn" "-e" "RUSTDOCFLAGS=--cap-lints=warn" "-e" "CARGO_HOME=/opt/rustwide/cargo-home" "-e" "RUSTUP_HOME=/opt/rustwide/rustup-home" "-w" "/opt/rustwide/workdir" "-m" "1610612736" "--user" "0:0" "--network" "none" "ghcr.io/rust-lang/crates-build-env/linux@sha256:f3a9d4ad9d972b27faf3965f35b62e55ba32bbce8f20bc8fe909558a86702fde" "/opt/rustwide/cargo-home/bin/cargo" "+1.83.0" "test" "--frozen", kill_on_drop: false }`
[INFO] [stdout] 9e3e0a9462544d3ca74a19e6b738f2f3d971c618ae8c90e0061067fb9c7da56b
[INFO] running `Command { std: "docker" "start" "-a" "9e3e0a9462544d3ca74a19e6b738f2f3d971c618ae8c90e0061067fb9c7da56b", kill_on_drop: false }`
[INFO] [stderr]     Finished `test` profile [unoptimized + debuginfo] target(s) in 0.03s
[INFO] [stderr]      Running unittests src/lib.rs (/opt/rustwide/target/debug/deps/build_cfg-7de5dfe297558e1a)
[INFO] [stdout] 
[INFO] [stdout] running 0 tests
[INFO] [stdout] 
[INFO] [stdout] test result: ok. 0 passed; 0 failed; 0 ignored; 0 measured; 0 filtered out; finished in 0.00s
[INFO] [stdout] 
[INFO] [stderr]      Running unittests src/lib.rs (/opt/rustwide/target/debug/deps/build_cfg_macros-858ad40042f8b2ea)
[INFO] [stdout] 
[INFO] [stdout] running 0 tests
[INFO] [stdout] 
[INFO] [stdout] test result: ok. 0 passed; 0 failed; 0 ignored; 0 measured; 0 filtered out; finished in 0.00s
[INFO] [stdout] 
[INFO] [stderr]      Running unittests src/lib.rs (/opt/rustwide/target/debug/deps/build_cfg_shared-ff46fe7849b7cee5)
[INFO] [stdout] 
[INFO] [stdout] running 0 tests
[INFO] [stdout] 
[INFO] [stdout] test result: ok. 0 passed; 0 failed; 0 ignored; 0 measured; 0 filtered out; finished in 0.00s
[INFO] [stdout] 
[INFO] [stderr]      Running unittests src/main.rs (/opt/rustwide/target/debug/deps/tests-51fc774d4dd9d06a)
[INFO] [stdout] 
[INFO] [stdout] running 7 tests
[INFO] [stdout] test tests::test_mixed ... ok
[INFO] [stdout] test tests::test_basic ... ok
[INFO] [stdout] test tests::test_set ... ok
[INFO] [stdout] test tests::test_state ... ok
[INFO] [stdout] test tests::test_target_family_shortcut ... ok
[INFO] [stdout] test tests::test_state_empty - should panic ... ok
[INFO] [stdout] test tests::test_state_uninit - should panic ... ok
[INFO] [stdout] 
[INFO] [stdout] test result: ok. 7 passed; 0 failed; 0 ignored; 0 measured; 0 filtered out; finished in 0.04s
[INFO] [stdout] 
[INFO] [stderr]    Doc-tests build_cfg
[INFO] [stdout] 
[INFO] [stdout] running 1 test
[INFO] [stdout] test build_cfg/src/lib.rs - (line 13) ... FAILED
[INFO] [stdout] 
[INFO] [stdout] failures:
[INFO] [stdout] 
[INFO] [stdout] ---- build_cfg/src/lib.rs - (line 13) stdout ----
[INFO] [stdout] Test executable failed (exit status: 101).
[INFO] [stdout] 
[INFO] [stdout] stderr:
[INFO] [stdout] thread 'main' panicked at /opt/rustwide/workdir/build_cfg/src/lib.rs:53:4:
[INFO] [stdout] Not in a Cargo/build script environment.
[INFO] [stdout] stack backtrace:
[INFO] [stdout]    0:     0x5c3d3dda119a - std::backtrace_rs::backtrace::libunwind::trace::h5a5b8284f2d0c266
[INFO] [stdout]                                at /rustc/90b35a6239c3d8bdabc530a6a0816f7ff89a0aaf/library/std/src/../../backtrace/src/backtrace/libunwind.rs:116:5
[INFO] [stdout]    1:     0x5c3d3dda119a - std::backtrace_rs::backtrace::trace_unsynchronized::h76d4f1c9b0b875e3
[INFO] [stdout]                                at /rustc/90b35a6239c3d8bdabc530a6a0816f7ff89a0aaf/library/std/src/../../backtrace/src/backtrace/mod.rs:66:5
[INFO] [stdout]    2:     0x5c3d3dda119a - std::sys::backtrace::_print_fmt::hc4546b8364a537c6
[INFO] [stdout]                                at /rustc/90b35a6239c3d8bdabc530a6a0816f7ff89a0aaf/library/std/src/sys/backtrace.rs:66:9
[INFO] [stdout]    3:     0x5c3d3dda119a - <std::sys::backtrace::BacktraceLock::print::DisplayBacktrace as core::fmt::Display>::fmt::h5b6bd5631a6d1f6b
[INFO] [stdout]                                at /rustc/90b35a6239c3d8bdabc530a6a0816f7ff89a0aaf/library/std/src/sys/backtrace.rs:39:26
[INFO] [stdout]    4:     0x5c3d3ddbc613 - core::fmt::rt::Argument::fmt::h270f6602a2b96f62
[INFO] [stdout]                                at /rustc/90b35a6239c3d8bdabc530a6a0816f7ff89a0aaf/library/core/src/fmt/rt.rs:177:76
[INFO] [stdout]    5:     0x5c3d3ddbc613 - core::fmt::write::h7550c97b06c86515
[INFO] [stdout]                                at /rustc/90b35a6239c3d8bdabc530a6a0816f7ff89a0aaf/library/core/src/fmt/mod.rs:1186:21
[INFO] [stdout]    6:     0x5c3d3dd9ee63 - std::io::Write::write_fmt::h7b09c64fe0be9c84
[INFO] [stdout]                                at /rustc/90b35a6239c3d8bdabc530a6a0816f7ff89a0aaf/library/std/src/io/mod.rs:1839:15
[INFO] [stdout]    7:     0x5c3d3dda0fe2 - std::sys::backtrace::BacktraceLock::print::h2395ccd2c84ba3aa
[INFO] [stdout]                                at /rustc/90b35a6239c3d8bdabc530a6a0816f7ff89a0aaf/library/std/src/sys/backtrace.rs:42:9
[INFO] [stdout]    8:     0x5c3d3dda1f8c - std::panicking::default_hook::{{closure}}::he19d4c7230e07961
[INFO] [stdout]                                at /rustc/90b35a6239c3d8bdabc530a6a0816f7ff89a0aaf/library/std/src/panicking.rs:268:22
[INFO] [stdout]    9:     0x5c3d3dda1dd2 - std::panicking::default_hook::hf614597d3c67bbdb
[INFO] [stdout]                                at /rustc/90b35a6239c3d8bdabc530a6a0816f7ff89a0aaf/library/std/src/panicking.rs:295:9
[INFO] [stdout]   10:     0x5c3d3dda2567 - std::panicking::rust_panic_with_hook::h8942133a8b252070
[INFO] [stdout]                                at /rustc/90b35a6239c3d8bdabc530a6a0816f7ff89a0aaf/library/std/src/panicking.rs:801:13
[INFO] [stdout]   11:     0x5c3d3dd7017a - std::panicking::begin_panic::{{closure}}::h92026ff8a855e8a3
[INFO] [stdout]   12:     0x5c3d3dd6ffa6 - std::sys::backtrace::__rust_end_short_backtrace::h8db7f279e3628822
[INFO] [stdout]   13:     0x5c3d3dd70125 - std::panicking::begin_panic::h6dbf70dacab5dde7
[INFO] [stdout]   14:     0x5c3d3dd71c37 - build_cfg::__private::populate_cfg::hf209312b25de1717
[INFO] [stdout]   15:     0x5c3d3dd722fc - rust_out::main::h86d391cc11b8a827
[INFO] [stdout]   16:     0x5c3d3dd70243 - core::ops::function::FnOnce::call_once::hd1e0b33d350e8c2e
[INFO] [stdout]   17:     0x5c3d3dd6ffb6 - std::sys::backtrace::__rust_begin_short_backtrace::hb7c4fd168269da08
[INFO] [stdout]   18:     0x5c3d3dd6ff69 - std::rt::lang_start::{{closure}}::h7630186e3858a44d
[INFO] [stdout]   19:     0x5c3d3dd9c98e - core::ops::function::impls::<impl core::ops::function::FnOnce<A> for &F>::call_once::hfdb85f4ee94732d3
[INFO] [stdout]                                at /rustc/90b35a6239c3d8bdabc530a6a0816f7ff89a0aaf/library/core/src/ops/function.rs:284:13
[INFO] [stdout]   20:     0x5c3d3dd9c98e - std::panicking::try::do_call::h6e577310f330cbef
[INFO] [stdout]                                at /rustc/90b35a6239c3d8bdabc530a6a0816f7ff89a0aaf/library/std/src/panicking.rs:557:40
[INFO] [stdout]   21:     0x5c3d3dd9c98e - std::panicking::try::ha588d438267d2645
[INFO] [stdout]                                at /rustc/90b35a6239c3d8bdabc530a6a0816f7ff89a0aaf/library/std/src/panicking.rs:520:19
[INFO] [stdout]   22:     0x5c3d3dd9c98e - std::panic::catch_unwind::h429fda1e025f26d9
[INFO] [stdout]                                at /rustc/90b35a6239c3d8bdabc530a6a0816f7ff89a0aaf/library/std/src/panic.rs:358:14
[INFO] [stdout]   23:     0x5c3d3dd9c98e - std::rt::lang_start_internal::{{closure}}::h7b731265e841c4bf
[INFO] [stdout]                                at /rustc/90b35a6239c3d8bdabc530a6a0816f7ff89a0aaf/library/std/src/rt.rs:174:48
[INFO] [stdout]   24:     0x5c3d3dd9c98e - std::panicking::try::do_call::hc0f6a675b7ae5a36
[INFO] [stdout]                                at /rustc/90b35a6239c3d8bdabc530a6a0816f7ff89a0aaf/library/std/src/panicking.rs:557:40
[INFO] [stdout]   25:     0x5c3d3dd9c98e - std::panicking::try::h4c93b7ff0671f1ff
[INFO] [stdout]                                at /rustc/90b35a6239c3d8bdabc530a6a0816f7ff89a0aaf/library/std/src/panicking.rs:520:19
[INFO] [stdout]   26:     0x5c3d3dd9c98e - std::panic::catch_unwind::hcc1e154961d16ce6
[INFO] [stdout]                                at /rustc/90b35a6239c3d8bdabc530a6a0816f7ff89a0aaf/library/std/src/panic.rs:358:14
[INFO] [stdout]   27:     0x5c3d3dd9c98e - std::rt::lang_start_internal::h1c66660c99c8424c
[INFO] [stdout]                                at /rustc/90b35a6239c3d8bdabc530a6a0816f7ff89a0aaf/library/std/src/rt.rs:174:20
[INFO] [stdout]   28:     0x5c3d3dd6ff47 - std::rt::lang_start::hcdb31f4834f76b8c
[INFO] [stdout]   29:     0x5c3d3dd72515 - main
[INFO] [stdout]   30:     0x7ee7e6869d90 - <unknown>
[INFO] [stdout]   31:     0x7ee7e6869e40 - __libc_start_main
[INFO] [stdout]   32:     0x5c3d3dd6fa15 - _start
[INFO] [stdout]   33:                0x0 - <unknown>
[INFO] [stdout] 
[INFO] [stdout] 
[INFO] [stdout] 
[INFO] [stdout] failures:
[INFO] [stdout]     build_cfg/src/lib.rs - (line 13)
[INFO] [stdout] 
[INFO] [stdout] test result: FAILED. 0 passed; 1 failed; 0 ignored; 0 measured; 0 filtered out; finished in 0.47s
[INFO] [stdout] 
[INFO] [stderr] error: doctest failed, to rerun pass `-p build_cfg --doc`
[INFO] running `Command { std: "docker" "inspect" "9e3e0a9462544d3ca74a19e6b738f2f3d971c618ae8c90e0061067fb9c7da56b", kill_on_drop: false }`
[INFO] running `Command { std: "docker" "rm" "-f" "9e3e0a9462544d3ca74a19e6b738f2f3d971c618ae8c90e0061067fb9c7da56b", kill_on_drop: false }`
[INFO] [stdout] 9e3e0a9462544d3ca74a19e6b738f2f3d971c618ae8c90e0061067fb9c7da56b
