[INFO] cloning repository https://github.com/Wesmania/faf-rust-replayserver
[INFO] running `Command { std: "git" "-c" "credential.helper=" "-c" "credential.helper=/workspace/cargo-home/bin/git-credential-null" "clone" "--bare" "https://github.com/Wesmania/faf-rust-replayserver" "/workspace/cache/git-repos/https%3A%2F%2Fgithub.com%2FWesmania%2Ffaf-rust-replayserver", kill_on_drop: false }`
[INFO] [stderr] Cloning into bare repository '/workspace/cache/git-repos/https%3A%2F%2Fgithub.com%2FWesmania%2Ffaf-rust-replayserver'...
[INFO] running `Command { std: "git" "rev-parse" "HEAD", kill_on_drop: false }`
[INFO] [stdout] d62b9f01cb4812d0f6169826026f6d5294a64b6b
[INFO] testing Wesmania/faf-rust-replayserver against 1.83.0 for beta-1.84.0-4-retry
[INFO] running `Command { std: "git" "clone" "/workspace/cache/git-repos/https%3A%2F%2Fgithub.com%2FWesmania%2Ffaf-rust-replayserver" "/workspace/builds/worker-0-tc1/source", kill_on_drop: false }`
[INFO] [stderr] Cloning into '/workspace/builds/worker-0-tc1/source'...
[INFO] [stderr] done.
[INFO] validating manifest of git repo https://github.com/Wesmania/faf-rust-replayserver on toolchain 1.83.0
[INFO] running `Command { std: CARGO_HOME="/workspace/cargo-home" RUSTUP_HOME="/workspace/rustup-home" "/workspace/cargo-home/bin/cargo" "+1.83.0" "metadata" "--manifest-path" "Cargo.toml" "--no-deps", kill_on_drop: false }`
[INFO] started tweaking git repo https://github.com/Wesmania/faf-rust-replayserver
[INFO] finished tweaking git repo https://github.com/Wesmania/faf-rust-replayserver
[INFO] tweaked toml for git repo https://github.com/Wesmania/faf-rust-replayserver written to /workspace/builds/worker-0-tc1/source/Cargo.toml
[INFO] crate git repo https://github.com/Wesmania/faf-rust-replayserver already has a lockfile, it will not be regenerated
[INFO] running `Command { std: CARGO_HOME="/workspace/cargo-home" RUSTUP_HOME="/workspace/rustup-home" "/workspace/cargo-home/bin/cargo" "+1.83.0" "fetch" "--manifest-path" "Cargo.toml", kill_on_drop: false }`
[INFO] [stderr]     Updating crates.io index
[INFO] [stderr]  Downloading crates ...
[INFO] [stderr]   Downloaded tiny_http v0.10.0
[INFO] [stderr]   Downloaded faux_macros v0.1.6
[INFO] [stderr]   Downloaded prometheus_exporter v0.8.4
[INFO] [stderr]   Downloaded faf-replay-parser v0.5.2
[INFO] [stderr]   Downloaded faux v0.1.6
[INFO] running `Command { std: "docker" "create" "-v" "/var/lib/crater-agent-workspace/builds/worker-0-tc1/target:/opt/rustwide/target:rw,Z" "-v" "/var/lib/crater-agent-workspace/builds/worker-0-tc1/source:/opt/rustwide/workdir:ro,Z" "-v" "/var/lib/crater-agent-workspace/cargo-home:/opt/rustwide/cargo-home:ro,Z" "-v" "/var/lib/crater-agent-workspace/rustup-home:/opt/rustwide/rustup-home:ro,Z" "-e" "SOURCE_DIR=/opt/rustwide/workdir" "-e" "CARGO_TARGET_DIR=/opt/rustwide/target" "-e" "CARGO_HOME=/opt/rustwide/cargo-home" "-e" "RUSTUP_HOME=/opt/rustwide/rustup-home" "-w" "/opt/rustwide/workdir" "-m" "1610612736" "--user" "0:0" "--network" "none" "ghcr.io/rust-lang/crates-build-env/linux@sha256:f3a9d4ad9d972b27faf3965f35b62e55ba32bbce8f20bc8fe909558a86702fde" "/opt/rustwide/cargo-home/bin/cargo" "+1.83.0" "metadata" "--no-deps" "--format-version=1", kill_on_drop: false }`
[INFO] [stdout] b016cee622fe351e9faeb73141c62bfca22a1f85f1e5af414ba65c276e0df1c5
[INFO] running `Command { std: "docker" "start" "-a" "b016cee622fe351e9faeb73141c62bfca22a1f85f1e5af414ba65c276e0df1c5", kill_on_drop: false }`
[INFO] running `Command { std: "docker" "inspect" "b016cee622fe351e9faeb73141c62bfca22a1f85f1e5af414ba65c276e0df1c5", kill_on_drop: false }`
[INFO] running `Command { std: "docker" "rm" "-f" "b016cee622fe351e9faeb73141c62bfca22a1f85f1e5af414ba65c276e0df1c5", kill_on_drop: false }`
[INFO] [stdout] b016cee622fe351e9faeb73141c62bfca22a1f85f1e5af414ba65c276e0df1c5
[INFO] running `Command { std: "docker" "create" "-v" "/var/lib/crater-agent-workspace/builds/worker-0-tc1/target:/opt/rustwide/target:rw,Z" "-v" "/var/lib/crater-agent-workspace/builds/worker-0-tc1/source:/opt/rustwide/workdir:ro,Z" "-v" "/var/lib/crater-agent-workspace/cargo-home:/opt/rustwide/cargo-home:ro,Z" "-v" "/var/lib/crater-agent-workspace/rustup-home:/opt/rustwide/rustup-home:ro,Z" "-e" "SOURCE_DIR=/opt/rustwide/workdir" "-e" "CARGO_TARGET_DIR=/opt/rustwide/target" "-e" "CARGO_INCREMENTAL=0" "-e" "RUST_BACKTRACE=full" "-e" "RUSTFLAGS=--cap-lints=warn" "-e" "RUSTDOCFLAGS=--cap-lints=warn" "-e" "CARGO_HOME=/opt/rustwide/cargo-home" "-e" "RUSTUP_HOME=/opt/rustwide/rustup-home" "-w" "/opt/rustwide/workdir" "-m" "1610612736" "--user" "0:0" "--network" "none" "ghcr.io/rust-lang/crates-build-env/linux@sha256:f3a9d4ad9d972b27faf3965f35b62e55ba32bbce8f20bc8fe909558a86702fde" "/opt/rustwide/cargo-home/bin/cargo" "+1.83.0" "build" "--frozen" "--message-format=json", kill_on_drop: false }`
[INFO] [stdout] f1237fceec2e20f44a8f4c79fd78ea4906079db3861b4b45384e684de0d51f06
[INFO] running `Command { std: "docker" "start" "-a" "f1237fceec2e20f44a8f4c79fd78ea4906079db3861b4b45384e684de0d51f06", kill_on_drop: false }`
[INFO] [stderr]    Compiling libc v0.2.125
[INFO] [stderr]    Compiling proc-macro2 v1.0.37
[INFO] [stderr]    Compiling unicode-xid v0.2.3
[INFO] [stderr]    Compiling syn v1.0.92
[INFO] [stderr]    Compiling memchr v2.5.0
[INFO] [stderr]    Compiling once_cell v1.10.0
[INFO] [stderr]    Compiling typenum v1.15.0
[INFO] [stderr]    Compiling log v0.4.17
[INFO] [stderr]    Compiling futures-core v0.3.21
[INFO] [stderr]    Compiling serde_derive v1.0.137
[INFO] [stderr]    Compiling serde v1.0.137
[INFO] [stderr]    Compiling pkg-config v0.3.25
[INFO] [stderr]    Compiling libm v0.2.2
[INFO] [stderr]    Compiling generic-array v0.14.5
[INFO] [stderr]    Compiling ahash v0.7.6
[INFO] [stderr]    Compiling pin-project-lite v0.2.9
[INFO] [stderr]    Compiling num-traits v0.2.15
[INFO] [stderr]    Compiling spin v0.5.2
[INFO] [stderr]    Compiling lazy_static v1.4.0
[INFO] [stderr]    Compiling smallvec v1.8.0
[INFO] [stderr]    Compiling tinyvec_macros v0.1.0
[INFO] [stderr]    Compiling bytes v1.1.0
[INFO] [stderr]    Compiling num-integer v0.1.45
[INFO] [stderr]    Compiling tinyvec v1.6.0
[INFO] [stderr]    Compiling lock_api v0.4.7
[INFO] [stderr]    Compiling bitflags v1.3.2
[INFO] [stderr]    Compiling parking_lot_core v0.8.5
[INFO] [stderr]    Compiling base64ct v1.5.0
[INFO] [stderr]    Compiling subtle v2.4.1
[INFO] [stderr]    Compiling instant v0.1.12
[INFO] [stderr]    Compiling standback v0.2.17
[INFO] [stderr]    Compiling proc-macro-hack v0.5.19
[INFO] [stderr]    Compiling matches v0.1.9
[INFO] [stderr]    Compiling const-oid v0.7.1
[INFO] [stderr]    Compiling futures-task v0.3.21
[INFO] [stderr]    Compiling itoa v1.0.1
[INFO] [stderr]    Compiling futures-channel v0.3.21
[INFO] [stderr]    Compiling openssl v0.10.39
[INFO] [stderr]    Compiling futures-sink v0.3.21
[INFO] [stderr]    Compiling pem-rfc7468 v0.3.1
[INFO] [stderr]    Compiling unicode-bidi v0.3.8
[INFO] [stderr]    Compiling scopeguard v1.1.0
[INFO] [stderr]    Compiling num-iter v0.1.43
[INFO] [stderr]    Compiling futures-util v0.3.21
[INFO] [stderr]    Compiling zeroize v1.5.5
[INFO] [stderr]    Compiling percent-encoding v2.1.0
[INFO] [stderr]    Compiling ppv-lite86 v0.2.16
[INFO] [stderr]    Compiling jobserver v0.1.24
[INFO] [stderr]    Compiling quote v1.0.18
[INFO] [stderr]    Compiling getrandom v0.2.6
[INFO] [stderr]    Compiling socket2 v0.4.4
[INFO] [stderr]    Compiling mio v0.8.2
[INFO] [stderr]    Compiling num_cpus v1.13.1
[INFO] [stderr]    Compiling unicode-normalization v0.1.19
[INFO] [stderr]    Compiling rand_core v0.6.3
[INFO] [stderr]    Compiling cc v1.0.73
[INFO] [stderr]    Compiling native-tls v0.2.10
[INFO] [stderr]    Compiling rand_chacha v0.3.1
[INFO] [stderr]    Compiling form_urlencoded v1.0.1
[INFO] [stderr]    Compiling parking_lot v0.11.2
[INFO] [stderr]    Compiling minimal-lexical v0.2.1
[INFO] [stderr]    Compiling byteorder v1.4.3
[INFO] [stderr]    Compiling num-bigint-dig v0.8.1
[INFO] [stderr]    Compiling const_fn v0.4.9
[INFO] [stderr]    Compiling futures-io v0.3.21
[INFO] [stderr]    Compiling crypto-bigint v0.3.2
[INFO] [stderr]    Compiling crypto-common v0.1.3
[INFO] [stderr]    Compiling block-buffer v0.10.2
[INFO] [stderr]    Compiling slab v0.4.6
[INFO] [stderr]    Compiling crossbeam-utils v0.8.8
[INFO] [stderr]    Compiling ucd-trie v0.1.3
[INFO] [stderr]    Compiling rand v0.8.5
[INFO] [stderr]    Compiling digest v0.10.3
[INFO] [stderr]    Compiling pest v2.1.3
[INFO] [stderr]    Compiling der v0.5.1
[INFO] [stderr]    Compiling nom v7.1.1
[INFO] [stderr]    Compiling hashbrown v0.11.2
[INFO] [stderr]    Compiling time v0.2.27
[INFO] [stderr]    Compiling idna v0.2.3
[INFO] [stderr]    Compiling num-bigint v0.3.3
[INFO] [stderr]    Compiling indexmap v1.8.1
[INFO] [stderr]    Compiling maplit v1.0.2
[INFO] [stderr]    Compiling serde_json v1.0.81
[INFO] [stderr]    Compiling crossbeam-queue v0.3.5
[INFO] [stderr]    Compiling cpufeatures v0.2.2
[INFO] [stderr]    Compiling unicode_categories v0.1.1
[INFO] [stderr]    Compiling crc-catalog v1.1.1
[INFO] [stderr]    Compiling ryu v1.0.9
[INFO] [stderr]    Compiling zstd-safe v4.1.4+zstd.1.5.2
[INFO] [stderr]    Compiling openssl-sys v0.9.73
[INFO] [stderr]    Compiling zstd-sys v1.6.3+zstd.1.5.2
[INFO] [stderr]    Compiling hashlink v0.7.0
[INFO] [stderr]    Compiling crc v2.1.0
[INFO] [stderr]    Compiling sha2 v0.10.2
[INFO] [stderr]    Compiling sha-1 v0.10.0
[INFO] [stderr]    Compiling url v2.2.2
[INFO] [stderr]    Compiling pest_meta v2.1.3
[INFO] [stderr]    Compiling stringprep v0.1.2
[INFO] [stderr]    Compiling atoi v0.4.0
[INFO] [stderr]    Compiling futures-intrusive v0.4.0
[INFO] [stderr]    Compiling spki v0.5.4
[INFO] [stderr]    Compiling hashbrown v0.12.1
[INFO] [stderr]    Compiling pkcs8 v0.8.0
[INFO] [stderr]    Compiling paste v1.0.7
[INFO] [stderr]    Compiling num_threads v0.1.5
[INFO] [stderr]    Compiling prometheus v0.13.0
[INFO] [stderr]    Compiling dlv-list v0.3.0
[INFO] [stderr]    Compiling event-listener v2.5.2
[INFO] [stderr]    Compiling unicode-segmentation v1.9.0
[INFO] [stderr]    Compiling pkcs1 v0.3.3
[INFO] [stderr]    Compiling hex v0.4.3
[INFO] [stderr]    Compiling async-trait v0.1.53
[INFO] [stderr]    Compiling time-macros v0.2.4
[INFO] [stderr]    Compiling heck v0.4.0
[INFO] [stderr]    Compiling aho-corasick v0.7.18
[INFO] [stderr]    Compiling signal-hook v0.3.13
[INFO] [stderr]    Compiling linked-hash-map v0.5.4
[INFO] [stderr]    Compiling dotenv v0.15.0
[INFO] [stderr]    Compiling regex-syntax v0.6.25
[INFO] [stderr]    Compiling ascii v1.0.0
[INFO] [stderr]    Compiling chunked_transfer v1.4.0
[INFO] [stderr]    Compiling base64 v0.13.0
[INFO] [stderr]    Compiling atty v0.2.14
[INFO] [stderr]    Compiling yaml-rust v0.4.5
[INFO] [stderr]    Compiling rsa v0.6.1
[INFO] [stderr]    Compiling signal-hook-registry v1.4.0
[INFO] [stderr]    Compiling ordered-multimap v0.4.3
[INFO] [stderr]    Compiling termcolor v1.1.3
[INFO] [stderr]    Compiling humantime v2.1.0
[INFO] [stderr]    Compiling pathdiff v0.2.1
[INFO] [stderr]    Compiling faf-replay-parser v0.5.2
[INFO] [stderr]    Compiling weak-table v0.3.2
[INFO] [stderr]    Compiling rust-ini v0.18.0
[INFO] [stderr]    Compiling regex v1.5.5
[INFO] [stderr]    Compiling time v0.3.9
[INFO] [stderr]    Compiling pest_generator v2.1.3
[INFO] [stderr]    Compiling tiny_http v0.10.0
[INFO] [stderr]    Compiling env_logger v0.9.0
[INFO] [stderr]    Compiling tokio-macros v1.7.0
[INFO] [stderr]    Compiling openssl-macros v0.1.0
[INFO] [stderr]    Compiling thiserror-impl v1.0.31
[INFO] [stderr]    Compiling futures-macro v0.3.21
[INFO] [stderr]    Compiling time-macros-impl v0.1.2
[INFO] [stderr]    Compiling pest_derive v2.1.0
[INFO] [stderr]    Compiling async-stream-impl v0.3.3
[INFO] [stderr]    Compiling tokio v1.18.1
[INFO] [stderr]    Compiling time-macros v0.1.1
[INFO] [stderr]    Compiling async-stream v0.3.3
[INFO] [stderr]    Compiling thiserror v1.0.31
[INFO] [stderr]    Compiling prometheus_exporter v0.8.4
[INFO] [stderr]    Compiling tokio-native-tls v0.3.0
[INFO] [stderr]    Compiling tokio-stream v0.1.8
[INFO] [stderr]    Compiling tokio-util v0.7.1
[INFO] [stderr]    Compiling sqlx-rt v0.5.13
[INFO] [stderr]    Compiling futures-executor v0.3.21
[INFO] [stderr]    Compiling futures v0.3.21
[INFO] [stderr]    Compiling either v1.6.1
[INFO] [stderr]    Compiling ron v0.7.0
[INFO] [stderr]    Compiling json5 v0.4.1
[INFO] [stderr]    Compiling toml v0.5.9
[INFO] [stderr]    Compiling itertools v0.10.3
[INFO] [stderr]    Compiling config v0.13.1
[INFO] [stderr]    Compiling sqlformat v0.1.8
[INFO] [stderr]    Compiling zstd v0.10.0+zstd.1.5.2
[INFO] [stderr]    Compiling async-compression v0.3.12
[INFO] [stderr]    Compiling sqlx-core v0.5.13
[INFO] [stderr]    Compiling sqlx-macros v0.5.13
[INFO] [stderr]    Compiling sqlx v0.5.13
[INFO] [stderr]    Compiling faf-rust-replayserver v0.3.2 (/opt/rustwide/workdir)
[INFO] [stderr]     Finished `dev` profile [unoptimized + debuginfo] target(s) in 1m 34s
[INFO] running `Command { std: "docker" "inspect" "f1237fceec2e20f44a8f4c79fd78ea4906079db3861b4b45384e684de0d51f06", kill_on_drop: false }`
[INFO] running `Command { std: "docker" "rm" "-f" "f1237fceec2e20f44a8f4c79fd78ea4906079db3861b4b45384e684de0d51f06", kill_on_drop: false }`
[INFO] [stdout] f1237fceec2e20f44a8f4c79fd78ea4906079db3861b4b45384e684de0d51f06
[INFO] running `Command { std: "docker" "create" "-v" "/var/lib/crater-agent-workspace/builds/worker-0-tc1/target:/opt/rustwide/target:rw,Z" "-v" "/var/lib/crater-agent-workspace/builds/worker-0-tc1/source:/opt/rustwide/workdir:ro,Z" "-v" "/var/lib/crater-agent-workspace/cargo-home:/opt/rustwide/cargo-home:ro,Z" "-v" "/var/lib/crater-agent-workspace/rustup-home:/opt/rustwide/rustup-home:ro,Z" "-e" "SOURCE_DIR=/opt/rustwide/workdir" "-e" "CARGO_TARGET_DIR=/opt/rustwide/target" "-e" "CARGO_INCREMENTAL=0" "-e" "RUST_BACKTRACE=full" "-e" "RUSTFLAGS=--cap-lints=warn" "-e" "RUSTDOCFLAGS=--cap-lints=warn" "-e" "CARGO_HOME=/opt/rustwide/cargo-home" "-e" "RUSTUP_HOME=/opt/rustwide/rustup-home" "-w" "/opt/rustwide/workdir" "-m" "1610612736" "--user" "0:0" "--network" "none" "ghcr.io/rust-lang/crates-build-env/linux@sha256:f3a9d4ad9d972b27faf3965f35b62e55ba32bbce8f20bc8fe909558a86702fde" "/opt/rustwide/cargo-home/bin/cargo" "+1.83.0" "test" "--frozen" "--no-run" "--message-format=json", kill_on_drop: false }`
[INFO] [stdout] d728b107c96765bdb608d8e47a3ba32c438d7f96cd932b0825fd5ef05e2267e5
[INFO] running `Command { std: "docker" "start" "-a" "d728b107c96765bdb608d8e47a3ba32c438d7f96cd932b0825fd5ef05e2267e5", kill_on_drop: false }`
[INFO] [stderr]    Compiling strsim v0.10.0
[INFO] [stderr]    Compiling ident_case v1.0.1
[INFO] [stderr]    Compiling fastrand v1.7.0
[INFO] [stderr]    Compiling tempfile v3.3.0
[INFO] [stderr]    Compiling darling_core v0.13.4
[INFO] [stderr]    Compiling darling_macro v0.13.4
[INFO] [stderr]    Compiling darling v0.13.4
[INFO] [stderr]    Compiling faux_macros v0.1.6
[INFO] [stderr]    Compiling faux v0.1.6
[INFO] [stderr]    Compiling faf-rust-replayserver v0.3.2 (/opt/rustwide/workdir)
[INFO] [stderr]     Finished `test` profile [unoptimized + debuginfo] target(s) in 19.70s
[INFO] running `Command { std: "docker" "inspect" "d728b107c96765bdb608d8e47a3ba32c438d7f96cd932b0825fd5ef05e2267e5", kill_on_drop: false }`
[INFO] running `Command { std: "docker" "rm" "-f" "d728b107c96765bdb608d8e47a3ba32c438d7f96cd932b0825fd5ef05e2267e5", kill_on_drop: false }`
[INFO] [stdout] d728b107c96765bdb608d8e47a3ba32c438d7f96cd932b0825fd5ef05e2267e5
[INFO] running `Command { std: "docker" "create" "-v" "/var/lib/crater-agent-workspace/builds/worker-0-tc1/target:/opt/rustwide/target:rw,Z" "-v" "/var/lib/crater-agent-workspace/builds/worker-0-tc1/source:/opt/rustwide/workdir:ro,Z" "-v" "/var/lib/crater-agent-workspace/cargo-home:/opt/rustwide/cargo-home:ro,Z" "-v" "/var/lib/crater-agent-workspace/rustup-home:/opt/rustwide/rustup-home:ro,Z" "-e" "SOURCE_DIR=/opt/rustwide/workdir" "-e" "CARGO_TARGET_DIR=/opt/rustwide/target" "-e" "CARGO_INCREMENTAL=0" "-e" "RUST_BACKTRACE=full" "-e" "RUSTFLAGS=--cap-lints=warn" "-e" "RUSTDOCFLAGS=--cap-lints=warn" "-e" "CARGO_HOME=/opt/rustwide/cargo-home" "-e" "RUSTUP_HOME=/opt/rustwide/rustup-home" "-w" "/opt/rustwide/workdir" "-m" "1610612736" "--user" "0:0" "--network" "none" "ghcr.io/rust-lang/crates-build-env/linux@sha256:f3a9d4ad9d972b27faf3965f35b62e55ba32bbce8f20bc8fe909558a86702fde" "/opt/rustwide/cargo-home/bin/cargo" "+1.83.0" "test" "--frozen", kill_on_drop: false }`
[INFO] [stdout] 611ea4d58ffd3f2a9adfbcf43ddcca18bceeffa4affe57d2edd87c5010d7af51
[INFO] running `Command { std: "docker" "start" "-a" "611ea4d58ffd3f2a9adfbcf43ddcca18bceeffa4affe57d2edd87c5010d7af51", kill_on_drop: false }`
[INFO] [stderr]     Finished `test` profile [unoptimized + debuginfo] target(s) in 0.23s
[INFO] [stderr]      Running unittests src/lib.rs (/opt/rustwide/target/debug/deps/faf_rust_replayserver-2e4c28f051153994)
[INFO] [stdout] 
[INFO] [stdout] running 74 tests
[INFO] [stdout] test accept::header::test::test_connection_header_invalid_type ... ok
[INFO] [stdout] test accept::header::test::test_connection_header_replay_info_invalid_unicode ... ok
[INFO] [stdout] test accept::header::test::test_connection_header_replay_info_limit_overrun ... ok
[INFO] [stdout] test accept::header::test::test_connection_header_replay_info_more_slashes ... ok
[INFO] [stdout] test accept::header::test::test_connection_header_replay_info ... ok
[INFO] [stdout] test accept::header::test::test_connection_header_replay_info_no_delimiter ... ok
[INFO] [stdout] test accept::header::test::test_connection_header_replay_info_negative_id ... ok
[INFO] [stdout] test accept::header::test::test_connection_header_replay_info_no_null_end ... ok
[INFO] [stdout] test accept::header::test::test_connection_header_replay_uid_not_int ... ok
[INFO] [stdout] test database::database::test::test_db_game_on_new_map_version ... ignored
[INFO] [stdout] test database::database::test::test_db_game_on_old_map_version ... ignored
[INFO] [stdout] test config::test::test_config_needs_password ... ok
[INFO] [stdout] test accept::header::test::test_connection_header_type_short_data ... ok
[INFO] [stdout] test config::test::test_config_needs_file ... ok
[INFO] [stdout] test database::database::test::test_db_game_with_ai_only ... ignored
[INFO] [stdout] test database::database::test::test_db_game_with_max_nulls ... ignored
[INFO] [stdout] test database::database::test::test_db_game_with_no_end_time ... ignored
[INFO] [stdout] test database::database::test::test_db_game_with_no_players ... ignored
[INFO] [stdout] test database::database::test::test_db_game_with_null_modname ... ignored
[INFO] [stdout] test database::database::test::test_db_init ... ignored
[INFO] [stdout] test database::database::test::test_db_ladder_mod_is_ignored ... ignored
[INFO] [stdout] test database::database::test::test_db_mod_selects_newest_file ... ignored
[INFO] [stdout] test database::database::test::test_db_mod_with_no_files ... ignored
[INFO] [stdout] test database::database::test::test_db_mod_with_odd_characters ... ignored
[INFO] [stdout] test config::test::test_example_config_load ... ok
[INFO] [stdout] test database::database::test::test_db_nonexistent_game ... ignored
[INFO] [stdout] test database::database::test::test_db_nonexistent_mod_is_empty ... ignored
[INFO] [stdout] test database::database::test::test_db_players_with_ai ... ignored
[INFO] [stdout] test database::database::test::test_db_typical_game ... ignored
[INFO] [stdout] test database::database::test::test_db_typical_mod ... ignored
[INFO] [stdout] test database::database::test::test_game_ticks ... ignored
[INFO] [stdout] test replay::receive::quorum_merge_strategy::tests::test_strategy_simple_fuzzing ... ignored
[INFO] [stdout] test database::queries::test::test_game_mod_versions ... ok
[INFO] [stdout] test database::queries::test::test_teams_in_game ... ok
[INFO] [stdout] test replay::receive::quorum_merge_strategy::tests::test_strategy_later_has_more_data ... ok
[INFO] [stdout] test database::queries::test::test_usual_game_stats ... ok
[INFO] [stdout] test replay::receive::quorum_merge_strategy::tests::test_strategy_picks_at_least_one_header ... ok
[INFO] [stdout] test replay::replay::test::test_replay_forced_timeout ... ok
[INFO] [stdout] test replay::replay::test::test_replay_stops_accepting_connections ... ok
[INFO] [stdout] test replay::save::directory::test::test_replay_path_uses_provided_directory ... ok
[INFO] [stdout] test accept::header::test::test_connection_header_type ... ok
[INFO] [stdout] test replay::receive::quorum_merge_strategy::tests::test_strategy_ends_stream_when_finalized ... ok
[INFO] [stdout] test replay::receive::quorum_merge_strategy::tests::test_strategy_gets_common_prefix_of_all ... ok
[INFO] [stdout] test database::queries::test::test_game_stats_none_fields ... ok
[INFO] [stdout] test replay::receive::quorum_merge_strategy::tests::test_strategy_gets_all_data_of_one ... ok
[INFO] [stdout] test replay::save::directory::test::test_replay_path_works_as_intended ... ok
[INFO] [stdout] test server::server::test::test_server_simple_benchmark ... ignored
[INFO] [stdout] test server::connection::test::read_until_exact_empty ... ok
[INFO] [stdout] test server::connection::test::read_until_exact_missing ... ok
[INFO] [stdout] test server::connection::test::read_until_exact_normal ... ok
[INFO] [stdout] test replay::save::saver::test::saver_can_read_example_replay_ticks ... ok
[INFO] [stdout] test util::buf_deque::test::test_iter_chunks ... ok
[INFO] [stdout] test util::buf_deque::test::test_partial_write_after_discard ... ok
[INFO] [stdout] test replay::streams::header::test::example_header ... ok
[INFO] [stdout] test util::buf_deque::test::test_append ... ok
[INFO] [stdout] test util::buf_deque::test::test_chunks_are_discarded_beyond_end ... ok
[INFO] [stdout] test util::empty_counter::test::test_empty_counter_multiple_waiters_breaks ... ok
[INFO] [stdout] test util::timeout::test::cancel_cancelled ... ok
[INFO] [stdout] test util::empty_counter::test::test_empty_counter_wait_twice ... ok
[INFO] [stdout] test util::timeout::test::cancel_normal ... ok
[INFO] [stdout] test util::empty_counter::test::test_empty_counter_multiple_waiters_concurrent ... ok
[INFO] [stdout] test util::empty_counter::test::test_empty_counter_no_waiters ... ok
[INFO] [stdout] test util::timeout::test::timeout_timeout ... ok
[INFO] [stdout] test util::empty_counter::test::test_empty_counter_one_waiter ... ok
[INFO] [stdout] test replay::save::json_header::test::serialized_header_looks_as_expected ... ok
[INFO] [stdout] test util::timeout::test::timeout_normal ... ok
[INFO] [stdout] test replay::replay::test::test_replay_one_writer_one_reader ... ok
[INFO] [stdout] test util::buf_deque::test::test_get_chunk ... ok
[INFO] [stdout] test util::buf_deque::test::test_discard_data_immediately ... ok
[INFO] [stdout] test replay::streams::header::test::short_header ... ok
[INFO] [stdout] test replay::streams::header::test::too_large_header ... ok
[INFO] [stdout] test server::server::test::test_server_single_empty_connection ... FAILED
[INFO] [stdout] test server::server::test::test_server_ends_quickly ... ok
[INFO] [stdout] test server::server::test::test_server_one_writer_one_reader ... ok
[INFO] [stdout] 
[INFO] [stdout] failures:
[INFO] [stdout] 
[INFO] [stdout] ---- server::server::test::test_server_single_empty_connection stdout ----
[INFO] [stdout] thread 'server::server::test::test_server_single_empty_connection' panicked at src/server/server.rs:138:25:
[INFO] [stdout] Server should have quit after connection timeout
[INFO] [stdout] stack backtrace:
[INFO] [stdout]    0:     0x5980718a48ca - std::backtrace_rs::backtrace::libunwind::trace::h5a5b8284f2d0c266
[INFO] [stdout]                                at /rustc/90b35a6239c3d8bdabc530a6a0816f7ff89a0aaf/library/std/src/../../backtrace/src/backtrace/libunwind.rs:116:5
[INFO] [stdout]    1:     0x5980718a48ca - std::backtrace_rs::backtrace::trace_unsynchronized::h76d4f1c9b0b875e3
[INFO] [stdout]                                at /rustc/90b35a6239c3d8bdabc530a6a0816f7ff89a0aaf/library/std/src/../../backtrace/src/backtrace/mod.rs:66:5
[INFO] [stdout]    2:     0x5980718a48ca - std::sys::backtrace::_print_fmt::hc4546b8364a537c6
[INFO] [stdout]                                at /rustc/90b35a6239c3d8bdabc530a6a0816f7ff89a0aaf/library/std/src/sys/backtrace.rs:66:9
[INFO] [stdout]    3:     0x5980718a48ca - <std::sys::backtrace::BacktraceLock::print::DisplayBacktrace as core::fmt::Display>::fmt::h5b6bd5631a6d1f6b
[INFO] [stdout]                                at /rustc/90b35a6239c3d8bdabc530a6a0816f7ff89a0aaf/library/std/src/sys/backtrace.rs:39:26
[INFO] [stdout]    4:     0x5980718cec73 - core::fmt::rt::Argument::fmt::h270f6602a2b96f62
[INFO] [stdout]                                at /rustc/90b35a6239c3d8bdabc530a6a0816f7ff89a0aaf/library/core/src/fmt/rt.rs:177:76
[INFO] [stdout]    5:     0x5980718cec73 - core::fmt::write::h7550c97b06c86515
[INFO] [stdout]                                at /rustc/90b35a6239c3d8bdabc530a6a0816f7ff89a0aaf/library/core/src/fmt/mod.rs:1186:21
[INFO] [stdout]    6:     0x5980718a0fe3 - std::io::Write::write_fmt::h509ff860e5956e5e
[INFO] [stdout]                                at /rustc/90b35a6239c3d8bdabc530a6a0816f7ff89a0aaf/library/std/src/io/mod.rs:1839:15
[INFO] [stdout]    7:     0x5980718a4712 - std::sys::backtrace::BacktraceLock::print::h2395ccd2c84ba3aa
[INFO] [stdout]                                at /rustc/90b35a6239c3d8bdabc530a6a0816f7ff89a0aaf/library/std/src/sys/backtrace.rs:42:9
[INFO] [stdout]    8:     0x5980718a5d2a - std::panicking::default_hook::{{closure}}::he19d4c7230e07961
[INFO] [stdout]                                at /rustc/90b35a6239c3d8bdabc530a6a0816f7ff89a0aaf/library/std/src/panicking.rs:268:22
[INFO] [stdout]    9:     0x5980718a5b34 - std::panicking::default_hook::hf614597d3c67bbdb
[INFO] [stdout]                                at /rustc/90b35a6239c3d8bdabc530a6a0816f7ff89a0aaf/library/std/src/panicking.rs:292:9
[INFO] [stdout]   10:     0x598071394a29 - <alloc::boxed::Box<F,A> as core::ops::function::Fn<Args>>::call::h39b51ce4599c23d1
[INFO] [stdout]                                at /rustc/90b35a6239c3d8bdabc530a6a0816f7ff89a0aaf/library/alloc/src/boxed.rs:2468:9
[INFO] [stdout]   11:     0x598071394a29 - test::test_main::{{closure}}::he977ae839a582784
[INFO] [stdout]                                at /rustc/90b35a6239c3d8bdabc530a6a0816f7ff89a0aaf/library/test/src/lib.rs:133:21
[INFO] [stdout]   12:     0x5980718a63c8 - <alloc::boxed::Box<F,A> as core::ops::function::Fn<Args>>::call::h9455091b6b06f9fb
[INFO] [stdout]                                at /rustc/90b35a6239c3d8bdabc530a6a0816f7ff89a0aaf/library/alloc/src/boxed.rs:2468:9
[INFO] [stdout]   13:     0x5980718a63c8 - std::panicking::rust_panic_with_hook::h8942133a8b252070
[INFO] [stdout]                                at /rustc/90b35a6239c3d8bdabc530a6a0816f7ff89a0aaf/library/std/src/panicking.rs:809:13
[INFO] [stdout]   14:     0x59807162cdda - std::panicking::begin_panic::{{closure}}::hf4222b9ff74455d5
[INFO] [stdout]                                at /rustc/90b35a6239c3d8bdabc530a6a0816f7ff89a0aaf/library/std/src/panicking.rs:738:9
[INFO] [stdout]   15:     0x59807162cc8a - std::sys::backtrace::__rust_end_short_backtrace::hd580cb7e5d8fea4e
[INFO] [stdout]                                at /rustc/90b35a6239c3d8bdabc530a6a0816f7ff89a0aaf/library/std/src/sys/backtrace.rs:170:18
[INFO] [stdout]   16:     0x59807162cd83 - std::panicking::begin_panic::h6e3662d22558f194
[INFO] [stdout]                                at /rustc/90b35a6239c3d8bdabc530a6a0816f7ff89a0aaf/library/std/src/panicking.rs:737:5
[INFO] [stdout]   17:     0x598071021b43 - faf_rust_replayserver::server::server::test::test_server_single_empty_connection::{{closure}}::h7430195156f786ca
[INFO] [stdout]                                at /opt/rustwide/workdir/src/server/server.rs:138:25
[INFO] [stdout]   18:     0x5980710df07d - <core::pin::Pin<P> as core::future::future::Future>::poll::h5d09e1c6be6f8e84
[INFO] [stdout]                                at /rustc/90b35a6239c3d8bdabc530a6a0816f7ff89a0aaf/library/core/src/future/future.rs:123:9
[INFO] [stdout]   19:     0x598070fafebf - tokio::runtime::basic_scheduler::CoreGuard::block_on::{{closure}}::{{closure}}::{{closure}}::hb8c05802ded6b31e
[INFO] [stdout]                                at /opt/rustwide/cargo-home/registry/src/index.crates.io-6f17d22bba15001f/tokio-1.18.1/src/runtime/basic_scheduler.rs:507:48
[INFO] [stdout]   20:     0x598070ff7a33 - tokio::coop::with_budget::{{closure}}::h0315f54f986d11bf
[INFO] [stdout]                                at /opt/rustwide/cargo-home/registry/src/index.crates.io-6f17d22bba15001f/tokio-1.18.1/src/coop.rs:102:9
[INFO] [stdout]   21:     0x598070fd93da - std::thread::local::LocalKey<T>::try_with::h0f9ffff0a824f3d3
[INFO] [stdout]                                at /rustc/90b35a6239c3d8bdabc530a6a0816f7ff89a0aaf/library/std/src/thread/local.rs:283:12
[INFO] [stdout]   22:     0x598070fd6f5a - std::thread::local::LocalKey<T>::with::h82cec4ac9212ec5b
[INFO] [stdout]                                at /rustc/90b35a6239c3d8bdabc530a6a0816f7ff89a0aaf/library/std/src/thread/local.rs:260:9
[INFO] [stdout]   23:     0x598070faba99 - tokio::coop::with_budget::had2ec373e05530bc
[INFO] [stdout]                                at /opt/rustwide/cargo-home/registry/src/index.crates.io-6f17d22bba15001f/tokio-1.18.1/src/coop.rs:95:5
[INFO] [stdout]   24:     0x598070faba99 - tokio::coop::budget::hdc84899b30e57999
[INFO] [stdout]                                at /opt/rustwide/cargo-home/registry/src/index.crates.io-6f17d22bba15001f/tokio-1.18.1/src/coop.rs:72:5
[INFO] [stdout]   25:     0x598070faba99 - tokio::runtime::basic_scheduler::CoreGuard::block_on::{{closure}}::{{closure}}::h241a4af7dd9c7abf
[INFO] [stdout]                                at /opt/rustwide/cargo-home/registry/src/index.crates.io-6f17d22bba15001f/tokio-1.18.1/src/runtime/basic_scheduler.rs:507:25
[INFO] [stdout]   26:     0x598070f71a60 - tokio::runtime::basic_scheduler::Context::enter::h66f04d63a9d57165
[INFO] [stdout]                                at /opt/rustwide/cargo-home/registry/src/index.crates.io-6f17d22bba15001f/tokio-1.18.1/src/runtime/basic_scheduler.rs:361:19
[INFO] [stdout]   27:     0x598070fa9f5a - tokio::runtime::basic_scheduler::CoreGuard::block_on::{{closure}}::hf28aa46b8d619362
[INFO] [stdout]                                at /opt/rustwide/cargo-home/registry/src/index.crates.io-6f17d22bba15001f/tokio-1.18.1/src/runtime/basic_scheduler.rs:506:36
[INFO] [stdout]   28:     0x598070f92324 - tokio::runtime::basic_scheduler::CoreGuard::enter::{{closure}}::h0025a75d43fdf41a
[INFO] [stdout]                                at /opt/rustwide/cargo-home/registry/src/index.crates.io-6f17d22bba15001f/tokio-1.18.1/src/runtime/basic_scheduler.rs:564:57
[INFO] [stdout]   29:     0x59807119507d - tokio::macros::scoped_tls::ScopedKey<T>::set::h32b62f30bd72118d
[INFO] [stdout]                                at /opt/rustwide/cargo-home/registry/src/index.crates.io-6f17d22bba15001f/tokio-1.18.1/src/macros/scoped_tls.rs:61:9
[INFO] [stdout]   30:     0x598070f8d9bc - tokio::runtime::basic_scheduler::CoreGuard::enter::ha99ed279fb5177f4
[INFO] [stdout]                                at /opt/rustwide/cargo-home/registry/src/index.crates.io-6f17d22bba15001f/tokio-1.18.1/src/runtime/basic_scheduler.rs:564:27
[INFO] [stdout]   31:     0x598070f92a4a - tokio::runtime::basic_scheduler::CoreGuard::block_on::h0a9042e5c40080b1
[INFO] [stdout]                                at /opt/rustwide/cargo-home/registry/src/index.crates.io-6f17d22bba15001f/tokio-1.18.1/src/runtime/basic_scheduler.rs:497:9
[INFO] [stdout]   32:     0x598070f60d62 - tokio::runtime::basic_scheduler::BasicScheduler::block_on::hc4ff51633394c868
[INFO] [stdout]                                at /opt/rustwide/cargo-home/registry/src/index.crates.io-6f17d22bba15001f/tokio-1.18.1/src/runtime/basic_scheduler.rs:173:24
[INFO] [stdout]   33:     0x5980710100fd - tokio::runtime::Runtime::block_on::ha27fe0049cef4de3
[INFO] [stdout]                                at /opt/rustwide/cargo-home/registry/src/index.crates.io-6f17d22bba15001f/tokio-1.18.1/src/runtime/mod.rs:475:46
[INFO] [stdout]   34:     0x5980710210dd - faf_rust_replayserver::server::server::test::test_server_single_empty_connection::h76813d66cd87c59e
[INFO] [stdout]                                at /opt/rustwide/workdir/src/server/server.rs:140:9
[INFO] [stdout]   35:     0x598071020f87 - faf_rust_replayserver::server::server::test::test_server_single_empty_connection::{{closure}}::h1153783676df45a1
[INFO] [stdout]                                at /opt/rustwide/workdir/src/server/server.rs:116:51
[INFO] [stdout]   36:     0x598070fb5106 - core::ops::function::FnOnce::call_once::hcb610a6b45cc670f
[INFO] [stdout]                                at /rustc/90b35a6239c3d8bdabc530a6a0816f7ff89a0aaf/library/core/src/ops/function.rs:250:5
[INFO] [stdout]   37:     0x5980713993eb - core::ops::function::FnOnce::call_once::h109cf8051a59b34e
[INFO] [stdout]                                at /rustc/90b35a6239c3d8bdabc530a6a0816f7ff89a0aaf/library/core/src/ops/function.rs:250:5
[INFO] [stdout]   38:     0x5980713993eb - test::__rust_begin_short_backtrace::hf4fff89d377446ba
[INFO] [stdout]                                at /rustc/90b35a6239c3d8bdabc530a6a0816f7ff89a0aaf/library/test/src/lib.rs:621:18
[INFO] [stdout]   39:     0x598071398c27 - test::run_test_in_process::{{closure}}::h0e39181dd7ee5a43
[INFO] [stdout]                                at /rustc/90b35a6239c3d8bdabc530a6a0816f7ff89a0aaf/library/test/src/lib.rs:644:60
[INFO] [stdout]   40:     0x598071398c27 - <core::panic::unwind_safe::AssertUnwindSafe<F> as core::ops::function::FnOnce<()>>::call_once::hc5a66a30f0bdfd1f
[INFO] [stdout]                                at /rustc/90b35a6239c3d8bdabc530a6a0816f7ff89a0aaf/library/core/src/panic/unwind_safe.rs:272:9
[INFO] [stdout]   41:     0x598071398c27 - std::panicking::try::do_call::h873b7cf639554a5e
[INFO] [stdout]                                at /rustc/90b35a6239c3d8bdabc530a6a0816f7ff89a0aaf/library/std/src/panicking.rs:557:40
[INFO] [stdout]   42:     0x598071398c27 - std::panicking::try::hdb19862fad9c8bd1
[INFO] [stdout]                                at /rustc/90b35a6239c3d8bdabc530a6a0816f7ff89a0aaf/library/std/src/panicking.rs:520:19
[INFO] [stdout]   43:     0x598071398c27 - std::panic::catch_unwind::h281fe732d236d260
[INFO] [stdout]                                at /rustc/90b35a6239c3d8bdabc530a6a0816f7ff89a0aaf/library/std/src/panic.rs:358:14
[INFO] [stdout]   44:     0x598071398c27 - test::run_test_in_process::h949b6df8457ed338
[INFO] [stdout]                                at /rustc/90b35a6239c3d8bdabc530a6a0816f7ff89a0aaf/library/test/src/lib.rs:644:27
[INFO] [stdout]   45:     0x598071398c27 - test::run_test::{{closure}}::h52c556a6d4740e10
[INFO] [stdout]                                at /rustc/90b35a6239c3d8bdabc530a6a0816f7ff89a0aaf/library/test/src/lib.rs:565:43
[INFO] [stdout]   46:     0x59807135df04 - test::run_test::{{closure}}::h4237f6381c45ccb9
[INFO] [stdout]                                at /rustc/90b35a6239c3d8bdabc530a6a0816f7ff89a0aaf/library/test/src/lib.rs:595:41
[INFO] [stdout]   47:     0x59807135df04 - std::sys::backtrace::__rust_begin_short_backtrace::h505c97a579eca628
[INFO] [stdout]                                at /rustc/90b35a6239c3d8bdabc530a6a0816f7ff89a0aaf/library/std/src/sys/backtrace.rs:154:18
[INFO] [stdout]   48:     0x5980713615ce - std::thread::Builder::spawn_unchecked_::{{closure}}::{{closure}}::h9e86b2e2bc107ea3
[INFO] [stdout]                                at /rustc/90b35a6239c3d8bdabc530a6a0816f7ff89a0aaf/library/std/src/thread/mod.rs:538:17
[INFO] [stdout]   49:     0x5980713615ce - <core::panic::unwind_safe::AssertUnwindSafe<F> as core::ops::function::FnOnce<()>>::call_once::h8b06ddb275ff4a25
[INFO] [stdout]                                at /rustc/90b35a6239c3d8bdabc530a6a0816f7ff89a0aaf/library/core/src/panic/unwind_safe.rs:272:9
[INFO] [stdout]   50:     0x5980713615ce - std::panicking::try::do_call::hb26ecd7cd9a9355d
[INFO] [stdout]                                at /rustc/90b35a6239c3d8bdabc530a6a0816f7ff89a0aaf/library/std/src/panicking.rs:557:40
[INFO] [stdout]   51:     0x5980713615ce - std::panicking::try::h8ddeca9d705f9069
[INFO] [stdout]                                at /rustc/90b35a6239c3d8bdabc530a6a0816f7ff89a0aaf/library/std/src/panicking.rs:520:19
[INFO] [stdout]   52:     0x5980713615ce - std::panic::catch_unwind::h49e1c33078844c46
[INFO] [stdout]                                at /rustc/90b35a6239c3d8bdabc530a6a0816f7ff89a0aaf/library/std/src/panic.rs:358:14
[INFO] [stdout]   53:     0x5980713615ce - std::thread::Builder::spawn_unchecked_::{{closure}}::h6073db6ff56ad35d
[INFO] [stdout]                                at /rustc/90b35a6239c3d8bdabc530a6a0816f7ff89a0aaf/library/std/src/thread/mod.rs:537:30
[INFO] [stdout]   54:     0x5980713615ce - core::ops::function::FnOnce::call_once{{vtable.shim}}::h2c5a5f3779c774f1
[INFO] [stdout]                                at /rustc/90b35a6239c3d8bdabc530a6a0816f7ff89a0aaf/library/core/src/ops/function.rs:250:5
[INFO] [stdout]   55:     0x5980718aafdb - <alloc::boxed::Box<F,A> as core::ops::function::FnOnce<Args>>::call_once::hf75717d9f28faebf
[INFO] [stdout]                                at /rustc/90b35a6239c3d8bdabc530a6a0816f7ff89a0aaf/library/alloc/src/boxed.rs:2454:9
[INFO] [stdout]   56:     0x5980718aafdb - <alloc::boxed::Box<F,A> as core::ops::function::FnOnce<Args>>::call_once::h7bd883a5f3c5f3c1
[INFO] [stdout]                                at /rustc/90b35a6239c3d8bdabc530a6a0816f7ff89a0aaf/library/alloc/src/boxed.rs:2454:9
[INFO] [stdout]   57:     0x5980718aafdb - std::sys::pal::unix::thread::Thread::new::thread_start::hcc78f3943333fa94
[INFO] [stdout]                                at /rustc/90b35a6239c3d8bdabc530a6a0816f7ff89a0aaf/library/std/src/sys/pal/unix/thread.rs:105:17
[INFO] [stdout]   58:     0x7042f932cac3 - <unknown>
[INFO] [stdout]   59:     0x7042f93bda04 - clone
[INFO] [stdout]   60:                0x0 - <unknown>
[INFO] [stdout] 
[INFO] [stdout] 
[INFO] [stdout] failures:
[INFO] [stdout]     server::server::test::test_server_single_empty_connection
[INFO] [stdout] 
[INFO] [stdout] test result: FAILED. 53 passed; 1 failed; 20 ignored; 0 measured; 0 filtered out; finished in 3.09s
[INFO] [stdout] 
[INFO] [stderr] error: test failed, to rerun pass `--lib`
[INFO] running `Command { std: "docker" "inspect" "611ea4d58ffd3f2a9adfbcf43ddcca18bceeffa4affe57d2edd87c5010d7af51", kill_on_drop: false }`
[INFO] running `Command { std: "docker" "rm" "-f" "611ea4d58ffd3f2a9adfbcf43ddcca18bceeffa4affe57d2edd87c5010d7af51", kill_on_drop: false }`
[INFO] [stdout] 611ea4d58ffd3f2a9adfbcf43ddcca18bceeffa4affe57d2edd87c5010d7af51
