[INFO] cloning repository https://github.com/WebScrapingAPI/rust-sdk
[INFO] running `Command { std: "git" "-c" "credential.helper=" "-c" "credential.helper=/workspace/cargo-home/bin/git-credential-null" "clone" "--bare" "https://github.com/WebScrapingAPI/rust-sdk" "/workspace/cache/git-repos/https%3A%2F%2Fgithub.com%2FWebScrapingAPI%2Frust-sdk", kill_on_drop: false }`
[INFO] [stderr] Cloning into bare repository '/workspace/cache/git-repos/https%3A%2F%2Fgithub.com%2FWebScrapingAPI%2Frust-sdk'...
[INFO] running `Command { std: "git" "rev-parse" "HEAD", kill_on_drop: false }`
[INFO] [stdout] 2c4067cac15c182f3ebc73d6a2f96ae57c84b575
[INFO] testing WebScrapingAPI/rust-sdk against 1.83.0 for beta-1.84.0-4-retry
[INFO] running `Command { std: "git" "clone" "/workspace/cache/git-repos/https%3A%2F%2Fgithub.com%2FWebScrapingAPI%2Frust-sdk" "/workspace/builds/worker-0-tc1/source", kill_on_drop: false }`
[INFO] [stderr] Cloning into '/workspace/builds/worker-0-tc1/source'...
[INFO] [stderr] done.
[INFO] validating manifest of git repo https://github.com/WebScrapingAPI/rust-sdk on toolchain 1.83.0
[INFO] running `Command { std: CARGO_HOME="/workspace/cargo-home" RUSTUP_HOME="/workspace/rustup-home" "/workspace/cargo-home/bin/cargo" "+1.83.0" "metadata" "--manifest-path" "Cargo.toml" "--no-deps", kill_on_drop: false }`
[INFO] started tweaking git repo https://github.com/WebScrapingAPI/rust-sdk
[INFO] finished tweaking git repo https://github.com/WebScrapingAPI/rust-sdk
[INFO] tweaked toml for git repo https://github.com/WebScrapingAPI/rust-sdk written to /workspace/builds/worker-0-tc1/source/Cargo.toml
[INFO] crate git repo https://github.com/WebScrapingAPI/rust-sdk already has a lockfile, it will not be regenerated
[INFO] running `Command { std: CARGO_HOME="/workspace/cargo-home" RUSTUP_HOME="/workspace/rustup-home" "/workspace/cargo-home/bin/cargo" "+1.83.0" "fetch" "--manifest-path" "Cargo.toml", kill_on_drop: false }`
[INFO] [stderr]  Downloading crates ...
[INFO] [stderr]   Downloaded urlencoding v2.1.0
[INFO] running `Command { std: "docker" "create" "-v" "/var/lib/crater-agent-workspace/builds/worker-0-tc1/target:/opt/rustwide/target:rw,Z" "-v" "/var/lib/crater-agent-workspace/builds/worker-0-tc1/source:/opt/rustwide/workdir:ro,Z" "-v" "/var/lib/crater-agent-workspace/cargo-home:/opt/rustwide/cargo-home:ro,Z" "-v" "/var/lib/crater-agent-workspace/rustup-home:/opt/rustwide/rustup-home:ro,Z" "-e" "SOURCE_DIR=/opt/rustwide/workdir" "-e" "CARGO_TARGET_DIR=/opt/rustwide/target" "-e" "CARGO_HOME=/opt/rustwide/cargo-home" "-e" "RUSTUP_HOME=/opt/rustwide/rustup-home" "-w" "/opt/rustwide/workdir" "-m" "1610612736" "--user" "0:0" "--network" "none" "ghcr.io/rust-lang/crates-build-env/linux@sha256:f3a9d4ad9d972b27faf3965f35b62e55ba32bbce8f20bc8fe909558a86702fde" "/opt/rustwide/cargo-home/bin/cargo" "+1.83.0" "metadata" "--no-deps" "--format-version=1", kill_on_drop: false }`
[INFO] [stdout] c802c758e0920599c29d36ec93dabf0809c4dcc21c2d2ad1d1dbbc4370fd1426
[INFO] running `Command { std: "docker" "start" "-a" "c802c758e0920599c29d36ec93dabf0809c4dcc21c2d2ad1d1dbbc4370fd1426", kill_on_drop: false }`
[INFO] running `Command { std: "docker" "inspect" "c802c758e0920599c29d36ec93dabf0809c4dcc21c2d2ad1d1dbbc4370fd1426", kill_on_drop: false }`
[INFO] running `Command { std: "docker" "rm" "-f" "c802c758e0920599c29d36ec93dabf0809c4dcc21c2d2ad1d1dbbc4370fd1426", kill_on_drop: false }`
[INFO] [stdout] c802c758e0920599c29d36ec93dabf0809c4dcc21c2d2ad1d1dbbc4370fd1426
[INFO] running `Command { std: "docker" "create" "-v" "/var/lib/crater-agent-workspace/builds/worker-0-tc1/target:/opt/rustwide/target:rw,Z" "-v" "/var/lib/crater-agent-workspace/builds/worker-0-tc1/source:/opt/rustwide/workdir:ro,Z" "-v" "/var/lib/crater-agent-workspace/cargo-home:/opt/rustwide/cargo-home:ro,Z" "-v" "/var/lib/crater-agent-workspace/rustup-home:/opt/rustwide/rustup-home:ro,Z" "-e" "SOURCE_DIR=/opt/rustwide/workdir" "-e" "CARGO_TARGET_DIR=/opt/rustwide/target" "-e" "CARGO_INCREMENTAL=0" "-e" "RUST_BACKTRACE=full" "-e" "RUSTFLAGS=--cap-lints=warn" "-e" "RUSTDOCFLAGS=--cap-lints=warn" "-e" "CARGO_HOME=/opt/rustwide/cargo-home" "-e" "RUSTUP_HOME=/opt/rustwide/rustup-home" "-w" "/opt/rustwide/workdir" "-m" "1610612736" "--user" "0:0" "--network" "none" "ghcr.io/rust-lang/crates-build-env/linux@sha256:f3a9d4ad9d972b27faf3965f35b62e55ba32bbce8f20bc8fe909558a86702fde" "/opt/rustwide/cargo-home/bin/cargo" "+1.83.0" "build" "--frozen" "--message-format=json", kill_on_drop: false }`
[INFO] [stdout] 6cbb6fd4433f019055f8fa99ac85d22d5deedf9fa3e27ccc8612541e50d06101
[INFO] running `Command { std: "docker" "start" "-a" "6cbb6fd4433f019055f8fa99ac85d22d5deedf9fa3e27ccc8612541e50d06101", kill_on_drop: false }`
[INFO] [stderr]    Compiling libc v0.2.126
[INFO] [stderr]    Compiling proc-macro2 v1.0.40
[INFO] [stderr]    Compiling unicode-ident v1.0.1
[INFO] [stderr]    Compiling quote v1.0.20
[INFO] [stderr]    Compiling syn v1.0.98
[INFO] [stderr]    Compiling log v0.4.17
[INFO] [stderr]    Compiling once_cell v1.12.0
[INFO] [stderr]    Compiling lock_api v0.4.7
[INFO] [stderr]    Compiling parking_lot_core v0.9.3
[INFO] [stderr]    Compiling cc v1.0.73
[INFO] [stderr]    Compiling smallvec v1.8.1
[INFO] [stderr]    Compiling memchr v2.5.0
[INFO] [stderr]    Compiling futures-core v0.3.21
[INFO] [stderr]    Compiling bytes v1.1.0
[INFO] [stderr]    Compiling itoa v1.0.2
[INFO] [stderr]    Compiling futures-task v0.3.21
[INFO] [stderr]    Compiling indexmap v1.9.1
[INFO] [stderr]    Compiling openssl v0.10.40
[INFO] [stderr]    Compiling tracing-core v0.1.28
[INFO] [stderr]    Compiling foreign-types-shared v0.1.1
[INFO] [stderr]    Compiling futures-util v0.3.21
[INFO] [stderr]    Compiling foreign-types v0.3.2
[INFO] [stderr]    Compiling serde v1.0.137
[INFO] [stderr]    Compiling futures-sink v0.3.21
[INFO] [stderr]    Compiling native-tls v0.2.10
[INFO] [stderr]    Compiling hashbrown v0.12.1
[INFO] [stderr]    Compiling tinyvec_macros v0.1.0
[INFO] [stderr]    Compiling futures-channel v0.3.21
[INFO] [stderr]    Compiling httparse v1.7.1
[INFO] [stderr]    Compiling try-lock v0.2.3
[INFO] [stderr]    Compiling http v0.2.8
[INFO] [stderr]    Compiling tracing v0.1.35
[INFO] [stderr]    Compiling tinyvec v1.6.0
[INFO] [stderr]    Compiling openssl-probe v0.1.5
[INFO] [stderr]    Compiling percent-encoding v2.1.0
[INFO] [stderr]    Compiling slab v0.4.6
[INFO] [stderr]    Compiling form_urlencoded v1.0.1
[INFO] [stderr]    Compiling want v0.3.0
[INFO] [stderr]    Compiling httpdate v1.0.2
[INFO] [stderr]    Compiling num_cpus v1.13.1
[INFO] [stderr]    Compiling signal-hook-registry v1.4.0
[INFO] [stderr]    Compiling socket2 v0.4.4
[INFO] [stderr]    Compiling mio v0.8.4
[INFO] [stderr]    Compiling tower-service v0.3.2
[INFO] [stderr]    Compiling parking_lot v0.12.1
[INFO] [stderr]    Compiling ryu v1.0.10
[INFO] [stderr]    Compiling unicode-normalization v0.1.20
[INFO] [stderr]    Compiling unicode-bidi v0.3.8
[INFO] [stderr]    Compiling openssl-sys v0.9.74
[INFO] [stderr]    Compiling encoding_rs v0.8.31
[INFO] [stderr]    Compiling http-body v0.4.5
[INFO] [stderr]    Compiling serde_json v1.0.81
[INFO] [stderr]    Compiling base64 v0.13.0
[INFO] [stderr]    Compiling ipnet v2.5.0
[INFO] [stderr]    Compiling mime v0.3.16
[INFO] [stderr]    Compiling urlencoding v2.1.0
[INFO] [stderr]    Compiling idna v0.2.3
[INFO] [stderr]    Compiling url v2.2.2
[INFO] [stderr]    Compiling serde_urlencoded v0.7.1
[INFO] [stderr]    Compiling tokio-macros v1.8.0
[INFO] [stderr]    Compiling openssl-macros v0.1.0
[INFO] [stderr]    Compiling tokio v1.19.2
[INFO] [stderr]    Compiling tokio-util v0.7.3
[INFO] [stderr]    Compiling tokio-native-tls v0.3.0
[INFO] [stderr]    Compiling h2 v0.3.13
[INFO] [stderr]    Compiling hyper v0.14.19
[INFO] [stderr]    Compiling hyper-tls v0.5.0
[INFO] [stderr]    Compiling reqwest v0.11.11
[INFO] [stderr]    Compiling webscrapingapi v0.1.0 (/opt/rustwide/workdir)
[INFO] [stderr]     Finished `dev` profile [unoptimized + debuginfo] target(s) in 31.78s
[INFO] running `Command { std: "docker" "inspect" "6cbb6fd4433f019055f8fa99ac85d22d5deedf9fa3e27ccc8612541e50d06101", kill_on_drop: false }`
[INFO] running `Command { std: "docker" "rm" "-f" "6cbb6fd4433f019055f8fa99ac85d22d5deedf9fa3e27ccc8612541e50d06101", kill_on_drop: false }`
[INFO] [stdout] 6cbb6fd4433f019055f8fa99ac85d22d5deedf9fa3e27ccc8612541e50d06101
[INFO] running `Command { std: "docker" "create" "-v" "/var/lib/crater-agent-workspace/builds/worker-0-tc1/target:/opt/rustwide/target:rw,Z" "-v" "/var/lib/crater-agent-workspace/builds/worker-0-tc1/source:/opt/rustwide/workdir:ro,Z" "-v" "/var/lib/crater-agent-workspace/cargo-home:/opt/rustwide/cargo-home:ro,Z" "-v" "/var/lib/crater-agent-workspace/rustup-home:/opt/rustwide/rustup-home:ro,Z" "-e" "SOURCE_DIR=/opt/rustwide/workdir" "-e" "CARGO_TARGET_DIR=/opt/rustwide/target" "-e" "CARGO_INCREMENTAL=0" "-e" "RUST_BACKTRACE=full" "-e" "RUSTFLAGS=--cap-lints=warn" "-e" "RUSTDOCFLAGS=--cap-lints=warn" "-e" "CARGO_HOME=/opt/rustwide/cargo-home" "-e" "RUSTUP_HOME=/opt/rustwide/rustup-home" "-w" "/opt/rustwide/workdir" "-m" "1610612736" "--user" "0:0" "--network" "none" "ghcr.io/rust-lang/crates-build-env/linux@sha256:f3a9d4ad9d972b27faf3965f35b62e55ba32bbce8f20bc8fe909558a86702fde" "/opt/rustwide/cargo-home/bin/cargo" "+1.83.0" "test" "--frozen" "--no-run" "--message-format=json", kill_on_drop: false }`
[INFO] [stdout] 5b2425243cca3ec29a4488d0b48b25bc3f517a34361fea46a4c62779afbf240d
[INFO] running `Command { std: "docker" "start" "-a" "5b2425243cca3ec29a4488d0b48b25bc3f517a34361fea46a4c62779afbf240d", kill_on_drop: false }`
[INFO] [stderr]    Compiling webscrapingapi v0.1.0 (/opt/rustwide/workdir)
[INFO] [stderr]     Finished `test` profile [unoptimized + debuginfo] target(s) in 0.66s
[INFO] running `Command { std: "docker" "inspect" "5b2425243cca3ec29a4488d0b48b25bc3f517a34361fea46a4c62779afbf240d", kill_on_drop: false }`
[INFO] running `Command { std: "docker" "rm" "-f" "5b2425243cca3ec29a4488d0b48b25bc3f517a34361fea46a4c62779afbf240d", kill_on_drop: false }`
[INFO] [stdout] 5b2425243cca3ec29a4488d0b48b25bc3f517a34361fea46a4c62779afbf240d
[INFO] running `Command { std: "docker" "create" "-v" "/var/lib/crater-agent-workspace/builds/worker-0-tc1/target:/opt/rustwide/target:rw,Z" "-v" "/var/lib/crater-agent-workspace/builds/worker-0-tc1/source:/opt/rustwide/workdir:ro,Z" "-v" "/var/lib/crater-agent-workspace/cargo-home:/opt/rustwide/cargo-home:ro,Z" "-v" "/var/lib/crater-agent-workspace/rustup-home:/opt/rustwide/rustup-home:ro,Z" "-e" "SOURCE_DIR=/opt/rustwide/workdir" "-e" "CARGO_TARGET_DIR=/opt/rustwide/target" "-e" "CARGO_INCREMENTAL=0" "-e" "RUST_BACKTRACE=full" "-e" "RUSTFLAGS=--cap-lints=warn" "-e" "RUSTDOCFLAGS=--cap-lints=warn" "-e" "CARGO_HOME=/opt/rustwide/cargo-home" "-e" "RUSTUP_HOME=/opt/rustwide/rustup-home" "-w" "/opt/rustwide/workdir" "-m" "1610612736" "--user" "0:0" "--network" "none" "ghcr.io/rust-lang/crates-build-env/linux@sha256:f3a9d4ad9d972b27faf3965f35b62e55ba32bbce8f20bc8fe909558a86702fde" "/opt/rustwide/cargo-home/bin/cargo" "+1.83.0" "test" "--frozen", kill_on_drop: false }`
[INFO] [stdout] e0bd0b94fcd46251e6aafbfaa8074dc6602bbfb80ec2ca514539fdee4bf70628
[INFO] running `Command { std: "docker" "start" "-a" "e0bd0b94fcd46251e6aafbfaa8074dc6602bbfb80ec2ca514539fdee4bf70628", kill_on_drop: false }`
[INFO] [stderr]     Finished `test` profile [unoptimized + debuginfo] target(s) in 0.12s
[INFO] [stderr]      Running unittests src/lib.rs (/opt/rustwide/target/debug/deps/webscrapingapi-66b202b3a1097c28)
[INFO] [stdout] 
[INFO] [stdout] running 0 tests
[INFO] [stdout] 
[INFO] [stdout] test result: ok. 0 passed; 0 failed; 0 ignored; 0 measured; 0 filtered out; finished in 0.00s
[INFO] [stdout] 
[INFO] [stderr]    Doc-tests webscrapingapi
[INFO] [stdout] 
[INFO] [stdout] running 2 tests
[INFO] [stdout] test src/lib.rs - (line 14) ... FAILED
[INFO] [stdout] test src/lib.rs - (line 37) ... FAILED
[INFO] [stdout] 
[INFO] [stdout] failures:
[INFO] [stdout] 
[INFO] [stdout] ---- src/lib.rs - (line 14) stdout ----
[INFO] [stdout] error[E0412]: cannot find type `WebScrapingAPI` in this scope
[INFO] [stdout]  --> src/lib.rs:15:28
[INFO] [stdout]   |
[INFO] [stdout] 3 | async fn get_example(wsa: &WebScrapingAPI<'_>) -> Result<(), Box<dyn Error>> {
[INFO] [stdout]   |                            ^^^^^^^^^^^^^^ not found in this scope
[INFO] [stdout]   |
[INFO] [stdout] help: consider importing this struct
[INFO] [stdout]   |
[INFO] [stdout] 2 + use webscrapingapi::WebScrapingAPI;
[INFO] [stdout]   |
[INFO] [stdout] 
[INFO] [stdout] error[E0405]: cannot find trait `Error` in this scope
[INFO] [stdout]  --> src/lib.rs:15:70
[INFO] [stdout]   |
[INFO] [stdout] 3 | async fn get_example(wsa: &WebScrapingAPI<'_>) -> Result<(), Box<dyn Error>> {
[INFO] [stdout]   |                                                                      ^^^^^ not found in this scope
[INFO] [stdout]   |
[INFO] [stdout] help: consider importing this trait
[INFO] [stdout]   |
[INFO] [stdout] 2 + use std::error::Error;
[INFO] [stdout]   |
[INFO] [stdout] 
[INFO] [stdout] error[E0433]: failed to resolve: use of undeclared type `QueryBuilder`
[INFO] [stdout]  --> src/lib.rs:16:25
[INFO] [stdout]   |
[INFO] [stdout] 4 | let mut query_builder = QueryBuilder::new();
[INFO] [stdout]   |                         ^^^^^^^^^^^^ use of undeclared type `QueryBuilder`
[INFO] [stdout]   |
[INFO] [stdout] help: consider importing this struct
[INFO] [stdout]   |
[INFO] [stdout] 2 + use webscrapingapi::QueryBuilder;
[INFO] [stdout]   |
[INFO] [stdout] 
[INFO] [stdout] error[E0412]: cannot find type `HashMap` in this scope
[INFO] [stdout]  --> src/lib.rs:21:18
[INFO] [stdout]   |
[INFO] [stdout] 9 | let mut headers: HashMap<String, String> = HashMap::new();
[INFO] [stdout]   |                  ^^^^^^^ not found in this scope
[INFO] [stdout]   |
[INFO] [stdout] help: consider importing this struct
[INFO] [stdout]   |
[INFO] [stdout] 2 + use std::collections::HashMap;
[INFO] [stdout]   |
[INFO] [stdout] 
[INFO] [stdout] error[E0433]: failed to resolve: use of undeclared type `HashMap`
[INFO] [stdout]  --> src/lib.rs:21:44
[INFO] [stdout]   |
[INFO] [stdout] 9 | let mut headers: HashMap<String, String> = HashMap::new();
[INFO] [stdout]   |                                            ^^^^^^^ use of undeclared type `HashMap`
[INFO] [stdout]   |
[INFO] [stdout] help: consider importing this struct
[INFO] [stdout]   |
[INFO] [stdout] 2 + use std::collections::HashMap;
[INFO] [stdout]   |
[INFO] [stdout] 
[INFO] [stdout] error[E0581]: return type references an anonymous lifetime, which is not constrained by the fn input types
[INFO] [stdout]  --> src/lib.rs:15:1
[INFO] [stdout]   |
[INFO] [stdout] 3 | async fn get_example(wsa: &WebScrapingAPI<'_>) -> Result<(), Box<dyn Error>> {
[INFO] [stdout]   | ^^^^^^^^^^^^^^^^^^^^^^^^^^^^^^^^^^^^^^^^^^^^^^^^^^^^^^^^^^^^^^^^^^^^^^^^^^^^
[INFO] [stdout]   |
[INFO] [stdout]   = note: lifetimes appearing in an associated or opaque type are not considered constrained
[INFO] [stdout]   = note: consider introducing a named lifetime parameter
[INFO] [stdout] 
[INFO] [stdout] error: aborting due to 6 previous errors
[INFO] [stdout] 
[INFO] [stdout] Some errors have detailed explanations: E0405, E0412, E0433, E0581.
[INFO] [stdout] For more information about an error, try `rustc --explain E0405`.
[INFO] [stdout] Couldn't compile the test.
[INFO] [stdout] ---- src/lib.rs - (line 37) stdout ----
[INFO] [stdout] error[E0412]: cannot find type `WebScrapingAPI` in this scope
[INFO] [stdout]  --> src/lib.rs:38:32
[INFO] [stdout]   |
[INFO] [stdout] 3 | async fn raw_get_example(wsa: &WebScrapingAPI<'_>) -> Result<(), Box<dyn Error>> {
[INFO] [stdout]   |                                ^^^^^^^^^^^^^^ not found in this scope
[INFO] [stdout]   |
[INFO] [stdout] help: consider importing this struct
[INFO] [stdout]   |
[INFO] [stdout] 2 + use webscrapingapi::WebScrapingAPI;
[INFO] [stdout]   |
[INFO] [stdout] 
[INFO] [stdout] error[E0405]: cannot find trait `Error` in this scope
[INFO] [stdout]  --> src/lib.rs:38:74
[INFO] [stdout]   |
[INFO] [stdout] 3 | async fn raw_get_example(wsa: &WebScrapingAPI<'_>) -> Result<(), Box<dyn Error>> {
[INFO] [stdout]   |                                                                          ^^^^^ not found in this scope
[INFO] [stdout]   |
[INFO] [stdout] help: consider importing this trait
[INFO] [stdout]   |
[INFO] [stdout] 2 + use std::error::Error;
[INFO] [stdout]   |
[INFO] [stdout] 
[INFO] [stdout] error[E0412]: cannot find type `HashMap` in this scope
[INFO] [stdout]  --> src/lib.rs:39:17
[INFO] [stdout]   |
[INFO] [stdout] 4 | let mut params: HashMap<&str, &str> = HashMap::new();
[INFO] [stdout]   |                 ^^^^^^^ not found in this scope
[INFO] [stdout]   |
[INFO] [stdout] help: consider importing this struct
[INFO] [stdout]   |
[INFO] [stdout] 2 + use std::collections::HashMap;
[INFO] [stdout]   |
[INFO] [stdout] 
[INFO] [stdout] error[E0433]: failed to resolve: use of undeclared type `HashMap`
[INFO] [stdout]  --> src/lib.rs:39:39
[INFO] [stdout]   |
[INFO] [stdout] 4 | let mut params: HashMap<&str, &str> = HashMap::new();
[INFO] [stdout]   |                                       ^^^^^^^ use of undeclared type `HashMap`
[INFO] [stdout]   |
[INFO] [stdout] help: consider importing this struct
[INFO] [stdout]   |
[INFO] [stdout] 2 + use std::collections::HashMap;
[INFO] [stdout]   |
[INFO] [stdout] 
[INFO] [stdout] error[E0412]: cannot find type `HashMap` in this scope
[INFO] [stdout]  --> src/lib.rs:42:18
[INFO] [stdout]   |
[INFO] [stdout] 7 | let mut headers: HashMap<String, String> = HashMap::new();
[INFO] [stdout]   |                  ^^^^^^^ not found in this scope
[INFO] [stdout]   |
[INFO] [stdout] help: consider importing this struct
[INFO] [stdout]   |
[INFO] [stdout] 2 + use std::collections::HashMap;
[INFO] [stdout]   |
[INFO] [stdout] 
[INFO] [stdout] error[E0433]: failed to resolve: use of undeclared type `HashMap`
[INFO] [stdout]  --> src/lib.rs:42:44
[INFO] [stdout]   |
[INFO] [stdout] 7 | let mut headers: HashMap<String, String> = HashMap::new();
[INFO] [stdout]   |                                            ^^^^^^^ use of undeclared type `HashMap`
[INFO] [stdout]   |
[INFO] [stdout] help: consider importing this struct
[INFO] [stdout]   |
[INFO] [stdout] 2 + use std::collections::HashMap;
[INFO] [stdout]   |
[INFO] [stdout] 
[INFO] [stdout] error[E0581]: return type references an anonymous lifetime, which is not constrained by the fn input types
[INFO] [stdout]  --> src/lib.rs:38:1
[INFO] [stdout]   |
[INFO] [stdout] 3 | async fn raw_get_example(wsa: &WebScrapingAPI<'_>) -> Result<(), Box<dyn Error>> {
[INFO] [stdout]   | ^^^^^^^^^^^^^^^^^^^^^^^^^^^^^^^^^^^^^^^^^^^^^^^^^^^^^^^^^^^^^^^^^^^^^^^^^^^^^^^^
[INFO] [stderr] error: doctest failed, to rerun pass `--doc`
[INFO] [stdout]   |
[INFO] [stdout]   = note: lifetimes appearing in an associated or opaque type are not considered constrained
[INFO] [stdout]   = note: consider introducing a named lifetime parameter
[INFO] [stdout] 
[INFO] [stdout] error: aborting due to 7 previous errors
[INFO] [stdout] 
[INFO] [stdout] Some errors have detailed explanations: E0405, E0412, E0433, E0581.
[INFO] [stdout] For more information about an error, try `rustc --explain E0405`.
[INFO] [stdout] Couldn't compile the test.
[INFO] [stdout] 
[INFO] [stdout] failures:
[INFO] [stdout]     src/lib.rs - (line 14)
[INFO] [stdout]     src/lib.rs - (line 37)
[INFO] [stdout] 
[INFO] [stdout] test result: FAILED. 0 passed; 2 failed; 0 ignored; 0 measured; 0 filtered out; finished in 0.14s
[INFO] [stdout] 
[INFO] running `Command { std: "docker" "inspect" "e0bd0b94fcd46251e6aafbfaa8074dc6602bbfb80ec2ca514539fdee4bf70628", kill_on_drop: false }`
[INFO] running `Command { std: "docker" "rm" "-f" "e0bd0b94fcd46251e6aafbfaa8074dc6602bbfb80ec2ca514539fdee4bf70628", kill_on_drop: false }`
[INFO] [stdout] e0bd0b94fcd46251e6aafbfaa8074dc6602bbfb80ec2ca514539fdee4bf70628
