[INFO] cloning repository https://github.com/Web3-Builders-Alliance/ClusterTwoWeekTwo_submessages.W22MTW.mwackowski
[INFO] running `Command { std: "git" "-c" "credential.helper=" "-c" "credential.helper=/workspace/cargo-home/bin/git-credential-null" "clone" "--bare" "https://github.com/Web3-Builders-Alliance/ClusterTwoWeekTwo_submessages.W22MTW.mwackowski" "/workspace/cache/git-repos/https%3A%2F%2Fgithub.com%2FWeb3-Builders-Alliance%2FClusterTwoWeekTwo_submessages.W22MTW.mwackowski", kill_on_drop: false }`
[INFO] [stderr] Cloning into bare repository '/workspace/cache/git-repos/https%3A%2F%2Fgithub.com%2FWeb3-Builders-Alliance%2FClusterTwoWeekTwo_submessages.W22MTW.mwackowski'...
[INFO] running `Command { std: "git" "rev-parse" "HEAD", kill_on_drop: false }`
[INFO] [stdout] 228342f1d184f8c5e88ca81882a602216555a90f
[INFO] testing Web3-Builders-Alliance/ClusterTwoWeekTwo_submessages.W22MTW.mwackowski against beta-2024-12-08 for beta-1.84.0-4-retry
[INFO] running `Command { std: "git" "clone" "/workspace/cache/git-repos/https%3A%2F%2Fgithub.com%2FWeb3-Builders-Alliance%2FClusterTwoWeekTwo_submessages.W22MTW.mwackowski" "/workspace/builds/worker-1-tc2/source", kill_on_drop: false }`
[INFO] [stderr] Cloning into '/workspace/builds/worker-1-tc2/source'...
[INFO] [stderr] done.
[INFO] [stderr] Updating files:   9% (833/8433)
Updating files:  10% (844/8433)
Updating files:  11% (928/8433)
Updating files:  12% (1012/8433)
Updating files:  13% (1097/8433)
Updating files:  14% (1181/8433)
Updating files:  15% (1265/8433)
Updating files:  16% (1350/8433)
Updating files:  17% (1434/8433)
Updating files:  18% (1518/8433)
Updating files:  19% (1603/8433)
Updating files:  20% (1687/8433)
Updating files:  21% (1771/8433)
Updating files:  22% (1856/8433)
Updating files:  23% (1940/8433)
Updating files:  24% (2024/8433)
Updating files:  25% (2109/8433)
Updating files:  26% (2193/8433)
Updating files:  27% (2277/8433)
Updating files:  28% (2362/8433)
Updating files:  29% (2446/8433)
Updating files:  30% (2530/8433)
Updating files:  31% (2615/8433)
Updating files:  32% (2699/8433)
Updating files:  33% (2783/8433)
Updating files:  34% (2868/8433)
Updating files:  35% (2952/8433)
Updating files:  36% (3036/8433)
Updating files:  37% (3121/8433)
Updating files:  38% (3205/8433)
Updating files:  39% (3289/8433)
Updating files:  40% (3374/8433)
Updating files:  41% (3458/8433)
Updating files:  42% (3542/8433)
Updating files:  43% (3627/8433)
Updating files:  44% (3711/8433)
Updating files:  45% (3795/8433)
Updating files:  46% (3880/8433)
Updating files:  47% (3964/8433)
Updating files:  48% (4048/8433)
Updating files:  49% (4133/8433)
Updating files:  50% (4217/8433)
Updating files:  51% (4301/8433)
Updating files:  52% (4386/8433)
Updating files:  53% (4470/8433)
Updating files:  54% (4554/8433)
Updating files:  55% (4639/8433)
Updating files:  56% (4723/8433)
Updating files:  57% (4807/8433)
Updating files:  58% (4892/8433)
Updating files:  59% (4976/8433)
Updating files:  60% (5060/8433)
Updating files:  60% (5067/8433)
Updating files:  61% (5145/8433)
Updating files:  62% (5229/8433)
Updating files:  63% (5313/8433)
Updating files:  64% (5398/8433)
Updating files:  65% (5482/8433)
Updating files:  66% (5566/8433)
Updating files:  67% (5651/8433)
Updating files:  68% (5735/8433)
Updating files:  69% (5819/8433)
Updating files:  70% (5904/8433)
Updating files:  71% (5988/8433)
Updating files:  72% (6072/8433)
Updating files:  73% (6157/8433)
Updating files:  74% (6241/8433)
Updating files:  75% (6325/8433)
Updating files:  76% (6410/8433)
Updating files:  77% (6494/8433)
Updating files:  78% (6578/8433)
Updating files:  79% (6663/8433)
Updating files:  80% (6747/8433)
Updating files:  81% (6831/8433)
Updating files:  82% (6916/8433)
Updating files:  83% (7000/8433)
Updating files:  84% (7084/8433)
Updating files:  85% (7169/8433)
Updating files:  86% (7253/8433)
Updating files:  87% (7337/8433)
Updating files:  88% (7422/8433)
Updating files:  89% (7506/8433)
Updating files:  90% (7590/8433)
Updating files:  91% (7675/8433)
Updating files:  92% (7759/8433)
Updating files:  93% (7843/8433)
Updating files:  94% (7928/8433)
Updating files:  95% (8012/8433)
Updating files:  96% (8096/8433)
Updating files:  97% (8181/8433)
Updating files:  98% (8265/8433)
Updating files:  99% (8349/8433)
Updating files: 100% (8433/8433)
Updating files: 100% (8433/8433), done.
[INFO] validating manifest of git repo https://github.com/Web3-Builders-Alliance/ClusterTwoWeekTwo_submessages.W22MTW.mwackowski on toolchain beta-2024-12-08
[INFO] running `Command { std: CARGO_HOME="/workspace/cargo-home" RUSTUP_HOME="/workspace/rustup-home" "/workspace/cargo-home/bin/cargo" "+beta-2024-12-08" "metadata" "--manifest-path" "Cargo.toml" "--no-deps", kill_on_drop: false }`
[INFO] started tweaking git repo https://github.com/Web3-Builders-Alliance/ClusterTwoWeekTwo_submessages.W22MTW.mwackowski
[INFO] finished tweaking git repo https://github.com/Web3-Builders-Alliance/ClusterTwoWeekTwo_submessages.W22MTW.mwackowski
[INFO] tweaked toml for git repo https://github.com/Web3-Builders-Alliance/ClusterTwoWeekTwo_submessages.W22MTW.mwackowski written to /workspace/builds/worker-1-tc2/source/Cargo.toml
[INFO] crate git repo https://github.com/Web3-Builders-Alliance/ClusterTwoWeekTwo_submessages.W22MTW.mwackowski already has a lockfile, it will not be regenerated
[INFO] running `Command { std: CARGO_HOME="/workspace/cargo-home" RUSTUP_HOME="/workspace/rustup-home" "/workspace/cargo-home/bin/cargo" "+beta-2024-12-08" "fetch" "--manifest-path" "Cargo.toml", kill_on_drop: false }`
[INFO] [stderr] warning: profiles for the non root package will be ignored, specify profiles at the workspace root:
[INFO] [stderr] package:   /workspace/builds/worker-1-tc2/source/contracts/counter/Cargo.toml
[INFO] [stderr] workspace: /workspace/builds/worker-1-tc2/source/Cargo.toml
[INFO] [stderr] warning: profiles for the non root package will be ignored, specify profiles at the workspace root:
[INFO] [stderr] package:   /workspace/builds/worker-1-tc2/source/contracts/manager/Cargo.toml
[INFO] [stderr] workspace: /workspace/builds/worker-1-tc2/source/Cargo.toml
[INFO] [stderr] warning: virtual workspace defaulting to `resolver = "1"` despite one or more workspace members being on edition 2021 which implies `resolver = "2"`
[INFO] [stderr] note: to keep the current resolver, specify `workspace.resolver = "1"` in the workspace root's manifest
[INFO] [stderr] note: to use the edition 2021 resolver, specify `workspace.resolver = "2"` in the workspace root's manifest
[INFO] [stderr] note: for more details see https://doc.rust-lang.org/cargo/reference/resolver.html#resolver-versions
[INFO] running `Command { std: "docker" "create" "-v" "/var/lib/crater-agent-workspace/builds/worker-1-tc2/target:/opt/rustwide/target:rw,Z" "-v" "/var/lib/crater-agent-workspace/builds/worker-1-tc2/source:/opt/rustwide/workdir:ro,Z" "-v" "/var/lib/crater-agent-workspace/cargo-home:/opt/rustwide/cargo-home:ro,Z" "-v" "/var/lib/crater-agent-workspace/rustup-home:/opt/rustwide/rustup-home:ro,Z" "-e" "SOURCE_DIR=/opt/rustwide/workdir" "-e" "CARGO_TARGET_DIR=/opt/rustwide/target" "-e" "CARGO_HOME=/opt/rustwide/cargo-home" "-e" "RUSTUP_HOME=/opt/rustwide/rustup-home" "-w" "/opt/rustwide/workdir" "-m" "1610612736" "--user" "0:0" "--network" "none" "ghcr.io/rust-lang/crates-build-env/linux@sha256:f3a9d4ad9d972b27faf3965f35b62e55ba32bbce8f20bc8fe909558a86702fde" "/opt/rustwide/cargo-home/bin/cargo" "+beta-2024-12-08" "metadata" "--no-deps" "--format-version=1", kill_on_drop: false }`
[INFO] [stdout] c8a1985cbca5ada5035d76b91aa757aeb7fe75a63e2bbe3d63ee48f11b40515f
[INFO] running `Command { std: "docker" "start" "-a" "c8a1985cbca5ada5035d76b91aa757aeb7fe75a63e2bbe3d63ee48f11b40515f", kill_on_drop: false }`
[INFO] running `Command { std: "docker" "inspect" "c8a1985cbca5ada5035d76b91aa757aeb7fe75a63e2bbe3d63ee48f11b40515f", kill_on_drop: false }`
[INFO] running `Command { std: "docker" "rm" "-f" "c8a1985cbca5ada5035d76b91aa757aeb7fe75a63e2bbe3d63ee48f11b40515f", kill_on_drop: false }`
[INFO] [stdout] c8a1985cbca5ada5035d76b91aa757aeb7fe75a63e2bbe3d63ee48f11b40515f
[INFO] running `Command { std: "docker" "create" "-v" "/var/lib/crater-agent-workspace/builds/worker-1-tc2/target:/opt/rustwide/target:rw,Z" "-v" "/var/lib/crater-agent-workspace/builds/worker-1-tc2/source:/opt/rustwide/workdir:ro,Z" "-v" "/var/lib/crater-agent-workspace/cargo-home:/opt/rustwide/cargo-home:ro,Z" "-v" "/var/lib/crater-agent-workspace/rustup-home:/opt/rustwide/rustup-home:ro,Z" "-e" "SOURCE_DIR=/opt/rustwide/workdir" "-e" "CARGO_TARGET_DIR=/opt/rustwide/target" "-e" "CARGO_INCREMENTAL=0" "-e" "RUST_BACKTRACE=full" "-e" "RUSTFLAGS=--cap-lints=warn" "-e" "RUSTDOCFLAGS=--cap-lints=warn" "-e" "CARGO_HOME=/opt/rustwide/cargo-home" "-e" "RUSTUP_HOME=/opt/rustwide/rustup-home" "-w" "/opt/rustwide/workdir" "-m" "1610612736" "--user" "0:0" "--network" "none" "ghcr.io/rust-lang/crates-build-env/linux@sha256:f3a9d4ad9d972b27faf3965f35b62e55ba32bbce8f20bc8fe909558a86702fde" "/opt/rustwide/cargo-home/bin/cargo" "+beta-2024-12-08" "build" "--frozen" "--message-format=json", kill_on_drop: false }`
[INFO] [stdout] 5984a4e31482ff478a7910b0a5c8f60b70ec6ba5776f516de4aa1adc4309beef
[INFO] running `Command { std: "docker" "start" "-a" "5984a4e31482ff478a7910b0a5c8f60b70ec6ba5776f516de4aa1adc4309beef", kill_on_drop: false }`
[INFO] [stderr] warning: profiles for the non root package will be ignored, specify profiles at the workspace root:
[INFO] [stderr] package:   /opt/rustwide/workdir/contracts/counter/Cargo.toml
[INFO] [stderr] workspace: /opt/rustwide/workdir/Cargo.toml
[INFO] [stderr] warning: profiles for the non root package will be ignored, specify profiles at the workspace root:
[INFO] [stderr] package:   /opt/rustwide/workdir/contracts/manager/Cargo.toml
[INFO] [stderr] workspace: /opt/rustwide/workdir/Cargo.toml
[INFO] [stderr] warning: virtual workspace defaulting to `resolver = "1"` despite one or more workspace members being on edition 2021 which implies `resolver = "2"`
[INFO] [stderr] note: to keep the current resolver, specify `workspace.resolver = "1"` in the workspace root's manifest
[INFO] [stderr] note: to use the edition 2021 resolver, specify `workspace.resolver = "2"` in the workspace root's manifest
[INFO] [stderr] note: for more details see https://doc.rust-lang.org/cargo/reference/resolver.html#resolver-versions
[INFO] [stderr]    Compiling version_check v0.9.4
[INFO] [stderr]    Compiling typenum v1.15.0
[INFO] [stderr]    Compiling proc-macro2 v1.0.47
[INFO] [stderr]    Compiling quote v1.0.21
[INFO] [stderr]    Compiling unicode-ident v1.0.5
[INFO] [stderr]    Compiling syn v1.0.103
[INFO] [stderr]    Compiling cfg-if v1.0.0
[INFO] [stderr]    Compiling libc v0.2.137
[INFO] [stderr]    Compiling subtle v2.4.1
[INFO] [stderr]    Compiling zeroize v1.5.7
[INFO] [stderr]    Compiling serde_derive v1.0.147
[INFO] [stderr]    Compiling const-oid v0.9.1
[INFO] [stderr]    Compiling serde v1.0.147
[INFO] [stderr]    Compiling base64ct v1.5.3
[INFO] [stderr]    Compiling base16ct v0.1.1
[INFO] [stderr]    Compiling cpufeatures v0.2.5
[INFO] [stderr]    Compiling byteorder v1.4.3
[INFO] [stderr]    Compiling thiserror v1.0.37
[INFO] [stderr]    Compiling serde_json v1.0.89
[INFO] [stderr]    Compiling der v0.6.0
[INFO] [stderr]    Compiling once_cell v1.16.0
[INFO] [stderr]    Compiling ryu v1.0.11
[INFO] [stderr]    Compiling rand_core v0.5.1
[INFO] [stderr]    Compiling crunchy v0.2.2
[INFO] [stderr]    Compiling itoa v1.0.4
[INFO] [stderr]    Compiling generic-array v0.14.6
[INFO] [stderr]    Compiling ahash v0.7.6
[INFO] [stderr]    Compiling schemars v0.8.11
[INFO] [stderr]    Compiling hex v0.4.3
[INFO] [stderr]    Compiling opaque-debug v0.3.0
[INFO] [stderr]    Compiling dyn-clone v1.0.9
[INFO] [stderr]    Compiling static_assertions v1.1.0
[INFO] [stderr]    Compiling forward_ref v1.0.0
[INFO] [stderr]    Compiling base64 v0.13.1
[INFO] [stderr]    Compiling semver v1.0.14
[INFO] [stderr]    Compiling uint v0.9.4
[INFO] [stderr]    Compiling spki v0.6.0
[INFO] [stderr]    Compiling pkcs8 v0.9.0
[INFO] [stderr]    Compiling getrandom v0.2.8
[INFO] [stderr]    Compiling rand_core v0.6.4
[INFO] [stderr]    Compiling ff v0.12.1
[INFO] [stderr]    Compiling hashbrown v0.12.3
[INFO] [stderr]    Compiling group v0.12.1
[INFO] [stderr]    Compiling crypto-common v0.1.6
[INFO] [stderr]    Compiling block-buffer v0.10.3
[INFO] [stderr]    Compiling crypto-bigint v0.4.9
[INFO] [stderr]    Compiling sec1 v0.3.0
[INFO] [stderr]    Compiling digest v0.9.0
[INFO] [stderr]    Compiling block-buffer v0.9.0
[INFO] [stderr]    Compiling curve25519-dalek v3.2.0
[INFO] [stderr]    Compiling sha2 v0.9.9
[INFO] [stderr]    Compiling digest v0.10.6
[INFO] [stderr]    Compiling hmac v0.12.1
[INFO] [stderr]    Compiling signature v1.6.4
[INFO] [stderr]    Compiling sha2 v0.10.6
[INFO] [stderr]    Compiling elliptic-curve v0.12.3
[INFO] [stderr]    Compiling rfc6979 v0.3.1
[INFO] [stderr]    Compiling ecdsa v0.14.8
[INFO] [stderr]    Compiling k256 v0.11.6
[INFO] [stderr]    Compiling serde_derive_internals v0.26.0
[INFO] [stderr]    Compiling thiserror-impl v1.0.37
[INFO] [stderr]    Compiling schemars_derive v0.8.11
[INFO] [stderr]    Compiling cosmwasm-derive v1.1.8
[INFO] [stderr]    Compiling derivative v2.2.0
[INFO] [stderr]    Compiling cosmwasm-schema-derive v1.1.8
[INFO] [stderr]    Compiling ed25519-zebra v3.1.0
[INFO] [stderr]    Compiling serde-json-wasm v0.4.1
[INFO] [stderr]    Compiling cosmwasm-crypto v1.1.8
[INFO] [stderr]    Compiling cosmwasm-std v1.1.8
[INFO] [stderr]    Compiling cosmwasm-schema v1.1.8
[INFO] [stderr]    Compiling cw-storage-plus v0.16.0
[INFO] [stderr]    Compiling cosmwasm-storage v1.1.8
[INFO] [stderr]    Compiling cw2 v0.16.0
[INFO] [stderr]    Compiling cw-utils v0.16.0
[INFO] [stderr]    Compiling counter v0.1.0 (/opt/rustwide/workdir/contracts/counter)
[INFO] [stderr]    Compiling manager v0.1.0 (/opt/rustwide/workdir/contracts/manager)
[INFO] [stdout] warning: unused import: `ReplyOn`
[INFO] [stdout]  --> contracts/manager/src/contract.rs:4:119
[INFO] [stdout]   |
[INFO] [stdout] 4 |     to_binary, Binary, Deps, DepsMut, Env, MessageInfo, Order, Response, StdResult, SubMsg, WasmMsg, Reply, StdError, ReplyOn, Empty,
[INFO] [stdout]   |                                                                                                                       ^^^^^^^
[INFO] [stdout]   |
[INFO] [stdout]   = note: `#[warn(unused_imports)]` on by default
[INFO] [stdout] 
[INFO] [stdout] 
[INFO] [stderr]     Finished `dev` profile [unoptimized + debuginfo] target(s) in 28.26s
[INFO] running `Command { std: "docker" "inspect" "5984a4e31482ff478a7910b0a5c8f60b70ec6ba5776f516de4aa1adc4309beef", kill_on_drop: false }`
[INFO] running `Command { std: "docker" "rm" "-f" "5984a4e31482ff478a7910b0a5c8f60b70ec6ba5776f516de4aa1adc4309beef", kill_on_drop: false }`
[INFO] [stdout] 5984a4e31482ff478a7910b0a5c8f60b70ec6ba5776f516de4aa1adc4309beef
[INFO] running `Command { std: "docker" "create" "-v" "/var/lib/crater-agent-workspace/builds/worker-1-tc2/target:/opt/rustwide/target:rw,Z" "-v" "/var/lib/crater-agent-workspace/builds/worker-1-tc2/source:/opt/rustwide/workdir:ro,Z" "-v" "/var/lib/crater-agent-workspace/cargo-home:/opt/rustwide/cargo-home:ro,Z" "-v" "/var/lib/crater-agent-workspace/rustup-home:/opt/rustwide/rustup-home:ro,Z" "-e" "SOURCE_DIR=/opt/rustwide/workdir" "-e" "CARGO_TARGET_DIR=/opt/rustwide/target" "-e" "CARGO_INCREMENTAL=0" "-e" "RUST_BACKTRACE=full" "-e" "RUSTFLAGS=--cap-lints=warn" "-e" "RUSTDOCFLAGS=--cap-lints=warn" "-e" "CARGO_HOME=/opt/rustwide/cargo-home" "-e" "RUSTUP_HOME=/opt/rustwide/rustup-home" "-w" "/opt/rustwide/workdir" "-m" "1610612736" "--user" "0:0" "--network" "none" "ghcr.io/rust-lang/crates-build-env/linux@sha256:f3a9d4ad9d972b27faf3965f35b62e55ba32bbce8f20bc8fe909558a86702fde" "/opt/rustwide/cargo-home/bin/cargo" "+beta-2024-12-08" "test" "--frozen" "--no-run" "--message-format=json", kill_on_drop: false }`
[INFO] [stdout] ff0bc37b1b33dd9b3fbf81e5e12899851d32899f112e74fbcf1a9121104dab61
[INFO] running `Command { std: "docker" "start" "-a" "ff0bc37b1b33dd9b3fbf81e5e12899851d32899f112e74fbcf1a9121104dab61", kill_on_drop: false }`
[INFO] [stderr] warning: profiles for the non root package will be ignored, specify profiles at the workspace root:
[INFO] [stderr] package:   /opt/rustwide/workdir/contracts/counter/Cargo.toml
[INFO] [stderr] workspace: /opt/rustwide/workdir/Cargo.toml
[INFO] [stderr] warning: profiles for the non root package will be ignored, specify profiles at the workspace root:
[INFO] [stderr] package:   /opt/rustwide/workdir/contracts/manager/Cargo.toml
[INFO] [stderr] workspace: /opt/rustwide/workdir/Cargo.toml
[INFO] [stderr] warning: virtual workspace defaulting to `resolver = "1"` despite one or more workspace members being on edition 2021 which implies `resolver = "2"`
[INFO] [stderr] note: to keep the current resolver, specify `workspace.resolver = "1"` in the workspace root's manifest
[INFO] [stderr] note: to use the edition 2021 resolver, specify `workspace.resolver = "2"` in the workspace root's manifest
[INFO] [stderr] note: for more details see https://doc.rust-lang.org/cargo/reference/resolver.html#resolver-versions
[INFO] [stderr] warning: output filename collision.
[INFO] [stderr] The example target `schema` in package `manager v0.1.0 (/opt/rustwide/workdir/contracts/manager)` has the same output filename as the example target `schema` in package `counter v0.1.0 (/opt/rustwide/workdir/contracts/counter)`.
[INFO] [stderr] Colliding filename is: /opt/rustwide/target/debug/examples/schema
[INFO] [stderr] The targets should have unique names.
[INFO] [stderr] Consider changing their names to be unique or compiling them separately.
[INFO] [stderr] This may become a hard error in the future; see <https://github.com/rust-lang/cargo/issues/6313>.
[INFO] [stderr] warning: output filename collision.
[INFO] [stderr] The example target `schema` in package `manager v0.1.0 (/opt/rustwide/workdir/contracts/manager)` has the same output filename as the example target `schema` in package `counter v0.1.0 (/opt/rustwide/workdir/contracts/counter)`.
[INFO] [stderr] Colliding filename is: /opt/rustwide/target/debug/examples/schema.dwp
[INFO] [stderr] The targets should have unique names.
[INFO] [stderr] Consider changing their names to be unique or compiling them separately.
[INFO] [stderr] This may become a hard error in the future; see <https://github.com/rust-lang/cargo/issues/6313>.
[INFO] [stderr]    Compiling anyhow v1.0.66
[INFO] [stderr]    Compiling either v1.8.0
[INFO] [stderr]    Compiling bytes v1.3.0
[INFO] [stdout] warning: unused import: `ReplyOn`
[INFO] [stdout]  --> contracts/manager/src/contract.rs:4:119
[INFO] [stdout]   |
[INFO] [stdout] 4 |     to_binary, Binary, Deps, DepsMut, Env, MessageInfo, Order, Response, StdResult, SubMsg, WasmMsg, Reply, StdError, ReplyOn, Empty,
[INFO] [stdout]   |                                                                                                                       ^^^^^^^
[INFO] [stdout]   |
[INFO] [stdout]   = note: `#[warn(unused_imports)]` on by default
[INFO] [stdout] 
[INFO] [stdout] 
[INFO] [stderr]    Compiling itertools v0.10.5
[INFO] [stderr]    Compiling prost-derive v0.9.0
[INFO] [stderr]    Compiling prost v0.9.0
[INFO] [stderr]    Compiling cw-multi-test v0.16.1
[INFO] [stderr]    Compiling manager v0.1.0 (/opt/rustwide/workdir/contracts/manager)
[INFO] [stderr]    Compiling counter v0.1.0 (/opt/rustwide/workdir/contracts/counter)
[INFO] [stdout] warning: unused import: `ReplyOn`
[INFO] [stdout]  --> contracts/manager/src/contract.rs:4:119
[INFO] [stdout]   |
[INFO] [stdout] 4 |     to_binary, Binary, Deps, DepsMut, Env, MessageInfo, Order, Response, StdResult, SubMsg, WasmMsg, Reply, StdError, ReplyOn, Empty,
[INFO] [stdout]   |                                                                                                                       ^^^^^^^
[INFO] [stdout]   |
[INFO] [stdout]   = note: `#[warn(unused_imports)]` on by default
[INFO] [stdout] 
[INFO] [stdout] 
[INFO] [stderr]     Finished `test` profile [unoptimized + debuginfo] target(s) in 10.52s
[INFO] running `Command { std: "docker" "inspect" "ff0bc37b1b33dd9b3fbf81e5e12899851d32899f112e74fbcf1a9121104dab61", kill_on_drop: false }`
[INFO] running `Command { std: "docker" "rm" "-f" "ff0bc37b1b33dd9b3fbf81e5e12899851d32899f112e74fbcf1a9121104dab61", kill_on_drop: false }`
[INFO] [stdout] ff0bc37b1b33dd9b3fbf81e5e12899851d32899f112e74fbcf1a9121104dab61
[INFO] running `Command { std: "docker" "create" "-v" "/var/lib/crater-agent-workspace/builds/worker-1-tc2/target:/opt/rustwide/target:rw,Z" "-v" "/var/lib/crater-agent-workspace/builds/worker-1-tc2/source:/opt/rustwide/workdir:ro,Z" "-v" "/var/lib/crater-agent-workspace/cargo-home:/opt/rustwide/cargo-home:ro,Z" "-v" "/var/lib/crater-agent-workspace/rustup-home:/opt/rustwide/rustup-home:ro,Z" "-e" "SOURCE_DIR=/opt/rustwide/workdir" "-e" "CARGO_TARGET_DIR=/opt/rustwide/target" "-e" "CARGO_INCREMENTAL=0" "-e" "RUST_BACKTRACE=full" "-e" "RUSTFLAGS=--cap-lints=warn" "-e" "RUSTDOCFLAGS=--cap-lints=warn" "-e" "CARGO_HOME=/opt/rustwide/cargo-home" "-e" "RUSTUP_HOME=/opt/rustwide/rustup-home" "-w" "/opt/rustwide/workdir" "-m" "1610612736" "--user" "0:0" "--network" "none" "ghcr.io/rust-lang/crates-build-env/linux@sha256:f3a9d4ad9d972b27faf3965f35b62e55ba32bbce8f20bc8fe909558a86702fde" "/opt/rustwide/cargo-home/bin/cargo" "+beta-2024-12-08" "test" "--frozen", kill_on_drop: false }`
[INFO] [stdout] b0952aa1bad1956d0c6d5cae7ca2712c744a3e92b2d13353deb0388d23419ea4
[INFO] running `Command { std: "docker" "start" "-a" "b0952aa1bad1956d0c6d5cae7ca2712c744a3e92b2d13353deb0388d23419ea4", kill_on_drop: false }`
[INFO] [stderr] warning: profiles for the non root package will be ignored, specify profiles at the workspace root:
[INFO] [stderr] package:   /opt/rustwide/workdir/contracts/counter/Cargo.toml
[INFO] [stderr] workspace: /opt/rustwide/workdir/Cargo.toml
[INFO] [stderr] warning: profiles for the non root package will be ignored, specify profiles at the workspace root:
[INFO] [stderr] package:   /opt/rustwide/workdir/contracts/manager/Cargo.toml
[INFO] [stderr] workspace: /opt/rustwide/workdir/Cargo.toml
[INFO] [stderr] warning: virtual workspace defaulting to `resolver = "1"` despite one or more workspace members being on edition 2021 which implies `resolver = "2"`
[INFO] [stderr] note: to keep the current resolver, specify `workspace.resolver = "1"` in the workspace root's manifest
[INFO] [stderr] note: to use the edition 2021 resolver, specify `workspace.resolver = "2"` in the workspace root's manifest
[INFO] [stderr] note: for more details see https://doc.rust-lang.org/cargo/reference/resolver.html#resolver-versions
[INFO] [stderr] warning: output filename collision.
[INFO] [stderr] The example target `schema` in package `manager v0.1.0 (/opt/rustwide/workdir/contracts/manager)` has the same output filename as the example target `schema` in package `counter v0.1.0 (/opt/rustwide/workdir/contracts/counter)`.
[INFO] [stderr] Colliding filename is: /opt/rustwide/target/debug/examples/schema
[INFO] [stderr] The targets should have unique names.
[INFO] [stderr] Consider changing their names to be unique or compiling them separately.
[INFO] [stderr] This may become a hard error in the future; see <https://github.com/rust-lang/cargo/issues/6313>.
[INFO] [stderr] warning: output filename collision.
[INFO] [stderr] The example target `schema` in package `manager v0.1.0 (/opt/rustwide/workdir/contracts/manager)` has the same output filename as the example target `schema` in package `counter v0.1.0 (/opt/rustwide/workdir/contracts/counter)`.
[INFO] [stderr] Colliding filename is: /opt/rustwide/target/debug/examples/schema.dwp
[INFO] [stderr] The targets should have unique names.
[INFO] [stderr] Consider changing their names to be unique or compiling them separately.
[INFO] [stderr] This may become a hard error in the future; see <https://github.com/rust-lang/cargo/issues/6313>.
[INFO] [stderr] warning: unused import: `ReplyOn`
[INFO] [stderr]  --> contracts/manager/src/contract.rs:4:119
[INFO] [stderr]   |
[INFO] [stderr] 4 |     to_binary, Binary, Deps, DepsMut, Env, MessageInfo, Order, Response, StdResult, SubMsg, WasmMsg, Reply, StdError, ReplyOn, Empty,
[INFO] [stderr]   |                                                                                                                       ^^^^^^^
[INFO] [stderr]   |
[INFO] [stderr]   = note: `#[warn(unused_imports)]` on by default
[INFO] [stderr] 
[INFO] [stderr] warning: `manager` (lib) generated 1 warning (run `cargo fix --lib -p manager` to apply 1 suggestion)
[INFO] [stderr] warning: `manager` (lib test) generated 1 warning (1 duplicate)
[INFO] [stderr]     Finished `test` profile [unoptimized + debuginfo] target(s) in 0.10s
[INFO] [stderr]      Running unittests src/lib.rs (/opt/rustwide/target/debug/deps/counter-afd8df8d96c3e432)
[INFO] [stdout] 
[INFO] [stdout] running 3 tests
[INFO] [stdout] test contract::tests::increment ... ok
[INFO] [stdout] test contract::tests::proper_initialization ... ok
[INFO] [stdout] test contract::tests::reset ... ok
[INFO] [stdout] 
[INFO] [stdout] test result: ok. 3 passed; 0 failed; 0 ignored; 0 measured; 0 filtered out; finished in 0.01s
[INFO] [stdout] 
[INFO] [stderr]      Running unittests src/lib.rs (/opt/rustwide/target/debug/deps/manager-4dc2222bd43e0253)
[INFO] [stdout] 
[INFO] [stdout] running 6 tests
[INFO] [stdout] test integration_tests::tests::create_two_counters ... ok
[INFO] [stdout] test integration_tests::tests::create_one_counter ... ok
[INFO] [stdout] test integration_tests::tests::create_counter_and_increment_twice ... FAILED
[INFO] [stdout] test integration_tests::tests::create_counter_and_increment_and_reset ... FAILED
[INFO] [stdout] test integration_tests::tests::create_two_counters_and_increment_each ... FAILED
[INFO] [stdout] test integration_tests::tests::create_counter_and_increment ... FAILED
[INFO] [stdout] 
[INFO] [stdout] failures:
[INFO] [stdout] 
[INFO] [stdout] ---- integration_tests::tests::create_counter_and_increment_twice stdout ----
[INFO] [stdout] counter id: 2, manager id: 1
[INFO] [stdout] counter id from instantate_new(): 2
[INFO] [stdout] thread 'integration_tests::tests::create_counter_and_increment_twice' panicked at contracts/manager/src/contract.rs:80:9:
[INFO] [stdout] handle_increment_reply:  address
[INFO] [stdout] stack backtrace:
[INFO] [stdout]    0:     0x59ad11c7c48a - std::backtrace_rs::backtrace::libunwind::trace::h8810477743020387
[INFO] [stdout]                                at /rustc/202008a1b8de96d2e5b6bc02d379db03a877d34d/library/std/src/../../backtrace/src/backtrace/libunwind.rs:116:5
[INFO] [stdout]    1:     0x59ad11c7c48a - std::backtrace_rs::backtrace::trace_unsynchronized::h3aa55355dd6c54a6
[INFO] [stdout]                                at /rustc/202008a1b8de96d2e5b6bc02d379db03a877d34d/library/std/src/../../backtrace/src/backtrace/mod.rs:66:5
[INFO] [stdout]    2:     0x59ad11c7c48a - std::sys::backtrace::_print_fmt::h8588b0f62410823f
[INFO] [stdout]                                at /rustc/202008a1b8de96d2e5b6bc02d379db03a877d34d/library/std/src/sys/backtrace.rs:66:9
[INFO] [stdout]    3:     0x59ad11c7c48a - <std::sys::backtrace::BacktraceLock::print::DisplayBacktrace as core::fmt::Display>::fmt::h98c26ac25ffe89bb
[INFO] [stdout]                                at /rustc/202008a1b8de96d2e5b6bc02d379db03a877d34d/library/std/src/sys/backtrace.rs:39:26
[INFO] [stdout]    4:     0x59ad11ca3143 - core::fmt::rt::Argument::fmt::hf95377f4aebd453b
[INFO] [stdout]                                at /rustc/202008a1b8de96d2e5b6bc02d379db03a877d34d/library/core/src/fmt/rt.rs:177:76
[INFO] [stdout]    5:     0x59ad11ca3143 - core::fmt::write::h0dd5f6e2238c7982
[INFO] [stdout]                                at /rustc/202008a1b8de96d2e5b6bc02d379db03a877d34d/library/core/src/fmt/mod.rs:1189:21
[INFO] [stdout]    6:     0x59ad11c79623 - std::io::Write::write_fmt::h03bb0ca26e6faf8c
[INFO] [stdout]                                at /rustc/202008a1b8de96d2e5b6bc02d379db03a877d34d/library/std/src/io/mod.rs:1884:15
[INFO] [stdout]    7:     0x59ad11c7c2d2 - std::sys::backtrace::BacktraceLock::print::h5c19c1c038ee186d
[INFO] [stdout]                                at /rustc/202008a1b8de96d2e5b6bc02d379db03a877d34d/library/std/src/sys/backtrace.rs:42:9
[INFO] [stdout]    8:     0x59ad11c7d90d - std::panicking::default_hook::{{closure}}::h77172f079a1fcb13
[INFO] [stdout]                                at /rustc/202008a1b8de96d2e5b6bc02d379db03a877d34d/library/std/src/panicking.rs:268:22
[INFO] [stdout]    9:     0x59ad11c7d717 - std::panicking::default_hook::he5f8e3b203ccddba
[INFO] [stdout]                                at /rustc/202008a1b8de96d2e5b6bc02d379db03a877d34d/library/std/src/panicking.rs:292:9
[INFO] [stdout]   10:     0x59ad11afcdd7 - <alloc::boxed::Box<F,A> as core::ops::function::Fn<Args>>::call::h7a3c7b4a1ae77f2f
[INFO] [stdout]                                at /rustc/202008a1b8de96d2e5b6bc02d379db03a877d34d/library/alloc/src/boxed.rs:1986:9
[INFO] [stdout]   11:     0x59ad11afcdd7 - test::test_main::{{closure}}::hf0d3b69ae9b353d1
[INFO] [stdout]                                at /rustc/202008a1b8de96d2e5b6bc02d379db03a877d34d/library/test/src/lib.rs:134:21
[INFO] [stdout]   12:     0x59ad11c7dfb8 - <alloc::boxed::Box<F,A> as core::ops::function::Fn<Args>>::call::h6332e82e7b189abd
[INFO] [stdout]                                at /rustc/202008a1b8de96d2e5b6bc02d379db03a877d34d/library/alloc/src/boxed.rs:1986:9
[INFO] [stdout]   13:     0x59ad11c7dfb8 - std::panicking::rust_panic_with_hook::h53863d4e9018df39
[INFO] [stdout]                                at /rustc/202008a1b8de96d2e5b6bc02d379db03a877d34d/library/std/src/panicking.rs:809:13
[INFO] [stdout]   14:     0x59ad11c7dd7a - std::panicking::begin_panic_handler::{{closure}}::h67280e6fa0757873
[INFO] [stdout]                                at /rustc/202008a1b8de96d2e5b6bc02d379db03a877d34d/library/std/src/panicking.rs:674:13
[INFO] [stdout]   15:     0x59ad11c7c969 - std::sys::backtrace::__rust_end_short_backtrace::h1dac3f54d6fbbeb2
[INFO] [stdout]                                at /rustc/202008a1b8de96d2e5b6bc02d379db03a877d34d/library/std/src/sys/backtrace.rs:170:18
[INFO] [stdout]   16:     0x59ad11c7da0c - rust_begin_unwind
[INFO] [stdout]                                at /rustc/202008a1b8de96d2e5b6bc02d379db03a877d34d/library/std/src/panicking.rs:665:5
[INFO] [stdout]   17:     0x59ad11a2cbb0 - core::panicking::panic_fmt::h6792bd1b2bf01041
[INFO] [stdout]                                at /rustc/202008a1b8de96d2e5b6bc02d379db03a877d34d/library/core/src/panicking.rs:76:14
[INFO] [stdout]   18:     0x59ad11a7b0f3 - core::panicking::panic_display::hc94d7ff4b96ef05c
[INFO] [stdout]                                at /rustc/202008a1b8de96d2e5b6bc02d379db03a877d34d/library/core/src/panicking.rs:269:5
[INFO] [stdout]   19:     0x59ad11ab8f5a - manager::contract::handle_increment_reply::panic_cold_display::h681a6d75efc4f598
[INFO] [stdout]                                at /rustc/202008a1b8de96d2e5b6bc02d379db03a877d34d/library/core/src/panic.rs:100:13
[INFO] [stdout]   20:     0x59ad11ab6aa5 - manager::contract::handle_increment_reply::h1525301e4a6186c7
[INFO] [stdout]                                at /opt/rustwide/workdir/contracts/manager/src/contract.rs:80:9
[INFO] [stdout]   21:     0x59ad11ab8d7d - manager::contract::reply::hec41faf748e2c3d5
[INFO] [stdout]                                at /opt/rustwide/workdir/contracts/manager/src/contract.rs:56:39
[INFO] [stdout]   22:     0x59ad11a60438 - core::ops::function::Fn::call::hc413f441a825baee
[INFO] [stdout]                                at /rustc/202008a1b8de96d2e5b6bc02d379db03a877d34d/library/core/src/ops/function.rs:79:5
[INFO] [stdout]   23:     0x59ad11a6cdd0 - <alloc::boxed::Box<F,A> as core::ops::function::Fn<Args>>::call::h467512ad9dfe53bf
[INFO] [stdout]                                at /rustc/202008a1b8de96d2e5b6bc02d379db03a877d34d/library/alloc/src/boxed.rs:1986:9
[INFO] [stdout]   24:     0x59ad11a76405 - <cw_multi_test::contracts::ContractWrapper<T1,T2,T3,E1,E2,E3,C,Q,T4,E4,E5,T6,E6> as cw_multi_test::contracts::Contract<C,Q>>::reply::h864730e9ce073a20
[INFO] [stdout]                                at /opt/rustwide/cargo-home/registry/src/index.crates.io-6f17d22bba15001f/cw-multi-test-0.16.1/src/contracts.rs:424:28
[INFO] [stdout]   25:     0x59ad11a4e7ee - cw_multi_test::wasm::WasmKeeper<ExecC,QueryC>::call_reply::{{closure}}::hf9ce077294c6e85a
[INFO] [stdout]                                at /opt/rustwide/cargo-home/registry/src/index.crates.io-6f17d22bba15001f/cw-multi-test-0.16.1/src/wasm.rs:756:35
[INFO] [stdout]   26:     0x59ad11a55913 - cw_multi_test::wasm::WasmKeeper<ExecC,QueryC>::with_storage::{{closure}}::h64b6d4c3994c1648
[INFO] [stdout]                                at /opt/rustwide/cargo-home/registry/src/index.crates.io-6f17d22bba15001f/cw-multi-test-0.16.1/src/wasm.rs:869:13
[INFO] [stdout]   27:     0x59ad11a5ca80 - cw_multi_test::transactions::transactional::h6e74e72ff2796cfd
[INFO] [stdout]                                at /opt/rustwide/cargo-home/registry/src/index.crates.io-6f17d22bba15001f/cw-multi-test-0.16.1/src/transactions.rs:27:15
[INFO] [stdout]   28:     0x59ad11a5467d - cw_multi_test::wasm::WasmKeeper<ExecC,QueryC>::with_storage::h7b8694e00b9d9318
[INFO] [stdout]                                at /opt/rustwide/cargo-home/registry/src/index.crates.io-6f17d22bba15001f/cw-multi-test-0.16.1/src/wasm.rs:859:9
[INFO] [stdout]   29:     0x59ad11a4e6fc - cw_multi_test::wasm::WasmKeeper<ExecC,QueryC>::call_reply::h1d8d556dfb3d8e5d
[INFO] [stdout]                                at /opt/rustwide/cargo-home/registry/src/index.crates.io-6f17d22bba15001f/cw-multi-test-0.16.1/src/wasm.rs:750:31
[INFO] [stdout]   30:     0x59ad11a5a06a - cw_multi_test::wasm::WasmKeeper<ExecC,QueryC>::_reply::hff429320ba87be5f
[INFO] [stdout]                                at /opt/rustwide/cargo-home/registry/src/index.crates.io-6f17d22bba15001f/cw-multi-test-0.16.1/src/wasm.rs:598:19
[INFO] [stdout]   31:     0x59ad11a56594 - cw_multi_test::wasm::WasmKeeper<ExecC,QueryC>::execute_submsg::h19e11c807e4fe524
[INFO] [stdout]                                at /opt/rustwide/cargo-home/registry/src/index.crates.io-6f17d22bba15001f/cw-multi-test-0.16.1/src/wasm.rs:554:33
[INFO] [stdout]   32:     0x59ad11a57a41 - cw_multi_test::wasm::WasmKeeper<ExecC,QueryC>::process_response::{{closure}}::hfc0dbb71827b1b1e
[INFO] [stdout]                                at /opt/rustwide/cargo-home/registry/src/index.crates.io-6f17d22bba15001f/cw-multi-test-0.16.1/src/wasm.rs:664:17
[INFO] [stdout]   33:     0x59ad11abccbb - <alloc::vec::into_iter::IntoIter<T,A> as core::iter::traits::iterator::Iterator>::try_fold::h162cffd60e1a4395
[INFO] [stdout]                                at /rustc/202008a1b8de96d2e5b6bc02d379db03a877d34d/library/alloc/src/vec/into_iter.rs:346:25
[INFO] [stdout]   34:     0x59ad11a57645 - cw_multi_test::wasm::WasmKeeper<ExecC,QueryC>::process_response::hdddbb1ac378b4c79
[INFO] [stdout]                                at /opt/rustwide/cargo-home/registry/src/index.crates.io-6f17d22bba15001f/cw-multi-test-0.16.1/src/wasm.rs:662:20
[INFO] [stdout]   35:     0x59ad11a4fd35 - cw_multi_test::wasm::WasmKeeper<ExecC,QueryC>::execute_wasm::h97a53384b823dc4f
[INFO] [stdout]                                at /opt/rustwide/cargo-home/registry/src/index.crates.io-6f17d22bba15001f/cw-multi-test-0.16.1/src/wasm.rs:403:21
[INFO] [stdout]   36:     0x59ad11a4ddb0 - <cw_multi_test::wasm::WasmKeeper<ExecC,QueryC> as cw_multi_test::wasm::Wasm<ExecC,QueryC>>::execute::h86d4f52200e962b4
[INFO] [stdout]                                at /opt/rustwide/cargo-home/registry/src/index.crates.io-6f17d22bba15001f/cw-multi-test-0.16.1/src/wasm.rs:158:9
[INFO] [stdout]   37:     0x59ad11aacbdd - <cw_multi_test::app::Router<BankT,CustomT,WasmT,StakingT,DistrT,IbcT,GovT> as cw_multi_test::app::CosmosRouter>::execute::h369086a9c43fcbf7
[INFO] [stdout]                                at /opt/rustwide/cargo-home/registry/src/index.crates.io-6f17d22bba15001f/cw-multi-test-0.16.1/src/app.rs:944:37
[INFO] [stdout]   38:     0x59ad11aab18d - cw_multi_test::app::App<BankT,ApiT,StorageT,CustomT,WasmT,StakingT,DistrT,IbcT,GovT>::execute_multi::{{closure}}::{{closure}}::h763f2803c89b6e5f
[INFO] [stdout]                                at /opt/rustwide/cargo-home/registry/src/index.crates.io-6f17d22bba15001f/cw-multi-test-0.16.1/src/app.rs:772:28
[INFO] [stdout]   39:     0x59ad11a8e509 - core::iter::adapters::map::map_try_fold::{{closure}}::h39a9a27110eca819
[INFO] [stdout]                                at /rustc/202008a1b8de96d2e5b6bc02d379db03a877d34d/library/core/src/iter/adapters/map.rs:95:28
[INFO] [stdout]   40:     0x59ad11abcf64 - <alloc::vec::into_iter::IntoIter<T,A> as core::iter::traits::iterator::Iterator>::try_fold::h45ac2a4be866e479
[INFO] [stdout]                                at /rustc/202008a1b8de96d2e5b6bc02d379db03a877d34d/library/alloc/src/vec/into_iter.rs:346:25
[INFO] [stdout]   41:     0x59ad11a8b9ef - <core::iter::adapters::map::Map<I,F> as core::iter::traits::iterator::Iterator>::try_fold::h78a1ab9ed009bf9b
[INFO] [stdout]                                at /rustc/202008a1b8de96d2e5b6bc02d379db03a877d34d/library/core/src/iter/adapters/map.rs:121:9
[INFO] [stdout]   42:     0x59ad11aa9208 - <core::iter::adapters::GenericShunt<I,R> as core::iter::traits::iterator::Iterator>::try_fold::h4eefc129d017cc7a
[INFO] [stdout]                                at /rustc/202008a1b8de96d2e5b6bc02d379db03a877d34d/library/core/src/iter/adapters/mod.rs:191:9
[INFO] [stdout]   43:     0x59ad11aa8fc0 - core::iter::traits::iterator::Iterator::try_for_each::h06b8008cc4f23ba0
[INFO] [stdout]                                at /rustc/202008a1b8de96d2e5b6bc02d379db03a877d34d/library/core/src/iter/traits/iterator.rs:2431:9
[INFO] [stdout]   44:     0x59ad11aa8fc0 - <core::iter::adapters::GenericShunt<I,R> as core::iter::traits::iterator::Iterator>::next::h4f45fdac714f9c46
[INFO] [stdout]                                at /rustc/202008a1b8de96d2e5b6bc02d379db03a877d34d/library/core/src/iter/adapters/mod.rs:174:14
[INFO] [stdout]   45:     0x59ad11a6daed - <alloc::vec::Vec<T> as alloc::vec::spec_from_iter_nested::SpecFromIterNested<T,I>>::from_iter::hf701cb9a1bc2c3d3
[INFO] [stdout]                                at /rustc/202008a1b8de96d2e5b6bc02d379db03a877d34d/library/alloc/src/vec/spec_from_iter_nested.rs:25:32
[INFO] [stdout]   46:     0x59ad11a5c1c4 - <alloc::vec::Vec<T> as alloc::vec::spec_from_iter_nested::SpecFromIterNested<T,I>>::from_iter{{reify.shim}}::hd2a2bba18b2b272a
[INFO] [stdout]                                at /rustc/202008a1b8de96d2e5b6bc02d379db03a877d34d/library/alloc/src/vec/spec_from_iter_nested.rs:19:5
[INFO] [stdout]   47:     0x59ad11a6fecd - alloc::vec::in_place_collect::<impl alloc::vec::spec_from_iter::SpecFromIter<T,I> for alloc::vec::Vec<T>>::from_iter::h19871cbf91d7d546
[INFO] [stdout]                                at /rustc/202008a1b8de96d2e5b6bc02d379db03a877d34d/library/alloc/src/vec/in_place_collect.rs:246:9
[INFO] [stdout]   48:     0x59ad11a70f71 - <alloc::vec::Vec<T> as core::iter::traits::collect::FromIterator<T>>::from_iter::hb743d10a5edb7cb0
[INFO] [stdout]                                at /rustc/202008a1b8de96d2e5b6bc02d379db03a877d34d/library/alloc/src/vec/mod.rs:3412:9
[INFO] [stdout]   49:     0x59ad11a42e18 - core::iter::traits::iterator::Iterator::collect::h374ce86064c0c110
[INFO] [stdout]                                at /rustc/202008a1b8de96d2e5b6bc02d379db03a877d34d/library/core/src/iter/traits/iterator.rs:1971:9
[INFO] [stdout]   50:     0x59ad11a42e18 - <core::result::Result<V,E> as core::iter::traits::collect::FromIterator<core::result::Result<A,E>>>::from_iter::{{closure}}::h2a3d760377a8ac9b
[INFO] [stdout]                                at /rustc/202008a1b8de96d2e5b6bc02d379db03a877d34d/library/core/src/result.rs:1980:51
[INFO] [stdout]   51:     0x59ad11aad7ac - core::iter::adapters::try_process::hef29865113506e3d
[INFO] [stdout]                                at /rustc/202008a1b8de96d2e5b6bc02d379db03a877d34d/library/core/src/iter/adapters/mod.rs:160:17
[INFO] [stdout]   52:     0x59ad11a42dd7 - <core::result::Result<V,E> as core::iter::traits::collect::FromIterator<core::result::Result<A,E>>>::from_iter::h1859011482b83f56
[INFO] [stdout]                                at /rustc/202008a1b8de96d2e5b6bc02d379db03a877d34d/library/core/src/result.rs:1980:9
[INFO] [stdout]   53:     0x59ad11a8e29d - core::iter::traits::iterator::Iterator::collect::h61bee9804b689e20
[INFO] [stdout]                                at /rustc/202008a1b8de96d2e5b6bc02d379db03a877d34d/library/core/src/iter/traits/iterator.rs:1971:9
[INFO] [stdout]   54:     0x59ad11aab080 - cw_multi_test::app::App<BankT,ApiT,StorageT,CustomT,WasmT,StakingT,DistrT,IbcT,GovT>::execute_multi::{{closure}}::h5277ff1900896e33
[INFO] [stdout]                                at /opt/rustwide/cargo-home/registry/src/index.crates.io-6f17d22bba15001f/cw-multi-test-0.16.1/src/app.rs:771:13
[INFO] [stdout]   55:     0x59ad11a5d520 - cw_multi_test::transactions::transactional::hcc2b12249e6f6e65
[INFO] [stdout]                                at /opt/rustwide/cargo-home/registry/src/index.crates.io-6f17d22bba15001f/cw-multi-test-0.16.1/src/transactions.rs:27:15
[INFO] [stdout]   56:     0x59ad11aaaf3e - cw_multi_test::app::App<BankT,ApiT,StorageT,CustomT,WasmT,StakingT,DistrT,IbcT,GovT>::execute_multi::h1d3580fca2357d28
[INFO] [stdout]                                at /opt/rustwide/cargo-home/registry/src/index.crates.io-6f17d22bba15001f/cw-multi-test-0.16.1/src/app.rs:770:9
[INFO] [stdout]   57:     0x59ad11aad18c - <cw_multi_test::app::App<BankT,ApiT,StorageT,CustomT,WasmT,StakingT,DistrT,IbcT,GovT> as cw_multi_test::executor::Executor<<CustomT as cw_multi_test::module::Module>::ExecT>>::execute::h827139da47631121
[INFO] [stdout]                                at /opt/rustwide/cargo-home/registry/src/index.crates.io-6f17d22bba15001f/cw-multi-test-0.16.1/src/app.rs:163:23
[INFO] [stdout]   58:     0x59ad11a98614 - manager::integration_tests::tests::increment::h1cd05a0a06969a9e
[INFO] [stdout]                                at /opt/rustwide/workdir/contracts/manager/src/integration_tests.rs:88:9
[INFO] [stdout]   59:     0x59ad11a996db - manager::integration_tests::tests::create_counter_and_increment_twice::hd4ee25b62e857343
[INFO] [stdout]                                at /opt/rustwide/workdir/contracts/manager/src/integration_tests.rs:160:9
[INFO] [stdout]   60:     0x59ad11a995b7 - manager::integration_tests::tests::create_counter_and_increment_twice::{{closure}}::h95ebb24fb34c7202
[INFO] [stdout]                                at /opt/rustwide/workdir/contracts/manager/src/integration_tests.rs:154:44
[INFO] [stdout]   61:     0x59ad11a616c6 - core::ops::function::FnOnce::call_once::h6c225a731c5e970c
[INFO] [stdout]                                at /rustc/202008a1b8de96d2e5b6bc02d379db03a877d34d/library/core/src/ops/function.rs:250:5
[INFO] [stdout]   62:     0x59ad11b018fb - core::ops::function::FnOnce::call_once::h871bf86719ec9aa4
[INFO] [stdout]                                at /rustc/202008a1b8de96d2e5b6bc02d379db03a877d34d/library/core/src/ops/function.rs:250:5
[INFO] [stdout]   63:     0x59ad11b018fb - test::__rust_begin_short_backtrace::h2167df1e2b7d76fd
[INFO] [stdout]                                at /rustc/202008a1b8de96d2e5b6bc02d379db03a877d34d/library/test/src/lib.rs:632:18
[INFO] [stdout]   64:     0x59ad11b012e8 - test::run_test_in_process::{{closure}}::h15d92f75a3adfb79
[INFO] [stdout]                                at /rustc/202008a1b8de96d2e5b6bc02d379db03a877d34d/library/test/src/lib.rs:655:60
[INFO] [stdout]   65:     0x59ad11b012e8 - <core::panic::unwind_safe::AssertUnwindSafe<F> as core::ops::function::FnOnce<()>>::call_once::hb6c8955835a8dbbb
[INFO] [stdout]                                at /rustc/202008a1b8de96d2e5b6bc02d379db03a877d34d/library/core/src/panic/unwind_safe.rs:272:9
[INFO] [stdout]   66:     0x59ad11b012e8 - std::panicking::try::do_call::hc79d0fc888a0bd30
[INFO] [stdout]                                at /rustc/202008a1b8de96d2e5b6bc02d379db03a877d34d/library/std/src/panicking.rs:557:40
[INFO] [stdout]   67:     0x59ad11b012e8 - std::panicking::try::hb8a7878e3a8589d6
[INFO] [stdout]                                at /rustc/202008a1b8de96d2e5b6bc02d379db03a877d34d/library/std/src/panicking.rs:520:19
[INFO] [stdout]   68:     0x59ad11b012e8 - std::panic::catch_unwind::hb8e4600ff0ff5cfa
[INFO] [stdout]                                at /rustc/202008a1b8de96d2e5b6bc02d379db03a877d34d/library/std/src/panic.rs:358:14
[INFO] [stdout]   69:     0x59ad11b012e8 - test::run_test_in_process::hc2900b0b18688dd6
[INFO] [stdout]                                at /rustc/202008a1b8de96d2e5b6bc02d379db03a877d34d/library/test/src/lib.rs:655:27
[INFO] [stdout]   70:     0x59ad11b012e8 - test::run_test::{{closure}}::hac2a9cb07be3d48d
[INFO] [stdout]                                at /rustc/202008a1b8de96d2e5b6bc02d379db03a877d34d/library/test/src/lib.rs:576:43
[INFO] [stdout]   71:     0x59ad11ac4d8a - test::run_test::{{closure}}::h4a5b729e66a38cd8
[INFO] [stdout]                                at /rustc/202008a1b8de96d2e5b6bc02d379db03a877d34d/library/test/src/lib.rs:606:41
[INFO] [stdout]   72:     0x59ad11ac4d8a - std::sys::backtrace::__rust_begin_short_backtrace::h0496fb742492f573
[INFO] [stdout]                                at /rustc/202008a1b8de96d2e5b6bc02d379db03a877d34d/library/std/src/sys/backtrace.rs:154:18
[INFO] [stdout]   73:     0x59ad11ac8704 - std::thread::Builder::spawn_unchecked_::{{closure}}::{{closure}}::hbb6d257c550a54bd
[INFO] [stdout]                                at /rustc/202008a1b8de96d2e5b6bc02d379db03a877d34d/library/std/src/thread/mod.rs:561:17
[INFO] [stdout]   74:     0x59ad11ac8704 - <core::panic::unwind_safe::AssertUnwindSafe<F> as core::ops::function::FnOnce<()>>::call_once::h46696fe4a6832328
[INFO] [stdout]                                at /rustc/202008a1b8de96d2e5b6bc02d379db03a877d34d/library/core/src/panic/unwind_safe.rs:272:9
[INFO] [stdout]   75:     0x59ad11ac8704 - std::panicking::try::do_call::h2625a51b667bfb64
[INFO] [stdout]                                at /rustc/202008a1b8de96d2e5b6bc02d379db03a877d34d/library/std/src/panicking.rs:557:40
[INFO] [stdout]   76:     0x59ad11ac8704 - std::panicking::try::hb956a59a1973aa4c
[INFO] [stdout]                                at /rustc/202008a1b8de96d2e5b6bc02d379db03a877d34d/library/std/src/panicking.rs:520:19
[INFO] [stdout]   77:     0x59ad11ac8704 - std::panic::catch_unwind::h64f3b9d1067ef6a0
[INFO] [stdout]                                at /rustc/202008a1b8de96d2e5b6bc02d379db03a877d34d/library/std/src/panic.rs:358:14
[INFO] [stdout]   78:     0x59ad11ac8704 - std::thread::Builder::spawn_unchecked_::{{closure}}::h42b2841295b6c0b2
[INFO] [stdout]                                at /rustc/202008a1b8de96d2e5b6bc02d379db03a877d34d/library/std/src/thread/mod.rs:559:30
[INFO] [stdout]   79:     0x59ad11ac8704 - core::ops::function::FnOnce::call_once{{vtable.shim}}::h6127de71b8124639
[INFO] [stdout]                                at /rustc/202008a1b8de96d2e5b6bc02d379db03a877d34d/library/core/src/ops/function.rs:250:5
[INFO] [stdout]   80:     0x59ad11c81efb - <alloc::boxed::Box<F,A> as core::ops::function::FnOnce<Args>>::call_once::h42f0ba71002a1b2c
[INFO] [stdout]                                at /rustc/202008a1b8de96d2e5b6bc02d379db03a877d34d/library/alloc/src/boxed.rs:1972:9
[INFO] [stdout]   81:     0x59ad11c81efb - <alloc::boxed::Box<F,A> as core::ops::function::FnOnce<Args>>::call_once::had9e47d7a3dcecb8
[INFO] [stdout]                                at /rustc/202008a1b8de96d2e5b6bc02d379db03a877d34d/library/alloc/src/boxed.rs:1972:9
[INFO] [stdout]   82:     0x59ad11c81efb - std::sys::pal::unix::thread::Thread::new::thread_start::h48cf765408f6f5f2
[INFO] [stdout]                                at /rustc/202008a1b8de96d2e5b6bc02d379db03a877d34d/library/std/src/sys/pal/unix/thread.rs:105:17
[INFO] [stdout]   83:     0x72c1b33b8ac3 - <unknown>
[INFO] [stdout]   84:     0x72c1b3449a04 - clone
[INFO] [stdout]   85:                0x0 - <unknown>
[INFO] [stdout] 
[INFO] [stdout] ---- integration_tests::tests::create_counter_and_increment_and_reset stdout ----
[INFO] [stdout] counter id: 2, manager id: 1
[INFO] [stdout] counter id from instantate_new(): 2
[INFO] [stdout] thread 'integration_tests::tests::create_counter_and_increment_and_reset' panicked at contracts/manager/src/contract.rs:80:9:
[INFO] [stdout] handle_increment_reply:  address
[INFO] [stdout] stack backtrace:
[INFO] [stdout]    0:     0x59ad11c7c48a - std::backtrace_rs::backtrace::libunwind::trace::h8810477743020387
[INFO] [stdout]                                at /rustc/202008a1b8de96d2e5b6bc02d379db03a877d34d/library/std/src/../../backtrace/src/backtrace/libunwind.rs:116:5
[INFO] [stdout]    1:     0x59ad11c7c48a - std::backtrace_rs::backtrace::trace_unsynchronized::h3aa55355dd6c54a6
[INFO] [stdout]                                at /rustc/202008a1b8de96d2e5b6bc02d379db03a877d34d/library/std/src/../../backtrace/src/backtrace/mod.rs:66:5
[INFO] [stdout]    2:     0x59ad11c7c48a - std::sys::backtrace::_print_fmt::h8588b0f62410823f
[INFO] [stdout]                                at /rustc/202008a1b8de96d2e5b6bc02d379db03a877d34d/library/std/src/sys/backtrace.rs:66:9
[INFO] [stdout]    3:     0x59ad11c7c48a - <std::sys::backtrace::BacktraceLock::print::DisplayBacktrace as core::fmt::Display>::fmt::h98c26ac25ffe89bb
[INFO] [stdout]                                at /rustc/202008a1b8de96d2e5b6bc02d379db03a877d34d/library/std/src/sys/backtrace.rs:39:26
[INFO] [stdout]    4:     0x59ad11ca3143 - core::fmt::rt::Argument::fmt::hf95377f4aebd453b
[INFO] [stdout]                                at /rustc/202008a1b8de96d2e5b6bc02d379db03a877d34d/library/core/src/fmt/rt.rs:177:76
[INFO] [stdout]    5:     0x59ad11ca3143 - core::fmt::write::h0dd5f6e2238c7982
[INFO] [stdout]                                at /rustc/202008a1b8de96d2e5b6bc02d379db03a877d34d/library/core/src/fmt/mod.rs:1189:21
[INFO] [stdout]    6:     0x59ad11c79623 - std::io::Write::write_fmt::h03bb0ca26e6faf8c
[INFO] [stdout]                                at /rustc/202008a1b8de96d2e5b6bc02d379db03a877d34d/library/std/src/io/mod.rs:1884:15
[INFO] [stdout]    7:     0x59ad11c7c2d2 - std::sys::backtrace::BacktraceLock::print::h5c19c1c038ee186d
[INFO] [stdout]                                at /rustc/202008a1b8de96d2e5b6bc02d379db03a877d34d/library/std/src/sys/backtrace.rs:42:9
[INFO] [stdout]    8:     0x59ad11c7d90d - std::panicking::default_hook::{{closure}}::h77172f079a1fcb13
[INFO] [stdout]                                at /rustc/202008a1b8de96d2e5b6bc02d379db03a877d34d/library/std/src/panicking.rs:268:22
[INFO] [stdout]    9:     0x59ad11c7d717 - std::panicking::default_hook::he5f8e3b203ccddba
[INFO] [stdout]                                at /rustc/202008a1b8de96d2e5b6bc02d379db03a877d34d/library/std/src/panicking.rs:292:9
[INFO] [stdout]   10:     0x59ad11afcdd7 - <alloc::boxed::Box<F,A> as core::ops::function::Fn<Args>>::call::h7a3c7b4a1ae77f2f
[INFO] [stdout]                                at /rustc/202008a1b8de96d2e5b6bc02d379db03a877d34d/library/alloc/src/boxed.rs:1986:9
[INFO] [stdout]   11:     0x59ad11afcdd7 - test::test_main::{{closure}}::hf0d3b69ae9b353d1
[INFO] [stdout]                                at /rustc/202008a1b8de96d2e5b6bc02d379db03a877d34d/library/test/src/lib.rs:134:21
[INFO] [stdout]   12:     0x59ad11c7dfb8 - <alloc::boxed::Box<F,A> as core::ops::function::Fn<Args>>::call::h6332e82e7b189abd
[INFO] [stdout]                                at /rustc/202008a1b8de96d2e5b6bc02d379db03a877d34d/library/alloc/src/boxed.rs:1986:9
[INFO] [stdout]   13:     0x59ad11c7dfb8 - std::panicking::rust_panic_with_hook::h53863d4e9018df39
[INFO] [stdout]                                at /rustc/202008a1b8de96d2e5b6bc02d379db03a877d34d/library/std/src/panicking.rs:809:13
[INFO] [stdout]   14:     0x59ad11c7dd7a - std::panicking::begin_panic_handler::{{closure}}::h67280e6fa0757873
[INFO] [stdout]                                at /rustc/202008a1b8de96d2e5b6bc02d379db03a877d34d/library/std/src/panicking.rs:674:13
[INFO] [stdout]   15:     0x59ad11c7c969 - std::sys::backtrace::__rust_end_short_backtrace::h1dac3f54d6fbbeb2
[INFO] [stdout]                                at /rustc/202008a1b8de96d2e5b6bc02d379db03a877d34d/library/std/src/sys/backtrace.rs:170:18
[INFO] [stdout]   16:     0x59ad11c7da0c - rust_begin_unwind
[INFO] [stdout]                                at /rustc/202008a1b8de96d2e5b6bc02d379db03a877d34d/library/std/src/panicking.rs:665:5
[INFO] [stdout]   17:     0x59ad11a2cbb0 - core::panicking::panic_fmt::h6792bd1b2bf01041
[INFO] [stdout]                                at /rustc/202008a1b8de96d2e5b6bc02d379db03a877d34d/library/core/src/panicking.rs:76:14
[INFO] [stdout]   18:     0x59ad11a7b0f3 - core::panicking::panic_display::hc94d7ff4b96ef05c
[INFO] [stdout]                                at /rustc/202008a1b8de96d2e5b6bc02d379db03a877d34d/library/core/src/panicking.rs:269:5
[INFO] [stdout]   19:     0x59ad11ab8f5a - manager::contract::handle_increment_reply::panic_cold_display::h681a6d75efc4f598
[INFO] [stdout]                                at /rustc/202008a1b8de96d2e5b6bc02d379db03a877d34d/library/core/src/panic.rs:100:13
[INFO] [stdout]   20:     0x59ad11ab6aa5 - manager::contract::handle_increment_reply::h1525301e4a6186c7
[INFO] [stdout]                                at /opt/rustwide/workdir/contracts/manager/src/contract.rs:80:9
[INFO] [stdout]   21:     0x59ad11ab8d7d - manager::contract::reply::hec41faf748e2c3d5
[INFO] [stdout]                                at /opt/rustwide/workdir/contracts/manager/src/contract.rs:56:39
[INFO] [stdout]   22:     0x59ad11a60438 - core::ops::function::Fn::call::hc413f441a825baee
[INFO] [stdout]                                at /rustc/202008a1b8de96d2e5b6bc02d379db03a877d34d/library/core/src/ops/function.rs:79:5
[INFO] [stdout]   23:     0x59ad11a6cdd0 - <alloc::boxed::Box<F,A> as core::ops::function::Fn<Args>>::call::h467512ad9dfe53bf
[INFO] [stdout]                                at /rustc/202008a1b8de96d2e5b6bc02d379db03a877d34d/library/alloc/src/boxed.rs:1986:9
[INFO] [stdout]   24:     0x59ad11a76405 - <cw_multi_test::contracts::ContractWrapper<T1,T2,T3,E1,E2,E3,C,Q,T4,E4,E5,T6,E6> as cw_multi_test::contracts::Contract<C,Q>>::reply::h864730e9ce073a20
[INFO] [stdout]                                at /opt/rustwide/cargo-home/registry/src/index.crates.io-6f17d22bba15001f/cw-multi-test-0.16.1/src/contracts.rs:424:28
[INFO] [stdout]   25:     0x59ad11a4e7ee - cw_multi_test::wasm::WasmKeeper<ExecC,QueryC>::call_reply::{{closure}}::hf9ce077294c6e85a
[INFO] [stdout]                                at /opt/rustwide/cargo-home/registry/src/index.crates.io-6f17d22bba15001f/cw-multi-test-0.16.1/src/wasm.rs:756:35
[INFO] [stdout]   26:     0x59ad11a55913 - cw_multi_test::wasm::WasmKeeper<ExecC,QueryC>::with_storage::{{closure}}::h64b6d4c3994c1648
[INFO] [stdout]                                at /opt/rustwide/cargo-home/registry/src/index.crates.io-6f17d22bba15001f/cw-multi-test-0.16.1/src/wasm.rs:869:13
[INFO] [stdout]   27:     0x59ad11a5ca80 - cw_multi_test::transactions::transactional::h6e74e72ff2796cfd
[INFO] [stdout]                                at /opt/rustwide/cargo-home/registry/src/index.crates.io-6f17d22bba15001f/cw-multi-test-0.16.1/src/transactions.rs:27:15
[INFO] [stdout]   28:     0x59ad11a5467d - cw_multi_test::wasm::WasmKeeper<ExecC,QueryC>::with_storage::h7b8694e00b9d9318
[INFO] [stdout]                                at /opt/rustwide/cargo-home/registry/src/index.crates.io-6f17d22bba15001f/cw-multi-test-0.16.1/src/wasm.rs:859:9
[INFO] [stdout]   29:     0x59ad11a4e6fc - cw_multi_test::wasm::WasmKeeper<ExecC,QueryC>::call_reply::h1d8d556dfb3d8e5d
[INFO] [stdout]                                at /opt/rustwide/cargo-home/registry/src/index.crates.io-6f17d22bba15001f/cw-multi-test-0.16.1/src/wasm.rs:750:31
[INFO] [stdout]   30:     0x59ad11a5a06a - cw_multi_test::wasm::WasmKeeper<ExecC,QueryC>::_reply::hff429320ba87be5f
[INFO] [stdout]                                at /opt/rustwide/cargo-home/registry/src/index.crates.io-6f17d22bba15001f/cw-multi-test-0.16.1/src/wasm.rs:598:19
[INFO] [stdout]   31:     0x59ad11a56594 - cw_multi_test::wasm::WasmKeeper<ExecC,QueryC>::execute_submsg::h19e11c807e4fe524
[INFO] [stdout]                                at /opt/rustwide/cargo-home/registry/src/index.crates.io-6f17d22bba15001f/cw-multi-test-0.16.1/src/wasm.rs:554:33
[INFO] [stdout]   32:     0x59ad11a57a41 - cw_multi_test::wasm::WasmKeeper<ExecC,QueryC>::process_response::{{closure}}::hfc0dbb71827b1b1e
[INFO] [stdout]                                at /opt/rustwide/cargo-home/registry/src/index.crates.io-6f17d22bba15001f/cw-multi-test-0.16.1/src/wasm.rs:664:17
[INFO] [stdout]   33:     0x59ad11abccbb - <alloc::vec::into_iter::IntoIter<T,A> as core::iter::traits::iterator::Iterator>::try_fold::h162cffd60e1a4395
[INFO] [stdout]                                at /rustc/202008a1b8de96d2e5b6bc02d379db03a877d34d/library/alloc/src/vec/into_iter.rs:346:25
[INFO] [stdout]   34:     0x59ad11a57645 - cw_multi_test::wasm::WasmKeeper<ExecC,QueryC>::process_response::hdddbb1ac378b4c79
[INFO] [stdout]                                at /opt/rustwide/cargo-home/registry/src/index.crates.io-6f17d22bba15001f/cw-multi-test-0.16.1/src/wasm.rs:662:20
[INFO] [stdout]   35:     0x59ad11a4fd35 - cw_multi_test::wasm::WasmKeeper<ExecC,QueryC>::execute_wasm::h97a53384b823dc4f
[INFO] [stdout]                                at /opt/rustwide/cargo-home/registry/src/index.crates.io-6f17d22bba15001f/cw-multi-test-0.16.1/src/wasm.rs:403:21
[INFO] [stdout]   36:     0x59ad11a4ddb0 - <cw_multi_test::wasm::WasmKeeper<ExecC,QueryC> as cw_multi_test::wasm::Wasm<ExecC,QueryC>>::execute::h86d4f52200e962b4
[INFO] [stdout]                                at /opt/rustwide/cargo-home/registry/src/index.crates.io-6f17d22bba15001f/cw-multi-test-0.16.1/src/wasm.rs:158:9
[INFO] [stdout]   37:     0x59ad11aacbdd - <cw_multi_test::app::Router<BankT,CustomT,WasmT,StakingT,DistrT,IbcT,GovT> as cw_multi_test::app::CosmosRouter>::execute::h369086a9c43fcbf7
[INFO] [stdout]                                at /opt/rustwide/cargo-home/registry/src/index.crates.io-6f17d22bba15001f/cw-multi-test-0.16.1/src/app.rs:944:37
[INFO] [stdout]   38:     0x59ad11aab18d - cw_multi_test::app::App<BankT,ApiT,StorageT,CustomT,WasmT,StakingT,DistrT,IbcT,GovT>::execute_multi::{{closure}}::{{closure}}::h763f2803c89b6e5f
[INFO] [stdout]                                at /opt/rustwide/cargo-home/registry/src/index.crates.io-6f17d22bba15001f/cw-multi-test-0.16.1/src/app.rs:772:28
[INFO] [stdout]   39:     0x59ad11a8e509 - core::iter::adapters::map::map_try_fold::{{closure}}::h39a9a27110eca819
[INFO] [stdout]                                at /rustc/202008a1b8de96d2e5b6bc02d379db03a877d34d/library/core/src/iter/adapters/map.rs:95:28
[INFO] [stdout]   40:     0x59ad11abcf64 - <alloc::vec::into_iter::IntoIter<T,A> as core::iter::traits::iterator::Iterator>::try_fold::h45ac2a4be866e479
[INFO] [stdout]                                at /rustc/202008a1b8de96d2e5b6bc02d379db03a877d34d/library/alloc/src/vec/into_iter.rs:346:25
[INFO] [stdout]   41:     0x59ad11a8b9ef - <core::iter::adapters::map::Map<I,F> as core::iter::traits::iterator::Iterator>::try_fold::h78a1ab9ed009bf9b
[INFO] [stdout]                                at /rustc/202008a1b8de96d2e5b6bc02d379db03a877d34d/library/core/src/iter/adapters/map.rs:121:9
[INFO] [stdout]   42:     0x59ad11aa9208 - <core::iter::adapters::GenericShunt<I,R> as core::iter::traits::iterator::Iterator>::try_fold::h4eefc129d017cc7a
[INFO] [stdout]                                at /rustc/202008a1b8de96d2e5b6bc02d379db03a877d34d/library/core/src/iter/adapters/mod.rs:191:9
[INFO] [stdout]   43:     0x59ad11aa8fc0 - core::iter::traits::iterator::Iterator::try_for_each::h06b8008cc4f23ba0
[INFO] [stdout]                                at /rustc/202008a1b8de96d2e5b6bc02d379db03a877d34d/library/core/src/iter/traits/iterator.rs:2431:9
[INFO] [stdout]   44:     0x59ad11aa8fc0 - <core::iter::adapters::GenericShunt<I,R> as core::iter::traits::iterator::Iterator>::next::h4f45fdac714f9c46
[INFO] [stdout]                                at /rustc/202008a1b8de96d2e5b6bc02d379db03a877d34d/library/core/src/iter/adapters/mod.rs:174:14
[INFO] [stdout]   45:     0x59ad11a6daed - <alloc::vec::Vec<T> as alloc::vec::spec_from_iter_nested::SpecFromIterNested<T,I>>::from_iter::hf701cb9a1bc2c3d3
[INFO] [stdout]                                at /rustc/202008a1b8de96d2e5b6bc02d379db03a877d34d/library/alloc/src/vec/spec_from_iter_nested.rs:25:32
[INFO] [stdout]   46:     0x59ad11a5c1c4 - <alloc::vec::Vec<T> as alloc::vec::spec_from_iter_nested::SpecFromIterNested<T,I>>::from_iter{{reify.shim}}::hd2a2bba18b2b272a
[INFO] [stdout]                                at /rustc/202008a1b8de96d2e5b6bc02d379db03a877d34d/library/alloc/src/vec/spec_from_iter_nested.rs:19:5
[INFO] [stdout]   47:     0x59ad11a6fecd - alloc::vec::in_place_collect::<impl alloc::vec::spec_from_iter::SpecFromIter<T,I> for alloc::vec::Vec<T>>::from_iter::h19871cbf91d7d546
[INFO] [stdout]                                at /rustc/202008a1b8de96d2e5b6bc02d379db03a877d34d/library/alloc/src/vec/in_place_collect.rs:246:9
[INFO] [stdout]   48:     0x59ad11a70f71 - <alloc::vec::Vec<T> as core::iter::traits::collect::FromIterator<T>>::from_iter::hb743d10a5edb7cb0
[INFO] [stdout]                                at /rustc/202008a1b8de96d2e5b6bc02d379db03a877d34d/library/alloc/src/vec/mod.rs:3412:9
[INFO] [stdout]   49:     0x59ad11a42e18 - core::iter::traits::iterator::Iterator::collect::h374ce86064c0c110
[INFO] [stdout]                                at /rustc/202008a1b8de96d2e5b6bc02d379db03a877d34d/library/core/src/iter/traits/iterator.rs:1971:9
[INFO] [stdout]   50:     0x59ad11a42e18 - <core::result::Result<V,E> as core::iter::traits::collect::FromIterator<core::result::Result<A,E>>>::from_iter::{{closure}}::h2a3d760377a8ac9b
[INFO] [stdout]                                at /rustc/202008a1b8de96d2e5b6bc02d379db03a877d34d/library/core/src/result.rs:1980:51
[INFO] [stdout]   51:     0x59ad11aad7ac - core::iter::adapters::try_process::hef29865113506e3d
[INFO] [stdout]                                at /rustc/202008a1b8de96d2e5b6bc02d379db03a877d34d/library/core/src/iter/adapters/mod.rs:160:17
[INFO] [stdout]   52:     0x59ad11a42dd7 - <core::result::Result<V,E> as core::iter::traits::collect::FromIterator<core::result::Result<A,E>>>::from_iter::h1859011482b83f56
[INFO] [stdout]                                at /rustc/202008a1b8de96d2e5b6bc02d379db03a877d34d/library/core/src/result.rs:1980:9
[INFO] [stdout]   53:     0x59ad11a8e29d - core::iter::traits::iterator::Iterator::collect::h61bee9804b689e20
[INFO] [stdout]                                at /rustc/202008a1b8de96d2e5b6bc02d379db03a877d34d/library/core/src/iter/traits/iterator.rs:1971:9
[INFO] [stdout]   54:     0x59ad11aab080 - cw_multi_test::app::App<BankT,ApiT,StorageT,CustomT,WasmT,StakingT,DistrT,IbcT,GovT>::execute_multi::{{closure}}::h5277ff1900896e33
[INFO] [stdout]                                at /opt/rustwide/cargo-home/registry/src/index.crates.io-6f17d22bba15001f/cw-multi-test-0.16.1/src/app.rs:771:13
[INFO] [stdout]   55:     0x59ad11a5d520 - cw_multi_test::transactions::transactional::hcc2b12249e6f6e65
[INFO] [stdout]                                at /opt/rustwide/cargo-home/registry/src/index.crates.io-6f17d22bba15001f/cw-multi-test-0.16.1/src/transactions.rs:27:15
[INFO] [stdout]   56:     0x59ad11aaaf3e - cw_multi_test::app::App<BankT,ApiT,StorageT,CustomT,WasmT,StakingT,DistrT,IbcT,GovT>::execute_multi::h1d3580fca2357d28
[INFO] [stdout]                                at /opt/rustwide/cargo-home/registry/src/index.crates.io-6f17d22bba15001f/cw-multi-test-0.16.1/src/app.rs:770:9
[INFO] [stdout]   57:     0x59ad11aad18c - <cw_multi_test::app::App<BankT,ApiT,StorageT,CustomT,WasmT,StakingT,DistrT,IbcT,GovT> as cw_multi_test::executor::Executor<<CustomT as cw_multi_test::module::Module>::ExecT>>::execute::h827139da47631121
[INFO] [stdout]                                at /opt/rustwide/cargo-home/registry/src/index.crates.io-6f17d22bba15001f/cw-multi-test-0.16.1/src/app.rs:163:23
[INFO] [stdout]   58:     0x59ad11a98614 - manager::integration_tests::tests::increment::h1cd05a0a06969a9e
[INFO] [stdout]                                at /opt/rustwide/workdir/contracts/manager/src/integration_tests.rs:88:9
[INFO] [stdout]   59:     0x59ad11a999bb - manager::integration_tests::tests::create_counter_and_increment_and_reset::h98b4973551263d73
[INFO] [stdout]                                at /opt/rustwide/workdir/contracts/manager/src/integration_tests.rs:174:9
[INFO] [stdout]   60:     0x59ad11a99897 - manager::integration_tests::tests::create_counter_and_increment_and_reset::{{closure}}::hc6417cfbabb83651
[INFO] [stdout]                                at /opt/rustwide/workdir/contracts/manager/src/integration_tests.rs:169:48
[INFO] [stdout]   61:     0x59ad11a61d96 - core::ops::function::FnOnce::call_once::hfc5d17e9c1b5304c
[INFO] [stdout]                                at /rustc/202008a1b8de96d2e5b6bc02d379db03a877d34d/library/core/src/ops/function.rs:250:5
[INFO] [stdout]   62:     0x59ad11b018fb - core::ops::function::FnOnce::call_once::h871bf86719ec9aa4
[INFO] [stdout]                                at /rustc/202008a1b8de96d2e5b6bc02d379db03a877d34d/library/core/src/ops/function.rs:250:5
[INFO] [stdout]   63:     0x59ad11b018fb - test::__rust_begin_short_backtrace::h2167df1e2b7d76fd
[INFO] [stdout]                                at /rustc/202008a1b8de96d2e5b6bc02d379db03a877d34d/library/test/src/lib.rs:632:18
[INFO] [stdout]   64:     0x59ad11b012e8 - test::run_test_in_process::{{closure}}::h15d92f75a3adfb79
[INFO] [stdout]                                at /rustc/202008a1b8de96d2e5b6bc02d379db03a877d34d/library/test/src/lib.rs:655:60
[INFO] [stdout]   65:     0x59ad11b012e8 - <core::panic::unwind_safe::AssertUnwindSafe<F> as core::ops::function::FnOnce<()>>::call_once::hb6c8955835a8dbbb
[INFO] [stdout]                                at /rustc/202008a1b8de96d2e5b6bc02d379db03a877d34d/library/core/src/panic/unwind_safe.rs:272:9
[INFO] [stdout]   66:     0x59ad11b012e8 - std::panicking::try::do_call::hc79d0fc888a0bd30
[INFO] [stdout]                                at /rustc/202008a1b8de96d2e5b6bc02d379db03a877d34d/library/std/src/panicking.rs:557:40
[INFO] [stdout]   67:     0x59ad11b012e8 - std::panicking::try::hb8a7878e3a8589d6
[INFO] [stdout]                                at /rustc/202008a1b8de96d2e5b6bc02d379db03a877d34d/library/std/src/panicking.rs:520:19
[INFO] [stdout]   68:     0x59ad11b012e8 - std::panic::catch_unwind::hb8e4600ff0ff5cfa
[INFO] [stdout]                                at /rustc/202008a1b8de96d2e5b6bc02d379db03a877d34d/library/std/src/panic.rs:358:14
[INFO] [stdout]   69:     0x59ad11b012e8 - test::run_test_in_process::hc2900b0b18688dd6
[INFO] [stdout]                                at /rustc/202008a1b8de96d2e5b6bc02d379db03a877d34d/library/test/src/lib.rs:655:27
[INFO] [stdout]   70:     0x59ad11b012e8 - test::run_test::{{closure}}::hac2a9cb07be3d48d
[INFO] [stdout]                                at /rustc/202008a1b8de96d2e5b6bc02d379db03a877d34d/library/test/src/lib.rs:576:43
[INFO] [stdout]   71:     0x59ad11ac4d8a - test::run_test::{{closure}}::h4a5b729e66a38cd8
[INFO] [stdout]                                at /rustc/202008a1b8de96d2e5b6bc02d379db03a877d34d/library/test/src/lib.rs:606:41
[INFO] [stdout]   72:     0x59ad11ac4d8a - std::sys::backtrace::__rust_begin_short_backtrace::h0496fb742492f573
[INFO] [stdout]                                at /rustc/202008a1b8de96d2e5b6bc02d379db03a877d34d/library/std/src/sys/backtrace.rs:154:18
[INFO] [stdout]   73:     0x59ad11ac8704 - std::thread::Builder::spawn_unchecked_::{{closure}}::{{closure}}::hbb6d257c550a54bd
[INFO] [stdout]                                at /rustc/202008a1b8de96d2e5b6bc02d379db03a877d34d/library/std/src/thread/mod.rs:561:17
[INFO] [stdout]   74:     0x59ad11ac8704 - <core::panic::unwind_safe::AssertUnwindSafe<F> as core::ops::function::FnOnce<()>>::call_once::h46696fe4a6832328
[INFO] [stdout]                                at /rustc/202008a1b8de96d2e5b6bc02d379db03a877d34d/library/core/src/panic/unwind_safe.rs:272:9
[INFO] [stdout]   75:     0x59ad11ac8704 - std::panicking::try::do_call::h2625a51b667bfb64
[INFO] [stdout]                                at /rustc/202008a1b8de96d2e5b6bc02d379db03a877d34d/library/std/src/panicking.rs:557:40
[INFO] [stdout]   76:     0x59ad11ac8704 - std::panicking::try::hb956a59a1973aa4c
[INFO] [stdout]                                at /rustc/202008a1b8de96d2e5b6bc02d379db03a877d34d/library/std/src/panicking.rs:520:19
[INFO] [stdout]   77:     0x59ad11ac8704 - std::panic::catch_unwind::h64f3b9d1067ef6a0
[INFO] [stdout]                                at /rustc/202008a1b8de96d2e5b6bc02d379db03a877d34d/library/std/src/panic.rs:358:14
[INFO] [stdout]   78:     0x59ad11ac8704 - std::thread::Builder::spawn_unchecked_::{{closure}}::h42b2841295b6c0b2
[INFO] [stdout]                                at /rustc/202008a1b8de96d2e5b6bc02d379db03a877d34d/library/std/src/thread/mod.rs:559:30
[INFO] [stdout]   79:     0x59ad11ac8704 - core::ops::function::FnOnce::call_once{{vtable.shim}}::h6127de71b8124639
[INFO] [stdout]                                at /rustc/202008a1b8de96d2e5b6bc02d379db03a877d34d/library/core/src/ops/function.rs:250:5
[INFO] [stdout]   80:     0x59ad11c81efb - <alloc::boxed::Box<F,A> as core::ops::function::FnOnce<Args>>::call_once::h42f0ba71002a1b2c
[INFO] [stdout]                                at /rustc/202008a1b8de96d2e5b6bc02d379db03a877d34d/library/alloc/src/boxed.rs:1972:9
[INFO] [stdout]   81:     0x59ad11c81efb - <alloc::boxed::Box<F,A> as core::ops::function::FnOnce<Args>>::call_once::had9e47d7a3dcecb8
[INFO] [stdout]                                at /rustc/202008a1b8de96d2e5b6bc02d379db03a877d34d/library/alloc/src/boxed.rs:1972:9
[INFO] [stdout]   82:     0x59ad11c81efb - std::sys::pal::unix::thread::Thread::new::thread_start::h48cf765408f6f5f2
[INFO] [stdout]                                at /rustc/202008a1b8de96d2e5b6bc02d379db03a877d34d/library/std/src/sys/pal/unix/thread.rs:105:17
[INFO] [stdout]   83:     0x72c1b33b8ac3 - <unknown>
[INFO] [stdout]   84:     0x72c1b3449a04 - clone
[INFO] [stdout]   85:                0x0 - <unknown>
[INFO] [stdout] 
[INFO] [stdout] ---- integration_tests::tests::create_two_counters_and_increment_each stdout ----
[INFO] [stdout] counter id: 2, manager id: 1
[INFO] [stdout] counter id: 2
[INFO] [stdout] counter id from instantate_new(): 2
[INFO] [stdout] counter id from instantate_new(): 2
[INFO] [stdout] thread 'integration_tests::tests::create_two_counters_and_increment_each' panicked at contracts/manager/src/contract.rs:80:9:
[INFO] [stdout] handle_increment_reply:  address
[INFO] [stdout] stack backtrace:
[INFO] [stdout]    0:     0x59ad11c7c48a - std::backtrace_rs::backtrace::libunwind::trace::h8810477743020387
[INFO] [stdout]                                at /rustc/202008a1b8de96d2e5b6bc02d379db03a877d34d/library/std/src/../../backtrace/src/backtrace/libunwind.rs:116:5
[INFO] [stdout]    1:     0x59ad11c7c48a - std::backtrace_rs::backtrace::trace_unsynchronized::h3aa55355dd6c54a6
[INFO] [stdout]                                at /rustc/202008a1b8de96d2e5b6bc02d379db03a877d34d/library/std/src/../../backtrace/src/backtrace/mod.rs:66:5
[INFO] [stdout]    2:     0x59ad11c7c48a - std::sys::backtrace::_print_fmt::h8588b0f62410823f
[INFO] [stdout]                                at /rustc/202008a1b8de96d2e5b6bc02d379db03a877d34d/library/std/src/sys/backtrace.rs:66:9
[INFO] [stdout]    3:     0x59ad11c7c48a - <std::sys::backtrace::BacktraceLock::print::DisplayBacktrace as core::fmt::Display>::fmt::h98c26ac25ffe89bb
[INFO] [stdout]                                at /rustc/202008a1b8de96d2e5b6bc02d379db03a877d34d/library/std/src/sys/backtrace.rs:39:26
[INFO] [stdout]    4:     0x59ad11ca3143 - core::fmt::rt::Argument::fmt::hf95377f4aebd453b
[INFO] [stdout]                                at /rustc/202008a1b8de96d2e5b6bc02d379db03a877d34d/library/core/src/fmt/rt.rs:177:76
[INFO] [stdout]    5:     0x59ad11ca3143 - core::fmt::write::h0dd5f6e2238c7982
[INFO] [stdout]                                at /rustc/202008a1b8de96d2e5b6bc02d379db03a877d34d/library/core/src/fmt/mod.rs:1189:21
[INFO] [stdout]    6:     0x59ad11c79623 - std::io::Write::write_fmt::h03bb0ca26e6faf8c
[INFO] [stdout]                                at /rustc/202008a1b8de96d2e5b6bc02d379db03a877d34d/library/std/src/io/mod.rs:1884:15
[INFO] [stdout]    7:     0x59ad11c7c2d2 - std::sys::backtrace::BacktraceLock::print::h5c19c1c038ee186d
[INFO] [stdout]                                at /rustc/202008a1b8de96d2e5b6bc02d379db03a877d34d/library/std/src/sys/backtrace.rs:42:9
[INFO] [stdout]    8:     0x59ad11c7d90d - std::panicking::default_hook::{{closure}}::h77172f079a1fcb13
[INFO] [stdout]                                at /rustc/202008a1b8de96d2e5b6bc02d379db03a877d34d/library/std/src/panicking.rs:268:22
[INFO] [stdout]    9:     0x59ad11c7d717 - std::panicking::default_hook::he5f8e3b203ccddba
[INFO] [stdout]                                at /rustc/202008a1b8de96d2e5b6bc02d379db03a877d34d/library/std/src/panicking.rs:292:9
[INFO] [stdout]   10:     0x59ad11afcdd7 - <alloc::boxed::Box<F,A> as core::ops::function::Fn<Args>>::call::h7a3c7b4a1ae77f2f
[INFO] [stdout]                                at /rustc/202008a1b8de96d2e5b6bc02d379db03a877d34d/library/alloc/src/boxed.rs:1986:9
[INFO] [stdout]   11:     0x59ad11afcdd7 - test::test_main::{{closure}}::hf0d3b69ae9b353d1
[INFO] [stdout]                                at /rustc/202008a1b8de96d2e5b6bc02d379db03a877d34d/library/test/src/lib.rs:134:21
[INFO] [stdout]   12:     0x59ad11c7dfb8 - <alloc::boxed::Box<F,A> as core::ops::function::Fn<Args>>::call::h6332e82e7b189abd
[INFO] [stdout]                                at /rustc/202008a1b8de96d2e5b6bc02d379db03a877d34d/library/alloc/src/boxed.rs:1986:9
[INFO] [stdout]   13:     0x59ad11c7dfb8 - std::panicking::rust_panic_with_hook::h53863d4e9018df39
[INFO] [stdout]                                at /rustc/202008a1b8de96d2e5b6bc02d379db03a877d34d/library/std/src/panicking.rs:809:13
[INFO] [stdout]   14:     0x59ad11c7dd7a - std::panicking::begin_panic_handler::{{closure}}::h67280e6fa0757873
[INFO] [stdout]                                at /rustc/202008a1b8de96d2e5b6bc02d379db03a877d34d/library/std/src/panicking.rs:674:13
[INFO] [stdout]   15:     0x59ad11c7c969 - std::sys::backtrace::__rust_end_short_backtrace::h1dac3f54d6fbbeb2
[INFO] [stdout]                                at /rustc/202008a1b8de96d2e5b6bc02d379db03a877d34d/library/std/src/sys/backtrace.rs:170:18
[INFO] [stdout]   16:     0x59ad11c7da0c - rust_begin_unwind
[INFO] [stdout]                                at /rustc/202008a1b8de96d2e5b6bc02d379db03a877d34d/library/std/src/panicking.rs:665:5
[INFO] [stdout]   17:     0x59ad11a2cbb0 - core::panicking::panic_fmt::h6792bd1b2bf01041
[INFO] [stdout]                                at /rustc/202008a1b8de96d2e5b6bc02d379db03a877d34d/library/core/src/panicking.rs:76:14
[INFO] [stdout]   18:     0x59ad11a7b0f3 - core::panicking::panic_display::hc94d7ff4b96ef05c
[INFO] [stdout]                                at /rustc/202008a1b8de96d2e5b6bc02d379db03a877d34d/library/core/src/panicking.rs:269:5
[INFO] [stdout]   19:     0x59ad11ab8f5a - manager::contract::handle_increment_reply::panic_cold_display::h681a6d75efc4f598
[INFO] [stdout]                                at /rustc/202008a1b8de96d2e5b6bc02d379db03a877d34d/library/core/src/panic.rs:100:13
[INFO] [stdout]   20:     0x59ad11ab6aa5 - manager::contract::handle_increment_reply::h1525301e4a6186c7
[INFO] [stdout]                                at /opt/rustwide/workdir/contracts/manager/src/contract.rs:80:9
[INFO] [stdout]   21:     0x59ad11ab8d7d - manager::contract::reply::hec41faf748e2c3d5
[INFO] [stdout]                                at /opt/rustwide/workdir/contracts/manager/src/contract.rs:56:39
[INFO] [stdout]   22:     0x59ad11a60438 - core::ops::function::Fn::call::hc413f441a825baee
[INFO] [stdout]                                at /rustc/202008a1b8de96d2e5b6bc02d379db03a877d34d/library/core/src/ops/function.rs:79:5
[INFO] [stdout]   23:     0x59ad11a6cdd0 - <alloc::boxed::Box<F,A> as core::ops::function::Fn<Args>>::call::h467512ad9dfe53bf
[INFO] [stdout]                                at /rustc/202008a1b8de96d2e5b6bc02d379db03a877d34d/library/alloc/src/boxed.rs:1986:9
[INFO] [stdout]   24:     0x59ad11a76405 - <cw_multi_test::contracts::ContractWrapper<T1,T2,T3,E1,E2,E3,C,Q,T4,E4,E5,T6,E6> as cw_multi_test::contracts::Contract<C,Q>>::reply::h864730e9ce073a20
[INFO] [stdout]                                at /opt/rustwide/cargo-home/registry/src/index.crates.io-6f17d22bba15001f/cw-multi-test-0.16.1/src/contracts.rs:424:28
[INFO] [stdout]   25:     0x59ad11a4e7ee - cw_multi_test::wasm::WasmKeeper<ExecC,QueryC>::call_reply::{{closure}}::hf9ce077294c6e85a
[INFO] [stdout]                                at /opt/rustwide/cargo-home/registry/src/index.crates.io-6f17d22bba15001f/cw-multi-test-0.16.1/src/wasm.rs:756:35
[INFO] [stdout]   26:     0x59ad11a55913 - cw_multi_test::wasm::WasmKeeper<ExecC,QueryC>::with_storage::{{closure}}::h64b6d4c3994c1648
[INFO] [stdout]                                at /opt/rustwide/cargo-home/registry/src/index.crates.io-6f17d22bba15001f/cw-multi-test-0.16.1/src/wasm.rs:869:13
[INFO] [stdout]   27:     0x59ad11a5ca80 - cw_multi_test::transactions::transactional::h6e74e72ff2796cfd
[INFO] [stdout]                                at /opt/rustwide/cargo-home/registry/src/index.crates.io-6f17d22bba15001f/cw-multi-test-0.16.1/src/transactions.rs:27:15
[INFO] [stdout]   28:     0x59ad11a5467d - cw_multi_test::wasm::WasmKeeper<ExecC,QueryC>::with_storage::h7b8694e00b9d9318
[INFO] [stdout]                                at /opt/rustwide/cargo-home/registry/src/index.crates.io-6f17d22bba15001f/cw-multi-test-0.16.1/src/wasm.rs:859:9
[INFO] [stdout]   29:     0x59ad11a4e6fc - cw_multi_test::wasm::WasmKeeper<ExecC,QueryC>::call_reply::h1d8d556dfb3d8e5d
[INFO] [stdout]                                at /opt/rustwide/cargo-home/registry/src/index.crates.io-6f17d22bba15001f/cw-multi-test-0.16.1/src/wasm.rs:750:31
[INFO] [stdout]   30:     0x59ad11a5a06a - cw_multi_test::wasm::WasmKeeper<ExecC,QueryC>::_reply::hff429320ba87be5f
[INFO] [stdout]                                at /opt/rustwide/cargo-home/registry/src/index.crates.io-6f17d22bba15001f/cw-multi-test-0.16.1/src/wasm.rs:598:19
[INFO] [stdout]   31:     0x59ad11a56594 - cw_multi_test::wasm::WasmKeeper<ExecC,QueryC>::execute_submsg::h19e11c807e4fe524
[INFO] [stdout]                                at /opt/rustwide/cargo-home/registry/src/index.crates.io-6f17d22bba15001f/cw-multi-test-0.16.1/src/wasm.rs:554:33
[INFO] [stdout]   32:     0x59ad11a57a41 - cw_multi_test::wasm::WasmKeeper<ExecC,QueryC>::process_response::{{closure}}::hfc0dbb71827b1b1e
[INFO] [stdout]                                at /opt/rustwide/cargo-home/registry/src/index.crates.io-6f17d22bba15001f/cw-multi-test-0.16.1/src/wasm.rs:664:17
[INFO] [stdout]   33:     0x59ad11abccbb - <alloc::vec::into_iter::IntoIter<T,A> as core::iter::traits::iterator::Iterator>::try_fold::h162cffd60e1a4395
[INFO] [stdout]                                at /rustc/202008a1b8de96d2e5b6bc02d379db03a877d34d/library/alloc/src/vec/into_iter.rs:346:25
[INFO] [stdout]   34:     0x59ad11a57645 - cw_multi_test::wasm::WasmKeeper<ExecC,QueryC>::process_response::hdddbb1ac378b4c79
[INFO] [stdout]                                at /opt/rustwide/cargo-home/registry/src/index.crates.io-6f17d22bba15001f/cw-multi-test-0.16.1/src/wasm.rs:662:20
[INFO] [stdout]   35:     0x59ad11a4fd35 - cw_multi_test::wasm::WasmKeeper<ExecC,QueryC>::execute_wasm::h97a53384b823dc4f
[INFO] [stdout]                                at /opt/rustwide/cargo-home/registry/src/index.crates.io-6f17d22bba15001f/cw-multi-test-0.16.1/src/wasm.rs:403:21
[INFO] [stdout]   36:     0x59ad11a4ddb0 - <cw_multi_test::wasm::WasmKeeper<ExecC,QueryC> as cw_multi_test::wasm::Wasm<ExecC,QueryC>>::execute::h86d4f52200e962b4
[INFO] [stdout]                                at /opt/rustwide/cargo-home/registry/src/index.crates.io-6f17d22bba15001f/cw-multi-test-0.16.1/src/wasm.rs:158:9
[INFO] [stdout]   37:     0x59ad11aacbdd - <cw_multi_test::app::Router<BankT,CustomT,WasmT,StakingT,DistrT,IbcT,GovT> as cw_multi_test::app::CosmosRouter>::execute::h369086a9c43fcbf7
[INFO] [stdout]                                at /opt/rustwide/cargo-home/registry/src/index.crates.io-6f17d22bba15001f/cw-multi-test-0.16.1/src/app.rs:944:37
[INFO] [stdout]   38:     0x59ad11aab18d - cw_multi_test::app::App<BankT,ApiT,StorageT,CustomT,WasmT,StakingT,DistrT,IbcT,GovT>::execute_multi::{{closure}}::{{closure}}::h763f2803c89b6e5f
[INFO] [stdout]                                at /opt/rustwide/cargo-home/registry/src/index.crates.io-6f17d22bba15001f/cw-multi-test-0.16.1/src/app.rs:772:28
[INFO] [stdout]   39:     0x59ad11a8e509 - core::iter::adapters::map::map_try_fold::{{closure}}::h39a9a27110eca819
[INFO] [stdout]                                at /rustc/202008a1b8de96d2e5b6bc02d379db03a877d34d/library/core/src/iter/adapters/map.rs:95:28
[INFO] [stdout]   40:     0x59ad11abcf64 - <alloc::vec::into_iter::IntoIter<T,A> as core::iter::traits::iterator::Iterator>::try_fold::h45ac2a4be866e479
[INFO] [stdout]                                at /rustc/202008a1b8de96d2e5b6bc02d379db03a877d34d/library/alloc/src/vec/into_iter.rs:346:25
[INFO] [stdout]   41:     0x59ad11a8b9ef - <core::iter::adapters::map::Map<I,F> as core::iter::traits::iterator::Iterator>::try_fold::h78a1ab9ed009bf9b
[INFO] [stdout]                                at /rustc/202008a1b8de96d2e5b6bc02d379db03a877d34d/library/core/src/iter/adapters/map.rs:121:9
[INFO] [stdout]   42:     0x59ad11aa9208 - <core::iter::adapters::GenericShunt<I,R> as core::iter::traits::iterator::Iterator>::try_fold::h4eefc129d017cc7a
[INFO] [stdout]                                at /rustc/202008a1b8de96d2e5b6bc02d379db03a877d34d/library/core/src/iter/adapters/mod.rs:191:9
[INFO] [stdout]   43:     0x59ad11aa8fc0 - core::iter::traits::iterator::Iterator::try_for_each::h06b8008cc4f23ba0
[INFO] [stdout]                                at /rustc/202008a1b8de96d2e5b6bc02d379db03a877d34d/library/core/src/iter/traits/iterator.rs:2431:9
[INFO] [stdout]   44:     0x59ad11aa8fc0 - <core::iter::adapters::GenericShunt<I,R> as core::iter::traits::iterator::Iterator>::next::h4f45fdac714f9c46
[INFO] [stdout]                                at /rustc/202008a1b8de96d2e5b6bc02d379db03a877d34d/library/core/src/iter/adapters/mod.rs:174:14
[INFO] [stdout]   45:     0x59ad11a6daed - <alloc::vec::Vec<T> as alloc::vec::spec_from_iter_nested::SpecFromIterNested<T,I>>::from_iter::hf701cb9a1bc2c3d3
[INFO] [stdout]                                at /rustc/202008a1b8de96d2e5b6bc02d379db03a877d34d/library/alloc/src/vec/spec_from_iter_nested.rs:25:32
[INFO] [stdout]   46:     0x59ad11a5c1c4 - <alloc::vec::Vec<T> as alloc::vec::spec_from_iter_nested::SpecFromIterNested<T,I>>::from_iter{{reify.shim}}::hd2a2bba18b2b272a
[INFO] [stdout]                                at /rustc/202008a1b8de96d2e5b6bc02d379db03a877d34d/library/alloc/src/vec/spec_from_iter_nested.rs:19:5
[INFO] [stdout]   47:     0x59ad11a6fecd - alloc::vec::in_place_collect::<impl alloc::vec::spec_from_iter::SpecFromIter<T,I> for alloc::vec::Vec<T>>::from_iter::h19871cbf91d7d546
[INFO] [stdout]                                at /rustc/202008a1b8de96d2e5b6bc02d379db03a877d34d/library/alloc/src/vec/in_place_collect.rs:246:9
[INFO] [stdout]   48:     0x59ad11a70f71 - <alloc::vec::Vec<T> as core::iter::traits::collect::FromIterator<T>>::from_iter::hb743d10a5edb7cb0
[INFO] [stdout]                                at /rustc/202008a1b8de96d2e5b6bc02d379db03a877d34d/library/alloc/src/vec/mod.rs:3412:9
[INFO] [stdout]   49:     0x59ad11a42e18 - core::iter::traits::iterator::Iterator::collect::h374ce86064c0c110
[INFO] [stdout]                                at /rustc/202008a1b8de96d2e5b6bc02d379db03a877d34d/library/core/src/iter/traits/iterator.rs:1971:9
[INFO] [stdout]   50:     0x59ad11a42e18 - <core::result::Result<V,E> as core::iter::traits::collect::FromIterator<core::result::Result<A,E>>>::from_iter::{{closure}}::h2a3d760377a8ac9b
[INFO] [stdout]                                at /rustc/202008a1b8de96d2e5b6bc02d379db03a877d34d/library/core/src/result.rs:1980:51
[INFO] [stdout]   51:     0x59ad11aad7ac - core::iter::adapters::try_process::hef29865113506e3d
[INFO] [stdout]                                at /rustc/202008a1b8de96d2e5b6bc02d379db03a877d34d/library/core/src/iter/adapters/mod.rs:160:17
[INFO] [stdout]   52:     0x59ad11a42dd7 - <core::result::Result<V,E> as core::iter::traits::collect::FromIterator<core::result::Result<A,E>>>::from_iter::h1859011482b83f56
[INFO] [stdout]                                at /rustc/202008a1b8de96d2e5b6bc02d379db03a877d34d/library/core/src/result.rs:1980:9
[INFO] [stdout]   53:     0x59ad11a8e29d - core::iter::traits::iterator::Iterator::collect::h61bee9804b689e20
[INFO] [stdout]                                at /rustc/202008a1b8de96d2e5b6bc02d379db03a877d34d/library/core/src/iter/traits/iterator.rs:1971:9
[INFO] [stdout]   54:     0x59ad11aab080 - cw_multi_test::app::App<BankT,ApiT,StorageT,CustomT,WasmT,StakingT,DistrT,IbcT,GovT>::execute_multi::{{closure}}::h5277ff1900896e33
[INFO] [stdout]                                at /opt/rustwide/cargo-home/registry/src/index.crates.io-6f17d22bba15001f/cw-multi-test-0.16.1/src/app.rs:771:13
[INFO] [stdout]   55:     0x59ad11a5d520 - cw_multi_test::transactions::transactional::hcc2b12249e6f6e65
[INFO] [stdout]                                at /opt/rustwide/cargo-home/registry/src/index.crates.io-6f17d22bba15001f/cw-multi-test-0.16.1/src/transactions.rs:27:15
[INFO] [stdout]   56:     0x59ad11aaaf3e - cw_multi_test::app::App<BankT,ApiT,StorageT,CustomT,WasmT,StakingT,DistrT,IbcT,GovT>::execute_multi::h1d3580fca2357d28
[INFO] [stdout]                                at /opt/rustwide/cargo-home/registry/src/index.crates.io-6f17d22bba15001f/cw-multi-test-0.16.1/src/app.rs:770:9
[INFO] [stdout]   57:     0x59ad11aad18c - <cw_multi_test::app::App<BankT,ApiT,StorageT,CustomT,WasmT,StakingT,DistrT,IbcT,GovT> as cw_multi_test::executor::Executor<<CustomT as cw_multi_test::module::Module>::ExecT>>::execute::h827139da47631121
[INFO] [stdout]                                at /opt/rustwide/cargo-home/registry/src/index.crates.io-6f17d22bba15001f/cw-multi-test-0.16.1/src/app.rs:163:23
[INFO] [stdout]   58:     0x59ad11a98614 - manager::integration_tests::tests::increment::h1cd05a0a06969a9e
[INFO] [stdout]                                at /opt/rustwide/workdir/contracts/manager/src/integration_tests.rs:88:9
[INFO] [stdout]   59:     0x59ad11a9a089 - manager::integration_tests::tests::create_two_counters_and_increment_each::h94a5227ce412b6a7
[INFO] [stdout]                                at /opt/rustwide/workdir/contracts/manager/src/integration_tests.rs:203:9
[INFO] [stdout]   60:     0x59ad11a99c97 - manager::integration_tests::tests::create_two_counters_and_increment_each::{{closure}}::h326011359ffc3721
[INFO] [stdout]                                at /opt/rustwide/workdir/contracts/manager/src/integration_tests.rs:188:48
[INFO] [stdout]   61:     0x59ad11a61cb6 - core::ops::function::FnOnce::call_once::he7b5f7f75bde9cdd
[INFO] [stdout]                                at /rustc/202008a1b8de96d2e5b6bc02d379db03a877d34d/library/core/src/ops/function.rs:250:5
[INFO] [stdout]   62:     0x59ad11b018fb - core::ops::function::FnOnce::call_once::h871bf86719ec9aa4
[INFO] [stdout]                                at /rustc/202008a1b8de96d2e5b6bc02d379db03a877d34d/library/core/src/ops/function.rs:250:5
[INFO] [stdout]   63:     0x59ad11b018fb - test::__rust_begin_short_backtrace::h2167df1e2b7d76fd
[INFO] [stdout]                                at /rustc/202008a1b8de96d2e5b6bc02d379db03a877d34d/library/test/src/lib.rs:632:18
[INFO] [stdout]   64:     0x59ad11b012e8 - test::run_test_in_process::{{closure}}::h15d92f75a3adfb79
[INFO] [stdout]                                at /rustc/202008a1b8de96d2e5b6bc02d379db03a877d34d/library/test/src/lib.rs:655:60
[INFO] [stdout]   65:     0x59ad11b012e8 - <core::panic::unwind_safe::AssertUnwindSafe<F> as core::ops::function::FnOnce<()>>::call_once::hb6c8955835a8dbbb
[INFO] [stdout]                                at /rustc/202008a1b8de96d2e5b6bc02d379db03a877d34d/library/core/src/panic/unwind_safe.rs:272:9
[INFO] [stdout]   66:     0x59ad11b012e8 - std::panicking::try::do_call::hc79d0fc888a0bd30
[INFO] [stdout]                                at /rustc/202008a1b8de96d2e5b6bc02d379db03a877d34d/library/std/src/panicking.rs:557:40
[INFO] [stdout]   67:     0x59ad11b012e8 - std::panicking::try::hb8a7878e3a8589d6
[INFO] [stdout]                                at /rustc/202008a1b8de96d2e5b6bc02d379db03a877d34d/library/std/src/panicking.rs:520:19
[INFO] [stdout]   68:     0x59ad11b012e8 - std::panic::catch_unwind::hb8e4600ff0ff5cfa
[INFO] [stdout]                                at /rustc/202008a1b8de96d2e5b6bc02d379db03a877d34d/library/std/src/panic.rs:358:14
[INFO] [stdout]   69:     0x59ad11b012e8 - test::run_test_in_process::hc2900b0b18688dd6
[INFO] [stdout]                                at /rustc/202008a1b8de96d2e5b6bc02d379db03a877d34d/library/test/src/lib.rs:655:27
[INFO] [stdout]   70:     0x59ad11b012e8 - test::run_test::{{closure}}::hac2a9cb07be3d48d
[INFO] [stdout]                                at /rustc/202008a1b8de96d2e5b6bc02d379db03a877d34d/library/test/src/lib.rs:576:43
[INFO] [stdout]   71:     0x59ad11ac4d8a - test::run_test::{{closure}}::h4a5b729e66a38cd8
[INFO] [stdout]                                at /rustc/202008a1b8de96d2e5b6bc02d379db03a877d34d/library/test/src/lib.rs:606:41
[INFO] [stdout]   72:     0x59ad11ac4d8a - std::sys::backtrace::__rust_begin_short_backtrace::h0496fb742492f573
[INFO] [stdout]                                at /rustc/202008a1b8de96d2e5b6bc02d379db03a877d34d/library/std/src/sys/backtrace.rs:154:18
[INFO] [stdout]   73:     0x59ad11ac8704 - std::thread::Builder::spawn_unchecked_::{{closure}}::{{closure}}::hbb6d257c550a54bd
[INFO] [stdout]                                at /rustc/202008a1b8de96d2e5b6bc02d379db03a877d34d/library/std/src/thread/mod.rs:561:17
[INFO] [stdout]   74:     0x59ad11ac8704 - <core::panic::unwind_safe::AssertUnwindSafe<F> as core::ops::function::FnOnce<()>>::call_once::h46696fe4a6832328
[INFO] [stdout]                                at /rustc/202008a1b8de96d2e5b6bc02d379db03a877d34d/library/core/src/panic/unwind_safe.rs:272:9
[INFO] [stdout]   75:     0x59ad11ac8704 - std::panicking::try::do_call::h2625a51b667bfb64
[INFO] [stdout]                                at /rustc/202008a1b8de96d2e5b6bc02d379db03a877d34d/library/std/src/panicking.rs:557:40
[INFO] [stdout]   76:     0x59ad11ac8704 - std::panicking::try::hb956a59a1973aa4c
[INFO] [stdout]                                at /rustc/202008a1b8de96d2e5b6bc02d379db03a877d34d/library/std/src/panicking.rs:520:19
[INFO] [stdout]   77:     0x59ad11ac8704 - std::panic::catch_unwind::h64f3b9d1067ef6a0
[INFO] [stdout]                                at /rustc/202008a1b8de96d2e5b6bc02d379db03a877d34d/library/std/src/panic.rs:358:14
[INFO] [stdout]   78:     0x59ad11ac8704 - std::thread::Builder::spawn_unchecked_::{{closure}}::h42b2841295b6c0b2
[INFO] [stdout]                                at /rustc/202008a1b8de96d2e5b6bc02d379db03a877d34d/library/std/src/thread/mod.rs:559:30
[INFO] [stdout]   79:     0x59ad11ac8704 - core::ops::function::FnOnce::call_once{{vtable.shim}}::h6127de71b8124639
[INFO] [stdout]                                at /rustc/202008a1b8de96d2e5b6bc02d379db03a877d34d/library/core/src/ops/function.rs:250:5
[INFO] [stdout]   80:     0x59ad11c81efb - <alloc::boxed::Box<F,A> as core::ops::function::FnOnce<Args>>::call_once::h42f0ba71002a1b2c
[INFO] [stdout]                                at /rustc/202008a1b8de96d2e5b6bc02d379db03a877d34d/library/alloc/src/boxed.rs:1972:9
[INFO] [stdout]   81:     0x59ad11c81efb - <alloc::boxed::Box<F,A> as core::ops::function::FnOnce<Args>>::call_once::had9e47d7a3dcecb8
[INFO] [stdout]                                at /rustc/202008a1b8de96d2e5b6bc02d379db03a877d34d/library/alloc/src/boxed.rs:1972:9
[INFO] [stdout]   82:     0x59ad11c81efb - std::sys::pal::unix::thread::Thread::new::thread_start::h48cf765408f6f5f2
[INFO] [stdout]                                at /rustc/202008a1b8de96d2e5b6bc02d379db03a877d34d/library/std/src/sys/pal/unix/thread.rs:105:17
[INFO] [stdout]   83:     0x72c1b33b8ac3 - <unknown>
[INFO] [stdout]   84:     0x72c1b3449a04 - clone
[INFO] [stdout]   85:                0x0 - <unknown>
[INFO] [stdout] 
[INFO] [stdout] ---- integration_tests::tests::create_counter_and_increment stdout ----
[INFO] [stdout] counter id: 2, manager id: 1
[INFO] [stdout] counter id from instantate_new(): 2
[INFO] [stdout] thread 'integration_tests::tests::create_counter_and_increment' panicked at contracts/manager/src/contract.rs:80:9:
[INFO] [stdout] handle_increment_reply:  address
[INFO] [stdout] stack backtrace:
[INFO] [stdout]    0:     0x59ad11c7c48a - std::backtrace_rs::backtrace::libunwind::trace::h8810477743020387
[INFO] [stdout]                                at /rustc/202008a1b8de96d2e5b6bc02d379db03a877d34d/library/std/src/../../backtrace/src/backtrace/libunwind.rs:116:5
[INFO] [stdout]    1:     0x59ad11c7c48a - std::backtrace_rs::backtrace::trace_unsynchronized::h3aa55355dd6c54a6
[INFO] [stdout]                                at /rustc/202008a1b8de96d2e5b6bc02d379db03a877d34d/library/std/src/../../backtrace/src/backtrace/mod.rs:66:5
[INFO] [stdout]    2:     0x59ad11c7c48a - std::sys::backtrace::_print_fmt::h8588b0f62410823f
[INFO] [stdout]                                at /rustc/202008a1b8de96d2e5b6bc02d379db03a877d34d/library/std/src/sys/backtrace.rs:66:9
[INFO] [stdout]    3:     0x59ad11c7c48a - <std::sys::backtrace::BacktraceLock::print::DisplayBacktrace as core::fmt::Display>::fmt::h98c26ac25ffe89bb
[INFO] [stdout]                                at /rustc/202008a1b8de96d2e5b6bc02d379db03a877d34d/library/std/src/sys/backtrace.rs:39:26
[INFO] [stdout]    4:     0x59ad11ca3143 - core::fmt::rt::Argument::fmt::hf95377f4aebd453b
[INFO] [stdout]                                at /rustc/202008a1b8de96d2e5b6bc02d379db03a877d34d/library/core/src/fmt/rt.rs:177:76
[INFO] [stdout]    5:     0x59ad11ca3143 - core::fmt::write::h0dd5f6e2238c7982
[INFO] [stdout]                                at /rustc/202008a1b8de96d2e5b6bc02d379db03a877d34d/library/core/src/fmt/mod.rs:1189:21
[INFO] [stdout]    6:     0x59ad11c79623 - std::io::Write::write_fmt::h03bb0ca26e6faf8c
[INFO] [stdout]                                at /rustc/202008a1b8de96d2e5b6bc02d379db03a877d34d/library/std/src/io/mod.rs:1884:15
[INFO] [stdout]    7:     0x59ad11c7c2d2 - std::sys::backtrace::BacktraceLock::print::h5c19c1c038ee186d
[INFO] [stdout]                                at /rustc/202008a1b8de96d2e5b6bc02d379db03a877d34d/library/std/src/sys/backtrace.rs:42:9
[INFO] [stdout]    8:     0x59ad11c7d90d - std::panicking::default_hook::{{closure}}::h77172f079a1fcb13
[INFO] [stdout]                                at /rustc/202008a1b8de96d2e5b6bc02d379db03a877d34d/library/std/src/panicking.rs:268:22
[INFO] [stdout]    9:     0x59ad11c7d717 - std::panicking::default_hook::he5f8e3b203ccddba
[INFO] [stdout]                                at /rustc/202008a1b8de96d2e5b6bc02d379db03a877d34d/library/std/src/panicking.rs:292:9
[INFO] [stdout]   10:     0x59ad11afcdd7 - <alloc::boxed::Box<F,A> as core::ops::function::Fn<Args>>::call::h7a3c7b4a1ae77f2f
[INFO] [stdout]                                at /rustc/202008a1b8de96d2e5b6bc02d379db03a877d34d/library/alloc/src/boxed.rs:1986:9
[INFO] [stdout]   11:     0x59ad11afcdd7 - test::test_main::{{closure}}::hf0d3b69ae9b353d1
[INFO] [stdout]                                at /rustc/202008a1b8de96d2e5b6bc02d379db03a877d34d/library/test/src/lib.rs:134:21
[INFO] [stdout]   12:     0x59ad11c7dfb8 - <alloc::boxed::Box<F,A> as core::ops::function::Fn<Args>>::call::h6332e82e7b189abd
[INFO] [stdout]                                at /rustc/202008a1b8de96d2e5b6bc02d379db03a877d34d/library/alloc/src/boxed.rs:1986:9
[INFO] [stdout]   13:     0x59ad11c7dfb8 - std::panicking::rust_panic_with_hook::h53863d4e9018df39
[INFO] [stdout]                                at /rustc/202008a1b8de96d2e5b6bc02d379db03a877d34d/library/std/src/panicking.rs:809:13
[INFO] [stdout]   14:     0x59ad11c7dd7a - std::panicking::begin_panic_handler::{{closure}}::h67280e6fa0757873
[INFO] [stdout]                                at /rustc/202008a1b8de96d2e5b6bc02d379db03a877d34d/library/std/src/panicking.rs:674:13
[INFO] [stdout]   15:     0x59ad11c7c969 - std::sys::backtrace::__rust_end_short_backtrace::h1dac3f54d6fbbeb2
[INFO] [stdout]                                at /rustc/202008a1b8de96d2e5b6bc02d379db03a877d34d/library/std/src/sys/backtrace.rs:170:18
[INFO] [stdout]   16:     0x59ad11c7da0c - rust_begin_unwind
[INFO] [stdout]                                at /rustc/202008a1b8de96d2e5b6bc02d379db03a877d34d/library/std/src/panicking.rs:665:5
[INFO] [stdout]   17:     0x59ad11a2cbb0 - core::panicking::panic_fmt::h6792bd1b2bf01041
[INFO] [stdout]                                at /rustc/202008a1b8de96d2e5b6bc02d379db03a877d34d/library/core/src/panicking.rs:76:14
[INFO] [stdout]   18:     0x59ad11a7b0f3 - core::panicking::panic_display::hc94d7ff4b96ef05c
[INFO] [stdout]                                at /rustc/202008a1b8de96d2e5b6bc02d379db03a877d34d/library/core/src/panicking.rs:269:5
[INFO] [stdout]   19:     0x59ad11ab8f5a - manager::contract::handle_increment_reply::panic_cold_display::h681a6d75efc4f598
[INFO] [stdout]                                at /rustc/202008a1b8de96d2e5b6bc02d379db03a877d34d/library/core/src/panic.rs:100:13
[INFO] [stdout]   20:     0x59ad11ab6aa5 - manager::contract::handle_increment_reply::h1525301e4a6186c7
[INFO] [stdout]                                at /opt/rustwide/workdir/contracts/manager/src/contract.rs:80:9
[INFO] [stdout]   21:     0x59ad11ab8d7d - manager::contract::reply::hec41faf748e2c3d5
[INFO] [stderr] error: test failed, to rerun pass `-p manager --lib`
[INFO] [stdout]                                at /opt/rustwide/workdir/contracts/manager/src/contract.rs:56:39
[INFO] [stdout]   22:     0x59ad11a60438 - core::ops::function::Fn::call::hc413f441a825baee
[INFO] [stdout]                                at /rustc/202008a1b8de96d2e5b6bc02d379db03a877d34d/library/core/src/ops/function.rs:79:5
[INFO] [stdout]   23:     0x59ad11a6cdd0 - <alloc::boxed::Box<F,A> as core::ops::function::Fn<Args>>::call::h467512ad9dfe53bf
[INFO] [stdout]                                at /rustc/202008a1b8de96d2e5b6bc02d379db03a877d34d/library/alloc/src/boxed.rs:1986:9
[INFO] [stdout]   24:     0x59ad11a76405 - <cw_multi_test::contracts::ContractWrapper<T1,T2,T3,E1,E2,E3,C,Q,T4,E4,E5,T6,E6> as cw_multi_test::contracts::Contract<C,Q>>::reply::h864730e9ce073a20
[INFO] [stdout]                                at /opt/rustwide/cargo-home/registry/src/index.crates.io-6f17d22bba15001f/cw-multi-test-0.16.1/src/contracts.rs:424:28
[INFO] [stdout]   25:     0x59ad11a4e7ee - cw_multi_test::wasm::WasmKeeper<ExecC,QueryC>::call_reply::{{closure}}::hf9ce077294c6e85a
[INFO] [stdout]                                at /opt/rustwide/cargo-home/registry/src/index.crates.io-6f17d22bba15001f/cw-multi-test-0.16.1/src/wasm.rs:756:35
[INFO] [stdout]   26:     0x59ad11a55913 - cw_multi_test::wasm::WasmKeeper<ExecC,QueryC>::with_storage::{{closure}}::h64b6d4c3994c1648
[INFO] [stdout]                                at /opt/rustwide/cargo-home/registry/src/index.crates.io-6f17d22bba15001f/cw-multi-test-0.16.1/src/wasm.rs:869:13
[INFO] [stdout]   27:     0x59ad11a5ca80 - cw_multi_test::transactions::transactional::h6e74e72ff2796cfd
[INFO] [stdout]                                at /opt/rustwide/cargo-home/registry/src/index.crates.io-6f17d22bba15001f/cw-multi-test-0.16.1/src/transactions.rs:27:15
[INFO] [stdout]   28:     0x59ad11a5467d - cw_multi_test::wasm::WasmKeeper<ExecC,QueryC>::with_storage::h7b8694e00b9d9318
[INFO] [stdout]                                at /opt/rustwide/cargo-home/registry/src/index.crates.io-6f17d22bba15001f/cw-multi-test-0.16.1/src/wasm.rs:859:9
[INFO] [stdout]   29:     0x59ad11a4e6fc - cw_multi_test::wasm::WasmKeeper<ExecC,QueryC>::call_reply::h1d8d556dfb3d8e5d
[INFO] [stdout]                                at /opt/rustwide/cargo-home/registry/src/index.crates.io-6f17d22bba15001f/cw-multi-test-0.16.1/src/wasm.rs:750:31
[INFO] [stdout]   30:     0x59ad11a5a06a - cw_multi_test::wasm::WasmKeeper<ExecC,QueryC>::_reply::hff429320ba87be5f
[INFO] [stdout]                                at /opt/rustwide/cargo-home/registry/src/index.crates.io-6f17d22bba15001f/cw-multi-test-0.16.1/src/wasm.rs:598:19
[INFO] [stdout]   31:     0x59ad11a56594 - cw_multi_test::wasm::WasmKeeper<ExecC,QueryC>::execute_submsg::h19e11c807e4fe524
[INFO] [stdout]                                at /opt/rustwide/cargo-home/registry/src/index.crates.io-6f17d22bba15001f/cw-multi-test-0.16.1/src/wasm.rs:554:33
[INFO] [stdout]   32:     0x59ad11a57a41 - cw_multi_test::wasm::WasmKeeper<ExecC,QueryC>::process_response::{{closure}}::hfc0dbb71827b1b1e
[INFO] [stdout]                                at /opt/rustwide/cargo-home/registry/src/index.crates.io-6f17d22bba15001f/cw-multi-test-0.16.1/src/wasm.rs:664:17
[INFO] [stdout]   33:     0x59ad11abccbb - <alloc::vec::into_iter::IntoIter<T,A> as core::iter::traits::iterator::Iterator>::try_fold::h162cffd60e1a4395
[INFO] [stdout]                                at /rustc/202008a1b8de96d2e5b6bc02d379db03a877d34d/library/alloc/src/vec/into_iter.rs:346:25
[INFO] [stdout]   34:     0x59ad11a57645 - cw_multi_test::wasm::WasmKeeper<ExecC,QueryC>::process_response::hdddbb1ac378b4c79
[INFO] [stdout]                                at /opt/rustwide/cargo-home/registry/src/index.crates.io-6f17d22bba15001f/cw-multi-test-0.16.1/src/wasm.rs:662:20
[INFO] [stdout]   35:     0x59ad11a4fd35 - cw_multi_test::wasm::WasmKeeper<ExecC,QueryC>::execute_wasm::h97a53384b823dc4f
[INFO] [stdout]                                at /opt/rustwide/cargo-home/registry/src/index.crates.io-6f17d22bba15001f/cw-multi-test-0.16.1/src/wasm.rs:403:21
[INFO] [stdout]   36:     0x59ad11a4ddb0 - <cw_multi_test::wasm::WasmKeeper<ExecC,QueryC> as cw_multi_test::wasm::Wasm<ExecC,QueryC>>::execute::h86d4f52200e962b4
[INFO] [stdout]                                at /opt/rustwide/cargo-home/registry/src/index.crates.io-6f17d22bba15001f/cw-multi-test-0.16.1/src/wasm.rs:158:9
[INFO] [stdout]   37:     0x59ad11aacbdd - <cw_multi_test::app::Router<BankT,CustomT,WasmT,StakingT,DistrT,IbcT,GovT> as cw_multi_test::app::CosmosRouter>::execute::h369086a9c43fcbf7
[INFO] [stdout]                                at /opt/rustwide/cargo-home/registry/src/index.crates.io-6f17d22bba15001f/cw-multi-test-0.16.1/src/app.rs:944:37
[INFO] [stdout]   38:     0x59ad11aab18d - cw_multi_test::app::App<BankT,ApiT,StorageT,CustomT,WasmT,StakingT,DistrT,IbcT,GovT>::execute_multi::{{closure}}::{{closure}}::h763f2803c89b6e5f
[INFO] [stdout]                                at /opt/rustwide/cargo-home/registry/src/index.crates.io-6f17d22bba15001f/cw-multi-test-0.16.1/src/app.rs:772:28
[INFO] [stdout]   39:     0x59ad11a8e509 - core::iter::adapters::map::map_try_fold::{{closure}}::h39a9a27110eca819
[INFO] [stdout]                                at /rustc/202008a1b8de96d2e5b6bc02d379db03a877d34d/library/core/src/iter/adapters/map.rs:95:28
[INFO] [stdout]   40:     0x59ad11abcf64 - <alloc::vec::into_iter::IntoIter<T,A> as core::iter::traits::iterator::Iterator>::try_fold::h45ac2a4be866e479
[INFO] [stdout]                                at /rustc/202008a1b8de96d2e5b6bc02d379db03a877d34d/library/alloc/src/vec/into_iter.rs:346:25
[INFO] [stdout]   41:     0x59ad11a8b9ef - <core::iter::adapters::map::Map<I,F> as core::iter::traits::iterator::Iterator>::try_fold::h78a1ab9ed009bf9b
[INFO] [stdout]                                at /rustc/202008a1b8de96d2e5b6bc02d379db03a877d34d/library/core/src/iter/adapters/map.rs:121:9
[INFO] [stdout]   42:     0x59ad11aa9208 - <core::iter::adapters::GenericShunt<I,R> as core::iter::traits::iterator::Iterator>::try_fold::h4eefc129d017cc7a
[INFO] [stdout]                                at /rustc/202008a1b8de96d2e5b6bc02d379db03a877d34d/library/core/src/iter/adapters/mod.rs:191:9
[INFO] [stdout]   43:     0x59ad11aa8fc0 - core::iter::traits::iterator::Iterator::try_for_each::h06b8008cc4f23ba0
[INFO] [stdout]                                at /rustc/202008a1b8de96d2e5b6bc02d379db03a877d34d/library/core/src/iter/traits/iterator.rs:2431:9
[INFO] [stdout]   44:     0x59ad11aa8fc0 - <core::iter::adapters::GenericShunt<I,R> as core::iter::traits::iterator::Iterator>::next::h4f45fdac714f9c46
[INFO] [stdout]                                at /rustc/202008a1b8de96d2e5b6bc02d379db03a877d34d/library/core/src/iter/adapters/mod.rs:174:14
[INFO] [stdout]   45:     0x59ad11a6daed - <alloc::vec::Vec<T> as alloc::vec::spec_from_iter_nested::SpecFromIterNested<T,I>>::from_iter::hf701cb9a1bc2c3d3
[INFO] [stdout]                                at /rustc/202008a1b8de96d2e5b6bc02d379db03a877d34d/library/alloc/src/vec/spec_from_iter_nested.rs:25:32
[INFO] [stdout]   46:     0x59ad11a5c1c4 - <alloc::vec::Vec<T> as alloc::vec::spec_from_iter_nested::SpecFromIterNested<T,I>>::from_iter{{reify.shim}}::hd2a2bba18b2b272a
[INFO] [stdout]                                at /rustc/202008a1b8de96d2e5b6bc02d379db03a877d34d/library/alloc/src/vec/spec_from_iter_nested.rs:19:5
[INFO] [stdout]   47:     0x59ad11a6fecd - alloc::vec::in_place_collect::<impl alloc::vec::spec_from_iter::SpecFromIter<T,I> for alloc::vec::Vec<T>>::from_iter::h19871cbf91d7d546
[INFO] [stdout]                                at /rustc/202008a1b8de96d2e5b6bc02d379db03a877d34d/library/alloc/src/vec/in_place_collect.rs:246:9
[INFO] [stdout]   48:     0x59ad11a70f71 - <alloc::vec::Vec<T> as core::iter::traits::collect::FromIterator<T>>::from_iter::hb743d10a5edb7cb0
[INFO] [stdout]                                at /rustc/202008a1b8de96d2e5b6bc02d379db03a877d34d/library/alloc/src/vec/mod.rs:3412:9
[INFO] [stdout]   49:     0x59ad11a42e18 - core::iter::traits::iterator::Iterator::collect::h374ce86064c0c110
[INFO] [stdout]                                at /rustc/202008a1b8de96d2e5b6bc02d379db03a877d34d/library/core/src/iter/traits/iterator.rs:1971:9
[INFO] [stdout]   50:     0x59ad11a42e18 - <core::result::Result<V,E> as core::iter::traits::collect::FromIterator<core::result::Result<A,E>>>::from_iter::{{closure}}::h2a3d760377a8ac9b
[INFO] [stdout]                                at /rustc/202008a1b8de96d2e5b6bc02d379db03a877d34d/library/core/src/result.rs:1980:51
[INFO] [stdout]   51:     0x59ad11aad7ac - core::iter::adapters::try_process::hef29865113506e3d
[INFO] [stdout]                                at /rustc/202008a1b8de96d2e5b6bc02d379db03a877d34d/library/core/src/iter/adapters/mod.rs:160:17
[INFO] [stdout]   52:     0x59ad11a42dd7 - <core::result::Result<V,E> as core::iter::traits::collect::FromIterator<core::result::Result<A,E>>>::from_iter::h1859011482b83f56
[INFO] [stdout]                                at /rustc/202008a1b8de96d2e5b6bc02d379db03a877d34d/library/core/src/result.rs:1980:9
[INFO] [stdout]   53:     0x59ad11a8e29d - core::iter::traits::iterator::Iterator::collect::h61bee9804b689e20
[INFO] [stdout]                                at /rustc/202008a1b8de96d2e5b6bc02d379db03a877d34d/library/core/src/iter/traits/iterator.rs:1971:9
[INFO] [stdout]   54:     0x59ad11aab080 - cw_multi_test::app::App<BankT,ApiT,StorageT,CustomT,WasmT,StakingT,DistrT,IbcT,GovT>::execute_multi::{{closure}}::h5277ff1900896e33
[INFO] [stdout]                                at /opt/rustwide/cargo-home/registry/src/index.crates.io-6f17d22bba15001f/cw-multi-test-0.16.1/src/app.rs:771:13
[INFO] [stdout]   55:     0x59ad11a5d520 - cw_multi_test::transactions::transactional::hcc2b12249e6f6e65
[INFO] [stdout]                                at /opt/rustwide/cargo-home/registry/src/index.crates.io-6f17d22bba15001f/cw-multi-test-0.16.1/src/transactions.rs:27:15
[INFO] [stdout]   56:     0x59ad11aaaf3e - cw_multi_test::app::App<BankT,ApiT,StorageT,CustomT,WasmT,StakingT,DistrT,IbcT,GovT>::execute_multi::h1d3580fca2357d28
[INFO] [stdout]                                at /opt/rustwide/cargo-home/registry/src/index.crates.io-6f17d22bba15001f/cw-multi-test-0.16.1/src/app.rs:770:9
[INFO] [stdout]   57:     0x59ad11aad18c - <cw_multi_test::app::App<BankT,ApiT,StorageT,CustomT,WasmT,StakingT,DistrT,IbcT,GovT> as cw_multi_test::executor::Executor<<CustomT as cw_multi_test::module::Module>::ExecT>>::execute::h827139da47631121
[INFO] [stdout]                                at /opt/rustwide/cargo-home/registry/src/index.crates.io-6f17d22bba15001f/cw-multi-test-0.16.1/src/app.rs:163:23
[INFO] [stdout]   58:     0x59ad11a98614 - manager::integration_tests::tests::increment::h1cd05a0a06969a9e
[INFO] [stdout]                                at /opt/rustwide/workdir/contracts/manager/src/integration_tests.rs:88:9
[INFO] [stdout]   59:     0x59ad11a9943b - manager::integration_tests::tests::create_counter_and_increment::ha98d4ecebb67b8db
[INFO] [stdout]                                at /opt/rustwide/workdir/contracts/manager/src/integration_tests.rs:146:9
[INFO] [stdout]   60:     0x59ad11a99317 - manager::integration_tests::tests::create_counter_and_increment::{{closure}}::h2ae2a76a2c3d7a32
[INFO] [stdout]                                at /opt/rustwide/workdir/contracts/manager/src/integration_tests.rs:141:38
[INFO] [stdout]   61:     0x59ad11a61486 - core::ops::function::FnOnce::call_once::h38008027cc2e9017
[INFO] [stdout]                                at /rustc/202008a1b8de96d2e5b6bc02d379db03a877d34d/library/core/src/ops/function.rs:250:5
[INFO] [stdout]   62:     0x59ad11b018fb - core::ops::function::FnOnce::call_once::h871bf86719ec9aa4
[INFO] [stdout]                                at /rustc/202008a1b8de96d2e5b6bc02d379db03a877d34d/library/core/src/ops/function.rs:250:5
[INFO] [stdout]   63:     0x59ad11b018fb - test::__rust_begin_short_backtrace::h2167df1e2b7d76fd
[INFO] [stdout]                                at /rustc/202008a1b8de96d2e5b6bc02d379db03a877d34d/library/test/src/lib.rs:632:18
[INFO] [stdout]   64:     0x59ad11b012e8 - test::run_test_in_process::{{closure}}::h15d92f75a3adfb79
[INFO] [stdout]                                at /rustc/202008a1b8de96d2e5b6bc02d379db03a877d34d/library/test/src/lib.rs:655:60
[INFO] [stdout]   65:     0x59ad11b012e8 - <core::panic::unwind_safe::AssertUnwindSafe<F> as core::ops::function::FnOnce<()>>::call_once::hb6c8955835a8dbbb
[INFO] [stdout]                                at /rustc/202008a1b8de96d2e5b6bc02d379db03a877d34d/library/core/src/panic/unwind_safe.rs:272:9
[INFO] [stdout]   66:     0x59ad11b012e8 - std::panicking::try::do_call::hc79d0fc888a0bd30
[INFO] [stdout]                                at /rustc/202008a1b8de96d2e5b6bc02d379db03a877d34d/library/std/src/panicking.rs:557:40
[INFO] [stdout]   67:     0x59ad11b012e8 - std::panicking::try::hb8a7878e3a8589d6
[INFO] [stdout]                                at /rustc/202008a1b8de96d2e5b6bc02d379db03a877d34d/library/std/src/panicking.rs:520:19
[INFO] [stdout]   68:     0x59ad11b012e8 - std::panic::catch_unwind::hb8e4600ff0ff5cfa
[INFO] [stdout]                                at /rustc/202008a1b8de96d2e5b6bc02d379db03a877d34d/library/std/src/panic.rs:358:14
[INFO] [stdout]   69:     0x59ad11b012e8 - test::run_test_in_process::hc2900b0b18688dd6
[INFO] [stdout]                                at /rustc/202008a1b8de96d2e5b6bc02d379db03a877d34d/library/test/src/lib.rs:655:27
[INFO] [stdout]   70:     0x59ad11b012e8 - test::run_test::{{closure}}::hac2a9cb07be3d48d
[INFO] [stdout]                                at /rustc/202008a1b8de96d2e5b6bc02d379db03a877d34d/library/test/src/lib.rs:576:43
[INFO] [stdout]   71:     0x59ad11ac4d8a - test::run_test::{{closure}}::h4a5b729e66a38cd8
[INFO] [stdout]                                at /rustc/202008a1b8de96d2e5b6bc02d379db03a877d34d/library/test/src/lib.rs:606:41
[INFO] [stdout]   72:     0x59ad11ac4d8a - std::sys::backtrace::__rust_begin_short_backtrace::h0496fb742492f573
[INFO] [stdout]                                at /rustc/202008a1b8de96d2e5b6bc02d379db03a877d34d/library/std/src/sys/backtrace.rs:154:18
[INFO] [stdout]   73:     0x59ad11ac8704 - std::thread::Builder::spawn_unchecked_::{{closure}}::{{closure}}::hbb6d257c550a54bd
[INFO] [stdout]                                at /rustc/202008a1b8de96d2e5b6bc02d379db03a877d34d/library/std/src/thread/mod.rs:561:17
[INFO] [stdout]   74:     0x59ad11ac8704 - <core::panic::unwind_safe::AssertUnwindSafe<F> as core::ops::function::FnOnce<()>>::call_once::h46696fe4a6832328
[INFO] [stdout]                                at /rustc/202008a1b8de96d2e5b6bc02d379db03a877d34d/library/core/src/panic/unwind_safe.rs:272:9
[INFO] [stdout]   75:     0x59ad11ac8704 - std::panicking::try::do_call::h2625a51b667bfb64
[INFO] [stdout]                                at /rustc/202008a1b8de96d2e5b6bc02d379db03a877d34d/library/std/src/panicking.rs:557:40
[INFO] [stdout]   76:     0x59ad11ac8704 - std::panicking::try::hb956a59a1973aa4c
[INFO] [stdout]                                at /rustc/202008a1b8de96d2e5b6bc02d379db03a877d34d/library/std/src/panicking.rs:520:19
[INFO] [stdout]   77:     0x59ad11ac8704 - std::panic::catch_unwind::h64f3b9d1067ef6a0
[INFO] [stdout]                                at /rustc/202008a1b8de96d2e5b6bc02d379db03a877d34d/library/std/src/panic.rs:358:14
[INFO] [stdout]   78:     0x59ad11ac8704 - std::thread::Builder::spawn_unchecked_::{{closure}}::h42b2841295b6c0b2
[INFO] [stdout]                                at /rustc/202008a1b8de96d2e5b6bc02d379db03a877d34d/library/std/src/thread/mod.rs:559:30
[INFO] [stdout]   79:     0x59ad11ac8704 - core::ops::function::FnOnce::call_once{{vtable.shim}}::h6127de71b8124639
[INFO] [stdout]                                at /rustc/202008a1b8de96d2e5b6bc02d379db03a877d34d/library/core/src/ops/function.rs:250:5
[INFO] [stdout]   80:     0x59ad11c81efb - <alloc::boxed::Box<F,A> as core::ops::function::FnOnce<Args>>::call_once::h42f0ba71002a1b2c
[INFO] [stdout]                                at /rustc/202008a1b8de96d2e5b6bc02d379db03a877d34d/library/alloc/src/boxed.rs:1972:9
[INFO] [stdout]   81:     0x59ad11c81efb - <alloc::boxed::Box<F,A> as core::ops::function::FnOnce<Args>>::call_once::had9e47d7a3dcecb8
[INFO] [stdout]                                at /rustc/202008a1b8de96d2e5b6bc02d379db03a877d34d/library/alloc/src/boxed.rs:1972:9
[INFO] [stdout]   82:     0x59ad11c81efb - std::sys::pal::unix::thread::Thread::new::thread_start::h48cf765408f6f5f2
[INFO] [stdout]                                at /rustc/202008a1b8de96d2e5b6bc02d379db03a877d34d/library/std/src/sys/pal/unix/thread.rs:105:17
[INFO] [stdout]   83:     0x72c1b33b8ac3 - <unknown>
[INFO] [stdout]   84:     0x72c1b3449a04 - clone
[INFO] [stdout]   85:                0x0 - <unknown>
[INFO] [stdout] 
[INFO] [stdout] 
[INFO] [stdout] failures:
[INFO] [stdout]     integration_tests::tests::create_counter_and_increment
[INFO] [stdout]     integration_tests::tests::create_counter_and_increment_and_reset
[INFO] [stdout]     integration_tests::tests::create_counter_and_increment_twice
[INFO] [stdout]     integration_tests::tests::create_two_counters_and_increment_each
[INFO] [stdout] 
[INFO] [stdout] test result: FAILED. 2 passed; 4 failed; 0 ignored; 0 measured; 0 filtered out; finished in 0.10s
[INFO] [stdout] 
[INFO] running `Command { std: "docker" "inspect" "b0952aa1bad1956d0c6d5cae7ca2712c744a3e92b2d13353deb0388d23419ea4", kill_on_drop: false }`
[INFO] running `Command { std: "docker" "rm" "-f" "b0952aa1bad1956d0c6d5cae7ca2712c744a3e92b2d13353deb0388d23419ea4", kill_on_drop: false }`
[INFO] [stdout] b0952aa1bad1956d0c6d5cae7ca2712c744a3e92b2d13353deb0388d23419ea4
