[INFO] cloning repository https://github.com/Web-Coke/super-struct
[INFO] running `Command { std: "git" "-c" "credential.helper=" "-c" "credential.helper=/workspace/cargo-home/bin/git-credential-null" "clone" "--bare" "https://github.com/Web-Coke/super-struct" "/workspace/cache/git-repos/https%3A%2F%2Fgithub.com%2FWeb-Coke%2Fsuper-struct", kill_on_drop: false }`
[INFO] [stderr] Cloning into bare repository '/workspace/cache/git-repos/https%3A%2F%2Fgithub.com%2FWeb-Coke%2Fsuper-struct'...
[INFO] running `Command { std: "git" "rev-parse" "HEAD", kill_on_drop: false }`
[INFO] [stdout] bb116a18369042f937f7cb13a75a75d4ee5a8c0c
[INFO] testing Web-Coke/super-struct against 1.83.0 for beta-1.84.0-4-retry
[INFO] running `Command { std: "git" "clone" "/workspace/cache/git-repos/https%3A%2F%2Fgithub.com%2FWeb-Coke%2Fsuper-struct" "/workspace/builds/worker-0-tc1/source", kill_on_drop: false }`
[INFO] [stderr] Cloning into '/workspace/builds/worker-0-tc1/source'...
[INFO] [stderr] done.
[INFO] validating manifest of git repo https://github.com/Web-Coke/super-struct on toolchain 1.83.0
[INFO] running `Command { std: CARGO_HOME="/workspace/cargo-home" RUSTUP_HOME="/workspace/rustup-home" "/workspace/cargo-home/bin/cargo" "+1.83.0" "metadata" "--manifest-path" "Cargo.toml" "--no-deps", kill_on_drop: false }`
[INFO] started tweaking git repo https://github.com/Web-Coke/super-struct
[INFO] finished tweaking git repo https://github.com/Web-Coke/super-struct
[INFO] tweaked toml for git repo https://github.com/Web-Coke/super-struct written to /workspace/builds/worker-0-tc1/source/Cargo.toml
[INFO] crate git repo https://github.com/Web-Coke/super-struct already has a lockfile, it will not be regenerated
[INFO] running `Command { std: CARGO_HOME="/workspace/cargo-home" RUSTUP_HOME="/workspace/rustup-home" "/workspace/cargo-home/bin/cargo" "+1.83.0" "fetch" "--manifest-path" "Cargo.toml", kill_on_drop: false }`
[INFO] running `Command { std: "docker" "create" "-v" "/var/lib/crater-agent-workspace/builds/worker-0-tc1/target:/opt/rustwide/target:rw,Z" "-v" "/var/lib/crater-agent-workspace/builds/worker-0-tc1/source:/opt/rustwide/workdir:ro,Z" "-v" "/var/lib/crater-agent-workspace/cargo-home:/opt/rustwide/cargo-home:ro,Z" "-v" "/var/lib/crater-agent-workspace/rustup-home:/opt/rustwide/rustup-home:ro,Z" "-e" "SOURCE_DIR=/opt/rustwide/workdir" "-e" "CARGO_TARGET_DIR=/opt/rustwide/target" "-e" "CARGO_HOME=/opt/rustwide/cargo-home" "-e" "RUSTUP_HOME=/opt/rustwide/rustup-home" "-w" "/opt/rustwide/workdir" "-m" "1610612736" "--user" "0:0" "--network" "none" "ghcr.io/rust-lang/crates-build-env/linux@sha256:f3a9d4ad9d972b27faf3965f35b62e55ba32bbce8f20bc8fe909558a86702fde" "/opt/rustwide/cargo-home/bin/cargo" "+1.83.0" "metadata" "--no-deps" "--format-version=1", kill_on_drop: false }`
[INFO] [stdout] 7ccb167c86d30b480da9b8ba73926c1278f150dc116fe9c2597c81e1c721e536
[INFO] running `Command { std: "docker" "start" "-a" "7ccb167c86d30b480da9b8ba73926c1278f150dc116fe9c2597c81e1c721e536", kill_on_drop: false }`
[INFO] running `Command { std: "docker" "inspect" "7ccb167c86d30b480da9b8ba73926c1278f150dc116fe9c2597c81e1c721e536", kill_on_drop: false }`
[INFO] running `Command { std: "docker" "rm" "-f" "7ccb167c86d30b480da9b8ba73926c1278f150dc116fe9c2597c81e1c721e536", kill_on_drop: false }`
[INFO] [stdout] 7ccb167c86d30b480da9b8ba73926c1278f150dc116fe9c2597c81e1c721e536
[INFO] running `Command { std: "docker" "create" "-v" "/var/lib/crater-agent-workspace/builds/worker-0-tc1/target:/opt/rustwide/target:rw,Z" "-v" "/var/lib/crater-agent-workspace/builds/worker-0-tc1/source:/opt/rustwide/workdir:ro,Z" "-v" "/var/lib/crater-agent-workspace/cargo-home:/opt/rustwide/cargo-home:ro,Z" "-v" "/var/lib/crater-agent-workspace/rustup-home:/opt/rustwide/rustup-home:ro,Z" "-e" "SOURCE_DIR=/opt/rustwide/workdir" "-e" "CARGO_TARGET_DIR=/opt/rustwide/target" "-e" "CARGO_INCREMENTAL=0" "-e" "RUST_BACKTRACE=full" "-e" "RUSTFLAGS=--cap-lints=warn" "-e" "RUSTDOCFLAGS=--cap-lints=warn" "-e" "CARGO_HOME=/opt/rustwide/cargo-home" "-e" "RUSTUP_HOME=/opt/rustwide/rustup-home" "-w" "/opt/rustwide/workdir" "-m" "1610612736" "--user" "0:0" "--network" "none" "ghcr.io/rust-lang/crates-build-env/linux@sha256:f3a9d4ad9d972b27faf3965f35b62e55ba32bbce8f20bc8fe909558a86702fde" "/opt/rustwide/cargo-home/bin/cargo" "+1.83.0" "build" "--frozen" "--message-format=json", kill_on_drop: false }`
[INFO] [stdout] ea31b5937cf864d853a080e13a5451d34d6148d673a9293f2247c81ad4e27e64
[INFO] running `Command { std: "docker" "start" "-a" "ea31b5937cf864d853a080e13a5451d34d6148d673a9293f2247c81ad4e27e64", kill_on_drop: false }`
[INFO] [stderr]    Compiling proc-macro2 v1.0.86
[INFO] [stderr]    Compiling unicode-ident v1.0.12
[INFO] [stderr]    Compiling quote v1.0.36
[INFO] [stderr]    Compiling syn v2.0.68
[INFO] [stderr]    Compiling super-struct v1.0.2 (/opt/rustwide/workdir)
[INFO] [stderr]     Finished `dev` profile [unoptimized + debuginfo] target(s) in 6.66s
[INFO] running `Command { std: "docker" "inspect" "ea31b5937cf864d853a080e13a5451d34d6148d673a9293f2247c81ad4e27e64", kill_on_drop: false }`
[INFO] running `Command { std: "docker" "rm" "-f" "ea31b5937cf864d853a080e13a5451d34d6148d673a9293f2247c81ad4e27e64", kill_on_drop: false }`
[INFO] [stdout] ea31b5937cf864d853a080e13a5451d34d6148d673a9293f2247c81ad4e27e64
[INFO] running `Command { std: "docker" "create" "-v" "/var/lib/crater-agent-workspace/builds/worker-0-tc1/target:/opt/rustwide/target:rw,Z" "-v" "/var/lib/crater-agent-workspace/builds/worker-0-tc1/source:/opt/rustwide/workdir:ro,Z" "-v" "/var/lib/crater-agent-workspace/cargo-home:/opt/rustwide/cargo-home:ro,Z" "-v" "/var/lib/crater-agent-workspace/rustup-home:/opt/rustwide/rustup-home:ro,Z" "-e" "SOURCE_DIR=/opt/rustwide/workdir" "-e" "CARGO_TARGET_DIR=/opt/rustwide/target" "-e" "CARGO_INCREMENTAL=0" "-e" "RUST_BACKTRACE=full" "-e" "RUSTFLAGS=--cap-lints=warn" "-e" "RUSTDOCFLAGS=--cap-lints=warn" "-e" "CARGO_HOME=/opt/rustwide/cargo-home" "-e" "RUSTUP_HOME=/opt/rustwide/rustup-home" "-w" "/opt/rustwide/workdir" "-m" "1610612736" "--user" "0:0" "--network" "none" "ghcr.io/rust-lang/crates-build-env/linux@sha256:f3a9d4ad9d972b27faf3965f35b62e55ba32bbce8f20bc8fe909558a86702fde" "/opt/rustwide/cargo-home/bin/cargo" "+1.83.0" "test" "--frozen" "--no-run" "--message-format=json", kill_on_drop: false }`
[INFO] [stdout] 49e7795f99450f385ff0db60ee63d33c465f6300af22887ccbc8667e857202ca
[INFO] running `Command { std: "docker" "start" "-a" "49e7795f99450f385ff0db60ee63d33c465f6300af22887ccbc8667e857202ca", kill_on_drop: false }`
[INFO] [stderr]    Compiling super-struct v1.0.2 (/opt/rustwide/workdir)
[INFO] [stderr]     Finished `test` profile [unoptimized + debuginfo] target(s) in 0.93s
[INFO] running `Command { std: "docker" "inspect" "49e7795f99450f385ff0db60ee63d33c465f6300af22887ccbc8667e857202ca", kill_on_drop: false }`
[INFO] running `Command { std: "docker" "rm" "-f" "49e7795f99450f385ff0db60ee63d33c465f6300af22887ccbc8667e857202ca", kill_on_drop: false }`
[INFO] [stdout] 49e7795f99450f385ff0db60ee63d33c465f6300af22887ccbc8667e857202ca
[INFO] running `Command { std: "docker" "create" "-v" "/var/lib/crater-agent-workspace/builds/worker-0-tc1/target:/opt/rustwide/target:rw,Z" "-v" "/var/lib/crater-agent-workspace/builds/worker-0-tc1/source:/opt/rustwide/workdir:ro,Z" "-v" "/var/lib/crater-agent-workspace/cargo-home:/opt/rustwide/cargo-home:ro,Z" "-v" "/var/lib/crater-agent-workspace/rustup-home:/opt/rustwide/rustup-home:ro,Z" "-e" "SOURCE_DIR=/opt/rustwide/workdir" "-e" "CARGO_TARGET_DIR=/opt/rustwide/target" "-e" "CARGO_INCREMENTAL=0" "-e" "RUST_BACKTRACE=full" "-e" "RUSTFLAGS=--cap-lints=warn" "-e" "RUSTDOCFLAGS=--cap-lints=warn" "-e" "CARGO_HOME=/opt/rustwide/cargo-home" "-e" "RUSTUP_HOME=/opt/rustwide/rustup-home" "-w" "/opt/rustwide/workdir" "-m" "1610612736" "--user" "0:0" "--network" "none" "ghcr.io/rust-lang/crates-build-env/linux@sha256:f3a9d4ad9d972b27faf3965f35b62e55ba32bbce8f20bc8fe909558a86702fde" "/opt/rustwide/cargo-home/bin/cargo" "+1.83.0" "test" "--frozen", kill_on_drop: false }`
[INFO] [stdout] a39a28985ef9e84a6a1657bf03572fb843dd3db6e975f3e89f85947063fbf592
[INFO] running `Command { std: "docker" "start" "-a" "a39a28985ef9e84a6a1657bf03572fb843dd3db6e975f3e89f85947063fbf592", kill_on_drop: false }`
[INFO] [stderr]     Finished `test` profile [unoptimized + debuginfo] target(s) in 0.02s
[INFO] [stderr]      Running unittests src/lib.rs (/opt/rustwide/target/debug/deps/super_struct-78fe5eb2280bc9f1)
[INFO] [stdout] 
[INFO] [stdout] running 0 tests
[INFO] [stdout] 
[INFO] [stdout] test result: ok. 0 passed; 0 failed; 0 ignored; 0 measured; 0 filtered out; finished in 0.00s
[INFO] [stdout] 
[INFO] [stderr]    Doc-tests super_struct
[INFO] [stdout] 
[INFO] [stdout] running 4 tests
[INFO] [stdout] test src/lib.rs - (line 214) ... FAILED
[INFO] [stdout] test src/lib.rs - (line 126) ... FAILED
[INFO] [stdout] test src/lib.rs - (line 199) ... FAILED
[INFO] [stdout] test src/lib.rs - (line 84) ... FAILED
[INFO] [stdout] 
[INFO] [stdout] failures:
[INFO] [stdout] 
[INFO] [stdout] ---- src/lib.rs - (line 214) stdout ----
[INFO] [stdout] error: associated function in `impl` without body
[INFO] [stdout]  --> src/lib.rs:217:5
[INFO] [stdout]   |
[INFO] [stdout] 5 |     fn index(&self, index: &str) -> &Self::Output;
[INFO] [stdout]   |     ^^^^^^^^^^^^^^^^^^^^^^^^^^^^^^^^^^^^^^^^^^^^^-
[INFO] [stdout]   |                                                  |
[INFO] [stdout]   |                                                  help: provide a definition for the function: `{ <body> }`
[INFO] [stdout] 
[INFO] [stdout] error: associated function in `impl` without body
[INFO] [stdout]  --> src/lib.rs:220:5
[INFO] [stdout]   |
[INFO] [stdout] 8 |     fn index_mut(&mut self, index: &str) -> &mut Self::Output;
[INFO] [stdout]   |     ^^^^^^^^^^^^^^^^^^^^^^^^^^^^^^^^^^^^^^^^^^^^^^^^^^^^^^^^^-
[INFO] [stdout]   |                                                              |
[INFO] [stdout]   |                                                              help: provide a definition for the function: `{ <body> }`
[INFO] [stdout] 
[INFO] [stdout] error[E0405]: cannot find trait `Index` in this scope
[INFO] [stdout]  --> src/lib.rs:215:6
[INFO] [stdout]   |
[INFO] [stdout] 3 | impl Index<&str> for Self {
[INFO] [stdout]   |      ^^^^^ not found in this scope
[INFO] [stdout]   |
[INFO] [stdout] help: consider importing this trait
[INFO] [stdout]   |
[INFO] [stdout] 2 + use std::ops::Index;
[INFO] [stdout]   |
[INFO] [stdout] 
[INFO] [stdout] error[E0412]: cannot find type `T` in this scope
[INFO] [stdout]  --> src/lib.rs:216:19
[INFO] [stdout]   |
[INFO] [stdout] 4 |     type Output = T;
[INFO] [stdout]   |                   ^ not found in this scope
[INFO] [stdout] 
[INFO] [stdout] error[E0405]: cannot find trait `IndexMut` in this scope
[INFO] [stdout]  --> src/lib.rs:219:6
[INFO] [stdout]   |
[INFO] [stdout] 7 | impl IndexMut<&str> for Self {
[INFO] [stdout]   |      ^^^^^^^^ not found in this scope
[INFO] [stdout]   |
[INFO] [stdout] help: consider importing this trait
[INFO] [stdout]   |
[INFO] [stdout] 2 + use std::ops::IndexMut;
[INFO] [stdout]   |
[INFO] [stdout] 
[INFO] [stdout] error: `Self` is not valid in the self type of an impl block
[INFO] [stdout]  --> src/lib.rs:215:22
[INFO] [stdout]   |
[INFO] [stdout] 3 | impl Index<&str> for Self {
[INFO] [stdout]   |                      ^^^^
[INFO] [stdout]   |
[INFO] [stdout]   = note: replace `Self` with a different type
[INFO] [stdout] 
[INFO] [stdout] error: `Self` is not valid in the self type of an impl block
[INFO] [stdout]  --> src/lib.rs:219:25
[INFO] [stdout]   |
[INFO] [stdout] 7 | impl IndexMut<&str> for Self {
[INFO] [stdout]   |                         ^^^^
[INFO] [stdout]   |
[INFO] [stdout]   = note: replace `Self` with a different type
[INFO] [stdout] 
[INFO] [stdout] error: aborting due to 7 previous errors
[INFO] [stdout] 
[INFO] [stdout] Some errors have detailed explanations: E0405, E0412.
[INFO] [stdout] For more information about an error, try `rustc --explain E0405`.
[INFO] [stdout] Couldn't compile the test.
[INFO] [stdout] ---- src/lib.rs - (line 126) stdout ----
[INFO] [stdout] error[E0599]: no method named `keys` found for struct `Test` in the current scope
[INFO] [stdout]   --> src/lib.rs:145:27
[INFO] [stdout]    |
[INFO] [stdout] 7  | struct Test {
[INFO] [stdout]    | ----------- method `keys` not found for this struct
[INFO] [stdout] ...
[INFO] [stdout] 21 |     println!("{:?}", test.keys());
[INFO] [stdout]    |                      -----^^^^--
[INFO] [stdout]    |                      |    |
[INFO] [stdout]    |                      |    this is an associated function, not a method
[INFO] [stdout]    |                      help: use associated function syntax instead: `Test::keys()`
[INFO] [stdout]    |
[INFO] [stdout]    = note: found the following associated functions; to be used as methods, functions must have a `self` parameter
[INFO] [stdout] note: the candidate is defined in an impl for the type `Test`
[INFO] [stdout]   --> src/lib.rs:130:17
[INFO] [stdout]    |
[INFO] [stdout] 6  | #[derive(Debug, Rustdict)]
[INFO] [stdout]    |                 ^^^^^^^^
[INFO] [stdout]    = note: this error originates in the derive macro `Rustdict` (in Nightly builds, run with -Z macro-backtrace for more info)
[INFO] [stdout] 
[INFO] [stdout] error[E0599]: no method named `keys` found for struct `Test` in the current scope
[INFO] [stdout]   --> src/lib.rs:150:19
[INFO] [stdout]    |
[INFO] [stdout] 7  | struct Test {
[INFO] [stdout]    | ----------- method `keys` not found for this struct
[INFO] [stdout] ...
[INFO] [stdout] 26 |     for i in test.keys() {
[INFO] [stdout]    |              -----^^^^--
[INFO] [stdout]    |              |    |
[INFO] [stdout]    |              |    this is an associated function, not a method
[INFO] [stdout]    |              help: use associated function syntax instead: `Test::keys()`
[INFO] [stdout]    |
[INFO] [stdout]    = note: found the following associated functions; to be used as methods, functions must have a `self` parameter
[INFO] [stdout] note: the candidate is defined in an impl for the type `Test`
[INFO] [stdout]   --> src/lib.rs:130:17
[INFO] [stdout]    |
[INFO] [stdout] 6  | #[derive(Debug, Rustdict)]
[INFO] [stdout]    |                 ^^^^^^^^
[INFO] [stdout]    = note: this error originates in the derive macro `Rustdict` (in Nightly builds, run with -Z macro-backtrace for more info)
[INFO] [stdout] 
[INFO] [stdout] error: aborting due to 2 previous errors
[INFO] [stdout] 
[INFO] [stdout] For more information about this error, try `rustc --explain E0599`.
[INFO] [stdout] Couldn't compile the test.
[INFO] [stdout] ---- src/lib.rs - (line 199) stdout ----
[INFO] [stdout] error: associated function in `impl` without body
[INFO] [stdout]  --> src/lib.rs:201:5
[INFO] [stdout]   |
[INFO] [stdout] 4 |     fn keys() -> Vec<&str>;
[INFO] [stdout]   |     ^^^^^^^^^^^^^^^^^^^^^^-
[INFO] [stdout]   |                           |
[INFO] [stdout]   |                           help: provide a definition for the function: `{ <body> }`
[INFO] [stdout] 
[INFO] [stdout] error: associated function in `impl` without body
[INFO] [stdout]  --> src/lib.rs:202:5
[INFO] [stdout]   |
[INFO] [stdout] 5 |     fn values(&self) -> Vec<&T>;
[INFO] [stdout]   |     ^^^^^^^^^^^^^^^^^^^^^^^^^^^-
[INFO] [stdout]   |                                |
[INFO] [stdout]   |                                help: provide a definition for the function: `{ <body> }`
[INFO] [stdout] 
[INFO] [stdout] error: associated function in `impl` without body
[INFO] [stdout]  --> src/lib.rs:203:5
[INFO] [stdout]   |
[INFO] [stdout] 6 |     fn values(&self) -> Vec<&dyn Any>;
[INFO] [stdout]   |     ^^^^^^^^^^^^^^^^^^^^^^^^^^^^^^^^^-
[INFO] [stdout]   |                                      |
[INFO] [stdout]   |                                      help: provide a definition for the function: `{ <body> }`
[INFO] [stdout] 
[INFO] [stdout] error: associated function in `impl` without body
[INFO] [stdout]  --> src/lib.rs:204:5
[INFO] [stdout]   |
[INFO] [stdout] 7 |     fn get(&self, key: &str) -> &T;
[INFO] [stdout]   |     ^^^^^^^^^^^^^^^^^^^^^^^^^^^^^^-
[INFO] [stdout]   |                                   |
[INFO] [stdout]   |                                   help: provide a definition for the function: `{ <body> }`
[INFO] [stdout] 
[INFO] [stdout] error: associated function in `impl` without body
[INFO] [stdout]  --> src/lib.rs:205:5
[INFO] [stdout]   |
[INFO] [stdout] 8 |     fn get(&self, key: &str) -> &dyn Any;
[INFO] [stdout]   |     ^^^^^^^^^^^^^^^^^^^^^^^^^^^^^^^^^^^^-
[INFO] [stdout]   |                                         |
[INFO] [stdout]   |                                         help: provide a definition for the function: `{ <body> }`
[INFO] [stdout] 
[INFO] [stdout] error: associated function in `impl` without body
[INFO] [stdout]  --> src/lib.rs:206:5
[INFO] [stdout]   |
[INFO] [stdout] 9 |     fn set(&mut self, key: &str, value: T);
[INFO] [stdout]   |     ^^^^^^^^^^^^^^^^^^^^^^^^^^^^^^^^^^^^^^-
[INFO] [stdout]   |                                           |
[INFO] [stdout]   |                                           help: provide a definition for the function: `{ <body> }`
[INFO] [stdout] 
[INFO] [stdout] error: associated function in `impl` without body
[INFO] [stdout]   --> src/lib.rs:207:5
[INFO] [stdout]    |
[INFO] [stdout] 10 |     fn set(&mut self, key: &str, value: &dyn Any);
[INFO] [stdout]    |     ^^^^^^^^^^^^^^^^^^^^^^^^^^^^^^^^^^^^^^^^^^^^^-
[INFO] [stdout]    |                                                  |
[INFO] [stdout]    |                                                  help: provide a definition for the function: `{ <body> }`
[INFO] [stdout] 
[INFO] [stdout] error[E0106]: missing lifetime specifier
[INFO] [stdout]  --> src/lib.rs:201:22
[INFO] [stdout]   |
[INFO] [stdout] 4 |     fn keys() -> Vec<&str>;
[INFO] [stdout]   |                      ^ expected named lifetime parameter
[INFO] [stdout]   |
[INFO] [stdout]   = help: this function's return type contains a borrowed value, but there is no value for it to be borrowed from
[INFO] [stdout] help: consider using the `'static` lifetime, but this is uncommon unless you're returning a borrowed value from a `const` or a `static`
[INFO] [stdout]   |
[INFO] [stdout] 4 |     fn keys() -> Vec<&'static str>;
[INFO] [stdout]   |                       +++++++
[INFO] [stdout] help: instead, you are more likely to want to return an owned value
[INFO] [stdout]   |
[INFO] [stdout] 4 -     fn keys() -> Vec<&str>;
[INFO] [stdout] 4 +     fn keys() -> Vec<str>;
[INFO] [stdout]   |
[INFO] [stdout] 
[INFO] [stdout] error[E0412]: cannot find type `T` in this scope
[INFO] [stdout]  --> src/lib.rs:202:30
[INFO] [stdout]   |
[INFO] [stdout] 5 |     fn values(&self) -> Vec<&T>;
[INFO] [stdout]   |                              ^ not found in this scope
[INFO] [stdout]   |
[INFO] [stdout] help: you might be missing a type parameter
[INFO] [stdout]   |
[INFO] [stdout] 3 | impl<T> Self {
[INFO] [stdout]   |     +++
[INFO] [stdout] 
[INFO] [stdout] error[E0405]: cannot find trait `Any` in this scope
[INFO] [stdout]  --> src/lib.rs:203:34
[INFO] [stdout]   |
[INFO] [stdout] 6 |     fn values(&self) -> Vec<&dyn Any>;
[INFO] [stdout]   |                                  ^^^ not found in this scope
[INFO] [stdout]   |
[INFO] [stdout] help: consider importing this trait
[INFO] [stdout]   |
[INFO] [stdout] 2 + use std::any::Any;
[INFO] [stdout]   |
[INFO] [stdout] 
[INFO] [stdout] error[E0412]: cannot find type `T` in this scope
[INFO] [stdout]  --> src/lib.rs:204:34
[INFO] [stdout]   |
[INFO] [stdout] 7 |     fn get(&self, key: &str) -> &T;
[INFO] [stdout]   |                                  ^ not found in this scope
[INFO] [stdout] 
[INFO] [stdout] error[E0405]: cannot find trait `Any` in this scope
[INFO] [stdout]  --> src/lib.rs:205:38
[INFO] [stdout]   |
[INFO] [stdout] 8 |     fn get(&self, key: &str) -> &dyn Any;
[INFO] [stdout]   |                                      ^^^ not found in this scope
[INFO] [stdout]   |
[INFO] [stdout] help: consider importing this trait
[INFO] [stdout]   |
[INFO] [stdout] 2 + use std::any::Any;
[INFO] [stdout]   |
[INFO] [stdout] 
[INFO] [stdout] error[E0412]: cannot find type `T` in this scope
[INFO] [stdout]  --> src/lib.rs:206:41
[INFO] [stdout]   |
[INFO] [stdout] 9 |     fn set(&mut self, key: &str, value: T);
[INFO] [stdout]   |                                         ^ not found in this scope
[INFO] [stdout] 
[INFO] [stdout] error[E0405]: cannot find trait `Any` in this scope
[INFO] [stdout]   --> src/lib.rs:207:46
[INFO] [stdout]    |
[INFO] [stdout] 10 |     fn set(&mut self, key: &str, value: &dyn Any);
[INFO] [stdout]    |                                              ^^^ not found in this scope
[INFO] [stdout]    |
[INFO] [stdout] help: consider importing this trait
[INFO] [stdout]    |
[INFO] [stdout] 2  + use std::any::Any;
[INFO] [stdout]    |
[INFO] [stdout] 
[INFO] [stdout] error: `Self` is not valid in the self type of an impl block
[INFO] [stdout]  --> src/lib.rs:200:6
[INFO] [stdout]   |
[INFO] [stdout] 3 | impl Self {
[INFO] [stdout]   |      ^^^^
[INFO] [stdout]   |
[INFO] [stdout]   = note: replace `Self` with a different type
[INFO] [stdout] 
[INFO] [stdout] error: aborting due to 15 previous errors
[INFO] [stdout] 
[INFO] [stdout] Some errors have detailed explanations: E0106, E0405, E0412.
[INFO] [stdout] For more information about an error, try `rustc --explain E0106`.
[INFO] [stdout] Couldn't compile the test.
[INFO] [stdout] ---- src/lib.rs - (line 84) stdout ----
[INFO] [stdout] error[E0599]: no method named `keys` found for struct `Test` in the current scope
[INFO] [stdout]   --> src/lib.rs:101:27
[INFO] [stdout]    |
[INFO] [stdout] 7  | struct Test {
[INFO] [stdout]    | ----------- method `keys` not found for this struct
[INFO] [stdout] ...
[INFO] [stdout] 19 |     println!("{:?}", test.keys());
[INFO] [stdout]    |                      -----^^^^--
[INFO] [stdout]    |                      |    |
[INFO] [stdout]    |                      |    this is an associated function, not a method
[INFO] [stdout]    |                      help: use associated function syntax instead: `Test::keys()`
[INFO] [stdout]    |
[INFO] [stdout]    = note: found the following associated functions; to be used as methods, functions must have a `self` parameter
[INFO] [stdout] note: the candidate is defined in an impl for the type `Test`
[INFO] [stdout]   --> src/lib.rs:88:17
[INFO] [stdout]    |
[INFO] [stdout] 6  | #[derive(Debug, Rustdict)]
[INFO] [stdout]    |                 ^^^^^^^^
[INFO] [stdout]    = note: this error originates in the derive macro `Rustdict` (in Nightly builds, run with -Z macro-backtrace for more info)
[INFO] [stdout] 
[INFO] [stdout] error[E0599]: no method named `keys` found for struct `Test` in the current scope
[INFO] [stdout]   --> src/lib.rs:104:19
[INFO] [stdout]    |
[INFO] [stdout] 7  | struct Test {
[INFO] [stdout]    | ----------- method `keys` not found for this struct
[INFO] [stdout] ...
[INFO] [stdout] 22 |     for i in test.keys() {
[INFO] [stdout]    |              -----^^^^--
[INFO] [stdout]    |              |    |
[INFO] [stdout]    |              |    this is an associated function, not a method
[INFO] [stdout]    |              help: use associated function syntax instead: `Test::keys()`
[INFO] [stdout]    |
[INFO] [stdout]    = note: found the following associated functions; to be used as methods, functions must have a `self` parameter
[INFO] [stdout] note: the candidate is defined in an impl for the type `Test`
[INFO] [stdout]   --> src/lib.rs:88:17
[INFO] [stdout]    |
[INFO] [stdout] 6  | #[derive(Debug, Rustdict)]
[INFO] [stdout]    |                 ^^^^^^^^
[INFO] [stdout]    = note: this error originates in the derive macro `Rustdict` (in Nightly builds, run with -Z macro-backtrace for more info)
[INFO] [stdout] 
[INFO] [stdout] error: aborting due to 2 previous errors
[INFO] [stdout] 
[INFO] [stdout] For more information about this error, try `rustc --explain E0599`.
[INFO] [stdout] Couldn't compile the test.
[INFO] [stdout] 
[INFO] [stdout] failures:
[INFO] [stdout]     src/lib.rs - (line 126)
[INFO] [stdout]     src/lib.rs - (line 199)
[INFO] [stdout]     src/lib.rs - (line 214)
[INFO] [stdout]     src/lib.rs - (line 84)
[INFO] [stdout] 
[INFO] [stdout] test result: FAILED. 0 passed; 4 failed; 0 ignored; 0 measured; 0 filtered out; finished in 0.24s
[INFO] [stdout] 
[INFO] [stderr] error: doctest failed, to rerun pass `--doc`
[INFO] running `Command { std: "docker" "inspect" "a39a28985ef9e84a6a1657bf03572fb843dd3db6e975f3e89f85947063fbf592", kill_on_drop: false }`
[INFO] running `Command { std: "docker" "rm" "-f" "a39a28985ef9e84a6a1657bf03572fb843dd3db6e975f3e89f85947063fbf592", kill_on_drop: false }`
[INFO] [stdout] a39a28985ef9e84a6a1657bf03572fb843dd3db6e975f3e89f85947063fbf592
