[INFO] cloning repository https://github.com/WVAviator/advent-of-code-2023
[INFO] running `Command { std: "git" "-c" "credential.helper=" "-c" "credential.helper=/workspace/cargo-home/bin/git-credential-null" "clone" "--bare" "https://github.com/WVAviator/advent-of-code-2023" "/workspace/cache/git-repos/https%3A%2F%2Fgithub.com%2FWVAviator%2Fadvent-of-code-2023", kill_on_drop: false }`
[INFO] [stderr] Cloning into bare repository '/workspace/cache/git-repos/https%3A%2F%2Fgithub.com%2FWVAviator%2Fadvent-of-code-2023'...
[INFO] running `Command { std: "git" "rev-parse" "HEAD", kill_on_drop: false }`
[INFO] [stdout] 48a7fe58d3094c7f538eab6a53bc7f3276d21f7f
[INFO] testing WVAviator/advent-of-code-2023 against beta-2024-12-08 for beta-1.84.0-4-retry
[INFO] running `Command { std: "git" "clone" "/workspace/cache/git-repos/https%3A%2F%2Fgithub.com%2FWVAviator%2Fadvent-of-code-2023" "/workspace/builds/worker-1-tc2/source", kill_on_drop: false }`
[INFO] [stderr] Cloning into '/workspace/builds/worker-1-tc2/source'...
[INFO] [stderr] done.
[INFO] validating manifest of git repo https://github.com/WVAviator/advent-of-code-2023 on toolchain beta-2024-12-08
[INFO] running `Command { std: CARGO_HOME="/workspace/cargo-home" RUSTUP_HOME="/workspace/rustup-home" "/workspace/cargo-home/bin/cargo" "+beta-2024-12-08" "metadata" "--manifest-path" "Cargo.toml" "--no-deps", kill_on_drop: false }`
[INFO] started tweaking git repo https://github.com/WVAviator/advent-of-code-2023
[INFO] finished tweaking git repo https://github.com/WVAviator/advent-of-code-2023
[INFO] tweaked toml for git repo https://github.com/WVAviator/advent-of-code-2023 written to /workspace/builds/worker-1-tc2/source/Cargo.toml
[INFO] crate git repo https://github.com/WVAviator/advent-of-code-2023 already has a lockfile, it will not be regenerated
[INFO] running `Command { std: CARGO_HOME="/workspace/cargo-home" RUSTUP_HOME="/workspace/rustup-home" "/workspace/cargo-home/bin/cargo" "+beta-2024-12-08" "fetch" "--manifest-path" "Cargo.toml", kill_on_drop: false }`
[INFO] running `Command { std: "docker" "create" "-v" "/var/lib/crater-agent-workspace/builds/worker-1-tc2/target:/opt/rustwide/target:rw,Z" "-v" "/var/lib/crater-agent-workspace/builds/worker-1-tc2/source:/opt/rustwide/workdir:ro,Z" "-v" "/var/lib/crater-agent-workspace/cargo-home:/opt/rustwide/cargo-home:ro,Z" "-v" "/var/lib/crater-agent-workspace/rustup-home:/opt/rustwide/rustup-home:ro,Z" "-e" "SOURCE_DIR=/opt/rustwide/workdir" "-e" "CARGO_TARGET_DIR=/opt/rustwide/target" "-e" "CARGO_HOME=/opt/rustwide/cargo-home" "-e" "RUSTUP_HOME=/opt/rustwide/rustup-home" "-w" "/opt/rustwide/workdir" "-m" "1610612736" "--user" "0:0" "--network" "none" "ghcr.io/rust-lang/crates-build-env/linux@sha256:f3a9d4ad9d972b27faf3965f35b62e55ba32bbce8f20bc8fe909558a86702fde" "/opt/rustwide/cargo-home/bin/cargo" "+beta-2024-12-08" "metadata" "--no-deps" "--format-version=1", kill_on_drop: false }`
[INFO] [stdout] c482bb25e58f5a01c5afe89fe57cf3e1abed91313ca78fdb8961c37ba2e2266f
[INFO] running `Command { std: "docker" "start" "-a" "c482bb25e58f5a01c5afe89fe57cf3e1abed91313ca78fdb8961c37ba2e2266f", kill_on_drop: false }`
[INFO] running `Command { std: "docker" "inspect" "c482bb25e58f5a01c5afe89fe57cf3e1abed91313ca78fdb8961c37ba2e2266f", kill_on_drop: false }`
[INFO] running `Command { std: "docker" "rm" "-f" "c482bb25e58f5a01c5afe89fe57cf3e1abed91313ca78fdb8961c37ba2e2266f", kill_on_drop: false }`
[INFO] [stdout] c482bb25e58f5a01c5afe89fe57cf3e1abed91313ca78fdb8961c37ba2e2266f
[INFO] running `Command { std: "docker" "create" "-v" "/var/lib/crater-agent-workspace/builds/worker-1-tc2/target:/opt/rustwide/target:rw,Z" "-v" "/var/lib/crater-agent-workspace/builds/worker-1-tc2/source:/opt/rustwide/workdir:ro,Z" "-v" "/var/lib/crater-agent-workspace/cargo-home:/opt/rustwide/cargo-home:ro,Z" "-v" "/var/lib/crater-agent-workspace/rustup-home:/opt/rustwide/rustup-home:ro,Z" "-e" "SOURCE_DIR=/opt/rustwide/workdir" "-e" "CARGO_TARGET_DIR=/opt/rustwide/target" "-e" "CARGO_INCREMENTAL=0" "-e" "RUST_BACKTRACE=full" "-e" "RUSTFLAGS=--cap-lints=warn" "-e" "RUSTDOCFLAGS=--cap-lints=warn" "-e" "CARGO_HOME=/opt/rustwide/cargo-home" "-e" "RUSTUP_HOME=/opt/rustwide/rustup-home" "-w" "/opt/rustwide/workdir" "-m" "1610612736" "--user" "0:0" "--network" "none" "ghcr.io/rust-lang/crates-build-env/linux@sha256:f3a9d4ad9d972b27faf3965f35b62e55ba32bbce8f20bc8fe909558a86702fde" "/opt/rustwide/cargo-home/bin/cargo" "+beta-2024-12-08" "build" "--frozen" "--message-format=json", kill_on_drop: false }`
[INFO] [stdout] cd436a2f5d8fcbbde811c39adc815f86316855d1f88e2f66872b799531aa9cbb
[INFO] running `Command { std: "docker" "start" "-a" "cd436a2f5d8fcbbde811c39adc815f86316855d1f88e2f66872b799531aa9cbb", kill_on_drop: false }`
[INFO] [stderr]    Compiling num-traits v0.2.17
[INFO] [stderr]    Compiling num-integer v0.1.45
[INFO] [stderr]    Compiling num-bigint v0.4.4
[INFO] [stderr]    Compiling utf8parse v0.2.1
[INFO] [stderr]    Compiling num-rational v0.4.1
[INFO] [stderr]    Compiling num-iter v0.1.43
[INFO] [stderr]    Compiling anstyle-query v1.0.0
[INFO] [stderr]    Compiling colorchoice v1.0.0
[INFO] [stderr]    Compiling anstyle-parse v0.2.2
[INFO] [stderr]    Compiling anstyle v1.0.4
[INFO] [stderr]    Compiling clap_lex v0.6.0
[INFO] [stderr]    Compiling anstream v0.6.4
[INFO] [stderr]    Compiling clap_builder v4.4.9
[INFO] [stderr]    Compiling num-complex v0.4.4
[INFO] [stderr]    Compiling num v0.4.1
[INFO] [stderr]    Compiling clap v4.4.10
[INFO] [stderr]    Compiling advent-of-code-2023 v0.1.0 (/opt/rustwide/workdir)
[INFO] [stdout] warning: field `hold_time` is never read
[INFO] [stdout]  --> src/challenge/wait_for_it/race.rs:2:9
[INFO] [stdout]   |
[INFO] [stdout] 1 | pub struct Race {
[INFO] [stdout]   |            ---- field in this struct
[INFO] [stdout] 2 |     pub hold_time: u64,
[INFO] [stdout]   |         ^^^^^^^^^
[INFO] [stdout]   |
[INFO] [stdout]   = note: `#[warn(dead_code)]` on by default
[INFO] [stdout] 
[INFO] [stdout] 
[INFO] [stderr]     Finished `dev` profile [unoptimized + debuginfo] target(s) in 15.27s
[INFO] running `Command { std: "docker" "inspect" "cd436a2f5d8fcbbde811c39adc815f86316855d1f88e2f66872b799531aa9cbb", kill_on_drop: false }`
[INFO] running `Command { std: "docker" "rm" "-f" "cd436a2f5d8fcbbde811c39adc815f86316855d1f88e2f66872b799531aa9cbb", kill_on_drop: false }`
[INFO] [stdout] cd436a2f5d8fcbbde811c39adc815f86316855d1f88e2f66872b799531aa9cbb
[INFO] running `Command { std: "docker" "create" "-v" "/var/lib/crater-agent-workspace/builds/worker-1-tc2/target:/opt/rustwide/target:rw,Z" "-v" "/var/lib/crater-agent-workspace/builds/worker-1-tc2/source:/opt/rustwide/workdir:ro,Z" "-v" "/var/lib/crater-agent-workspace/cargo-home:/opt/rustwide/cargo-home:ro,Z" "-v" "/var/lib/crater-agent-workspace/rustup-home:/opt/rustwide/rustup-home:ro,Z" "-e" "SOURCE_DIR=/opt/rustwide/workdir" "-e" "CARGO_TARGET_DIR=/opt/rustwide/target" "-e" "CARGO_INCREMENTAL=0" "-e" "RUST_BACKTRACE=full" "-e" "RUSTFLAGS=--cap-lints=warn" "-e" "RUSTDOCFLAGS=--cap-lints=warn" "-e" "CARGO_HOME=/opt/rustwide/cargo-home" "-e" "RUSTUP_HOME=/opt/rustwide/rustup-home" "-w" "/opt/rustwide/workdir" "-m" "1610612736" "--user" "0:0" "--network" "none" "ghcr.io/rust-lang/crates-build-env/linux@sha256:f3a9d4ad9d972b27faf3965f35b62e55ba32bbce8f20bc8fe909558a86702fde" "/opt/rustwide/cargo-home/bin/cargo" "+beta-2024-12-08" "test" "--frozen" "--no-run" "--message-format=json", kill_on_drop: false }`
[INFO] [stdout] 6a02c2e52a1718a12409c8468a96a07e185197edaee5a6ec7b24e8ba6fbc1b9e
[INFO] running `Command { std: "docker" "start" "-a" "6a02c2e52a1718a12409c8468a96a07e185197edaee5a6ec7b24e8ba6fbc1b9e", kill_on_drop: false }`
[INFO] [stderr]    Compiling advent-of-code-2023 v0.1.0 (/opt/rustwide/workdir)
[INFO] [stdout] warning: field `hold_time` is never read
[INFO] [stdout]  --> src/challenge/wait_for_it/race.rs:2:9
[INFO] [stdout]   |
[INFO] [stdout] 1 | pub struct Race {
[INFO] [stdout]   |            ---- field in this struct
[INFO] [stdout] 2 |     pub hold_time: u64,
[INFO] [stdout]   |         ^^^^^^^^^
[INFO] [stdout]   |
[INFO] [stdout]   = note: `#[warn(dead_code)]` on by default
[INFO] [stdout] 
[INFO] [stdout] 
[INFO] [stderr]     Finished `test` profile [unoptimized + debuginfo] target(s) in 3.66s
[INFO] running `Command { std: "docker" "inspect" "6a02c2e52a1718a12409c8468a96a07e185197edaee5a6ec7b24e8ba6fbc1b9e", kill_on_drop: false }`
[INFO] running `Command { std: "docker" "rm" "-f" "6a02c2e52a1718a12409c8468a96a07e185197edaee5a6ec7b24e8ba6fbc1b9e", kill_on_drop: false }`
[INFO] [stdout] 6a02c2e52a1718a12409c8468a96a07e185197edaee5a6ec7b24e8ba6fbc1b9e
[INFO] running `Command { std: "docker" "create" "-v" "/var/lib/crater-agent-workspace/builds/worker-1-tc2/target:/opt/rustwide/target:rw,Z" "-v" "/var/lib/crater-agent-workspace/builds/worker-1-tc2/source:/opt/rustwide/workdir:ro,Z" "-v" "/var/lib/crater-agent-workspace/cargo-home:/opt/rustwide/cargo-home:ro,Z" "-v" "/var/lib/crater-agent-workspace/rustup-home:/opt/rustwide/rustup-home:ro,Z" "-e" "SOURCE_DIR=/opt/rustwide/workdir" "-e" "CARGO_TARGET_DIR=/opt/rustwide/target" "-e" "CARGO_INCREMENTAL=0" "-e" "RUST_BACKTRACE=full" "-e" "RUSTFLAGS=--cap-lints=warn" "-e" "RUSTDOCFLAGS=--cap-lints=warn" "-e" "CARGO_HOME=/opt/rustwide/cargo-home" "-e" "RUSTUP_HOME=/opt/rustwide/rustup-home" "-w" "/opt/rustwide/workdir" "-m" "1610612736" "--user" "0:0" "--network" "none" "ghcr.io/rust-lang/crates-build-env/linux@sha256:f3a9d4ad9d972b27faf3965f35b62e55ba32bbce8f20bc8fe909558a86702fde" "/opt/rustwide/cargo-home/bin/cargo" "+beta-2024-12-08" "test" "--frozen", kill_on_drop: false }`
[INFO] [stdout] 0fa3d9acd73d09838528a3a180cdec7c0a9fd640217c74efa601471595927585
[INFO] running `Command { std: "docker" "start" "-a" "0fa3d9acd73d09838528a3a180cdec7c0a9fd640217c74efa601471595927585", kill_on_drop: false }`
[INFO] [stderr] warning: field `hold_time` is never read
[INFO] [stderr]  --> src/challenge/wait_for_it/race.rs:2:9
[INFO] [stderr]   |
[INFO] [stderr] 1 | pub struct Race {
[INFO] [stderr]   |            ---- field in this struct
[INFO] [stderr] 2 |     pub hold_time: u64,
[INFO] [stderr]   |         ^^^^^^^^^
[INFO] [stderr]   |
[INFO] [stderr]   = note: `#[warn(dead_code)]` on by default
[INFO] [stderr] 
[INFO] [stderr] warning: `advent-of-code-2023` (bin "advent-of-code-2023" test) generated 1 warning
[INFO] [stderr]     Finished `test` profile [unoptimized + debuginfo] target(s) in 0.04s
[INFO] [stderr]      Running unittests src/main.rs (/opt/rustwide/target/debug/deps/advent_of_code_2023-ae7c0ea05831b0cb)
[INFO] [stdout] 
[INFO] [stdout] running 95 tests
[INFO] [stdout] test challenge::camel_cards::card::test::ch07_from ... ok
[INFO] [stdout] test challenge::camel_cards::hand::test::ch07_hand_ord ... ok
[INFO] [stdout] test challenge::camel_cards::hand::test::ch07_hand_parse ... ok
[INFO] [stdout] test challenge::camel_cards::hand_type::test::ch07_hand_type_ord ... ok
[INFO] [stdout] test challenge::camel_cards::hand_type::test::ch07_hand_type_parse ... ok
[INFO] [stdout] test challenge::camel_cards::hand_type::test::ch07_hand_type_parse_with_joker ... ok
[INFO] [stdout] test challenge::camel_cards::test::ch07_camel_cards_part_one ... ok
[INFO] [stdout] test challenge::cube_conundrum::cube_game::test::ch02_cubegame_extract_game_id_double_digit ... ok
[INFO] [stdout] test challenge::cube_conundrum::cube_game::test::ch02_cubegame_extract_game_id_single_digit ... ok
[INFO] [stdout] test challenge::cube_conundrum::cube_game::test::ch02_cubegame_extract_game_id_triple_digit ... ok
[INFO] [stdout] test challenge::cube_conundrum::cube_game::test::ch02_cubegame_extract_game_segments ... ok
[INFO] [stdout] test challenge::cube_conundrum::cube_game::test::ch02_cubegame_get_power_2 ... ok
[INFO] [stdout] test challenge::cube_conundrum::cube_game::test::ch02_cubegame_min_required ... ok
[INFO] [stdout] test challenge::cube_conundrum::cube_game::test::ch02_cubegame_get_power ... ok
[INFO] [stdout] test challenge::cube_conundrum::cube_game::test::ch02_cubegame_parse ... ok
[INFO] [stdout] test challenge::cube_conundrum::cube_subset::test::ch02_cubesubset_parse ... ok
[INFO] [stdout] test challenge::camel_cards::test::ch07_camel_cards_part_two ... ok
[INFO] [stdout] test challenge::cube_conundrum::cube_subset::test::ch02_cubesubset_parse_multiple_colors ... ok
[INFO] [stdout] test challenge::camel_cards::card::test::ch07_ord ... ok
[INFO] [stdout] test challenge::cube_conundrum::test::ch02_cubeconundrum_part_one ... ok
[INFO] [stdout] test challenge::gear_ratios::engine_schematic::test::ch03_engine_schematic_connect_gears ... ok
[INFO] [stdout] test challenge::cube_conundrum::test::ch02_cubeconundrum_part_two ... ok
[INFO] [stdout] test challenge::cube_conundrum::cube_subset::test::ch02_cubesubset_parse_multiple_colors_unordered ... ok
[INFO] [stdout] test challenge::cube_conundrum::cube_subset::test::ch02_cubesubset_parse_one_color ... ok
[INFO] [stdout] test challenge::gear_ratios::engine_schematic::test::ch03_engine_schematic_get_nums_adjacent_to_symbols_all ... ok
[INFO] [stdout] test challenge::gear_ratios::engine_schematic::test::ch03_engine_schematic_get_nums_adjacent_to_symbols_some ... ok
[INFO] [stdout] test challenge::gear_ratios::engine_schematic::test::ch03_engine_schematic_is_symbol ... ok
[INFO] [stdout] test challenge::gear_ratios::engine_schematic::test::ch03_engine_schematic_new_schematic_correct ... ok
[INFO] [stdout] test challenge::gear_ratios::engine_schematic::test::ch03_engine_schematic_symbol_adjacent ... ok
[INFO] [stdout] test challenge::gear_ratios::adjacent::test::ch03_adjacent_all_values ... ok
[INFO] [stdout] test challenge::gear_ratios::engine_schematic::test::ch03_engine_schematic_new_part_numbers_correct ... ok
[INFO] [stdout] test challenge::gear_ratios::gear::test::ch03_gear_add_part_no_duplicates ... ok
[INFO] [stdout] test challenge::gear_ratios::part_number::test::ch03_part_number_errs ... ok
[INFO] [stdout] test challenge::gear_ratios::part_number::test::ch03_part_number_new ... ok
[INFO] [stdout] test challenge::gear_ratios::part_number::test::ch03_part_number_symbol ... ok
[INFO] [stdout] test challenge::gear_ratios::adjacent::test::ch03_adjacent_edge ... ok
[INFO] [stdout] test challenge::gear_ratios::gear::test::ch03_gear_get_ratio ... ok
[INFO] [stdout] test challenge::gear_ratios::engine_schematic::test::ch03_engine_schematic_get_gear_ratios_adjacent_to_two_numbers ... ok
[INFO] [stdout] test challenge::gear_ratios::test::ch03_part_two ... ok
[INFO] [stdout] test challenge::gear_ratios::test::ch03_part_one ... ok
[INFO] [stdout] test challenge::haunted_wasteland::map::test::ch08_map_new ... ok
[INFO] [stdout] test challenge::haunted_wasteland::node::test::ch08_node_get_next ... ok
[INFO] [stdout] test challenge::haunted_wasteland::node::test::ch08_node_new ... ok
[INFO] [stdout] test challenge::haunted_wasteland::map::test::ch08_map_travel ... ok
[INFO] [stdout] test challenge::if_you_give_a_seed_a_fertilizer::almanac::test::ch05_almanac_map_through ... ok
[INFO] [stdout] test challenge::if_you_give_a_seed_a_fertilizer::almanac::test::ch05_almanac_new ... ok
[INFO] [stdout] test challenge::if_you_give_a_seed_a_fertilizer::resource_map::test::ch05_map_range_contains ... ok
[INFO] [stdout] test challenge::if_you_give_a_seed_a_fertilizer::resource_map::test::ch05_map_range_from ... ok
[INFO] [stdout] test challenge::if_you_give_a_seed_a_fertilizer::resource_map::test::ch05_map_range_map_to ... ok
[INFO] [stdout] test challenge::if_you_give_a_seed_a_fertilizer::resource_map::test::ch05_map_range_from_end_huge_numbers ... ok
[INFO] [stdout] test challenge::if_you_give_a_seed_a_fertilizer::resource_map::test::ch05_resource_map_new ... ok
[INFO] [stdout] test challenge::if_you_give_a_seed_a_fertilizer::resource_map::test::ch05_resource_map_normalize ... ok
[INFO] [stdout] test challenge::if_you_give_a_seed_a_fertilizer::resource_map::test::ch05_map_range_split_on ... ok
[INFO] [stdout] test challenge::if_you_give_a_seed_a_fertilizer::resource_map::test::ch05_resource_map_merge ... ok
[INFO] [stdout] test challenge::haunted_wasteland::node::test::ch08_map_matches ... ok
[INFO] [stdout] test challenge::haunted_wasteland::test::ch08_haunted_wasteland_part_two ... ok
[INFO] [stdout] test challenge::haunted_wasteland::test::ch08_haunted_wasteland_part_one ... ok
[INFO] [stdout] test challenge::if_you_give_a_seed_a_fertilizer::test::ch05_seed_fertilizer_part_one ... ok
[INFO] [stdout] test challenge::mirage_maintenance::history::test::ch09_history_extrapolate_prev ... ok
[INFO] [stdout] test challenge::mirage_maintenance::test::ch09_mirage_maintenance_part_one ... ok
[INFO] [stdout] test challenge::mirage_maintenance::history::test::ch09_history_extrapolate_next ... ok
[INFO] [stdout] test challenge::pipe_maze::pipe_map::test::ch10_pipe_map_iterator ... ok
[INFO] [stdout] test challenge::pipe_maze::test::ch10_pipe_maze_part_one_example_one ... ok
[INFO] [stdout] test challenge::pipe_maze::pipe_map::test::ch10_pipe_map_new ... ok
[INFO] [stdout] test challenge::mirage_maintenance::test::ch09_mirage_maintenance_part_two ... ok
[INFO] [stdout] test challenge::scratchcards::copy_calculator::test::ch04_copy_calculator_calculate_card ... ok
[INFO] [stdout] test challenge::pipe_maze::pipe_map::test::ch10_pipe_map_get_connected ... ok
[INFO] [stdout] test challenge::mirage_maintenance::history::test::ch09_history_extrapolate_next_ascending ... ok
[INFO] [stdout] test challenge::pipe_maze::test::ch10_pipe_maze_part_one_example_two ... ok
[INFO] [stdout] test challenge::pipe_maze::pipe_map::test::ch10_pipe_map_iterator_rev ... ok
[INFO] [stdout] test challenge::scratchcards::power_calculator::test::ch04_power_calculator_calculate_card ... ok
[INFO] [stdout] test challenge::scratchcards::power_calculator::test::ch04_power_calculator_calculate_total ... ok
[INFO] [stdout] test challenge::scratchcards::scratchcard::test::ch04_scratchcard_parse ... ok
[INFO] [stdout] test challenge::trebuchet::test::ch01_find_all_number_substrings ... ok
[INFO] [stdout] test challenge::scratchcards::test::ch04_scratchcards_part_two ... ok
[INFO] [stdout] test challenge::trebuchet::test::ch01_find_all_number_substrings_finds_all_types ... ok
[INFO] [stdout] test challenge::trebuchet::test::ch01_find_all_number_substrings_none ... ok
[INFO] [stdout] test challenge::trebuchet::test::ch01_find_all_number_substrings_single ... ok
[INFO] [stdout] test challenge::trebuchet::test::ch01_get_first_and_last_digit ... ok
[INFO] [stdout] test challenge::trebuchet::test::ch01_get_first_and_last_digit_with_one_digit ... ok
[INFO] [stdout] test challenge::scratchcards::copy_calculator::test::ch04_copy_calculator_calculate_total ... ok
[INFO] [stdout] test challenge::trebuchet::test::ch01_final_all_number_substrings_repeated_substrings ... ok
[INFO] [stdout] test challenge::scratchcards::scratchcard::test::ch04_scratchcard_parse_with_spaces ... ok
[INFO] [stdout] test challenge::trebuchet::test::ch01_get_first_and_last_numstr_or_digit_with_one_digit ... ok
[INFO] [stdout] test challenge::trebuchet::test::ch01_test_part_two ... ok
[INFO] [stdout] test challenge::trebuchet::test::ch01_test_part_two_all_possible ... ok
[INFO] [stdout] test challenge::trebuchet::test::ch01_get_first_and_last_numstr_or_digit ... ok
[INFO] [stdout] test challenge::trebuchet::test::ch01_test_part_two_2 ... ok
[INFO] [stdout] test challenge::trebuchet::test::ch01_test_part_one ... ok
[INFO] [stdout] test challenge::wait_for_it::test::ch06_waitforit_part_one ... ok
[INFO] [stdout] test challenge::wait_for_it::race::test::ch06_raceinfo_beats_record ... ok
[INFO] [stdout] test challenge::scratchcards::test::ch04_scratchcards_part_one ... ok
[INFO] [stdout] test challenge::wait_for_it::race::test::ch06_raceinfo_all_winners ... ok
[INFO] [stdout] test challenge::wait_for_it::test::ch06_waitforit_part_two ... ok
[INFO] [stdout] test challenge::if_you_give_a_seed_a_fertilizer::test::cho5_seed_fertilizer_part_two ... FAILED
[INFO] [stdout] 
[INFO] [stdout] failures:
[INFO] [stdout] 
[INFO] [stdout] ---- challenge::if_you_give_a_seed_a_fertilizer::test::cho5_seed_fertilizer_part_two stdout ----
[INFO] [stdout] thread 'challenge::if_you_give_a_seed_a_fertilizer::test::cho5_seed_fertilizer_part_two' panicked at src/challenge/if_you_give_a_seed_a_fertilizer/mod.rs:120:9:
[INFO] [stdout] assertion `left == right` failed
[INFO] [stdout]   left: "55"
[INFO] [stdout]  right: "46"
[INFO] [stdout] stack backtrace:
[INFO] [stdout]    0:     0x6195cbdb1e7a - std::backtrace_rs::backtrace::libunwind::trace::h8810477743020387
[INFO] [stdout]                                at /rustc/202008a1b8de96d2e5b6bc02d379db03a877d34d/library/std/src/../../backtrace/src/backtrace/libunwind.rs:116:5
[INFO] [stdout]    1:     0x6195cbdb1e7a - std::backtrace_rs::backtrace::trace_unsynchronized::h3aa55355dd6c54a6
[INFO] [stdout]                                at /rustc/202008a1b8de96d2e5b6bc02d379db03a877d34d/library/std/src/../../backtrace/src/backtrace/mod.rs:66:5
[INFO] [stdout]    2:     0x6195cbdb1e7a - std::sys::backtrace::_print_fmt::h8588b0f62410823f
[INFO] [stdout]                                at /rustc/202008a1b8de96d2e5b6bc02d379db03a877d34d/library/std/src/sys/backtrace.rs:66:9
[INFO] [stdout]    3:     0x6195cbdb1e7a - <std::sys::backtrace::BacktraceLock::print::DisplayBacktrace as core::fmt::Display>::fmt::h98c26ac25ffe89bb
[INFO] [stdout]                                at /rustc/202008a1b8de96d2e5b6bc02d379db03a877d34d/library/std/src/sys/backtrace.rs:39:26
[INFO] [stdout]    4:     0x6195cbdd7963 - core::fmt::rt::Argument::fmt::hf95377f4aebd453b
[INFO] [stdout]                                at /rustc/202008a1b8de96d2e5b6bc02d379db03a877d34d/library/core/src/fmt/rt.rs:177:76
[INFO] [stdout]    5:     0x6195cbdd7963 - core::fmt::write::h0dd5f6e2238c7982
[INFO] [stdout]                                at /rustc/202008a1b8de96d2e5b6bc02d379db03a877d34d/library/core/src/fmt/mod.rs:1189:21
[INFO] [stdout]    6:     0x6195cbdaf013 - std::io::Write::write_fmt::h03bb0ca26e6faf8c
[INFO] [stdout]                                at /rustc/202008a1b8de96d2e5b6bc02d379db03a877d34d/library/std/src/io/mod.rs:1884:15
[INFO] [stdout]    7:     0x6195cbdb1cc2 - std::sys::backtrace::BacktraceLock::print::h5c19c1c038ee186d
[INFO] [stdout]                                at /rustc/202008a1b8de96d2e5b6bc02d379db03a877d34d/library/std/src/sys/backtrace.rs:42:9
[INFO] [stdout]    8:     0x6195cbdb32fd - std::panicking::default_hook::{{closure}}::h77172f079a1fcb13
[INFO] [stdout]                                at /rustc/202008a1b8de96d2e5b6bc02d379db03a877d34d/library/std/src/panicking.rs:268:22
[INFO] [stdout]    9:     0x6195cbdb3107 - std::panicking::default_hook::he5f8e3b203ccddba
[INFO] [stdout]                                at /rustc/202008a1b8de96d2e5b6bc02d379db03a877d34d/library/std/src/panicking.rs:292:9
[INFO] [stdout]   10:     0x6195cbd52a37 - <alloc::boxed::Box<F,A> as core::ops::function::Fn<Args>>::call::h7a3c7b4a1ae77f2f
[INFO] [stdout]                                at /rustc/202008a1b8de96d2e5b6bc02d379db03a877d34d/library/alloc/src/boxed.rs:1986:9
[INFO] [stdout]   11:     0x6195cbd52a37 - test::test_main::{{closure}}::hf0d3b69ae9b353d1
[INFO] [stdout]                                at /rustc/202008a1b8de96d2e5b6bc02d379db03a877d34d/library/test/src/lib.rs:134:21
[INFO] [stdout]   12:     0x6195cbdb39a8 - <alloc::boxed::Box<F,A> as core::ops::function::Fn<Args>>::call::h6332e82e7b189abd
[INFO] [stdout]                                at /rustc/202008a1b8de96d2e5b6bc02d379db03a877d34d/library/alloc/src/boxed.rs:1986:9
[INFO] [stdout]   13:     0x6195cbdb39a8 - std::panicking::rust_panic_with_hook::h53863d4e9018df39
[INFO] [stdout]                                at /rustc/202008a1b8de96d2e5b6bc02d379db03a877d34d/library/std/src/panicking.rs:809:13
[INFO] [stdout]   14:     0x6195cbdb376a - std::panicking::begin_panic_handler::{{closure}}::h67280e6fa0757873
[INFO] [stdout]                                at /rustc/202008a1b8de96d2e5b6bc02d379db03a877d34d/library/std/src/panicking.rs:674:13
[INFO] [stdout]   15:     0x6195cbdb2359 - std::sys::backtrace::__rust_end_short_backtrace::h1dac3f54d6fbbeb2
[INFO] [stdout]                                at /rustc/202008a1b8de96d2e5b6bc02d379db03a877d34d/library/std/src/sys/backtrace.rs:170:18
[INFO] [stdout]   16:     0x6195cbdb33fc - rust_begin_unwind
[INFO] [stdout]                                at /rustc/202008a1b8de96d2e5b6bc02d379db03a877d34d/library/std/src/panicking.rs:665:5
[INFO] [stdout]   17:     0x6195cbc7aaf0 - core::panicking::panic_fmt::h6792bd1b2bf01041
[INFO] [stdout]                                at /rustc/202008a1b8de96d2e5b6bc02d379db03a877d34d/library/core/src/panicking.rs:76:14
[INFO] [stdout]   18:     0x6195cbc7aebb - core::panicking::assert_failed_inner::hf2c17e6d30928787
[INFO] [stdout]   19:     0x6195cbcfbbc6 - core::panicking::assert_failed::ha259c0be9e28cf9f
[INFO] [stdout]                                at /rustc/202008a1b8de96d2e5b6bc02d379db03a877d34d/library/core/src/panicking.rs:373:5
[INFO] [stdout]   20:     0x6195cbceb363 - advent_of_code_2023::challenge::if_you_give_a_seed_a_fertilizer::test::cho5_seed_fertilizer_part_two::h1cd11e8985d66ed9
[INFO] [stdout]                                at /opt/rustwide/workdir/src/challenge/if_you_give_a_seed_a_fertilizer/mod.rs:120:9
[INFO] [stdout]   21:     0x6195cbceb277 - advent_of_code_2023::challenge::if_you_give_a_seed_a_fertilizer::test::cho5_seed_fertilizer_part_two::{{closure}}::h2531dc19f0b8dd7a
[INFO] [stdout]                                at /opt/rustwide/workdir/src/challenge/if_you_give_a_seed_a_fertilizer/mod.rs:118:39
[INFO] [stdout]   22:     0x6195cbccfa26 - core::ops::function::FnOnce::call_once::h8a349356c4d307e0
[INFO] [stdout]                                at /rustc/202008a1b8de96d2e5b6bc02d379db03a877d34d/library/core/src/ops/function.rs:250:5
[INFO] [stdout]   23:     0x6195cbd5755b - core::ops::function::FnOnce::call_once::h871bf86719ec9aa4
[INFO] [stdout]                                at /rustc/202008a1b8de96d2e5b6bc02d379db03a877d34d/library/core/src/ops/function.rs:250:5
[INFO] [stdout]   24:     0x6195cbd5755b - test::__rust_begin_short_backtrace::h2167df1e2b7d76fd
[INFO] [stdout]                                at /rustc/202008a1b8de96d2e5b6bc02d379db03a877d34d/library/test/src/lib.rs:632:18
[INFO] [stdout]   25:     0x6195cbd56f48 - test::run_test_in_process::{{closure}}::h15d92f75a3adfb79
[INFO] [stdout]                                at /rustc/202008a1b8de96d2e5b6bc02d379db03a877d34d/library/test/src/lib.rs:655:60
[INFO] [stdout]   26:     0x6195cbd56f48 - <core::panic::unwind_safe::AssertUnwindSafe<F> as core::ops::function::FnOnce<()>>::call_once::hb6c8955835a8dbbb
[INFO] [stdout]                                at /rustc/202008a1b8de96d2e5b6bc02d379db03a877d34d/library/core/src/panic/unwind_safe.rs:272:9
[INFO] [stdout]   27:     0x6195cbd56f48 - std::panicking::try::do_call::hc79d0fc888a0bd30
[INFO] [stdout]                                at /rustc/202008a1b8de96d2e5b6bc02d379db03a877d34d/library/std/src/panicking.rs:557:40
[INFO] [stdout]   28:     0x6195cbd56f48 - std::panicking::try::hb8a7878e3a8589d6
[INFO] [stdout]                                at /rustc/202008a1b8de96d2e5b6bc02d379db03a877d34d/library/std/src/panicking.rs:520:19
[INFO] [stdout]   29:     0x6195cbd56f48 - std::panic::catch_unwind::hb8e4600ff0ff5cfa
[INFO] [stdout]                                at /rustc/202008a1b8de96d2e5b6bc02d379db03a877d34d/library/std/src/panic.rs:358:14
[INFO] [stdout]   30:     0x6195cbd56f48 - test::run_test_in_process::hc2900b0b18688dd6
[INFO] [stdout]                                at /rustc/202008a1b8de96d2e5b6bc02d379db03a877d34d/library/test/src/lib.rs:655:27
[INFO] [stdout]   31:     0x6195cbd56f48 - test::run_test::{{closure}}::hac2a9cb07be3d48d
[INFO] [stdout]                                at /rustc/202008a1b8de96d2e5b6bc02d379db03a877d34d/library/test/src/lib.rs:576:43
[INFO] [stdout]   32:     0x6195cbd1a9ea - test::run_test::{{closure}}::h4a5b729e66a38cd8
[INFO] [stdout]                                at /rustc/202008a1b8de96d2e5b6bc02d379db03a877d34d/library/test/src/lib.rs:606:41
[INFO] [stdout]   33:     0x6195cbd1a9ea - std::sys::backtrace::__rust_begin_short_backtrace::h0496fb742492f573
[INFO] [stdout]                                at /rustc/202008a1b8de96d2e5b6bc02d379db03a877d34d/library/std/src/sys/backtrace.rs:154:18
[INFO] [stdout]   34:     0x6195cbd1e364 - std::thread::Builder::spawn_unchecked_::{{closure}}::{{closure}}::hbb6d257c550a54bd
[INFO] [stdout]                                at /rustc/202008a1b8de96d2e5b6bc02d379db03a877d34d/library/std/src/thread/mod.rs:561:17
[INFO] [stdout]   35:     0x6195cbd1e364 - <core::panic::unwind_safe::AssertUnwindSafe<F> as core::ops::function::FnOnce<()>>::call_once::h46696fe4a6832328
[INFO] [stdout]                                at /rustc/202008a1b8de96d2e5b6bc02d379db03a877d34d/library/core/src/panic/unwind_safe.rs:272:9
[INFO] [stdout]   36:     0x6195cbd1e364 - std::panicking::try::do_call::h2625a51b667bfb64
[INFO] [stdout]                                at /rustc/202008a1b8de96d2e5b6bc02d379db03a877d34d/library/std/src/panicking.rs:557:40
[INFO] [stdout]   37:     0x6195cbd1e364 - std::panicking::try::hb956a59a1973aa4c
[INFO] [stdout]                                at /rustc/202008a1b8de96d2e5b6bc02d379db03a877d34d/library/std/src/panicking.rs:520:19
[INFO] [stdout]   38:     0x6195cbd1e364 - std::panic::catch_unwind::h64f3b9d1067ef6a0
[INFO] [stdout]                                at /rustc/202008a1b8de96d2e5b6bc02d379db03a877d34d/library/std/src/panic.rs:358:14
[INFO] [stdout]   39:     0x6195cbd1e364 - std::thread::Builder::spawn_unchecked_::{{closure}}::h42b2841295b6c0b2
[INFO] [stdout]                                at /rustc/202008a1b8de96d2e5b6bc02d379db03a877d34d/library/std/src/thread/mod.rs:559:30
[INFO] [stdout]   40:     0x6195cbd1e364 - core::ops::function::FnOnce::call_once{{vtable.shim}}::h6127de71b8124639
[INFO] [stdout]                                at /rustc/202008a1b8de96d2e5b6bc02d379db03a877d34d/library/core/src/ops/function.rs:250:5
[INFO] [stdout]   41:     0x6195cbdb78eb - <alloc::boxed::Box<F,A> as core::ops::function::FnOnce<Args>>::call_once::h42f0ba71002a1b2c
[INFO] [stdout]                                at /rustc/202008a1b8de96d2e5b6bc02d379db03a877d34d/library/alloc/src/boxed.rs:1972:9
[INFO] [stdout]   42:     0x6195cbdb78eb - <alloc::boxed::Box<F,A> as core::ops::function::FnOnce<Args>>::call_once::had9e47d7a3dcecb8
[INFO] [stdout]                                at /rustc/202008a1b8de96d2e5b6bc02d379db03a877d34d/library/alloc/src/boxed.rs:1972:9
[INFO] [stdout]   43:     0x6195cbdb78eb - std::sys::pal::unix::thread::Thread::new::thread_start::h48cf765408f6f5f2
[INFO] [stdout]                                at /rustc/202008a1b8de96d2e5b6bc02d379db03a877d34d/library/std/src/sys/pal/unix/thread.rs:105:17
[INFO] [stdout]   44:     0x7c064c5f1ac3 - <unknown>
[INFO] [stdout]   45:     0x7c064c682a04 - clone
[INFO] [stdout]   46:                0x0 - <unknown>
[INFO] [stdout] 
[INFO] [stdout] 
[INFO] [stdout] failures:
[INFO] [stdout]     challenge::if_you_give_a_seed_a_fertilizer::test::cho5_seed_fertilizer_part_two
[INFO] [stdout] 
[INFO] [stdout] test result: FAILED. 94 passed; 1 failed; 0 ignored; 0 measured; 0 filtered out; finished in 0.10s
[INFO] [stdout] 
[INFO] [stderr] error: test failed, to rerun pass `--bin advent-of-code-2023`
[INFO] running `Command { std: "docker" "inspect" "0fa3d9acd73d09838528a3a180cdec7c0a9fd640217c74efa601471595927585", kill_on_drop: false }`
[INFO] running `Command { std: "docker" "rm" "-f" "0fa3d9acd73d09838528a3a180cdec7c0a9fd640217c74efa601471595927585", kill_on_drop: false }`
[INFO] [stdout] 0fa3d9acd73d09838528a3a180cdec7c0a9fd640217c74efa601471595927585
