[INFO] cloning repository https://github.com/W9pi3cZ1/openfrp_sdk_rs
[INFO] running `Command { std: "git" "-c" "credential.helper=" "-c" "credential.helper=/workspace/cargo-home/bin/git-credential-null" "clone" "--bare" "https://github.com/W9pi3cZ1/openfrp_sdk_rs" "/workspace/cache/git-repos/https%3A%2F%2Fgithub.com%2FW9pi3cZ1%2Fopenfrp_sdk_rs", kill_on_drop: false }`
[INFO] [stderr] Cloning into bare repository '/workspace/cache/git-repos/https%3A%2F%2Fgithub.com%2FW9pi3cZ1%2Fopenfrp_sdk_rs'...
[INFO] running `Command { std: "git" "rev-parse" "HEAD", kill_on_drop: false }`
[INFO] [stdout] 960f93fc1c8a374df495050f8e3ab3b53a2fbee0
[INFO] testing W9pi3cZ1/openfrp_sdk_rs against beta-2024-12-08 for beta-1.84.0-4-retry
[INFO] running `Command { std: "git" "clone" "/workspace/cache/git-repos/https%3A%2F%2Fgithub.com%2FW9pi3cZ1%2Fopenfrp_sdk_rs" "/workspace/builds/worker-1-tc2/source", kill_on_drop: false }`
[INFO] [stderr] Cloning into '/workspace/builds/worker-1-tc2/source'...
[INFO] [stderr] done.
[INFO] validating manifest of git repo https://github.com/W9pi3cZ1/openfrp_sdk_rs on toolchain beta-2024-12-08
[INFO] running `Command { std: CARGO_HOME="/workspace/cargo-home" RUSTUP_HOME="/workspace/rustup-home" "/workspace/cargo-home/bin/cargo" "+beta-2024-12-08" "metadata" "--manifest-path" "Cargo.toml" "--no-deps", kill_on_drop: false }`
[INFO] started tweaking git repo https://github.com/W9pi3cZ1/openfrp_sdk_rs
[INFO] finished tweaking git repo https://github.com/W9pi3cZ1/openfrp_sdk_rs
[INFO] tweaked toml for git repo https://github.com/W9pi3cZ1/openfrp_sdk_rs written to /workspace/builds/worker-1-tc2/source/Cargo.toml
[INFO] running `Command { std: CARGO_HOME="/workspace/cargo-home" RUSTUP_HOME="/workspace/rustup-home" "/workspace/cargo-home/bin/cargo" "+beta-2024-12-08" "generate-lockfile" "--manifest-path" "Cargo.toml", kill_on_drop: false }`
[INFO] [stderr]     Updating crates.io index
[INFO] [stderr]      Locking 106 packages to latest compatible versions
[INFO] running `Command { std: CARGO_HOME="/workspace/cargo-home" RUSTUP_HOME="/workspace/rustup-home" "/workspace/cargo-home/bin/cargo" "+beta-2024-12-08" "fetch" "--manifest-path" "Cargo.toml", kill_on_drop: false }`
[INFO] [stderr]     Blocking waiting for file lock on package cache
[INFO] running `Command { std: "docker" "create" "-v" "/var/lib/crater-agent-workspace/builds/worker-1-tc2/target:/opt/rustwide/target:rw,Z" "-v" "/var/lib/crater-agent-workspace/builds/worker-1-tc2/source:/opt/rustwide/workdir:ro,Z" "-v" "/var/lib/crater-agent-workspace/cargo-home:/opt/rustwide/cargo-home:ro,Z" "-v" "/var/lib/crater-agent-workspace/rustup-home:/opt/rustwide/rustup-home:ro,Z" "-e" "SOURCE_DIR=/opt/rustwide/workdir" "-e" "CARGO_TARGET_DIR=/opt/rustwide/target" "-e" "CARGO_HOME=/opt/rustwide/cargo-home" "-e" "RUSTUP_HOME=/opt/rustwide/rustup-home" "-w" "/opt/rustwide/workdir" "-m" "1610612736" "--user" "0:0" "--network" "none" "ghcr.io/rust-lang/crates-build-env/linux@sha256:f3a9d4ad9d972b27faf3965f35b62e55ba32bbce8f20bc8fe909558a86702fde" "/opt/rustwide/cargo-home/bin/cargo" "+beta-2024-12-08" "metadata" "--no-deps" "--format-version=1", kill_on_drop: false }`
[INFO] [stdout] d39acf835aa8aab0696e272a3ab19dfde7d10411acf704b85f87cfed7d23c343
[INFO] running `Command { std: "docker" "start" "-a" "d39acf835aa8aab0696e272a3ab19dfde7d10411acf704b85f87cfed7d23c343", kill_on_drop: false }`
[INFO] running `Command { std: "docker" "inspect" "d39acf835aa8aab0696e272a3ab19dfde7d10411acf704b85f87cfed7d23c343", kill_on_drop: false }`
[INFO] running `Command { std: "docker" "rm" "-f" "d39acf835aa8aab0696e272a3ab19dfde7d10411acf704b85f87cfed7d23c343", kill_on_drop: false }`
[INFO] [stdout] d39acf835aa8aab0696e272a3ab19dfde7d10411acf704b85f87cfed7d23c343
[INFO] running `Command { std: "docker" "create" "-v" "/var/lib/crater-agent-workspace/builds/worker-1-tc2/target:/opt/rustwide/target:rw,Z" "-v" "/var/lib/crater-agent-workspace/builds/worker-1-tc2/source:/opt/rustwide/workdir:ro,Z" "-v" "/var/lib/crater-agent-workspace/cargo-home:/opt/rustwide/cargo-home:ro,Z" "-v" "/var/lib/crater-agent-workspace/rustup-home:/opt/rustwide/rustup-home:ro,Z" "-e" "SOURCE_DIR=/opt/rustwide/workdir" "-e" "CARGO_TARGET_DIR=/opt/rustwide/target" "-e" "CARGO_INCREMENTAL=0" "-e" "RUST_BACKTRACE=full" "-e" "RUSTFLAGS=--cap-lints=warn" "-e" "RUSTDOCFLAGS=--cap-lints=warn" "-e" "CARGO_HOME=/opt/rustwide/cargo-home" "-e" "RUSTUP_HOME=/opt/rustwide/rustup-home" "-w" "/opt/rustwide/workdir" "-m" "1610612736" "--user" "0:0" "--network" "none" "ghcr.io/rust-lang/crates-build-env/linux@sha256:f3a9d4ad9d972b27faf3965f35b62e55ba32bbce8f20bc8fe909558a86702fde" "/opt/rustwide/cargo-home/bin/cargo" "+beta-2024-12-08" "build" "--frozen" "--message-format=json", kill_on_drop: false }`
[INFO] [stdout] 92e8ea946762e4e1955f0a5f9f23cc2ee2da7574e14a35f7539ef987ef271c9e
[INFO] running `Command { std: "docker" "start" "-a" "92e8ea946762e4e1955f0a5f9f23cc2ee2da7574e14a35f7539ef987ef271c9e", kill_on_drop: false }`
[INFO] [stderr]    Compiling proc-macro2 v1.0.92
[INFO] [stderr]    Compiling unicode-ident v1.0.14
[INFO] [stderr]    Compiling libc v0.2.168
[INFO] [stderr]    Compiling autocfg v1.4.0
[INFO] [stderr]    Compiling pin-project-lite v0.2.15
[INFO] [stderr]    Compiling itoa v1.0.14
[INFO] [stderr]    Compiling bytes v1.9.0
[INFO] [stderr]    Compiling once_cell v1.20.2
[INFO] [stderr]    Compiling pkg-config v0.3.31
[INFO] [stderr]    Compiling futures-core v0.3.31
[INFO] [stderr]    Compiling cc v1.2.4
[INFO] [stderr]    Compiling hashbrown v0.15.2
[INFO] [stderr]    Compiling futures-sink v0.3.31
[INFO] [stderr]    Compiling futures-task v0.3.31
[INFO] [stderr]    Compiling httparse v1.9.5
[INFO] [stderr]    Compiling openssl v0.10.68
[INFO] [stderr]    Compiling atomic-waker v1.1.2
[INFO] [stderr]    Compiling futures-channel v0.3.31
[INFO] [stderr]    Compiling serde v1.0.216
[INFO] [stderr]    Compiling time-macros v0.2.19
[INFO] [stderr]    Compiling cookie v0.18.1
[INFO] [stderr]    Compiling serde_json v1.0.133
[INFO] [stderr]    Compiling futures-util v0.3.31
[INFO] [stderr]    Compiling tracing-core v0.1.33
[INFO] [stderr]    Compiling memchr v2.7.4
[INFO] [stderr]    Compiling lock_api v0.4.12
[INFO] [stderr]    Compiling slab v0.4.9
[INFO] [stderr]    Compiling http v1.2.0
[INFO] [stderr]    Compiling quote v1.0.37
[INFO] [stderr]    Compiling syn v2.0.90
[INFO] [stderr]    Compiling indexmap v2.7.0
[INFO] [stderr]    Compiling tracing v0.1.41
[INFO] [stderr]    Compiling http-body v1.0.1
[INFO] [stderr]    Compiling openssl-sys v0.9.104
[INFO] [stderr]    Compiling parking_lot_core v0.9.10
[INFO] [stderr]    Compiling signal-hook-registry v1.4.2
[INFO] [stderr]    Compiling socket2 v0.5.8
[INFO] [stderr]    Compiling mio v1.0.3
[INFO] [stderr]    Compiling parking_lot v0.12.3
[INFO] [stderr]    Compiling time v0.3.37
[INFO] [stderr]    Compiling native-tls v0.2.12
[INFO] [stderr]    Compiling http-body-util v0.1.2
[INFO] [stderr]    Compiling tokio-macros v2.4.0
[INFO] [stderr]    Compiling openssl-macros v0.1.1
[INFO] [stderr]    Compiling serde_derive v1.0.216
[INFO] [stderr]    Compiling serde_repr v0.1.19
[INFO] [stderr]    Compiling tokio v1.42.0
[INFO] [stderr]    Compiling tokio-util v0.7.13
[INFO] [stderr]    Compiling tokio-native-tls v0.3.1
[INFO] [stderr]    Compiling h2 v0.4.7
[INFO] [stderr]    Compiling hyper v1.5.1
[INFO] [stderr]    Compiling hyper-util v0.1.10
[INFO] [stderr]    Compiling hyper-tls v0.6.0
[INFO] [stderr]    Compiling openfrp-api v0.1.0 (/opt/rustwide/workdir/api)
[INFO] [stderr]    Compiling login v0.1.0 (/opt/rustwide/workdir/examples/login)
[INFO] [stderr]     Finished `dev` profile [unoptimized + debuginfo] target(s) in 41.42s
[INFO] running `Command { std: "docker" "inspect" "92e8ea946762e4e1955f0a5f9f23cc2ee2da7574e14a35f7539ef987ef271c9e", kill_on_drop: false }`
[INFO] running `Command { std: "docker" "rm" "-f" "92e8ea946762e4e1955f0a5f9f23cc2ee2da7574e14a35f7539ef987ef271c9e", kill_on_drop: false }`
[INFO] [stdout] 92e8ea946762e4e1955f0a5f9f23cc2ee2da7574e14a35f7539ef987ef271c9e
[INFO] running `Command { std: "docker" "create" "-v" "/var/lib/crater-agent-workspace/builds/worker-1-tc2/target:/opt/rustwide/target:rw,Z" "-v" "/var/lib/crater-agent-workspace/builds/worker-1-tc2/source:/opt/rustwide/workdir:ro,Z" "-v" "/var/lib/crater-agent-workspace/cargo-home:/opt/rustwide/cargo-home:ro,Z" "-v" "/var/lib/crater-agent-workspace/rustup-home:/opt/rustwide/rustup-home:ro,Z" "-e" "SOURCE_DIR=/opt/rustwide/workdir" "-e" "CARGO_TARGET_DIR=/opt/rustwide/target" "-e" "CARGO_INCREMENTAL=0" "-e" "RUST_BACKTRACE=full" "-e" "RUSTFLAGS=--cap-lints=warn" "-e" "RUSTDOCFLAGS=--cap-lints=warn" "-e" "CARGO_HOME=/opt/rustwide/cargo-home" "-e" "RUSTUP_HOME=/opt/rustwide/rustup-home" "-w" "/opt/rustwide/workdir" "-m" "1610612736" "--user" "0:0" "--network" "none" "ghcr.io/rust-lang/crates-build-env/linux@sha256:f3a9d4ad9d972b27faf3965f35b62e55ba32bbce8f20bc8fe909558a86702fde" "/opt/rustwide/cargo-home/bin/cargo" "+beta-2024-12-08" "test" "--frozen" "--no-run" "--message-format=json", kill_on_drop: false }`
[INFO] [stdout] 4c057d7e0802aee63a3e3d4a29cc7beb31b4449d3ae356b3eba1ebfd4f8e416b
[INFO] running `Command { std: "docker" "start" "-a" "4c057d7e0802aee63a3e3d4a29cc7beb31b4449d3ae356b3eba1ebfd4f8e416b", kill_on_drop: false }`
[INFO] [stderr]    Compiling openfrp-api v0.1.0 (/opt/rustwide/workdir/api)
[INFO] [stderr]    Compiling login v0.1.0 (/opt/rustwide/workdir/examples/login)
[INFO] [stderr]     Finished `test` profile [unoptimized + debuginfo] target(s) in 6.67s
[INFO] running `Command { std: "docker" "inspect" "4c057d7e0802aee63a3e3d4a29cc7beb31b4449d3ae356b3eba1ebfd4f8e416b", kill_on_drop: false }`
[INFO] running `Command { std: "docker" "rm" "-f" "4c057d7e0802aee63a3e3d4a29cc7beb31b4449d3ae356b3eba1ebfd4f8e416b", kill_on_drop: false }`
[INFO] [stdout] 4c057d7e0802aee63a3e3d4a29cc7beb31b4449d3ae356b3eba1ebfd4f8e416b
[INFO] running `Command { std: "docker" "create" "-v" "/var/lib/crater-agent-workspace/builds/worker-1-tc2/target:/opt/rustwide/target:rw,Z" "-v" "/var/lib/crater-agent-workspace/builds/worker-1-tc2/source:/opt/rustwide/workdir:ro,Z" "-v" "/var/lib/crater-agent-workspace/cargo-home:/opt/rustwide/cargo-home:ro,Z" "-v" "/var/lib/crater-agent-workspace/rustup-home:/opt/rustwide/rustup-home:ro,Z" "-e" "SOURCE_DIR=/opt/rustwide/workdir" "-e" "CARGO_TARGET_DIR=/opt/rustwide/target" "-e" "CARGO_INCREMENTAL=0" "-e" "RUST_BACKTRACE=full" "-e" "RUSTFLAGS=--cap-lints=warn" "-e" "RUSTDOCFLAGS=--cap-lints=warn" "-e" "CARGO_HOME=/opt/rustwide/cargo-home" "-e" "RUSTUP_HOME=/opt/rustwide/rustup-home" "-w" "/opt/rustwide/workdir" "-m" "1610612736" "--user" "0:0" "--network" "none" "ghcr.io/rust-lang/crates-build-env/linux@sha256:f3a9d4ad9d972b27faf3965f35b62e55ba32bbce8f20bc8fe909558a86702fde" "/opt/rustwide/cargo-home/bin/cargo" "+beta-2024-12-08" "test" "--frozen", kill_on_drop: false }`
[INFO] [stdout] 919618a88f2b3b7e29e7c3bf50c8eb133a5bdf8858981dbc40dd97ab8274a4c5
[INFO] running `Command { std: "docker" "start" "-a" "919618a88f2b3b7e29e7c3bf50c8eb133a5bdf8858981dbc40dd97ab8274a4c5", kill_on_drop: false }`
[INFO] [stderr]     Finished `test` profile [unoptimized + debuginfo] target(s) in 0.16s
[INFO] [stderr]      Running unittests src/main.rs (/opt/rustwide/target/debug/deps/login-bd73390e3dbaeb2e)
[INFO] [stdout] 
[INFO] [stdout] running 0 tests
[INFO] [stderr]      Running unittests src/lib.rs (/opt/rustwide/target/debug/deps/openfrp_api-e84e0a8e30887aba)
[INFO] [stdout] 
[INFO] [stdout] test result: ok. 0 passed; 0 failed; 0 ignored; 0 measured; 0 filtered out; finished in 0.00s
[INFO] [stdout] 
[INFO] [stdout] 
[INFO] [stdout] running 8 tests
[INFO] [stdout] test error::tests::test_error ... FAILED
[INFO] [stdout] test proxy::tests::test_proxy_from_proxy_info ... ok
[INFO] [stdout] test proxy::remove::tests::test_remove_proxy ... ok
[INFO] [stdout] test info::nodes::tests::test_node_list ... FAILED
[INFO] [stdout] test login::tests::test_login ... FAILED
[INFO] [stdout] test proxy::new::tests::test_new_proxy ... FAILED
[INFO] [stdout] test user::proxies::tests::test_user_proxies ... FAILED
[INFO] [stdout] test user::info::tests::test_user_info ... FAILED
[INFO] [stdout] 
[INFO] [stdout] failures:
[INFO] [stdout] 
[INFO] [stdout] ---- error::tests::test_error stdout ----
[INFO] [stdout] Error: ErrorImpl {
[INFO] [stdout]     code: 1,
[INFO] [stdout]     cause: None,
[INFO] [stdout]     msg: "我超！你居然把程序弄坏了！",
[INFO] [stdout] }
[INFO] [stdout] 
[INFO] [stdout] ---- info::nodes::tests::test_node_list stdout ----
[INFO] [stdout] Error: ErrorImpl {
[INFO] [stdout]     code: -1,
[INFO] [stdout]     cause: Some(
[INFO] [stdout]         hyper_util::client::legacy::Error(
[INFO] [stdout]             Connect,
[INFO] [stdout]             ConnectError(
[INFO] [stdout]                 "dns error",
[INFO] [stdout]                 Custom {
[INFO] [stdout]                     kind: Uncategorized,
[INFO] [stdout]                     error: "failed to lookup address information: Temporary failure in name resolution",
[INFO] [stdout]                 },
[INFO] [stdout]             ),
[INFO] [stdout]         ),
[INFO] [stdout]     ),
[INFO] [stdout]     msg: "client error (Connect)",
[INFO] [stdout] }
[INFO] [stdout] 
[INFO] [stdout] ---- login::tests::test_login stdout ----
[INFO] [stdout] Error: ErrorImpl {
[INFO] [stdout]     code: -1,
[INFO] [stdout]     cause: Some(
[INFO] [stdout]         hyper_util::client::legacy::Error(
[INFO] [stdout]             Connect,
[INFO] [stdout]             ConnectError(
[INFO] [stdout]                 "dns error",
[INFO] [stdout]                 Custom {
[INFO] [stdout]                     kind: Uncategorized,
[INFO] [stdout]                     error: "failed to lookup address information: Temporary failure in name resolution",
[INFO] [stdout]                 },
[INFO] [stdout]             ),
[INFO] [stdout]         ),
[INFO] [stdout]     ),
[INFO] [stdout]     msg: "client error (Connect)",
[INFO] [stdout] }
[INFO] [stdout] 
[INFO] [stdout] ---- proxy::new::tests::test_new_proxy stdout ----
[INFO] [stdout] Error: ErrorImpl {
[INFO] [stdout]     code: -1,
[INFO] [stdout]     cause: Some(
[INFO] [stdout]         hyper_util::client::legacy::Error(
[INFO] [stdout]             Connect,
[INFO] [stdout]             ConnectError(
[INFO] [stdout]                 "dns error",
[INFO] [stdout]                 Custom {
[INFO] [stdout]                     kind: Uncategorized,
[INFO] [stdout]                     error: "failed to lookup address information: Temporary failure in name resolution",
[INFO] [stdout]                 },
[INFO] [stdout]             ),
[INFO] [stdout]         ),
[INFO] [stdout]     ),
[INFO] [stdout]     msg: "client error (Connect)",
[INFO] [stdout] }
[INFO] [stdout] 
[INFO] [stdout] ---- user::proxies::tests::test_user_proxies stdout ----
[INFO] [stdout] Error: ErrorImpl {
[INFO] [stdout]     code: -1,
[INFO] [stdout]     cause: Some(
[INFO] [stdout]         hyper_util::client::legacy::Error(
[INFO] [stdout]             Connect,
[INFO] [stdout]             ConnectError(
[INFO] [stdout]                 "dns error",
[INFO] [stdout]                 Custom {
[INFO] [stdout]                     kind: Uncategorized,
[INFO] [stdout]                     error: "failed to lookup address information: Temporary failure in name resolution",
[INFO] [stdout]                 },
[INFO] [stdout]             ),
[INFO] [stdout]         ),
[INFO] [stdout]     ),
[INFO] [stdout]     msg: "client error (Connect)",
[INFO] [stdout] }
[INFO] [stdout] 
[INFO] [stdout] ---- user::info::tests::test_user_info stdout ----
[INFO] [stdout] Error: ErrorImpl {
[INFO] [stdout]     code: -1,
[INFO] [stdout]     cause: Some(
[INFO] [stdout]         hyper_util::client::legacy::Error(
[INFO] [stdout]             Connect,
[INFO] [stdout]             ConnectError(
[INFO] [stdout]                 "dns error",
[INFO] [stdout]                 Custom {
[INFO] [stdout]                     kind: Uncategorized,
[INFO] [stdout]                     error: "failed to lookup address information: Temporary failure in name resolution",
[INFO] [stdout]                 },
[INFO] [stdout]             ),
[INFO] [stdout]         ),
[INFO] [stdout]     ),
[INFO] [stdout]     msg: "client error (Connect)",
[INFO] [stdout] }
[INFO] [stdout] 
[INFO] [stdout] 
[INFO] [stdout] failures:
[INFO] [stdout]     error::tests::test_error
[INFO] [stdout]     info::nodes::tests::test_node_list
[INFO] [stdout]     login::tests::test_login
[INFO] [stdout]     proxy::new::tests::test_new_proxy
[INFO] [stdout]     user::info::tests::test_user_info
[INFO] [stdout]     user::proxies::tests::test_user_proxies
[INFO] [stdout] 
[INFO] [stdout] test result: FAILED. 2 passed; 6 failed; 0 ignored; 0 measured; 0 filtered out; finished in 0.27s
[INFO] [stdout] 
[INFO] [stderr] error: test failed, to rerun pass `-p openfrp-api --lib`
[INFO] running `Command { std: "docker" "inspect" "919618a88f2b3b7e29e7c3bf50c8eb133a5bdf8858981dbc40dd97ab8274a4c5", kill_on_drop: false }`
[INFO] running `Command { std: "docker" "rm" "-f" "919618a88f2b3b7e29e7c3bf50c8eb133a5bdf8858981dbc40dd97ab8274a4c5", kill_on_drop: false }`
[INFO] [stdout] 919618a88f2b3b7e29e7c3bf50c8eb133a5bdf8858981dbc40dd97ab8274a4c5
