[INFO] cloning repository https://github.com/Valodim/khaleesi
[INFO] running `Command { std: "git" "-c" "credential.helper=" "-c" "credential.helper=/workspace/cargo-home/bin/git-credential-null" "clone" "--bare" "https://github.com/Valodim/khaleesi" "/workspace/cache/git-repos/https%3A%2F%2Fgithub.com%2FValodim%2Fkhaleesi", kill_on_drop: false }`
[INFO] [stderr] Cloning into bare repository '/workspace/cache/git-repos/https%3A%2F%2Fgithub.com%2FValodim%2Fkhaleesi'...
[INFO] running `Command { std: "git" "rev-parse" "HEAD", kill_on_drop: false }`
[INFO] [stdout] b8e15051ff6a845b252a8f86f8a17ccad87b4336
[INFO] testing Valodim/khaleesi against beta-2024-12-08 for beta-1.84.0-4-retry
[INFO] running `Command { std: "git" "clone" "/workspace/cache/git-repos/https%3A%2F%2Fgithub.com%2FValodim%2Fkhaleesi" "/workspace/builds/worker-0-tc2/source", kill_on_drop: false }`
[INFO] [stderr] Cloning into '/workspace/builds/worker-0-tc2/source'...
[INFO] [stderr] done.
[INFO] validating manifest of git repo https://github.com/Valodim/khaleesi on toolchain beta-2024-12-08
[INFO] running `Command { std: CARGO_HOME="/workspace/cargo-home" RUSTUP_HOME="/workspace/rustup-home" "/workspace/cargo-home/bin/cargo" "+beta-2024-12-08" "metadata" "--manifest-path" "Cargo.toml" "--no-deps", kill_on_drop: false }`
[INFO] started tweaking git repo https://github.com/Valodim/khaleesi
[INFO] finished tweaking git repo https://github.com/Valodim/khaleesi
[INFO] tweaked toml for git repo https://github.com/Valodim/khaleesi written to /workspace/builds/worker-0-tc2/source/Cargo.toml
[INFO] crate git repo https://github.com/Valodim/khaleesi already has a lockfile, it will not be regenerated
[INFO] running `Command { std: CARGO_HOME="/workspace/cargo-home" RUSTUP_HOME="/workspace/rustup-home" "/workspace/cargo-home/bin/cargo" "+beta-2024-12-08" "fetch" "--manifest-path" "Cargo.toml", kill_on_drop: false }`
[INFO] [stderr]     Blocking waiting for file lock on package cache
[INFO] running `Command { std: "docker" "create" "-v" "/var/lib/crater-agent-workspace/builds/worker-0-tc2/target:/opt/rustwide/target:rw,Z" "-v" "/var/lib/crater-agent-workspace/builds/worker-0-tc2/source:/opt/rustwide/workdir:ro,Z" "-v" "/var/lib/crater-agent-workspace/cargo-home:/opt/rustwide/cargo-home:ro,Z" "-v" "/var/lib/crater-agent-workspace/rustup-home:/opt/rustwide/rustup-home:ro,Z" "-e" "SOURCE_DIR=/opt/rustwide/workdir" "-e" "CARGO_TARGET_DIR=/opt/rustwide/target" "-e" "CARGO_HOME=/opt/rustwide/cargo-home" "-e" "RUSTUP_HOME=/opt/rustwide/rustup-home" "-w" "/opt/rustwide/workdir" "-m" "1610612736" "--user" "0:0" "--network" "none" "ghcr.io/rust-lang/crates-build-env/linux@sha256:f3a9d4ad9d972b27faf3965f35b62e55ba32bbce8f20bc8fe909558a86702fde" "/opt/rustwide/cargo-home/bin/cargo" "+beta-2024-12-08" "metadata" "--no-deps" "--format-version=1", kill_on_drop: false }`
[INFO] [stdout] ec9194bcc60a82be29b4675c9d2e715ac238f1752ec39b7a7627c5cd68739805
[INFO] running `Command { std: "docker" "start" "-a" "ec9194bcc60a82be29b4675c9d2e715ac238f1752ec39b7a7627c5cd68739805", kill_on_drop: false }`
[INFO] running `Command { std: "docker" "inspect" "ec9194bcc60a82be29b4675c9d2e715ac238f1752ec39b7a7627c5cd68739805", kill_on_drop: false }`
[INFO] running `Command { std: "docker" "rm" "-f" "ec9194bcc60a82be29b4675c9d2e715ac238f1752ec39b7a7627c5cd68739805", kill_on_drop: false }`
[INFO] [stdout] ec9194bcc60a82be29b4675c9d2e715ac238f1752ec39b7a7627c5cd68739805
[INFO] running `Command { std: "docker" "create" "-v" "/var/lib/crater-agent-workspace/builds/worker-0-tc2/target:/opt/rustwide/target:rw,Z" "-v" "/var/lib/crater-agent-workspace/builds/worker-0-tc2/source:/opt/rustwide/workdir:ro,Z" "-v" "/var/lib/crater-agent-workspace/cargo-home:/opt/rustwide/cargo-home:ro,Z" "-v" "/var/lib/crater-agent-workspace/rustup-home:/opt/rustwide/rustup-home:ro,Z" "-e" "SOURCE_DIR=/opt/rustwide/workdir" "-e" "CARGO_TARGET_DIR=/opt/rustwide/target" "-e" "CARGO_INCREMENTAL=0" "-e" "RUST_BACKTRACE=full" "-e" "RUSTFLAGS=--cap-lints=warn" "-e" "RUSTDOCFLAGS=--cap-lints=warn" "-e" "CARGO_HOME=/opt/rustwide/cargo-home" "-e" "RUSTUP_HOME=/opt/rustwide/rustup-home" "-w" "/opt/rustwide/workdir" "-m" "1610612736" "--user" "0:0" "--network" "none" "ghcr.io/rust-lang/crates-build-env/linux@sha256:f3a9d4ad9d972b27faf3965f35b62e55ba32bbce8f20bc8fe909558a86702fde" "/opt/rustwide/cargo-home/bin/cargo" "+beta-2024-12-08" "build" "--frozen" "--message-format=json", kill_on_drop: false }`
[INFO] [stdout] 1cea7bc1db833c4d895e6520ececa5c191c26714296b059daa73481556d9fd61
[INFO] running `Command { std: "docker" "start" "-a" "1cea7bc1db833c4d895e6520ececa5c191c26714296b059daa73481556d9fd61", kill_on_drop: false }`
[INFO] [stderr]    Compiling libc v0.2.58
[INFO] [stderr]    Compiling autocfg v0.1.4
[INFO] [stderr]    Compiling unicode-xid v0.1.0
[INFO] [stderr]    Compiling cc v1.0.37
[INFO] [stderr]    Compiling memchr v2.2.0
[INFO] [stderr]    Compiling cfg-if v0.1.9
[INFO] [stderr]    Compiling rand_core v0.4.0
[INFO] [stderr]    Compiling proc-macro2 v0.4.30
[INFO] [stderr]    Compiling bitflags v1.1.0
[INFO] [stderr]    Compiling syn v0.15.36
[INFO] [stderr]    Compiling version_check v0.1.5
[INFO] [stderr]    Compiling glob v0.2.11
[INFO] [stderr]    Compiling lazy_static v1.3.0
[INFO] [stderr]    Compiling thread_local v0.3.6
[INFO] [stderr]    Compiling rand_core v0.3.1
[INFO] [stderr]    Compiling nom v4.2.3
[INFO] [stderr]    Compiling ucd-util v0.1.3
[INFO] [stderr]    Compiling regex v1.1.7
[INFO] [stderr]    Compiling unicode-width v0.1.5
[INFO] [stderr]    Compiling aho-corasick v0.7.3
[INFO] [stderr]    Compiling clang-sys v0.26.4
[INFO] [stderr]    Compiling textwrap v0.11.0
[INFO] [stderr]    Compiling regex-syntax v0.6.7
[INFO] [stderr]    Compiling quote v0.6.12
[INFO] [stderr]    Compiling atty v0.2.11
[INFO] [stderr]    Compiling log v0.4.6
[INFO] [stderr]    Compiling ansi_term v0.11.0
[INFO] [stderr]    Compiling strsim v0.8.0
[INFO] [stderr]    Compiling utf8-ranges v1.0.3
[INFO] [stderr]    Compiling libloading v0.5.1
[INFO] [stderr]    Compiling vec_map v0.8.1
[INFO] [stderr]    Compiling quick-error v1.2.2
[INFO] [stderr]    Compiling humantime v1.2.0
[INFO] [stderr]    Compiling clap v2.33.0
[INFO] [stderr]    Compiling num-traits v0.2.8
[INFO] [stderr]    Compiling rand_chacha v0.1.1
[INFO] [stderr]    Compiling rand_pcg v0.1.2
[INFO] [stderr]    Compiling proc-macro2 v0.3.5
[INFO] [stderr]    Compiling bindgen v0.43.2
[INFO] [stderr]    Compiling termcolor v1.0.5
[INFO] [stderr]    Compiling quote v0.5.2
[INFO] [stderr]    Compiling cexpr v0.3.5
[INFO] [stderr]    Compiling which v1.0.5
[INFO] [stderr]    Compiling num-integer v0.1.41
[INFO] [stderr]    Compiling rand v0.6.5
[INFO] [stderr]    Compiling peeking_take_while v0.1.2
[INFO] [stderr]    Compiling backtrace-sys v0.1.28
[INFO] [stderr]    Compiling rand_os v0.1.3
[INFO] [stderr]    Compiling rand_xorshift v0.1.1
[INFO] [stderr]    Compiling rand_isaac v0.1.1
[INFO] [stderr]    Compiling rand_hc v0.1.0
[INFO] [stderr]    Compiling rand_jitter v0.1.4
[INFO] [stderr]    Compiling unicode-segmentation v1.3.0
[INFO] [stderr]    Compiling pkg-config v0.3.14
[INFO] [stderr]    Compiling serde v1.0.92
[INFO] [stderr]    Compiling heck v0.3.1
[INFO] [stderr]    Compiling time v0.1.42
[INFO] [stderr]    Compiling backtrace v0.3.30
[INFO] [stderr]    Compiling unindent v0.1.3
[INFO] [stderr]    Compiling env_logger v0.6.1
[INFO] [stderr]    Compiling chrono v0.4.6
[INFO] [stderr]    Compiling dirs-sys v0.3.3
[INFO] [stderr]    Compiling termcolor v0.3.6
[INFO] [stderr]    Compiling remove_dir_all v0.5.2
[INFO] [stderr]    Compiling same-file v1.0.4
[INFO] [stderr]    Compiling rustc-demangle v0.1.15
[INFO] [stderr]    Compiling either v1.5.2
[INFO] [stderr]    Compiling itertools v0.8.0
[INFO] [stderr]    Compiling stderrlog v0.4.1
[INFO] [stderr]    Compiling walkdir v2.2.8
[INFO] [stderr]    Compiling tempfile v3.0.8
[INFO] [stderr]    Compiling dirs v2.0.1
[INFO] [stderr]    Compiling uuid v0.7.4
[INFO] [stderr]    Compiling fs2 v0.4.3
[INFO] [stderr]    Compiling yansi v0.5.0
[INFO] [stderr]    Compiling proc-macro-hack v0.5.7
[INFO] [stderr]    Compiling structopt-derive v0.2.16
[INFO] [stderr]    Compiling serde_derive v1.0.92
[INFO] [stderr]    Compiling indoc-impl v0.3.3
[INFO] [stderr]    Compiling structopt v0.2.16
[INFO] [stderr]    Compiling indoc v0.3.3
[INFO] [stderr]    Compiling toml v0.5.1
[INFO] [stderr]    Compiling libical-sys v0.1.1
[INFO] [stderr]    Compiling khaleesi v0.1.0 (/opt/rustwide/workdir)
[INFO] [stdout] warning: unexpected `cfg` condition value: `cargo-clippy`
[INFO] [stdout]  --> src/config.rs:8:10
[INFO] [stdout]   |
[INFO] [stdout] 8 | #[derive(Deserialize,Debug,PartialEq)]
[INFO] [stdout]   |          ^^^^^^^^^^^
[INFO] [stdout]   |
[INFO] [stdout]   = note: no expected values for `feature`
[INFO] [stdout]   = help: consider adding `cargo-clippy` as a feature in `Cargo.toml`
[INFO] [stdout]   = note: see <https://doc.rust-lang.org/nightly/rustc/check-cfg/cargo-specifics.html> for more information about checking conditional configuration
[INFO] [stdout]   = note: `#[warn(unexpected_cfgs)]` on by default
[INFO] [stdout]   = note: this warning originates in the derive macro `Deserialize` (in Nightly builds, run with -Z macro-backtrace for more info)
[INFO] [stdout] 
[INFO] [stdout] 
[INFO] [stdout] warning: unexpected `cfg` condition value: `cargo-clippy`
[INFO] [stdout]   --> src/config.rs:16:10
[INFO] [stdout]    |
[INFO] [stdout] 16 | #[derive(Deserialize,Debug,PartialEq)]
[INFO] [stdout]    |          ^^^^^^^^^^^
[INFO] [stdout]    |
[INFO] [stdout]    = note: no expected values for `feature`
[INFO] [stdout]    = help: consider adding `cargo-clippy` as a feature in `Cargo.toml`
[INFO] [stdout]    = note: see <https://doc.rust-lang.org/nightly/rustc/check-cfg/cargo-specifics.html> for more information about checking conditional configuration
[INFO] [stdout]    = note: this warning originates in the derive macro `Deserialize` (in Nightly builds, run with -Z macro-backtrace for more info)
[INFO] [stdout] 
[INFO] [stdout] 
[INFO] [stdout] warning: unexpected `cfg` condition value: `cargo-clippy`
[INFO] [stdout]   --> src/config.rs:23:10
[INFO] [stdout]    |
[INFO] [stdout] 23 | #[derive(Deserialize,Debug,PartialEq)]
[INFO] [stdout]    |          ^^^^^^^^^^^
[INFO] [stdout]    |
[INFO] [stdout]    = note: no expected values for `feature`
[INFO] [stdout]    = help: consider adding `cargo-clippy` as a feature in `Cargo.toml`
[INFO] [stdout]    = note: see <https://doc.rust-lang.org/nightly/rustc/check-cfg/cargo-specifics.html> for more information about checking conditional configuration
[INFO] [stdout]    = note: this warning originates in the derive macro `Deserialize` (in Nightly builds, run with -Z macro-backtrace for more info)
[INFO] [stdout] 
[INFO] [stdout] 
[INFO] [stdout] warning: unexpected `cfg` condition value: `cargo-clippy`
[INFO] [stdout]   --> src/config.rs:28:10
[INFO] [stdout]    |
[INFO] [stdout] 28 | #[derive(Deserialize,Debug,PartialEq)]
[INFO] [stdout]    |          ^^^^^^^^^^^
[INFO] [stdout]    |
[INFO] [stdout]    = note: no expected values for `feature`
[INFO] [stdout]    = help: consider adding `cargo-clippy` as a feature in `Cargo.toml`
[INFO] [stdout]    = note: see <https://doc.rust-lang.org/nightly/rustc/check-cfg/cargo-specifics.html> for more information about checking conditional configuration
[INFO] [stdout]    = note: this warning originates in the derive macro `Deserialize` (in Nightly builds, run with -Z macro-backtrace for more info)
[INFO] [stdout] 
[INFO] [stdout] 
[INFO] [stdout] warning: trait objects without an explicit `dyn` are deprecated
[INFO] [stdout]   --> src/actions/agenda.rs:31:16
[INFO] [stdout]    |
[INFO] [stdout] 31 |   events: &mut Iterator<Item = KhEvent>,
[INFO] [stdout]    |                ^^^^^^^^^^^^^^^^^^^^^^^^
[INFO] [stdout]    |
[INFO] [stdout]    = warning: this is accepted in the current edition (Rust 2018) but is a hard error in Rust 2021!
[INFO] [stdout]    = note: for more information, see <https://doc.rust-lang.org/nightly/edition-guide/rust-2021/warnings-promoted-to-error.html>
[INFO] [stdout]    = note: `#[warn(bare_trait_objects)]` on by default
[INFO] [stdout] help: if this is a dyn-compatible trait, use `dyn`
[INFO] [stdout]    |
[INFO] [stdout] 31 |   events: &mut dyn Iterator<Item = KhEvent>,
[INFO] [stdout]    |                +++
[INFO] [stdout] 
[INFO] [stdout] 
[INFO] [stdout] warning: a method with this name may be added to the standard library in the future
[INFO] [stdout]   --> src/utils/lock.rs:15:19
[INFO] [stdout]    |
[INFO] [stdout] 15 |     self.lockfile.unlock().unwrap();
[INFO] [stdout]    |                   ^^^^^^
[INFO] [stdout]    |
[INFO] [stdout]    = warning: once this associated item is added to the standard library, the ambiguity may cause an error or change in behavior!
[INFO] [stdout]    = note: for more information, see issue #48919 <https://github.com/rust-lang/rust/issues/48919>
[INFO] [stdout]    = help: call with fully qualified syntax `unlock(...)` to keep using the current method
[INFO] [stdout]    = note: `#[warn(unstable_name_collisions)]` on by default
[INFO] [stdout] 
[INFO] [stdout] 
[INFO] [stdout] warning: non-local `impl` definition, `impl` blocks should be written at the same level as their item
[INFO] [stdout]   --> src/config.rs:8:10
[INFO] [stdout]    |
[INFO] [stdout] 8  | #[derive(Deserialize,Debug,PartialEq)]
[INFO] [stdout]    |          ^----------
[INFO] [stdout]    |          |
[INFO] [stdout]    |          `Deserialize` is not local
[INFO] [stdout]    |          move the `impl` block outside of this constant `_IMPL_DESERIALIZE_FOR_Config`
[INFO] [stdout] 9  | #[serde(default)]
[INFO] [stdout] 10 | pub struct Config {
[INFO] [stdout]    |            ------ `Config` is not local
[INFO] [stdout]    |
[INFO] [stdout]    = note: the derive macro `Deserialize` defines the non-local `impl`, and may need to be changed
[INFO] [stdout]    = note: the derive macro `Deserialize` may come from an old version of the `serde_derive` crate, try updating your dependency with `cargo update -p serde_derive`
[INFO] [stdout]    = note: an `impl` is never scoped, even when it is nested inside an item, as it may impact type checking outside of that item, which can be the case if neither the trait or the self type are at the same nesting level as the `impl`
[INFO] [stdout]    = note: items in an anonymous const item (`const _: () = { ... }`) are treated as in the same scope as the anonymous const's declaration for the purpose of this lint
[INFO] [stdout]    = note: `#[warn(non_local_definitions)]` on by default
[INFO] [stdout]    = note: this warning originates in the derive macro `Deserialize` (in Nightly builds, run with -Z macro-backtrace for more info)
[INFO] [stdout] 
[INFO] [stdout] 
[INFO] [stdout] warning: non-local `impl` definition, `impl` blocks should be written at the same level as their item
[INFO] [stdout]   --> src/config.rs:16:10
[INFO] [stdout]    |
[INFO] [stdout] 16 | #[derive(Deserialize,Debug,PartialEq)]
[INFO] [stdout]    |          ^----------
[INFO] [stdout]    |          |
[INFO] [stdout]    |          `Deserialize` is not local
[INFO] [stdout]    |          move the `impl` block outside of this constant `_IMPL_DESERIALIZE_FOR_AgendaConfig`
[INFO] [stdout] 17 | #[serde(default)]
[INFO] [stdout] 18 | pub struct AgendaConfig {
[INFO] [stdout]    |            ------------ `AgendaConfig` is not local
[INFO] [stdout]    |
[INFO] [stdout]    = note: the derive macro `Deserialize` defines the non-local `impl`, and may need to be changed
[INFO] [stdout]    = note: the derive macro `Deserialize` may come from an old version of the `serde_derive` crate, try updating your dependency with `cargo update -p serde_derive`
[INFO] [stdout]    = note: an `impl` is never scoped, even when it is nested inside an item, as it may impact type checking outside of that item, which can be the case if neither the trait or the self type are at the same nesting level as the `impl`
[INFO] [stdout]    = note: items in an anonymous const item (`const _: () = { ... }`) are treated as in the same scope as the anonymous const's declaration for the purpose of this lint
[INFO] [stdout]    = note: this warning originates in the derive macro `Deserialize` (in Nightly builds, run with -Z macro-backtrace for more info)
[INFO] [stdout] 
[INFO] [stdout] 
[INFO] [stdout] warning: non-local `impl` definition, `impl` blocks should be written at the same level as their item
[INFO] [stdout]   --> src/config.rs:23:10
[INFO] [stdout]    |
[INFO] [stdout] 23 | #[derive(Deserialize,Debug,PartialEq)]
[INFO] [stdout]    |          ^----------
[INFO] [stdout]    |          |
[INFO] [stdout]    |          `Deserialize` is not local
[INFO] [stdout]    |          move the `impl` block outside of this constant `_IMPL_DESERIALIZE_FOR_CalendarConfig`
[INFO] [stdout] 24 | pub struct CalendarConfig {
[INFO] [stdout]    |            -------------- `CalendarConfig` is not local
[INFO] [stdout]    |
[INFO] [stdout]    = note: the derive macro `Deserialize` defines the non-local `impl`, and may need to be changed
[INFO] [stdout]    = note: the derive macro `Deserialize` may come from an old version of the `serde_derive` crate, try updating your dependency with `cargo update -p serde_derive`
[INFO] [stdout]    = note: an `impl` is never scoped, even when it is nested inside an item, as it may impact type checking outside of that item, which can be the case if neither the trait or the self type are at the same nesting level as the `impl`
[INFO] [stdout]    = note: items in an anonymous const item (`const _: () = { ... }`) are treated as in the same scope as the anonymous const's declaration for the purpose of this lint
[INFO] [stdout]    = note: this warning originates in the derive macro `Deserialize` (in Nightly builds, run with -Z macro-backtrace for more info)
[INFO] [stdout] 
[INFO] [stdout] 
[INFO] [stdout] warning: non-local `impl` definition, `impl` blocks should be written at the same level as their item
[INFO] [stdout]   --> src/config.rs:28:10
[INFO] [stdout]    |
[INFO] [stdout] 28 | #[derive(Deserialize,Debug,PartialEq)]
[INFO] [stdout]    |          ^----------
[INFO] [stdout]    |          |
[INFO] [stdout]    |          `Deserialize` is not local
[INFO] [stdout]    |          move the `impl` block outside of this constant `_IMPL_DESERIALIZE_FOR_LocalTZConfig`
[INFO] [stdout] 29 | pub struct LocalTZConfig {
[INFO] [stdout]    |            ------------- `LocalTZConfig` is not local
[INFO] [stdout]    |
[INFO] [stdout]    = note: the derive macro `Deserialize` defines the non-local `impl`, and may need to be changed
[INFO] [stdout]    = note: the derive macro `Deserialize` may come from an old version of the `serde_derive` crate, try updating your dependency with `cargo update -p serde_derive`
[INFO] [stdout]    = note: an `impl` is never scoped, even when it is nested inside an item, as it may impact type checking outside of that item, which can be the case if neither the trait or the self type are at the same nesting level as the `impl`
[INFO] [stdout]    = note: items in an anonymous const item (`const _: () = { ... }`) are treated as in the same scope as the anonymous const's declaration for the purpose of this lint
[INFO] [stdout]    = note: this warning originates in the derive macro `Deserialize` (in Nightly builds, run with -Z macro-backtrace for more info)
[INFO] [stdout] 
[INFO] [stdout] 
[INFO] [stderr]     Finished `dev` profile [unoptimized + debuginfo] target(s) in 1m 16s
[INFO] [stderr] warning: the following packages contain code that will be rejected by a future version of Rust: cexpr v0.3.5, nom v4.2.3
[INFO] [stderr] note: to see what the problems were, use the option `--future-incompat-report`, or run `cargo report future-incompatibilities --id 1`
[INFO] running `Command { std: "docker" "inspect" "1cea7bc1db833c4d895e6520ececa5c191c26714296b059daa73481556d9fd61", kill_on_drop: false }`
[INFO] running `Command { std: "docker" "rm" "-f" "1cea7bc1db833c4d895e6520ececa5c191c26714296b059daa73481556d9fd61", kill_on_drop: false }`
[INFO] [stdout] 1cea7bc1db833c4d895e6520ececa5c191c26714296b059daa73481556d9fd61
[INFO] running `Command { std: "docker" "create" "-v" "/var/lib/crater-agent-workspace/builds/worker-0-tc2/target:/opt/rustwide/target:rw,Z" "-v" "/var/lib/crater-agent-workspace/builds/worker-0-tc2/source:/opt/rustwide/workdir:ro,Z" "-v" "/var/lib/crater-agent-workspace/cargo-home:/opt/rustwide/cargo-home:ro,Z" "-v" "/var/lib/crater-agent-workspace/rustup-home:/opt/rustwide/rustup-home:ro,Z" "-e" "SOURCE_DIR=/opt/rustwide/workdir" "-e" "CARGO_TARGET_DIR=/opt/rustwide/target" "-e" "CARGO_INCREMENTAL=0" "-e" "RUST_BACKTRACE=full" "-e" "RUSTFLAGS=--cap-lints=warn" "-e" "RUSTDOCFLAGS=--cap-lints=warn" "-e" "CARGO_HOME=/opt/rustwide/cargo-home" "-e" "RUSTUP_HOME=/opt/rustwide/rustup-home" "-w" "/opt/rustwide/workdir" "-m" "1610612736" "--user" "0:0" "--network" "none" "ghcr.io/rust-lang/crates-build-env/linux@sha256:f3a9d4ad9d972b27faf3965f35b62e55ba32bbce8f20bc8fe909558a86702fde" "/opt/rustwide/cargo-home/bin/cargo" "+beta-2024-12-08" "test" "--frozen" "--no-run" "--message-format=json", kill_on_drop: false }`
[INFO] [stdout] eea8267fb2d1ce726e1205157efa952e1d9e6db013c2f398eff5d1c9cb2ec3c6
[INFO] running `Command { std: "docker" "start" "-a" "eea8267fb2d1ce726e1205157efa952e1d9e6db013c2f398eff5d1c9cb2ec3c6", kill_on_drop: false }`
[INFO] [stderr]    Compiling memchr v2.2.0
[INFO] [stderr]    Compiling ucd-util v0.1.3
[INFO] [stderr]    Compiling utf8-ranges v1.0.3
[INFO] [stderr]    Compiling regex v1.1.7
[INFO] [stderr]    Compiling crossbeam-utils v0.6.5
[INFO] [stderr]    Compiling fnv v1.0.6
[INFO] [stderr]    Compiling smallvec v0.6.10
[INFO] [stderr]    Compiling difference v2.0.0
[INFO] [stderr]    Compiling predicates-core v1.0.0
[INFO] [stderr]    Compiling float-cmp v0.4.0
[INFO] [stderr]    Compiling regex-syntax v0.6.7
[INFO] [stderr]    Compiling treeline v0.1.0
[INFO] [stderr]    Compiling normalize-line-endings v0.2.2
[INFO] [stderr]    Compiling predicates-tree v1.0.0
[INFO] [stderr]    Compiling aho-corasick v0.7.3
[INFO] [stderr]    Compiling nom v4.2.3
[INFO] [stderr]    Compiling bstr v0.1.4
[INFO] [stderr]    Compiling crossbeam-channel v0.3.8
[INFO] [stderr]    Compiling pretty_assertions v0.6.1
[INFO] [stderr]    Compiling maplit v1.0.1
[INFO] [stderr]    Compiling cexpr v0.3.5
[INFO] [stderr]    Compiling env_logger v0.6.1
[INFO] [stderr]    Compiling globset v0.4.3
[INFO] [stderr]    Compiling predicates v1.0.1
[INFO] [stderr]    Compiling bindgen v0.43.2
[INFO] [stderr]    Compiling ignore v0.4.7
[INFO] [stderr]    Compiling globwalk v0.5.0
[INFO] [stderr]    Compiling assert_fs v0.11.3
[INFO] [stderr]    Compiling libical-sys v0.1.1
[INFO] [stderr]    Compiling khaleesi v0.1.0 (/opt/rustwide/workdir)
[INFO] [stdout] warning: unexpected `cfg` condition value: `cargo-clippy`
[INFO] [stdout]  --> src/config.rs:8:10
[INFO] [stdout]   |
[INFO] [stdout] 8 | #[derive(Deserialize,Debug,PartialEq)]
[INFO] [stdout]   |          ^^^^^^^^^^^
[INFO] [stdout]   |
[INFO] [stdout]   = note: no expected values for `feature`
[INFO] [stdout]   = help: consider adding `cargo-clippy` as a feature in `Cargo.toml`
[INFO] [stdout]   = note: see <https://doc.rust-lang.org/nightly/rustc/check-cfg/cargo-specifics.html> for more information about checking conditional configuration
[INFO] [stdout]   = note: `#[warn(unexpected_cfgs)]` on by default
[INFO] [stdout]   = note: this warning originates in the derive macro `Deserialize` (in Nightly builds, run with -Z macro-backtrace for more info)
[INFO] [stdout] 
[INFO] [stdout] 
[INFO] [stdout] warning: unexpected `cfg` condition value: `cargo-clippy`
[INFO] [stdout]   --> src/config.rs:16:10
[INFO] [stdout]    |
[INFO] [stdout] 16 | #[derive(Deserialize,Debug,PartialEq)]
[INFO] [stdout]    |          ^^^^^^^^^^^
[INFO] [stdout]    |
[INFO] [stdout]    = note: no expected values for `feature`
[INFO] [stdout]    = help: consider adding `cargo-clippy` as a feature in `Cargo.toml`
[INFO] [stdout]    = note: see <https://doc.rust-lang.org/nightly/rustc/check-cfg/cargo-specifics.html> for more information about checking conditional configuration
[INFO] [stdout]    = note: this warning originates in the derive macro `Deserialize` (in Nightly builds, run with -Z macro-backtrace for more info)
[INFO] [stdout] 
[INFO] [stdout] 
[INFO] [stdout] warning: unexpected `cfg` condition value: `cargo-clippy`
[INFO] [stdout]   --> src/config.rs:23:10
[INFO] [stdout]    |
[INFO] [stdout] 23 | #[derive(Deserialize,Debug,PartialEq)]
[INFO] [stdout]    |          ^^^^^^^^^^^
[INFO] [stdout]    |
[INFO] [stdout]    = note: no expected values for `feature`
[INFO] [stdout]    = help: consider adding `cargo-clippy` as a feature in `Cargo.toml`
[INFO] [stdout]    = note: see <https://doc.rust-lang.org/nightly/rustc/check-cfg/cargo-specifics.html> for more information about checking conditional configuration
[INFO] [stdout]    = note: this warning originates in the derive macro `Deserialize` (in Nightly builds, run with -Z macro-backtrace for more info)
[INFO] [stdout] 
[INFO] [stdout] 
[INFO] [stdout] warning: unexpected `cfg` condition value: `cargo-clippy`
[INFO] [stdout]   --> src/config.rs:28:10
[INFO] [stdout]    |
[INFO] [stdout] 28 | #[derive(Deserialize,Debug,PartialEq)]
[INFO] [stdout]    |          ^^^^^^^^^^^
[INFO] [stdout]    |
[INFO] [stdout]    = note: no expected values for `feature`
[INFO] [stdout]    = help: consider adding `cargo-clippy` as a feature in `Cargo.toml`
[INFO] [stdout]    = note: see <https://doc.rust-lang.org/nightly/rustc/check-cfg/cargo-specifics.html> for more information about checking conditional configuration
[INFO] [stdout]    = note: this warning originates in the derive macro `Deserialize` (in Nightly builds, run with -Z macro-backtrace for more info)
[INFO] [stdout] 
[INFO] [stdout] 
[INFO] [stdout] warning: unexpected `cfg` condition value: `cargo-clippy`
[INFO] [stdout]  --> src/config.rs:8:10
[INFO] [stdout]   |
[INFO] [stdout] 8 | #[derive(Deserialize,Debug,PartialEq)]
[INFO] [stdout]   |          ^^^^^^^^^^^
[INFO] [stdout]   |
[INFO] [stdout]   = note: no expected values for `feature`
[INFO] [stdout]   = help: consider adding `cargo-clippy` as a feature in `Cargo.toml`
[INFO] [stdout]   = note: see <https://doc.rust-lang.org/nightly/rustc/check-cfg/cargo-specifics.html> for more information about checking conditional configuration
[INFO] [stdout]   = note: `#[warn(unexpected_cfgs)]` on by default
[INFO] [stdout]   = note: this warning originates in the derive macro `Deserialize` (in Nightly builds, run with -Z macro-backtrace for more info)
[INFO] [stdout] 
[INFO] [stdout] 
[INFO] [stdout] warning: unexpected `cfg` condition value: `cargo-clippy`
[INFO] [stdout]   --> src/config.rs:16:10
[INFO] [stdout]    |
[INFO] [stdout] 16 | #[derive(Deserialize,Debug,PartialEq)]
[INFO] [stdout]    |          ^^^^^^^^^^^
[INFO] [stdout]    |
[INFO] [stdout]    = note: no expected values for `feature`
[INFO] [stdout]    = help: consider adding `cargo-clippy` as a feature in `Cargo.toml`
[INFO] [stdout]    = note: see <https://doc.rust-lang.org/nightly/rustc/check-cfg/cargo-specifics.html> for more information about checking conditional configuration
[INFO] [stdout]    = note: this warning originates in the derive macro `Deserialize` (in Nightly builds, run with -Z macro-backtrace for more info)
[INFO] [stdout] 
[INFO] [stdout] 
[INFO] [stdout] warning: unexpected `cfg` condition value: `cargo-clippy`
[INFO] [stdout]   --> src/config.rs:23:10
[INFO] [stdout]    |
[INFO] [stdout] 23 | #[derive(Deserialize,Debug,PartialEq)]
[INFO] [stdout]    |          ^^^^^^^^^^^
[INFO] [stdout]    |
[INFO] [stdout]    = note: no expected values for `feature`
[INFO] [stdout]    = help: consider adding `cargo-clippy` as a feature in `Cargo.toml`
[INFO] [stdout]    = note: see <https://doc.rust-lang.org/nightly/rustc/check-cfg/cargo-specifics.html> for more information about checking conditional configuration
[INFO] [stdout]    = note: this warning originates in the derive macro `Deserialize` (in Nightly builds, run with -Z macro-backtrace for more info)
[INFO] [stdout] 
[INFO] [stdout] 
[INFO] [stdout] warning: unexpected `cfg` condition value: `cargo-clippy`
[INFO] [stdout]   --> src/config.rs:28:10
[INFO] [stdout]    |
[INFO] [stdout] 28 | #[derive(Deserialize,Debug,PartialEq)]
[INFO] [stdout]    |          ^^^^^^^^^^^
[INFO] [stdout]    |
[INFO] [stdout]    = note: no expected values for `feature`
[INFO] [stdout]    = help: consider adding `cargo-clippy` as a feature in `Cargo.toml`
[INFO] [stdout]    = note: see <https://doc.rust-lang.org/nightly/rustc/check-cfg/cargo-specifics.html> for more information about checking conditional configuration
[INFO] [stdout]    = note: this warning originates in the derive macro `Deserialize` (in Nightly builds, run with -Z macro-backtrace for more info)
[INFO] [stdout] 
[INFO] [stdout] 
[INFO] [stdout] warning: trait objects without an explicit `dyn` are deprecated
[INFO] [stdout]   --> src/actions/agenda.rs:31:16
[INFO] [stdout]    |
[INFO] [stdout] 31 |   events: &mut Iterator<Item = KhEvent>,
[INFO] [stdout]    |                ^^^^^^^^^^^^^^^^^^^^^^^^
[INFO] [stdout]    |
[INFO] [stdout]    = warning: this is accepted in the current edition (Rust 2018) but is a hard error in Rust 2021!
[INFO] [stdout]    = note: for more information, see <https://doc.rust-lang.org/nightly/edition-guide/rust-2021/warnings-promoted-to-error.html>
[INFO] [stdout]    = note: `#[warn(bare_trait_objects)]` on by default
[INFO] [stdout] help: if this is a dyn-compatible trait, use `dyn`
[INFO] [stdout]    |
[INFO] [stdout] 31 |   events: &mut dyn Iterator<Item = KhEvent>,
[INFO] [stdout]    |                +++
[INFO] [stdout] 
[INFO] [stdout] 
[INFO] [stdout] warning: use of deprecated constant `std::sync::ONCE_INIT`: the `Once::new()` function is now preferred
[INFO] [stdout]    --> src/testdata.rs:276:23
[INFO] [stdout]     |
[INFO] [stdout] 276 | use std::sync::{Once, ONCE_INIT};
[INFO] [stdout]     |                       ^^^^^^^^^
[INFO] [stdout]     |
[INFO] [stdout]     = note: `#[warn(deprecated)]` on by default
[INFO] [stdout] 
[INFO] [stdout] 
[INFO] [stdout] warning: use of deprecated constant `std::sync::ONCE_INIT`: the `Once::new()` function is now preferred
[INFO] [stdout]    --> src/testdata.rs:278:21
[INFO] [stdout]     |
[INFO] [stdout] 278 | static INIT: Once = ONCE_INIT;
[INFO] [stdout]     |                     ^^^^^^^^^
[INFO] [stdout]     |
[INFO] [stdout] help: replace the use of the deprecated constant
[INFO] [stdout]     |
[INFO] [stdout] 278 | static INIT: Once = Once::new();
[INFO] [stdout]     |                     ~~~~~~~~~~~
[INFO] [stdout] 
[INFO] [stdout] 
[INFO] [stdout] warning: trait objects without an explicit `dyn` are deprecated
[INFO] [stdout]   --> src/actions/agenda.rs:31:16
[INFO] [stdout]    |
[INFO] [stdout] 31 |   events: &mut Iterator<Item = KhEvent>,
[INFO] [stdout]    |                ^^^^^^^^^^^^^^^^^^^^^^^^
[INFO] [stdout]    |
[INFO] [stdout]    = warning: this is accepted in the current edition (Rust 2018) but is a hard error in Rust 2021!
[INFO] [stdout]    = note: for more information, see <https://doc.rust-lang.org/nightly/edition-guide/rust-2021/warnings-promoted-to-error.html>
[INFO] [stdout]    = note: `#[warn(bare_trait_objects)]` on by default
[INFO] [stdout] help: if this is a dyn-compatible trait, use `dyn`
[INFO] [stdout]    |
[INFO] [stdout] 31 |   events: &mut dyn Iterator<Item = KhEvent>,
[INFO] [stdout]    |                +++
[INFO] [stdout] 
[INFO] [stdout] 
[INFO] [stdout] warning: a method with this name may be added to the standard library in the future
[INFO] [stdout]   --> src/utils/lock.rs:15:19
[INFO] [stdout]    |
[INFO] [stdout] 15 |     self.lockfile.unlock().unwrap();
[INFO] [stdout]    |                   ^^^^^^
[INFO] [stdout]    |
[INFO] [stdout]    = warning: once this associated item is added to the standard library, the ambiguity may cause an error or change in behavior!
[INFO] [stdout]    = note: for more information, see issue #48919 <https://github.com/rust-lang/rust/issues/48919>
[INFO] [stdout]    = help: call with fully qualified syntax `unlock(...)` to keep using the current method
[INFO] [stdout]    = note: `#[warn(unstable_name_collisions)]` on by default
[INFO] [stdout] 
[INFO] [stdout] 
[INFO] [stdout] warning: a method with this name may be added to the standard library in the future
[INFO] [stdout]   --> src/utils/lock.rs:15:19
[INFO] [stdout]    |
[INFO] [stdout] 15 |     self.lockfile.unlock().unwrap();
[INFO] [stdout]    |                   ^^^^^^
[INFO] [stdout]    |
[INFO] [stdout]    = warning: once this associated item is added to the standard library, the ambiguity may cause an error or change in behavior!
[INFO] [stdout]    = note: for more information, see issue #48919 <https://github.com/rust-lang/rust/issues/48919>
[INFO] [stdout]    = help: call with fully qualified syntax `unlock(...)` to keep using the current method
[INFO] [stdout]    = note: `#[warn(unstable_name_collisions)]` on by default
[INFO] [stdout] 
[INFO] [stdout] 
[INFO] [stdout] warning: non-local `impl` definition, `impl` blocks should be written at the same level as their item
[INFO] [stdout]   --> src/config.rs:8:10
[INFO] [stdout]    |
[INFO] [stdout] 8  | #[derive(Deserialize,Debug,PartialEq)]
[INFO] [stdout]    |          ^----------
[INFO] [stdout]    |          |
[INFO] [stdout]    |          `Deserialize` is not local
[INFO] [stdout]    |          move the `impl` block outside of this constant `_IMPL_DESERIALIZE_FOR_Config`
[INFO] [stdout] 9  | #[serde(default)]
[INFO] [stdout] 10 | pub struct Config {
[INFO] [stdout]    |            ------ `Config` is not local
[INFO] [stdout]    |
[INFO] [stdout]    = note: the derive macro `Deserialize` defines the non-local `impl`, and may need to be changed
[INFO] [stdout]    = note: the derive macro `Deserialize` may come from an old version of the `serde_derive` crate, try updating your dependency with `cargo update -p serde_derive`
[INFO] [stdout]    = note: an `impl` is never scoped, even when it is nested inside an item, as it may impact type checking outside of that item, which can be the case if neither the trait or the self type are at the same nesting level as the `impl`
[INFO] [stdout]    = note: items in an anonymous const item (`const _: () = { ... }`) are treated as in the same scope as the anonymous const's declaration for the purpose of this lint
[INFO] [stdout]    = note: `#[warn(non_local_definitions)]` on by default
[INFO] [stdout]    = note: this warning originates in the derive macro `Deserialize` (in Nightly builds, run with -Z macro-backtrace for more info)
[INFO] [stdout] 
[INFO] [stdout] 
[INFO] [stdout] warning: non-local `impl` definition, `impl` blocks should be written at the same level as their item
[INFO] [stdout]   --> src/config.rs:16:10
[INFO] [stdout]    |
[INFO] [stdout] 16 | #[derive(Deserialize,Debug,PartialEq)]
[INFO] [stdout]    |          ^----------
[INFO] [stdout]    |          |
[INFO] [stdout]    |          `Deserialize` is not local
[INFO] [stdout]    |          move the `impl` block outside of this constant `_IMPL_DESERIALIZE_FOR_AgendaConfig`
[INFO] [stdout] 17 | #[serde(default)]
[INFO] [stdout] 18 | pub struct AgendaConfig {
[INFO] [stdout]    |            ------------ `AgendaConfig` is not local
[INFO] [stdout]    |
[INFO] [stdout]    = note: the derive macro `Deserialize` defines the non-local `impl`, and may need to be changed
[INFO] [stdout]    = note: the derive macro `Deserialize` may come from an old version of the `serde_derive` crate, try updating your dependency with `cargo update -p serde_derive`
[INFO] [stdout]    = note: an `impl` is never scoped, even when it is nested inside an item, as it may impact type checking outside of that item, which can be the case if neither the trait or the self type are at the same nesting level as the `impl`
[INFO] [stdout]    = note: items in an anonymous const item (`const _: () = { ... }`) are treated as in the same scope as the anonymous const's declaration for the purpose of this lint
[INFO] [stdout]    = note: this warning originates in the derive macro `Deserialize` (in Nightly builds, run with -Z macro-backtrace for more info)
[INFO] [stdout] 
[INFO] [stdout] 
[INFO] [stdout] warning: non-local `impl` definition, `impl` blocks should be written at the same level as their item
[INFO] [stdout]   --> src/config.rs:23:10
[INFO] [stdout]    |
[INFO] [stdout] 23 | #[derive(Deserialize,Debug,PartialEq)]
[INFO] [stdout]    |          ^----------
[INFO] [stdout]    |          |
[INFO] [stdout]    |          `Deserialize` is not local
[INFO] [stdout]    |          move the `impl` block outside of this constant `_IMPL_DESERIALIZE_FOR_CalendarConfig`
[INFO] [stdout] 24 | pub struct CalendarConfig {
[INFO] [stdout]    |            -------------- `CalendarConfig` is not local
[INFO] [stdout]    |
[INFO] [stdout]    = note: the derive macro `Deserialize` defines the non-local `impl`, and may need to be changed
[INFO] [stdout]    = note: the derive macro `Deserialize` may come from an old version of the `serde_derive` crate, try updating your dependency with `cargo update -p serde_derive`
[INFO] [stdout]    = note: an `impl` is never scoped, even when it is nested inside an item, as it may impact type checking outside of that item, which can be the case if neither the trait or the self type are at the same nesting level as the `impl`
[INFO] [stdout]    = note: items in an anonymous const item (`const _: () = { ... }`) are treated as in the same scope as the anonymous const's declaration for the purpose of this lint
[INFO] [stdout]    = note: this warning originates in the derive macro `Deserialize` (in Nightly builds, run with -Z macro-backtrace for more info)
[INFO] [stdout] 
[INFO] [stdout] 
[INFO] [stdout] warning: non-local `impl` definition, `impl` blocks should be written at the same level as their item
[INFO] [stdout]   --> src/config.rs:28:10
[INFO] [stdout]    |
[INFO] [stdout] 28 | #[derive(Deserialize,Debug,PartialEq)]
[INFO] [stdout]    |          ^----------
[INFO] [stdout]    |          |
[INFO] [stdout]    |          `Deserialize` is not local
[INFO] [stdout]    |          move the `impl` block outside of this constant `_IMPL_DESERIALIZE_FOR_LocalTZConfig`
[INFO] [stdout] 29 | pub struct LocalTZConfig {
[INFO] [stdout]    |            ------------- `LocalTZConfig` is not local
[INFO] [stdout]    |
[INFO] [stdout]    = note: the derive macro `Deserialize` defines the non-local `impl`, and may need to be changed
[INFO] [stdout]    = note: the derive macro `Deserialize` may come from an old version of the `serde_derive` crate, try updating your dependency with `cargo update -p serde_derive`
[INFO] [stdout]    = note: an `impl` is never scoped, even when it is nested inside an item, as it may impact type checking outside of that item, which can be the case if neither the trait or the self type are at the same nesting level as the `impl`
[INFO] [stdout]    = note: items in an anonymous const item (`const _: () = { ... }`) are treated as in the same scope as the anonymous const's declaration for the purpose of this lint
[INFO] [stdout]    = note: this warning originates in the derive macro `Deserialize` (in Nightly builds, run with -Z macro-backtrace for more info)
[INFO] [stdout] 
[INFO] [stdout] 
[INFO] [stdout] warning: non-local `impl` definition, `impl` blocks should be written at the same level as their item
[INFO] [stdout]   --> src/config.rs:8:10
[INFO] [stdout]    |
[INFO] [stdout] 8  | #[derive(Deserialize,Debug,PartialEq)]
[INFO] [stdout]    |          ^----------
[INFO] [stdout]    |          |
[INFO] [stdout]    |          `Deserialize` is not local
[INFO] [stdout]    |          move the `impl` block outside of this constant `_IMPL_DESERIALIZE_FOR_Config`
[INFO] [stdout] 9  | #[serde(default)]
[INFO] [stdout] 10 | pub struct Config {
[INFO] [stdout]    |            ------ `Config` is not local
[INFO] [stdout]    |
[INFO] [stdout]    = note: the derive macro `Deserialize` defines the non-local `impl`, and may need to be changed
[INFO] [stdout]    = note: the derive macro `Deserialize` may come from an old version of the `serde_derive` crate, try updating your dependency with `cargo update -p serde_derive`
[INFO] [stdout]    = note: an `impl` is never scoped, even when it is nested inside an item, as it may impact type checking outside of that item, which can be the case if neither the trait or the self type are at the same nesting level as the `impl`
[INFO] [stdout]    = note: items in an anonymous const item (`const _: () = { ... }`) are treated as in the same scope as the anonymous const's declaration for the purpose of this lint
[INFO] [stdout]    = note: `#[warn(non_local_definitions)]` on by default
[INFO] [stdout]    = note: this warning originates in the derive macro `Deserialize` (in Nightly builds, run with -Z macro-backtrace for more info)
[INFO] [stdout] 
[INFO] [stdout] 
[INFO] [stdout] warning: non-local `impl` definition, `impl` blocks should be written at the same level as their item
[INFO] [stdout]   --> src/config.rs:16:10
[INFO] [stdout]    |
[INFO] [stdout] 16 | #[derive(Deserialize,Debug,PartialEq)]
[INFO] [stdout]    |          ^----------
[INFO] [stdout]    |          |
[INFO] [stdout]    |          `Deserialize` is not local
[INFO] [stdout]    |          move the `impl` block outside of this constant `_IMPL_DESERIALIZE_FOR_AgendaConfig`
[INFO] [stdout] 17 | #[serde(default)]
[INFO] [stdout] 18 | pub struct AgendaConfig {
[INFO] [stdout]    |            ------------ `AgendaConfig` is not local
[INFO] [stdout]    |
[INFO] [stdout]    = note: the derive macro `Deserialize` defines the non-local `impl`, and may need to be changed
[INFO] [stdout]    = note: the derive macro `Deserialize` may come from an old version of the `serde_derive` crate, try updating your dependency with `cargo update -p serde_derive`
[INFO] [stdout]    = note: an `impl` is never scoped, even when it is nested inside an item, as it may impact type checking outside of that item, which can be the case if neither the trait or the self type are at the same nesting level as the `impl`
[INFO] [stdout]    = note: items in an anonymous const item (`const _: () = { ... }`) are treated as in the same scope as the anonymous const's declaration for the purpose of this lint
[INFO] [stdout]    = note: this warning originates in the derive macro `Deserialize` (in Nightly builds, run with -Z macro-backtrace for more info)
[INFO] [stdout] 
[INFO] [stdout] 
[INFO] [stdout] warning: non-local `impl` definition, `impl` blocks should be written at the same level as their item
[INFO] [stdout]   --> src/config.rs:23:10
[INFO] [stdout]    |
[INFO] [stdout] 23 | #[derive(Deserialize,Debug,PartialEq)]
[INFO] [stdout]    |          ^----------
[INFO] [stdout]    |          |
[INFO] [stdout]    |          `Deserialize` is not local
[INFO] [stdout]    |          move the `impl` block outside of this constant `_IMPL_DESERIALIZE_FOR_CalendarConfig`
[INFO] [stdout] 24 | pub struct CalendarConfig {
[INFO] [stdout]    |            -------------- `CalendarConfig` is not local
[INFO] [stdout]    |
[INFO] [stdout]    = note: the derive macro `Deserialize` defines the non-local `impl`, and may need to be changed
[INFO] [stdout]    = note: the derive macro `Deserialize` may come from an old version of the `serde_derive` crate, try updating your dependency with `cargo update -p serde_derive`
[INFO] [stdout]    = note: an `impl` is never scoped, even when it is nested inside an item, as it may impact type checking outside of that item, which can be the case if neither the trait or the self type are at the same nesting level as the `impl`
[INFO] [stdout]    = note: items in an anonymous const item (`const _: () = { ... }`) are treated as in the same scope as the anonymous const's declaration for the purpose of this lint
[INFO] [stdout]    = note: this warning originates in the derive macro `Deserialize` (in Nightly builds, run with -Z macro-backtrace for more info)
[INFO] [stdout] 
[INFO] [stdout] 
[INFO] [stdout] warning: non-local `impl` definition, `impl` blocks should be written at the same level as their item
[INFO] [stdout]   --> src/config.rs:28:10
[INFO] [stdout]    |
[INFO] [stdout] 28 | #[derive(Deserialize,Debug,PartialEq)]
[INFO] [stdout]    |          ^----------
[INFO] [stdout]    |          |
[INFO] [stdout]    |          `Deserialize` is not local
[INFO] [stdout]    |          move the `impl` block outside of this constant `_IMPL_DESERIALIZE_FOR_LocalTZConfig`
[INFO] [stdout] 29 | pub struct LocalTZConfig {
[INFO] [stdout]    |            ------------- `LocalTZConfig` is not local
[INFO] [stdout]    |
[INFO] [stdout]    = note: the derive macro `Deserialize` defines the non-local `impl`, and may need to be changed
[INFO] [stdout]    = note: the derive macro `Deserialize` may come from an old version of the `serde_derive` crate, try updating your dependency with `cargo update -p serde_derive`
[INFO] [stdout]    = note: an `impl` is never scoped, even when it is nested inside an item, as it may impact type checking outside of that item, which can be the case if neither the trait or the self type are at the same nesting level as the `impl`
[INFO] [stdout]    = note: items in an anonymous const item (`const _: () = { ... }`) are treated as in the same scope as the anonymous const's declaration for the purpose of this lint
[INFO] [stdout]    = note: this warning originates in the derive macro `Deserialize` (in Nightly builds, run with -Z macro-backtrace for more info)
[INFO] [stdout] 
[INFO] [stdout] 
[INFO] [stderr]     Finished `test` profile [unoptimized + debuginfo] target(s) in 40.59s
[INFO] [stderr] warning: the following packages contain code that will be rejected by a future version of Rust: cexpr v0.3.5, nom v4.2.3
[INFO] [stderr] note: to see what the problems were, use the option `--future-incompat-report`, or run `cargo report future-incompatibilities --id 1`
[INFO] running `Command { std: "docker" "inspect" "eea8267fb2d1ce726e1205157efa952e1d9e6db013c2f398eff5d1c9cb2ec3c6", kill_on_drop: false }`
[INFO] running `Command { std: "docker" "rm" "-f" "eea8267fb2d1ce726e1205157efa952e1d9e6db013c2f398eff5d1c9cb2ec3c6", kill_on_drop: false }`
[INFO] [stdout] eea8267fb2d1ce726e1205157efa952e1d9e6db013c2f398eff5d1c9cb2ec3c6
[INFO] running `Command { std: "docker" "create" "-v" "/var/lib/crater-agent-workspace/builds/worker-0-tc2/target:/opt/rustwide/target:rw,Z" "-v" "/var/lib/crater-agent-workspace/builds/worker-0-tc2/source:/opt/rustwide/workdir:ro,Z" "-v" "/var/lib/crater-agent-workspace/cargo-home:/opt/rustwide/cargo-home:ro,Z" "-v" "/var/lib/crater-agent-workspace/rustup-home:/opt/rustwide/rustup-home:ro,Z" "-e" "SOURCE_DIR=/opt/rustwide/workdir" "-e" "CARGO_TARGET_DIR=/opt/rustwide/target" "-e" "CARGO_INCREMENTAL=0" "-e" "RUST_BACKTRACE=full" "-e" "RUSTFLAGS=--cap-lints=warn" "-e" "RUSTDOCFLAGS=--cap-lints=warn" "-e" "CARGO_HOME=/opt/rustwide/cargo-home" "-e" "RUSTUP_HOME=/opt/rustwide/rustup-home" "-w" "/opt/rustwide/workdir" "-m" "1610612736" "--user" "0:0" "--network" "none" "ghcr.io/rust-lang/crates-build-env/linux@sha256:f3a9d4ad9d972b27faf3965f35b62e55ba32bbce8f20bc8fe909558a86702fde" "/opt/rustwide/cargo-home/bin/cargo" "+beta-2024-12-08" "test" "--frozen", kill_on_drop: false }`
[INFO] [stdout] 6385c3490271735e647b6f74ec4eba649f073175183ab864f535538e5d44b220
[INFO] running `Command { std: "docker" "start" "-a" "6385c3490271735e647b6f74ec4eba649f073175183ab864f535538e5d44b220", kill_on_drop: false }`
[INFO] [stderr] warning: unexpected `cfg` condition value: `cargo-clippy`
[INFO] [stderr]  --> src/config.rs:8:10
[INFO] [stderr]   |
[INFO] [stderr] 8 | #[derive(Deserialize,Debug,PartialEq)]
[INFO] [stderr]   |          ^^^^^^^^^^^
[INFO] [stderr]   |
[INFO] [stderr]   = note: no expected values for `feature`
[INFO] [stderr]   = help: consider adding `cargo-clippy` as a feature in `Cargo.toml`
[INFO] [stderr]   = note: see <https://doc.rust-lang.org/nightly/rustc/check-cfg/cargo-specifics.html> for more information about checking conditional configuration
[INFO] [stderr]   = note: `#[warn(unexpected_cfgs)]` on by default
[INFO] [stderr]   = note: this warning originates in the derive macro `Deserialize` (in Nightly builds, run with -Z macro-backtrace for more info)
[INFO] [stderr] 
[INFO] [stderr] warning: unexpected `cfg` condition value: `cargo-clippy`
[INFO] [stderr]   --> src/config.rs:16:10
[INFO] [stderr]    |
[INFO] [stderr] 16 | #[derive(Deserialize,Debug,PartialEq)]
[INFO] [stderr]    |          ^^^^^^^^^^^
[INFO] [stderr]    |
[INFO] [stderr]    = note: no expected values for `feature`
[INFO] [stderr]    = help: consider adding `cargo-clippy` as a feature in `Cargo.toml`
[INFO] [stderr]    = note: see <https://doc.rust-lang.org/nightly/rustc/check-cfg/cargo-specifics.html> for more information about checking conditional configuration
[INFO] [stderr]    = note: this warning originates in the derive macro `Deserialize` (in Nightly builds, run with -Z macro-backtrace for more info)
[INFO] [stderr] 
[INFO] [stderr] warning: unexpected `cfg` condition value: `cargo-clippy`
[INFO] [stderr]   --> src/config.rs:23:10
[INFO] [stderr]    |
[INFO] [stderr] 23 | #[derive(Deserialize,Debug,PartialEq)]
[INFO] [stderr]    |          ^^^^^^^^^^^
[INFO] [stderr]    |
[INFO] [stderr]    = note: no expected values for `feature`
[INFO] [stderr]    = help: consider adding `cargo-clippy` as a feature in `Cargo.toml`
[INFO] [stderr]    = note: see <https://doc.rust-lang.org/nightly/rustc/check-cfg/cargo-specifics.html> for more information about checking conditional configuration
[INFO] [stderr]    = note: this warning originates in the derive macro `Deserialize` (in Nightly builds, run with -Z macro-backtrace for more info)
[INFO] [stderr] 
[INFO] [stderr] warning: unexpected `cfg` condition value: `cargo-clippy`
[INFO] [stderr]   --> src/config.rs:28:10
[INFO] [stderr]    |
[INFO] [stderr] 28 | #[derive(Deserialize,Debug,PartialEq)]
[INFO] [stderr]    |          ^^^^^^^^^^^
[INFO] [stderr]    |
[INFO] [stderr]    = note: no expected values for `feature`
[INFO] [stderr]    = help: consider adding `cargo-clippy` as a feature in `Cargo.toml`
[INFO] [stderr]    = note: see <https://doc.rust-lang.org/nightly/rustc/check-cfg/cargo-specifics.html> for more information about checking conditional configuration
[INFO] [stderr]    = note: this warning originates in the derive macro `Deserialize` (in Nightly builds, run with -Z macro-backtrace for more info)
[INFO] [stderr] 
[INFO] [stderr] warning: trait objects without an explicit `dyn` are deprecated
[INFO] [stderr]   --> src/actions/agenda.rs:31:16
[INFO] [stderr]    |
[INFO] [stderr] 31 |   events: &mut Iterator<Item = KhEvent>,
[INFO] [stderr]    |                ^^^^^^^^^^^^^^^^^^^^^^^^
[INFO] [stderr]    |
[INFO] [stderr]    = warning: this is accepted in the current edition (Rust 2018) but is a hard error in Rust 2021!
[INFO] [stderr]    = note: for more information, see <https://doc.rust-lang.org/nightly/edition-guide/rust-2021/warnings-promoted-to-error.html>
[INFO] [stderr]    = note: `#[warn(bare_trait_objects)]` on by default
[INFO] [stderr] help: if this is a dyn-compatible trait, use `dyn`
[INFO] [stderr]    |
[INFO] [stderr] 31 |   events: &mut dyn Iterator<Item = KhEvent>,
[INFO] [stderr]    |                +++
[INFO] [stderr] 
[INFO] [stderr] warning: a method with this name may be added to the standard library in the future
[INFO] [stderr]   --> src/utils/lock.rs:15:19
[INFO] [stderr]    |
[INFO] [stderr] 15 |     self.lockfile.unlock().unwrap();
[INFO] [stderr]    |                   ^^^^^^
[INFO] [stderr]    |
[INFO] [stderr]    = warning: once this associated item is added to the standard library, the ambiguity may cause an error or change in behavior!
[INFO] [stderr]    = note: for more information, see issue #48919 <https://github.com/rust-lang/rust/issues/48919>
[INFO] [stderr]    = help: call with fully qualified syntax `unlock(...)` to keep using the current method
[INFO] [stderr]    = note: `#[warn(unstable_name_collisions)]` on by default
[INFO] [stderr] 
[INFO] [stderr] warning: non-local `impl` definition, `impl` blocks should be written at the same level as their item
[INFO] [stderr]   --> src/config.rs:8:10
[INFO] [stderr]    |
[INFO] [stderr] 8  | #[derive(Deserialize,Debug,PartialEq)]
[INFO] [stderr]    |          ^----------
[INFO] [stderr]    |          |
[INFO] [stderr]    |          `Deserialize` is not local
[INFO] [stderr]    |          move the `impl` block outside of this constant `_IMPL_DESERIALIZE_FOR_Config`
[INFO] [stderr] 9  | #[serde(default)]
[INFO] [stderr] 10 | pub struct Config {
[INFO] [stderr]    |            ------ `Config` is not local
[INFO] [stderr]    |
[INFO] [stderr]    = note: the derive macro `Deserialize` defines the non-local `impl`, and may need to be changed
[INFO] [stderr]    = note: the derive macro `Deserialize` may come from an old version of the `serde_derive` crate, try updating your dependency with `cargo update -p serde_derive`
[INFO] [stderr]    = note: an `impl` is never scoped, even when it is nested inside an item, as it may impact type checking outside of that item, which can be the case if neither the trait or the self type are at the same nesting level as the `impl`
[INFO] [stderr]    = note: items in an anonymous const item (`const _: () = { ... }`) are treated as in the same scope as the anonymous const's declaration for the purpose of this lint
[INFO] [stderr]    = note: `#[warn(non_local_definitions)]` on by default
[INFO] [stderr]    = note: this warning originates in the derive macro `Deserialize` (in Nightly builds, run with -Z macro-backtrace for more info)
[INFO] [stderr] 
[INFO] [stderr] warning: non-local `impl` definition, `impl` blocks should be written at the same level as their item
[INFO] [stderr]   --> src/config.rs:16:10
[INFO] [stderr]    |
[INFO] [stderr] 16 | #[derive(Deserialize,Debug,PartialEq)]
[INFO] [stderr]    |          ^----------
[INFO] [stderr]    |          |
[INFO] [stderr]    |          `Deserialize` is not local
[INFO] [stderr]    |          move the `impl` block outside of this constant `_IMPL_DESERIALIZE_FOR_AgendaConfig`
[INFO] [stderr] 17 | #[serde(default)]
[INFO] [stderr] 18 | pub struct AgendaConfig {
[INFO] [stderr]    |            ------------ `AgendaConfig` is not local
[INFO] [stderr]    |
[INFO] [stderr]    = note: the derive macro `Deserialize` defines the non-local `impl`, and may need to be changed
[INFO] [stderr]    = note: the derive macro `Deserialize` may come from an old version of the `serde_derive` crate, try updating your dependency with `cargo update -p serde_derive`
[INFO] [stderr]    = note: an `impl` is never scoped, even when it is nested inside an item, as it may impact type checking outside of that item, which can be the case if neither the trait or the self type are at the same nesting level as the `impl`
[INFO] [stderr]    = note: items in an anonymous const item (`const _: () = { ... }`) are treated as in the same scope as the anonymous const's declaration for the purpose of this lint
[INFO] [stderr]    = note: this warning originates in the derive macro `Deserialize` (in Nightly builds, run with -Z macro-backtrace for more info)
[INFO] [stderr] 
[INFO] [stderr] warning: non-local `impl` definition, `impl` blocks should be written at the same level as their item
[INFO] [stderr]   --> src/config.rs:23:10
[INFO] [stderr]    |
[INFO] [stderr] 23 | #[derive(Deserialize,Debug,PartialEq)]
[INFO] [stderr]    |          ^----------
[INFO] [stderr]    |          |
[INFO] [stderr]    |          `Deserialize` is not local
[INFO] [stderr]    |          move the `impl` block outside of this constant `_IMPL_DESERIALIZE_FOR_CalendarConfig`
[INFO] [stderr] 24 | pub struct CalendarConfig {
[INFO] [stderr]    |            -------------- `CalendarConfig` is not local
[INFO] [stderr]    |
[INFO] [stderr]    = note: the derive macro `Deserialize` defines the non-local `impl`, and may need to be changed
[INFO] [stderr]    = note: the derive macro `Deserialize` may come from an old version of the `serde_derive` crate, try updating your dependency with `cargo update -p serde_derive`
[INFO] [stderr]    = note: an `impl` is never scoped, even when it is nested inside an item, as it may impact type checking outside of that item, which can be the case if neither the trait or the self type are at the same nesting level as the `impl`
[INFO] [stderr]    = note: items in an anonymous const item (`const _: () = { ... }`) are treated as in the same scope as the anonymous const's declaration for the purpose of this lint
[INFO] [stderr]    = note: this warning originates in the derive macro `Deserialize` (in Nightly builds, run with -Z macro-backtrace for more info)
[INFO] [stderr] 
[INFO] [stderr] warning: non-local `impl` definition, `impl` blocks should be written at the same level as their item
[INFO] [stderr]   --> src/config.rs:28:10
[INFO] [stderr]    |
[INFO] [stderr] 28 | #[derive(Deserialize,Debug,PartialEq)]
[INFO] [stderr]    |          ^----------
[INFO] [stderr]    |          |
[INFO] [stderr]    |          `Deserialize` is not local
[INFO] [stderr]    |          move the `impl` block outside of this constant `_IMPL_DESERIALIZE_FOR_LocalTZConfig`
[INFO] [stderr] 29 | pub struct LocalTZConfig {
[INFO] [stderr]    |            ------------- `LocalTZConfig` is not local
[INFO] [stderr]    |
[INFO] [stderr]    = note: the derive macro `Deserialize` defines the non-local `impl`, and may need to be changed
[INFO] [stderr]    = note: the derive macro `Deserialize` may come from an old version of the `serde_derive` crate, try updating your dependency with `cargo update -p serde_derive`
[INFO] [stderr]    = note: an `impl` is never scoped, even when it is nested inside an item, as it may impact type checking outside of that item, which can be the case if neither the trait or the self type are at the same nesting level as the `impl`
[INFO] [stderr]    = note: items in an anonymous const item (`const _: () = { ... }`) are treated as in the same scope as the anonymous const's declaration for the purpose of this lint
[INFO] [stderr]    = note: this warning originates in the derive macro `Deserialize` (in Nightly builds, run with -Z macro-backtrace for more info)
[INFO] [stderr] 
[INFO] [stderr] warning: use of deprecated constant `std::sync::ONCE_INIT`: the `Once::new()` function is now preferred
[INFO] [stderr]    --> src/testdata.rs:276:23
[INFO] [stderr]     |
[INFO] [stderr] 276 | use std::sync::{Once, ONCE_INIT};
[INFO] [stderr]     |                       ^^^^^^^^^
[INFO] [stderr]     |
[INFO] [stderr]     = note: `#[warn(deprecated)]` on by default
[INFO] [stderr] 
[INFO] [stderr] warning: use of deprecated constant `std::sync::ONCE_INIT`: the `Once::new()` function is now preferred
[INFO] [stderr]    --> src/testdata.rs:278:21
[INFO] [stderr]     |
[INFO] [stderr] 278 | static INIT: Once = ONCE_INIT;
[INFO] [stderr]     |                     ^^^^^^^^^
[INFO] [stderr]     |
[INFO] [stderr] help: replace the use of the deprecated constant
[INFO] [stderr]     |
[INFO] [stderr] 278 | static INIT: Once = Once::new();
[INFO] [stderr]     |                     ~~~~~~~~~~~
[INFO] [stderr] 
[INFO] [stderr] warning: `khaleesi` (lib) generated 10 warnings (run `cargo fix --lib -p khaleesi` to apply 1 suggestion)
[INFO] [stderr] warning: `khaleesi` (lib test) generated 12 warnings (10 duplicates) (run `cargo fix --lib -p khaleesi --tests` to apply 1 suggestion)
[INFO] [stderr]     Finished `test` profile [unoptimized + debuginfo] target(s) in 0.11s
[INFO] [stderr] warning: the following packages contain code that will be rejected by a future version of Rust: cexpr v0.3.5, nom v4.2.3
[INFO] [stderr] note: to see what the problems were, use the option `--future-incompat-report`, or run `cargo report future-incompatibilities --id 1`
[INFO] [stderr]      Running unittests src/lib.rs (/opt/rustwide/target/debug/deps/khaleesi-222cd847ff860b09)
[INFO] [stdout] 
[INFO] [stdout] running 215 tests
[INFO] [stdout] test actions::agenda::integration::test_event_line_multiday_allday ... ok
[INFO] [stdout] test actions::agenda::integration::test_event_line_negative ... ok
[INFO] [stdout] test actions::agenda::integration::test_event_line_cursor ... ok
[INFO] [stdout] test actions::agenda::integration::test_event_line_simple ... ok
[INFO] [stdout] test actions::agenda::integration::test_starts_on ... ok
[INFO] [stdout] test actions::agenda::integration::test_event_line_multiday ... ok
[INFO] [stdout] test actions::copy::integration::copy_test ... ok
[INFO] [stdout] test actions::agenda::integration::test_continues_after_allday ... ok
[INFO] [stdout] test actions::cursor::integration::test_with_stdin ... ok
[INFO] [stdout] test actions::agenda::integration::test_continues_after_simple ... ok
[INFO] [stdout] test actions::cursor::integration::test_cursor_sequence_move_prev_at_end ... ok
[INFO] [stdout] test actions::delete::tests::test_do_delete_cursor ... ok
[INFO] [stdout] test actions::get::integration::test_get_calendars ... ok
[INFO] [stdout] test actions::agenda::integration::test_stdout_simple ... ok
[INFO] [stdout] test actions::index::bucketable::tests::buckets_multi_day_allday ... ok
[INFO] [stdout] test actions::cursor::integration::test_no_stdin ... ok
[INFO] [stdout] test actions::index::bucketable::tests::merge_test ... ok
[INFO] [stdout] test actions::index::indextime::tests::test_write_read ... ok
[INFO] [stdout] test actions::cursor::integration::test_cursor_sequence_move_next ... ok
[INFO] [stdout] test actions::index::bucketable::tests::buckets_single_event ... ok
[INFO] [stdout] test actions::modify::integration::test_do_modify_dry_run ... ok
[INFO] [stdout] test actions::index::action::integration::test_index ... ok
[INFO] [stdout] test actions::edit::integration::edit_test ... ok
[INFO] [stdout] test actions::modify::integration::test_do_modify ... ok
[INFO] [stdout] test actions::new::integration::test_parse_calendar ... ok
[INFO] [stdout] test actions::new::integration::test_parse_from ... ok
[INFO] [stdout] test actions::new::integration::test_parse_location ... ok
[INFO] [stdout] test actions::new::integration::test_parse_from_args ... ok
[INFO] [stdout] test actions::new::integration::test_parse_summary ... ok
[INFO] [stdout] test actions::new::integration::test_do_new ... ok
[INFO] [stdout] test actions::new::integration::test_parse_to ... ok
[INFO] [stdout] test actions::index::bucketable::tests::buckets_simple_recurring_event ... ok
[INFO] [stdout] test actions::new::integration::test_with_eventprops ... ok
[INFO] [stdout] test actions::seq::integration::test_no_stdin ... ok
[INFO] [stdout] test actions::seq::integration::test_with_stdin ... ok
[INFO] [stdout] test actions::seq::integration::test_with_stdin_stdout ... ok
[INFO] [stdout] test actions::show::integration::test_ ... ok
[INFO] [stdout] test actions::undo::integration::test_do_undo ... ok
[INFO] [stdout] test actions::undo::tests::test_get_most_recent_backup ... ok
[INFO] [stdout] test actions::new::integration::test_parse_calendar_neg ... ok
[INFO] [stdout] test actions::new::integration::test_parse_summary_neg ... ok
[INFO] [stdout] test actions::cursor::integration::test_with_stdin_linebreak ... ok
[INFO] [stdout] test backup::tests::backup_test ... ok
[INFO] [stdout] test actions::undo::tests::test_restore_file_from_backup ... ok
[INFO] [stdout] test actions::new::integration::test_parse_location_neg ... ok
[INFO] [stdout] test actions::new::integration::test_parse_from_neg ... ok
[INFO] [stdout] test config::tests::test_get_local_tz ... ok
[INFO] [stdout] test config::tests::test_get_style_for_calendar ... ok
[INFO] [stdout] test actions::new::integration::test_parse_to_neg ... ok
[INFO] [stdout] test actions::undo::tests::test_restore_file_from_backup_overwrite ... ok
[INFO] [stdout] test calendars::tests::test ... ok
[INFO] [stdout] test config::tests::test_read_config ... ok
[INFO] [stdout] test cursorfile::tests::read_cursorfile_broken ... ok
[INFO] [stdout] test cursorfile::tests::read_cursorfile_empty ... ok
[INFO] [stdout] test icalwrap::icalcomponent::tests::get_property_by_name_test ... ok
[INFO] [stdout] test config::tests::test_read_config_none ... ok
[INFO] [stdout] test cursorfile::tests::write_cursorfile_ok ... ok
[INFO] [stdout] test icalwrap::icalcomponent::tests::get_property_test_cal ... ok
[INFO] [stdout] test icalwrap::icalcomponent::tests::get_property_test_lastmodified ... ok
[INFO] [stdout] test cursorfile::tests::read_cursorfile_ok ... ok
[INFO] [stdout] test icalwrap::icalduration::tests::test_add ... ok
[INFO] [stdout] test icalwrap::icalduration::tests::test_cmp ... ok
[INFO] [stdout] test icalwrap::icalduration::tests::test_display ... ok
[INFO] [stdout] test icalwrap::icalduration::tests::test_from_chrono ... ok
[INFO] [stdout] test icalwrap::icalduration::tests::test_parse ... ok
[INFO] [stdout] test icalwrap::icalduration::tests::test_parse_fail ... ok
[INFO] [stdout] test icalwrap::icalduration::tests::test_to_chrono ... ok
[INFO] [stdout] test icalwrap::icalcomponent::tests::get_property_test ... ok
[INFO] [stdout] test icalwrap::icaltime::tests::test_from_local ... ok
[INFO] [stdout] test icalwrap::icaltime::tests::test_add ... ok
[INFO] [stdout] test icalwrap::icaltime::tests::test_from_utc_date ... ok
[INFO] [stdout] test icalwrap::icaltime::tests::test_get_timezone_negative ... ok
[INFO] [stdout] test icalwrap::icaltime::tests::test_into_local_datetime ... ok
[INFO] [stdout] test icalwrap::icaltime::tests::test_into_local_date ... ok
[INFO] [stdout] test cursorfile::tests::write_cursorfile_failed ... ok
[INFO] [stdout] test icalwrap::icaltime::tests::test_from_local_date ... ok
[INFO] [stdout] test icalwrap::icaltime::tests::test_into_utc_date ... ok
[INFO] [stdout] test icalwrap::icaltime::tests::test_parse ... ok
[INFO] [stdout] test icalwrap::icalcomponent::tests::get_property_test_negative ... ok
[INFO] [stdout] test icalwrap::icaltime::tests::test_local ... ok
[INFO] [stdout] test icalwrap::icaltime::tests::test_into_local_datetime_utc ... ok
[INFO] [stdout] test icalwrap::icaltime::tests::test_pred ... ok
[INFO] [stdout] test icalwrap::icaltime::tests::test_parse_negative ... ok
[INFO] [stdout] test icalwrap::icaltimezone::tests::test_from_name ... ok
[INFO] [stdout] test icalwrap::icaltime::tests::test_with_timezone ... ok
[INFO] [stdout] test icalwrap::icaltime::tests::test_into_utc_datetime ... ok
[INFO] [stdout] test icalwrap::icaltime::tests::test_succ ... ok
[INFO] [stdout] test icalwrap::icaltime::tests::test_now ... ok
[INFO] [stdout] test icalwrap::icaltimezone::tests::test_from_name_fail ... ok
[INFO] [stdout] test icalwrap::icaltimezone::tests::test_get_offset_utc ... ok
[INFO] [stdout] test icalwrap::icaltimezone::tests::test_utc ... ok
[INFO] [stdout] test icalwrap::icaltimezone::tests::test_get_offset_local ... ok
[INFO] [stdout] test icalwrap::icalvcalendar::tests::event_iterator_element_count ... ok
[INFO] [stdout] test icalwrap::icalvcalendar::tests::clone_test ... ok
[INFO] [stdout] test icalwrap::icalvcalendar::tests::event_iterator_element_count_with_other ... ok
[INFO] [stdout] test icalwrap::icaltimezone::tests::test_get_offset_eastern ... ok
[INFO] [stdout] test icalwrap::icaltimezone::tests::test_ymd ... ok
[INFO] [stdout] test icalwrap::icalvcalendar::tests::get_calendar_name_test ... ok
[INFO] [stdout] test icalwrap::icalvcalendar::tests::parse_checker_test ... ok
[INFO] [stdout] test icalwrap::icaltimezone::tests::test_local ... ok
[INFO] [stdout] test icalwrap::icalvcalendar::tests::parse_checker_test_empty_summary ... ok
[INFO] [stdout] test icalwrap::icalvcalendar::tests::load_serialize_with_error ... ok
[INFO] [stdout] test icalwrap::icalvcalendar::tests::test_from_str_empty ... ok
[INFO] [stdout] test icalwrap::icalvcalendar::tests::test_from_str_event ... ok
[INFO] [stdout] test icalwrap::icalvcalendar::tests::test_get_all_properties_cal ... ok
[INFO] [stdout] test icalwrap::icalvcalendar::tests::parse_checker_test_negative ... ok
[INFO] [stdout] test actions::delete::tests::test_do_delete_no_cursor - should panic ... ok
[INFO] [stdout] test actions::undo::tests::test_get_most_recent_backup_negative - should panic ... ok
[INFO] [stdout] test icalwrap::icalvcalendar::tests::parse_checker_test_no_prodid ... ok
[INFO] [stdout] test icalwrap::icalvcalendar::tests::parse_checker_test_no_uid ... ok
[INFO] [stdout] test icalwrap::icaltimezone::tests::test_ymd_and_hms ... ok
[INFO] [stdout] test icalwrap::icalvcalendar::tests::test_with_last_modified_now ... ok
[INFO] [stdout] test icalwrap::icalvcalendar::tests::test_with_location ... ok
[INFO] [stdout] test icalwrap::icalvcalendar::tests::test_with_dtend ... ok
[INFO] [stdout] test icalwrap::icalvcalendar::tests::test_with_dtstart ... ok
[INFO] [stdout] test icalwrap::icalvcalendar::tests::test_with_summary ... ok
[INFO] [stdout] test icalwrap::icalvcalendar::tests::with_uid_multiple_test ... ok
[INFO] [stdout] test icalwrap::icalvcalendar::tests::with_keep_uid_test ... ok
[INFO] [stdout] test icalwrap::icalvcalendar::tests::with_uid_test ... ok
[INFO] [stdout] test icalwrap::icalvevent::tests::test_get_description_none ... ok
[INFO] [stdout] test icalwrap::icalvevent::tests::test_get_description ... ok
[INFO] [stdout] test icalwrap::icalvevent::tests::test_get_all_properties ... ok
[INFO] [stdout] test icalwrap::icalvevent::tests::test_get_dtend_negative ... ok
[INFO] [stdout] test icalwrap::icalvcalendar::tests::test_with_dtstart_timezone ... ok
[INFO] [stdout] test icalwrap::icalvevent::tests::test_get_duration_internal_normal ... ok
[INFO] [stdout] test icalwrap::icalvevent::tests::test_get_dtstart_negative ... ok
[INFO] [stdout] test icalwrap::icalvevent::tests::test_get_duration_inernal_startdate_only ... FAILED
[INFO] [stdout] test icalwrap::icalvcalendar::tests::test_with_last_modified_now_added ... ok
[INFO] [stdout] test icalwrap::icalvcalendar::tests::with_dtstamp_test ... ok
[INFO] [stdout] test icalwrap::icalvevent::tests::test_get_duration_normal ... ok
[INFO] [stdout] test icalwrap::icalvevent::tests::test_get_duration_startdate_only ... ok
[INFO] [stdout] test icalwrap::icalvevent::tests::test_get_location_none ... ok
[INFO] [stdout] test icalwrap::icalvevent::tests::test_get_property_debug ... ok
[INFO] [stdout] test icalwrap::icalvevent::tests::test_get_property_get_value ... ok
[INFO] [stdout] test icalwrap::icalvevent::tests::test_get_summary ... ok
[INFO] [stdout] test icalwrap::icalvevent::tests::test_get_duration_startdatetime_only ... ok
[INFO] [stdout] test icalwrap::icalvevent::tests::test_get_duration_internal_startdatetime_only ... ok
[INFO] [stdout] test icalwrap::icalvevent::tests::test_get_location ... ok
[INFO] [stdout] test icalwrap::icalvevent::tests::test_get_summary_none ... ok
[INFO] [stdout] test khevent::tests::recur_datetimes_test ... ok
[INFO] [stdout] test khevent::tests::recur_iterator_test ... ok
[INFO] [stdout] test icalwrap::icalvevent::tests::test_get_dtstart ... ok
[INFO] [stdout] test input::tests::test_default_input_khline ... ok
[INFO] [stdout] test khevent::tests::get_duration_test ... ok
[INFO] [stdout] test icalwrap::icalvevent::tests::test_get_dtend ... ok
[INFO] [stdout] test khevent::tests::test_get_dtstart ... ok
[INFO] [stdout] test khevent::tests::test_is_recur_master ... ok
[INFO] [stdout] test khevent::tests::test_is_recur_valid_dtstart ... ok
[INFO] [stdout] test khevent::tests::test_is_recur_valid_other ... ok
[INFO] [stdout] test khevent::tests::test_is_recur_master_invalid ... ok
[INFO] [stdout] test khevent::tests::test_is_recur_valid_nonrecur ... ok
[INFO] [stdout] test khevent::tests::test_is_recur_valid_master ... ok
[INFO] [stdout] test khevent::tests::test_is_recur_master_instance ... ok
[INFO] [stdout] test icalwrap::icalvcalendar::tests::load_serialize ... FAILED
[INFO] [stdout] test khevent::tests::test_is_recur_valid_incorrect ... ok
[INFO] [stdout] test khline::tests::test_khline_from_event ... ok
[INFO] [stdout] test khline::tests::test_matches ... ok
[INFO] [stdout] test khline::tests::test_to_event_timestamp ... ignored
[INFO] [stdout] test khline::tests::test_parse_absolute_no_timestamp ... ok
[INFO] [stdout] test khline::tests::test_parse_relative_timestamp ... ok
[INFO] [stdout] test selectors::cal::tests::test_cal_negative ... ok
[INFO] [stdout] test selectors::cal::tests::test_cal_second ... ok
[INFO] [stdout] test khline::tests::test_parse_absolute ... ok
[INFO] [stdout] test selectors::cal::tests::test_cal_first ... ok
[INFO] [stdout] test khline::tests::test_empty_string ... ok
[INFO] [stdout] test selectors::daterange::tests::test_from_begins_after ... ok
[INFO] [stdout] test khline::tests::test_khline_from_calendar ... ok
[INFO] [stdout] test khline::tests::test_parse_relative_no_timestamp ... ok
[INFO] [stdout] test selectors::daterange::tests::test_from_redundant ... ok
[INFO] [stdout] test selectors::daterange::tests::test_to_begins_redundant ... ok
[INFO] [stdout] test selectors::daterange::tests::test_to_ends_before ... ok
[INFO] [stdout] test selectors::daterange::tests::test_to_week_after ... ok
[INFO] [stdout] test selectors::daterange::tests::test_to_week_before ... ok
[INFO] [stdout] test selectors::grep::tests::test_grep ... ok
[INFO] [stdout] test selectors::grep::tests::test_grep_case ... ok
[INFO] [stdout] test selectors::grep::tests::test_grep_description ... ok
[INFO] [stdout] test selectors::grep::tests::test_grep_location ... ok
[INFO] [stdout] test selectors::grep::tests::test_grep_negative ... ok
[INFO] [stdout] test selectors::daterange::tests::test_from_week_after ... ok
[INFO] [stdout] test selectors::prop::tests::test_prop ... ok
[INFO] [stdout] test selectors::daterange::tests::test_from_ends_before ... ok
[INFO] [stdout] test khline::tests::test_to_event_no_timestamp ... ok
[INFO] [stdout] test selectors::daterange::tests::test_from_begins_before_ends_after ... ok
[INFO] [stdout] test selectors::daterange::tests::test_from_week_before ... ok
[INFO] [stdout] test selectors::prop::tests::test_prop_negative ... ok
[INFO] [stdout] test selectors::prop::tests::test_prop_nocase ... ok
[INFO] [stdout] test selectors::range::tests::test_index_range_lower ... ok
[INFO] [stdout] test selectors::range::tests::test_index_range_middle ... ok
[INFO] [stdout] test selectors::daterange::tests::test_to_begins_after ... ok
[INFO] [stdout] test selectors::daterange::tests::test_to_begins_before_ends_after ... ok
[INFO] [stdout] test selectors::range::tests::test_index_range_negative ... ok
[INFO] [stdout] test selectors::range::tests::test_index_range_upper ... ok
[INFO] [stdout] test selectors::range::tests::test_index_single ... ok
[INFO] [stdout] test selectors::range::tests::test_index_single_negative ... ok
[INFO] [stdout] test selectors::test::tests::test_parse_range_check ... ok
[INFO] [stdout] test utils::dateutil::tests::test_find_local_timezone ... ok
[INFO] [stdout] test utils::dateutil::tests::test_datetime_from_timestamp ... ok
[INFO] [stdout] test utils::dateutil::tests::test_week_from_str_begin ... FAILED
[INFO] [stdout] test utils::dateutil::tests::test_week_from_str_begin_current_year ... FAILED
[INFO] [stdout] test seqfile::tests::write_to_seqfile_test ... ok
[INFO] [stdout] test utils::dateutil::tests::test_date_from_str ... ok
[INFO] [stdout] test utils::dateutil::tests::test_date_from_str_negative - should panic ... ok
[INFO] [stdout] test utils::dateutil::tests::test_week_from_str_begin_neg - should panic ... ok
[INFO] [stdout] test utils::dateutil::tests::test_week_from_str_end_neg - should panic ... ok
[INFO] [stdout] test utils::dateutil::tests::test_week_from_str_end ... FAILED
[INFO] [stdout] test utils::dateutil::tests::test_week_from_str_end_current_year ... FAILED
[INFO] [stdout] test seqfile::tests::read_seqfile_test ... ok
[INFO] [stdout] test seqfile::tests::read_seqfile_khlines_test ... ok
[INFO] [stdout] test utils::misc::tests::joinlines_test ... ok
[INFO] [stdout] test utils::misc::tests::format_duration_test ... ok
[INFO] [stdout] test utils::fileutil::tests::test_append_file ... ok
[INFO] [stdout] test utils::lock::tests::test_lock_fail ... ok
[INFO] [stdout] test utils::stdioutils::tests::read_single_char_test ... ok
[INFO] [stdout] test utils::fileutil::tests::test_write_file ... ok
[INFO] [stdout] test utils::lock::tests::test_lock ... ok
[INFO] [stdout] 
[INFO] [stdout] failures:
[INFO] [stdout] 
[INFO] [stdout] ---- icalwrap::icalvevent::tests::test_get_duration_inernal_startdate_only stdout ----
[INFO] [stdout] thread 'icalwrap::icalvevent::tests::test_get_duration_inernal_startdate_only' panicked at src/icalwrap/icalvevent.rs:327:5:
[INFO] [stdout] assertion failed: event.get_duration_internal().is_none()
[INFO] [stdout] stack backtrace:
[INFO] [stdout]    0:     0x63e50124778a - std::backtrace_rs::backtrace::libunwind::trace::h8810477743020387
[INFO] [stdout]                                at /rustc/202008a1b8de96d2e5b6bc02d379db03a877d34d/library/std/src/../../backtrace/src/backtrace/libunwind.rs:116:5
[INFO] [stdout]    1:     0x63e50124778a - std::backtrace_rs::backtrace::trace_unsynchronized::h3aa55355dd6c54a6
[INFO] [stdout]                                at /rustc/202008a1b8de96d2e5b6bc02d379db03a877d34d/library/std/src/../../backtrace/src/backtrace/mod.rs:66:5
[INFO] [stdout]    2:     0x63e50124778a - std::sys::backtrace::_print_fmt::h8588b0f62410823f
[INFO] [stdout]                                at /rustc/202008a1b8de96d2e5b6bc02d379db03a877d34d/library/std/src/sys/backtrace.rs:66:9
[INFO] [stdout]    3:     0x63e50124778a - <std::sys::backtrace::BacktraceLock::print::DisplayBacktrace as core::fmt::Display>::fmt::h98c26ac25ffe89bb
[INFO] [stdout]                                at /rustc/202008a1b8de96d2e5b6bc02d379db03a877d34d/library/std/src/sys/backtrace.rs:39:26
[INFO] [stdout]    4:     0x63e501271f43 - core::fmt::rt::Argument::fmt::hf95377f4aebd453b
[INFO] [stdout]                                at /rustc/202008a1b8de96d2e5b6bc02d379db03a877d34d/library/core/src/fmt/rt.rs:177:76
[INFO] [stdout]    5:     0x63e501271f43 - core::fmt::write::h0dd5f6e2238c7982
[INFO] [stdout]                                at /rustc/202008a1b8de96d2e5b6bc02d379db03a877d34d/library/core/src/fmt/mod.rs:1189:21
[INFO] [stdout]    6:     0x63e5012437e3 - std::io::Write::write_fmt::h03bb0ca26e6faf8c
[INFO] [stdout]                                at /rustc/202008a1b8de96d2e5b6bc02d379db03a877d34d/library/std/src/io/mod.rs:1884:15
[INFO] [stdout]    7:     0x63e5012475d2 - std::sys::backtrace::BacktraceLock::print::h5c19c1c038ee186d
[INFO] [stdout]                                at /rustc/202008a1b8de96d2e5b6bc02d379db03a877d34d/library/std/src/sys/backtrace.rs:42:9
[INFO] [stdout]    8:     0x63e501248c0d - std::panicking::default_hook::{{closure}}::h77172f079a1fcb13
[INFO] [stdout]                                at /rustc/202008a1b8de96d2e5b6bc02d379db03a877d34d/library/std/src/panicking.rs:268:22
[INFO] [stdout]    9:     0x63e501248a17 - std::panicking::default_hook::he5f8e3b203ccddba
[INFO] [stdout]                                at /rustc/202008a1b8de96d2e5b6bc02d379db03a877d34d/library/std/src/panicking.rs:292:9
[INFO] [stdout]   10:     0x63e500f01837 - <alloc::boxed::Box<F,A> as core::ops::function::Fn<Args>>::call::h7a3c7b4a1ae77f2f
[INFO] [stdout]                                at /rustc/202008a1b8de96d2e5b6bc02d379db03a877d34d/library/alloc/src/boxed.rs:1986:9
[INFO] [stdout]   11:     0x63e500f01837 - test::test_main::{{closure}}::hf0d3b69ae9b353d1
[INFO] [stdout]                                at /rustc/202008a1b8de96d2e5b6bc02d379db03a877d34d/library/test/src/lib.rs:134:21
[INFO] [stdout]   12:     0x63e5012492b8 - <alloc::boxed::Box<F,A> as core::ops::function::Fn<Args>>::call::h6332e82e7b189abd
[INFO] [stdout]                                at /rustc/202008a1b8de96d2e5b6bc02d379db03a877d34d/library/alloc/src/boxed.rs:1986:9
[INFO] [stdout]   13:     0x63e5012492b8 - std::panicking::rust_panic_with_hook::h53863d4e9018df39
[INFO] [stdout]                                at /rustc/202008a1b8de96d2e5b6bc02d379db03a877d34d/library/std/src/panicking.rs:809:13
[INFO] [stdout]   14:     0x63e501249046 - std::panicking::begin_panic_handler::{{closure}}::h67280e6fa0757873
[INFO] [stdout]                                at /rustc/202008a1b8de96d2e5b6bc02d379db03a877d34d/library/std/src/panicking.rs:667:13
[INFO] [stdout]   15:     0x63e501247c69 - std::sys::backtrace::__rust_end_short_backtrace::h1dac3f54d6fbbeb2
[INFO] [stdout]                                at /rustc/202008a1b8de96d2e5b6bc02d379db03a877d34d/library/std/src/sys/backtrace.rs:170:18
[INFO] [stdout]   16:     0x63e501248d0c - rust_begin_unwind
[INFO] [stdout]                                at /rustc/202008a1b8de96d2e5b6bc02d379db03a877d34d/library/std/src/panicking.rs:665:5
[INFO] [stdout]   17:     0x63e500dce3f0 - core::panicking::panic_fmt::h6792bd1b2bf01041
[INFO] [stdout]                                at /rustc/202008a1b8de96d2e5b6bc02d379db03a877d34d/library/core/src/panicking.rs:76:14
[INFO] [stdout]   18:     0x63e500dce47c - core::panicking::panic::hbb5c236a846c507c
[INFO] [stdout]                                at /rustc/202008a1b8de96d2e5b6bc02d379db03a877d34d/library/core/src/panicking.rs:148:5
[INFO] [stdout]   19:     0x63e500e48799 - khaleesi::icalwrap::icalvevent::tests::test_get_duration_inernal_startdate_only::h5bc8eb7cf2d1934b
[INFO] [stdout]                                at /opt/rustwide/workdir/src/icalwrap/icalvevent.rs:327:5
[INFO] [stdout]   20:     0x63e500e485c7 - khaleesi::icalwrap::icalvevent::tests::test_get_duration_inernal_startdate_only::{{closure}}::h3a1de9e88ad66c4b
[INFO] [stdout]                                at /opt/rustwide/workdir/src/icalwrap/icalvevent.rs:323:48
[INFO] [stdout]   21:     0x63e500e16bb6 - core::ops::function::FnOnce::call_once::h73ea689f2b62255f
[INFO] [stdout]                                at /rustc/202008a1b8de96d2e5b6bc02d379db03a877d34d/library/core/src/ops/function.rs:250:5
[INFO] [stdout]   22:     0x63e500f0635b - core::ops::function::FnOnce::call_once::h871bf86719ec9aa4
[INFO] [stdout]                                at /rustc/202008a1b8de96d2e5b6bc02d379db03a877d34d/library/core/src/ops/function.rs:250:5
[INFO] [stdout]   23:     0x63e500f0635b - test::__rust_begin_short_backtrace::h2167df1e2b7d76fd
[INFO] [stdout]                                at /rustc/202008a1b8de96d2e5b6bc02d379db03a877d34d/library/test/src/lib.rs:632:18
[INFO] [stdout]   24:     0x63e500f05d48 - test::run_test_in_process::{{closure}}::h15d92f75a3adfb79
[INFO] [stdout]                                at /rustc/202008a1b8de96d2e5b6bc02d379db03a877d34d/library/test/src/lib.rs:655:60
[INFO] [stdout]   25:     0x63e500f05d48 - <core::panic::unwind_safe::AssertUnwindSafe<F> as core::ops::function::FnOnce<()>>::call_once::hb6c8955835a8dbbb
[INFO] [stdout]                                at /rustc/202008a1b8de96d2e5b6bc02d379db03a877d34d/library/core/src/panic/unwind_safe.rs:272:9
[INFO] [stdout]   26:     0x63e500f05d48 - std::panicking::try::do_call::hc79d0fc888a0bd30
[INFO] [stdout]                                at /rustc/202008a1b8de96d2e5b6bc02d379db03a877d34d/library/std/src/panicking.rs:557:40
[INFO] [stdout]   27:     0x63e500f05d48 - std::panicking::try::hb8a7878e3a8589d6
[INFO] [stdout]                                at /rustc/202008a1b8de96d2e5b6bc02d379db03a877d34d/library/std/src/panicking.rs:520:19
[INFO] [stdout]   28:     0x63e500f05d48 - std::panic::catch_unwind::hb8e4600ff0ff5cfa
[INFO] [stdout]                                at /rustc/202008a1b8de96d2e5b6bc02d379db03a877d34d/library/std/src/panic.rs:358:14
[INFO] [stdout]   29:     0x63e500f05d48 - test::run_test_in_process::hc2900b0b18688dd6
[INFO] [stdout]                                at /rustc/202008a1b8de96d2e5b6bc02d379db03a877d34d/library/test/src/lib.rs:655:27
[INFO] [stdout]   30:     0x63e500f05d48 - test::run_test::{{closure}}::hac2a9cb07be3d48d
[INFO] [stdout]                                at /rustc/202008a1b8de96d2e5b6bc02d379db03a877d34d/library/test/src/lib.rs:576:43
[INFO] [stdout]   31:     0x63e500ec97ea - test::run_test::{{closure}}::h4a5b729e66a38cd8
[INFO] [stdout]                                at /rustc/202008a1b8de96d2e5b6bc02d379db03a877d34d/library/test/src/lib.rs:606:41
[INFO] [stdout]   32:     0x63e500ec97ea - std::sys::backtrace::__rust_begin_short_backtrace::h0496fb742492f573
[INFO] [stdout]                                at /rustc/202008a1b8de96d2e5b6bc02d379db03a877d34d/library/std/src/sys/backtrace.rs:154:18
[INFO] [stdout]   33:     0x63e500ecd164 - std::thread::Builder::spawn_unchecked_::{{closure}}::{{closure}}::hbb6d257c550a54bd
[INFO] [stdout]                                at /rustc/202008a1b8de96d2e5b6bc02d379db03a877d34d/library/std/src/thread/mod.rs:561:17
[INFO] [stdout]   34:     0x63e500ecd164 - <core::panic::unwind_safe::AssertUnwindSafe<F> as core::ops::function::FnOnce<()>>::call_once::h46696fe4a6832328
[INFO] [stdout]                                at /rustc/202008a1b8de96d2e5b6bc02d379db03a877d34d/library/core/src/panic/unwind_safe.rs:272:9
[INFO] [stdout]   35:     0x63e500ecd164 - std::panicking::try::do_call::h2625a51b667bfb64
[INFO] [stdout]                                at /rustc/202008a1b8de96d2e5b6bc02d379db03a877d34d/library/std/src/panicking.rs:557:40
[INFO] [stdout]   36:     0x63e500ecd164 - std::panicking::try::hb956a59a1973aa4c
[INFO] [stdout]                                at /rustc/202008a1b8de96d2e5b6bc02d379db03a877d34d/library/std/src/panicking.rs:520:19
[INFO] [stdout]   37:     0x63e500ecd164 - std::panic::catch_unwind::h64f3b9d1067ef6a0
[INFO] [stdout]                                at /rustc/202008a1b8de96d2e5b6bc02d379db03a877d34d/library/std/src/panic.rs:358:14
[INFO] [stdout]   38:     0x63e500ecd164 - std::thread::Builder::spawn_unchecked_::{{closure}}::h42b2841295b6c0b2
[INFO] [stdout]                                at /rustc/202008a1b8de96d2e5b6bc02d379db03a877d34d/library/std/src/thread/mod.rs:559:30
[INFO] [stdout]   39:     0x63e500ecd164 - core::ops::function::FnOnce::call_once{{vtable.shim}}::h6127de71b8124639
[INFO] [stdout]                                at /rustc/202008a1b8de96d2e5b6bc02d379db03a877d34d/library/core/src/ops/function.rs:250:5
[INFO] [stdout]   40:     0x63e50124ecbb - <alloc::boxed::Box<F,A> as core::ops::function::FnOnce<Args>>::call_once::h42f0ba71002a1b2c
[INFO] [stdout]                                at /rustc/202008a1b8de96d2e5b6bc02d379db03a877d34d/library/alloc/src/boxed.rs:1972:9
[INFO] [stdout]   41:     0x63e50124ecbb - <alloc::boxed::Box<F,A> as core::ops::function::FnOnce<Args>>::call_once::had9e47d7a3dcecb8
[INFO] [stdout]                                at /rustc/202008a1b8de96d2e5b6bc02d379db03a877d34d/library/alloc/src/boxed.rs:1972:9
[INFO] [stdout]   42:     0x63e50124ecbb - std::sys::pal::unix::thread::Thread::new::thread_start::h48cf765408f6f5f2
[INFO] [stdout]                                at /rustc/202008a1b8de96d2e5b6bc02d379db03a877d34d/library/std/src/sys/pal/unix/thread.rs:105:17
[INFO] [stdout]   43:     0x712864118ac3 - <unknown>
[INFO] [stdout]   44:     0x7128641a9a04 - clone
[INFO] [stdout]   45:                0x0 - <unknown>
[INFO] [stdout] 
[INFO] [stdout] ---- icalwrap::icalvcalendar::tests::load_serialize stdout ----
[INFO] [stdout] thread 'icalwrap::icalvcalendar::tests::load_serialize' panicked at src/icalwrap/icalvcalendar.rs:434:5:
[INFO] [stdout] assertion failed: `(left == right)`
[INFO] [stdout] 
[INFO] [stdout] [1mDiff[0m [31m< left[0m / [32mright >[0m :
[INFO] [stdout] [31m<[0m[31m"BEGIN:VCALENDAR\nVERSION:2.0\nPRODID:-//ABC Corporation//NONSGML My Product//EN\nBEGIN:VEVENT\nUID:20070423T123432Z-541111@example.com\nDTSTAMP:20070423T123432Z\nDTSTART[0m[31m:20070628T132900\nDTEND[0m[31m:20070709T072900\nSUMMARY:Festival International de Jazz de Montreal\nLOCATION:LDB Lobby\nTRANSP:TRANSPARENT\nEND:VEVENT\nEND:VCALENDAR"[0m
[INFO] [stdout] [32m>[0m[32m"BEGIN:VCALENDAR\nVERSION:2.0\nPRODID:-//ABC Corporation//NONSGML My Product//EN\nBEGIN:VEVENT\nUID:20070423T123432Z-541111@example.com\nDTSTAMP:20070423T123432Z\nDTSTART[0m[1;48;5;22;32m;VALUE=DATE[0m[32m:20070628T132900\nDTEND[0m[1;48;5;22;32m;VALUE=DATE[0m[32m:20070709T072900\nSUMMARY:Festival International de Jazz de Montreal\nLOCATION:LDB Lobby\nTRANSP:TRANSPARENT\nEND:VEVENT\nEND:VCALENDAR"[0m
[INFO] [stdout] 
[INFO] [stdout] 
[INFO] [stdout] stack backtrace:
[INFO] [stdout]    0:     0x63e50124778a - std::backtrace_rs::backtrace::libunwind::trace::h8810477743020387
[INFO] [stdout]                                at /rustc/202008a1b8de96d2e5b6bc02d379db03a877d34d/library/std/src/../../backtrace/src/backtrace/libunwind.rs:116:5
[INFO] [stdout]    1:     0x63e50124778a - std::backtrace_rs::backtrace::trace_unsynchronized::h3aa55355dd6c54a6
[INFO] [stdout]                                at /rustc/202008a1b8de96d2e5b6bc02d379db03a877d34d/library/std/src/../../backtrace/src/backtrace/mod.rs:66:5
[INFO] [stdout]    2:     0x63e50124778a - std::sys::backtrace::_print_fmt::h8588b0f62410823f
[INFO] [stdout]                                at /rustc/202008a1b8de96d2e5b6bc02d379db03a877d34d/library/std/src/sys/backtrace.rs:66:9
[INFO] [stdout]    3:     0x63e50124778a - <std::sys::backtrace::BacktraceLock::print::DisplayBacktrace as core::fmt::Display>::fmt::h98c26ac25ffe89bb
[INFO] [stdout]                                at /rustc/202008a1b8de96d2e5b6bc02d379db03a877d34d/library/std/src/sys/backtrace.rs:39:26
[INFO] [stdout]    4:     0x63e501271f43 - core::fmt::rt::Argument::fmt::hf95377f4aebd453b
[INFO] [stdout]                                at /rustc/202008a1b8de96d2e5b6bc02d379db03a877d34d/library/core/src/fmt/rt.rs:177:76
[INFO] [stdout]    5:     0x63e501271f43 - core::fmt::write::h0dd5f6e2238c7982
[INFO] [stdout]                                at /rustc/202008a1b8de96d2e5b6bc02d379db03a877d34d/library/core/src/fmt/mod.rs:1189:21
[INFO] [stdout]    6:     0x63e5012437e3 - std::io::Write::write_fmt::h03bb0ca26e6faf8c
[INFO] [stdout]                                at /rustc/202008a1b8de96d2e5b6bc02d379db03a877d34d/library/std/src/io/mod.rs:1884:15
[INFO] [stdout]    7:     0x63e5012475d2 - std::sys::backtrace::BacktraceLock::print::h5c19c1c038ee186d
[INFO] [stdout]                                at /rustc/202008a1b8de96d2e5b6bc02d379db03a877d34d/library/std/src/sys/backtrace.rs:42:9
[INFO] [stdout]    8:     0x63e501248c0d - std::panicking::default_hook::{{closure}}::h77172f079a1fcb13
[INFO] [stdout]                                at /rustc/202008a1b8de96d2e5b6bc02d379db03a877d34d/library/std/src/panicking.rs:268:22
[INFO] [stdout]    9:     0x63e501248a17 - std::panicking::default_hook::he5f8e3b203ccddba
[INFO] [stdout]                                at /rustc/202008a1b8de96d2e5b6bc02d379db03a877d34d/library/std/src/panicking.rs:292:9
[INFO] [stdout]   10:     0x63e500f01837 - <alloc::boxed::Box<F,A> as core::ops::function::Fn<Args>>::call::h7a3c7b4a1ae77f2f
[INFO] [stdout]                                at /rustc/202008a1b8de96d2e5b6bc02d379db03a877d34d/library/alloc/src/boxed.rs:1986:9
[INFO] [stdout]   11:     0x63e500f01837 - test::test_main::{{closure}}::hf0d3b69ae9b353d1
[INFO] [stdout]                                at /rustc/202008a1b8de96d2e5b6bc02d379db03a877d34d/library/test/src/lib.rs:134:21
[INFO] [stdout]   12:     0x63e5012492b8 - <alloc::boxed::Box<F,A> as core::ops::function::Fn<Args>>::call::h6332e82e7b189abd
[INFO] [stdout]                                at /rustc/202008a1b8de96d2e5b6bc02d379db03a877d34d/library/alloc/src/boxed.rs:1986:9
[INFO] [stdout]   13:     0x63e5012492b8 - std::panicking::rust_panic_with_hook::h53863d4e9018df39
[INFO] [stdout]                                at /rustc/202008a1b8de96d2e5b6bc02d379db03a877d34d/library/std/src/panicking.rs:809:13
[INFO] [stdout]   14:     0x63e50124907a - std::panicking::begin_panic_handler::{{closure}}::h67280e6fa0757873
[INFO] [stdout]                                at /rustc/202008a1b8de96d2e5b6bc02d379db03a877d34d/library/std/src/panicking.rs:674:13
[INFO] [stdout]   15:     0x63e501247c69 - std::sys::backtrace::__rust_end_short_backtrace::h1dac3f54d6fbbeb2
[INFO] [stdout]                                at /rustc/202008a1b8de96d2e5b6bc02d379db03a877d34d/library/std/src/sys/backtrace.rs:170:18
[INFO] [stdout]   16:     0x63e501248d0c - rust_begin_unwind
[INFO] [stdout]                                at /rustc/202008a1b8de96d2e5b6bc02d379db03a877d34d/library/std/src/panicking.rs:665:5
[INFO] [stdout]   17:     0x63e500dce3f0 - core::panicking::panic_fmt::h6792bd1b2bf01041
[INFO] [stdout]                                at /rustc/202008a1b8de96d2e5b6bc02d379db03a877d34d/library/core/src/panicking.rs:76:14
[INFO] [stdout]   18:     0x63e500e25505 - khaleesi::icalwrap::icalvcalendar::tests::load_serialize::h00f29c0e12413c55
[INFO] [stdout]                                at /opt/rustwide/workdir/src/icalwrap/icalvcalendar.rs:434:5
[INFO] [stdout]   19:     0x63e500e25137 - khaleesi::icalwrap::icalvcalendar::tests::load_serialize::{{closure}}::hbd55a2c153a09199
[INFO] [stdout]                                at /opt/rustwide/workdir/src/icalwrap/icalvcalendar.rs:431:22
[INFO] [stdout]   20:     0x63e500e175d6 - core::ops::function::FnOnce::call_once::h9efc4d1dac2e5a6f
[INFO] [stdout]                                at /rustc/202008a1b8de96d2e5b6bc02d379db03a877d34d/library/core/src/ops/function.rs:250:5
[INFO] [stdout]   21:     0x63e500f0635b - core::ops::function::FnOnce::call_once::h871bf86719ec9aa4
[INFO] [stdout]                                at /rustc/202008a1b8de96d2e5b6bc02d379db03a877d34d/library/core/src/ops/function.rs:250:5
[INFO] [stdout]   22:     0x63e500f0635b - test::__rust_begin_short_backtrace::h2167df1e2b7d76fd
[INFO] [stdout]                                at /rustc/202008a1b8de96d2e5b6bc02d379db03a877d34d/library/test/src/lib.rs:632:18
[INFO] [stdout]   23:     0x63e500f05d48 - test::run_test_in_process::{{closure}}::h15d92f75a3adfb79
[INFO] [stdout]                                at /rustc/202008a1b8de96d2e5b6bc02d379db03a877d34d/library/test/src/lib.rs:655:60
[INFO] [stdout]   24:     0x63e500f05d48 - <core::panic::unwind_safe::AssertUnwindSafe<F> as core::ops::function::FnOnce<()>>::call_once::hb6c8955835a8dbbb
[INFO] [stdout]                                at /rustc/202008a1b8de96d2e5b6bc02d379db03a877d34d/library/core/src/panic/unwind_safe.rs:272:9
[INFO] [stdout]   25:     0x63e500f05d48 - std::panicking::try::do_call::hc79d0fc888a0bd30
[INFO] [stdout]                                at /rustc/202008a1b8de96d2e5b6bc02d379db03a877d34d/library/std/src/panicking.rs:557:40
[INFO] [stdout]   26:     0x63e500f05d48 - std::panicking::try::hb8a7878e3a8589d6
[INFO] [stdout]                                at /rustc/202008a1b8de96d2e5b6bc02d379db03a877d34d/library/std/src/panicking.rs:520:19
[INFO] [stdout]   27:     0x63e500f05d48 - std::panic::catch_unwind::hb8e4600ff0ff5cfa
[INFO] [stdout]                                at /rustc/202008a1b8de96d2e5b6bc02d379db03a877d34d/library/std/src/panic.rs:358:14
[INFO] [stdout]   28:     0x63e500f05d48 - test::run_test_in_process::hc2900b0b18688dd6
[INFO] [stdout]                                at /rustc/202008a1b8de96d2e5b6bc02d379db03a877d34d/library/test/src/lib.rs:655:27
[INFO] [stdout]   29:     0x63e500f05d48 - test::run_test::{{closure}}::hac2a9cb07be3d48d
[INFO] [stdout]                                at /rustc/202008a1b8de96d2e5b6bc02d379db03a877d34d/library/test/src/lib.rs:576:43
[INFO] [stdout]   30:     0x63e500ec97ea - test::run_test::{{closure}}::h4a5b729e66a38cd8
[INFO] [stdout]                                at /rustc/202008a1b8de96d2e5b6bc02d379db03a877d34d/library/test/src/lib.rs:606:41
[INFO] [stdout]   31:     0x63e500ec97ea - std::sys::backtrace::__rust_begin_short_backtrace::h0496fb742492f573
[INFO] [stdout]                                at /rustc/202008a1b8de96d2e5b6bc02d379db03a877d34d/library/std/src/sys/backtrace.rs:154:18
[INFO] [stdout]   32:     0x63e500ecd164 - std::thread::Builder::spawn_unchecked_::{{closure}}::{{closure}}::hbb6d257c550a54bd
[INFO] [stdout]                                at /rustc/202008a1b8de96d2e5b6bc02d379db03a877d34d/library/std/src/thread/mod.rs:561:17
[INFO] [stdout]   33:     0x63e500ecd164 - <core::panic::unwind_safe::AssertUnwindSafe<F> as core::ops::function::FnOnce<()>>::call_once::h46696fe4a6832328
[INFO] [stdout]                                at /rustc/202008a1b8de96d2e5b6bc02d379db03a877d34d/library/core/src/panic/unwind_safe.rs:272:9
[INFO] [stdout]   34:     0x63e500ecd164 - std::panicking::try::do_call::h2625a51b667bfb64
[INFO] [stdout]                                at /rustc/202008a1b8de96d2e5b6bc02d379db03a877d34d/library/std/src/panicking.rs:557:40
[INFO] [stdout]   35:     0x63e500ecd164 - std::panicking::try::hb956a59a1973aa4c
[INFO] [stdout]                                at /rustc/202008a1b8de96d2e5b6bc02d379db03a877d34d/library/std/src/panicking.rs:520:19
[INFO] [stdout]   36:     0x63e500ecd164 - std::panic::catch_unwind::h64f3b9d1067ef6a0
[INFO] [stdout]                                at /rustc/202008a1b8de96d2e5b6bc02d379db03a877d34d/library/std/src/panic.rs:358:14
[INFO] [stdout]   37:     0x63e500ecd164 - std::thread::Builder::spawn_unchecked_::{{closure}}::h42b2841295b6c0b2
[INFO] [stdout]                                at /rustc/202008a1b8de96d2e5b6bc02d379db03a877d34d/library/std/src/thread/mod.rs:559:30
[INFO] [stdout]   38:     0x63e500ecd164 - core::ops::function::FnOnce::call_once{{vtable.shim}}::h6127de71b8124639
[INFO] [stdout]                                at /rustc/202008a1b8de96d2e5b6bc02d379db03a877d34d/library/core/src/ops/function.rs:250:5
[INFO] [stdout]   39:     0x63e50124ecbb - <alloc::boxed::Box<F,A> as core::ops::function::FnOnce<Args>>::call_once::h42f0ba71002a1b2c
[INFO] [stdout]                                at /rustc/202008a1b8de96d2e5b6bc02d379db03a877d34d/library/alloc/src/boxed.rs:1972:9
[INFO] [stdout]   40:     0x63e50124ecbb - <alloc::boxed::Box<F,A> as core::ops::function::FnOnce<Args>>::call_once::had9e47d7a3dcecb8
[INFO] [stdout]                                at /rustc/202008a1b8de96d2e5b6bc02d379db03a877d34d/library/alloc/src/boxed.rs:1972:9
[INFO] [stdout]   41:     0x63e50124ecbb - std::sys::pal::unix::thread::Thread::new::thread_start::h48cf765408f6f5f2
[INFO] [stdout]                                at /rustc/202008a1b8de96d2e5b6bc02d379db03a877d34d/library/std/src/sys/pal/unix/thread.rs:105:17
[INFO] [stdout]   42:     0x712864118ac3 - <unknown>
[INFO] [stdout]   43:     0x7128641a9a04 - clone
[INFO] [stdout]   44:                0x0 - <unknown>
[INFO] [stdout] 
[INFO] [stdout] ---- utils::dateutil::tests::test_week_from_str_begin stdout ----
[INFO] [stdout] thread 'utils::dateutil::tests::test_week_from_str_begin' panicked at src/utils/dateutil.rs:109:5:
[INFO] [stdout] assertion failed: `(left == right)`
[INFO] [stdout] 
[INFO] [stdout] [1mDiff[0m [31m< left[0m / [32mright >[0m :
[INFO] [stdout] [31m<[0m[31m"20[0m[1;48;5;52;31m19[0m[31m-12-09"[0m
[INFO] [stdout] [32m>[0m[32m"20[0m[1;48;5;22;32m24[0m[32m-12-09"[0m
[INFO] [stdout] 
[INFO] [stdout] 
[INFO] [stdout] stack backtrace:
[INFO] [stdout]    0:     0x63e50124778a - std::backtrace_rs::backtrace::libunwind::trace::h8810477743020387
[INFO] [stdout]                                at /rustc/202008a1b8de96d2e5b6bc02d379db03a877d34d/library/std/src/../../backtrace/src/backtrace/libunwind.rs:116:5
[INFO] [stdout]    1:     0x63e50124778a - std::backtrace_rs::backtrace::trace_unsynchronized::h3aa55355dd6c54a6
[INFO] [stdout]                                at /rustc/202008a1b8de96d2e5b6bc02d379db03a877d34d/library/std/src/../../backtrace/src/backtrace/mod.rs:66:5
[INFO] [stdout]    2:     0x63e50124778a - std::sys::backtrace::_print_fmt::h8588b0f62410823f
[INFO] [stdout]                                at /rustc/202008a1b8de96d2e5b6bc02d379db03a877d34d/library/std/src/sys/backtrace.rs:66:9
[INFO] [stdout]    3:     0x63e50124778a - <std::sys::backtrace::BacktraceLock::print::DisplayBacktrace as core::fmt::Display>::fmt::h98c26ac25ffe89bb
[INFO] [stdout]                                at /rustc/202008a1b8de96d2e5b6bc02d379db03a877d34d/library/std/src/sys/backtrace.rs:39:26
[INFO] [stdout]    4:     0x63e501271f43 - core::fmt::rt::Argument::fmt::hf95377f4aebd453b
[INFO] [stdout]                                at /rustc/202008a1b8de96d2e5b6bc02d379db03a877d34d/library/core/src/fmt/rt.rs:177:76
[INFO] [stdout]    5:     0x63e501271f43 - core::fmt::write::h0dd5f6e2238c7982
[INFO] [stdout]                                at /rustc/202008a1b8de96d2e5b6bc02d379db03a877d34d/library/core/src/fmt/mod.rs:1189:21
[INFO] [stdout]    6:     0x63e5012437e3 - std::io::Write::write_fmt::h03bb0ca26e6faf8c
[INFO] [stdout]                                at /rustc/202008a1b8de96d2e5b6bc02d379db03a877d34d/library/std/src/io/mod.rs:1884:15
[INFO] [stdout]    7:     0x63e5012475d2 - std::sys::backtrace::BacktraceLock::print::h5c19c1c038ee186d
[INFO] [stdout]                                at /rustc/202008a1b8de96d2e5b6bc02d379db03a877d34d/library/std/src/sys/backtrace.rs:42:9
[INFO] [stdout]    8:     0x63e501248c0d - std::panicking::default_hook::{{closure}}::h77172f079a1fcb13
[INFO] [stdout]                                at /rustc/202008a1b8de96d2e5b6bc02d379db03a877d34d/library/std/src/panicking.rs:268:22
[INFO] [stdout]    9:     0x63e501248a17 - std::panicking::default_hook::he5f8e3b203ccddba
[INFO] [stdout]                                at /rustc/202008a1b8de96d2e5b6bc02d379db03a877d34d/library/std/src/panicking.rs:292:9
[INFO] [stdout]   10:     0x63e500f01837 - <alloc::boxed::Box<F,A> as core::ops::function::Fn<Args>>::call::h7a3c7b4a1ae77f2f
[INFO] [stdout]                                at /rustc/202008a1b8de96d2e5b6bc02d379db03a877d34d/library/alloc/src/boxed.rs:1986:9
[INFO] [stdout]   11:     0x63e500f01837 - test::test_main::{{closure}}::hf0d3b69ae9b353d1
[INFO] [stdout]                                at /rustc/202008a1b8de96d2e5b6bc02d379db03a877d34d/library/test/src/lib.rs:134:21
[INFO] [stdout]   12:     0x63e5012492b8 - <alloc::boxed::Box<F,A> as core::ops::function::Fn<Args>>::call::h6332e82e7b189abd
[INFO] [stdout]                                at /rustc/202008a1b8de96d2e5b6bc02d379db03a877d34d/library/alloc/src/boxed.rs:1986:9
[INFO] [stdout]   13:     0x63e5012492b8 - std::panicking::rust_panic_with_hook::h53863d4e9018df39
[INFO] [stdout]                                at /rustc/202008a1b8de96d2e5b6bc02d379db03a877d34d/library/std/src/panicking.rs:809:13
[INFO] [stdout]   14:     0x63e50124907a - std::panicking::begin_panic_handler::{{closure}}::h67280e6fa0757873
[INFO] [stdout]                                at /rustc/202008a1b8de96d2e5b6bc02d379db03a877d34d/library/std/src/panicking.rs:674:13
[INFO] [stdout]   15:     0x63e501247c69 - std::sys::backtrace::__rust_end_short_backtrace::h1dac3f54d6fbbeb2
[INFO] [stdout]                                at /rustc/202008a1b8de96d2e5b6bc02d379db03a877d34d/library/std/src/sys/backtrace.rs:170:18
[INFO] [stdout]   16:     0x63e501248d0c - rust_begin_unwind
[INFO] [stdout]                                at /rustc/202008a1b8de96d2e5b6bc02d379db03a877d34d/library/std/src/panicking.rs:665:5
[INFO] [stdout]   17:     0x63e500dce3f0 - core::panicking::panic_fmt::h6792bd1b2bf01041
[INFO] [stdout]                                at /rustc/202008a1b8de96d2e5b6bc02d379db03a877d34d/library/core/src/panicking.rs:76:14
[INFO] [stdout]   18:     0x63e500e121a5 - khaleesi::utils::dateutil::tests::test_week_from_str_begin::h16956efc075b45cb
[INFO] [stdout]                                at /opt/rustwide/workdir/src/utils/dateutil.rs:109:5
[INFO] [stdout]   19:     0x63e500e119f7 - khaleesi::utils::dateutil::tests::test_week_from_str_begin::{{closure}}::h55e471975e36f330
[INFO] [stdout]                                at /opt/rustwide/workdir/src/utils/dateutil.rs:105:32
[INFO] [stdout]   20:     0x63e500e16606 - core::ops::function::FnOnce::call_once::h622671431fc9151a
[INFO] [stdout]                                at /rustc/202008a1b8de96d2e5b6bc02d379db03a877d34d/library/core/src/ops/function.rs:250:5
[INFO] [stdout]   21:     0x63e500f0635b - core::ops::function::FnOnce::call_once::h871bf86719ec9aa4
[INFO] [stdout]                                at /rustc/202008a1b8de96d2e5b6bc02d379db03a877d34d/library/core/src/ops/function.rs:250:5
[INFO] [stdout]   22:     0x63e500f0635b - test::__rust_begin_short_backtrace::h2167df1e2b7d76fd
[INFO] [stdout]                                at /rustc/202008a1b8de96d2e5b6bc02d379db03a877d34d/library/test/src/lib.rs:632:18
[INFO] [stdout]   23:     0x63e500f05d48 - test::run_test_in_process::{{closure}}::h15d92f75a3adfb79
[INFO] [stdout]                                at /rustc/202008a1b8de96d2e5b6bc02d379db03a877d34d/library/test/src/lib.rs:655:60
[INFO] [stdout]   24:     0x63e500f05d48 - <core::panic::unwind_safe::AssertUnwindSafe<F> as core::ops::function::FnOnce<()>>::call_once::hb6c8955835a8dbbb
[INFO] [stdout]                                at /rustc/202008a1b8de96d2e5b6bc02d379db03a877d34d/library/core/src/panic/unwind_safe.rs:272:9
[INFO] [stdout]   25:     0x63e500f05d48 - std::panicking::try::do_call::hc79d0fc888a0bd30
[INFO] [stdout]                                at /rustc/202008a1b8de96d2e5b6bc02d379db03a877d34d/library/std/src/panicking.rs:557:40
[INFO] [stdout]   26:     0x63e500f05d48 - std::panicking::try::hb8a7878e3a8589d6
[INFO] [stdout]                                at /rustc/202008a1b8de96d2e5b6bc02d379db03a877d34d/library/std/src/panicking.rs:520:19
[INFO] [stdout]   27:     0x63e500f05d48 - std::panic::catch_unwind::hb8e4600ff0ff5cfa
[INFO] [stdout]                                at /rustc/202008a1b8de96d2e5b6bc02d379db03a877d34d/library/std/src/panic.rs:358:14
[INFO] [stdout]   28:     0x63e500f05d48 - test::run_test_in_process::hc2900b0b18688dd6
[INFO] [stdout]                                at /rustc/202008a1b8de96d2e5b6bc02d379db03a877d34d/library/test/src/lib.rs:655:27
[INFO] [stdout]   29:     0x63e500f05d48 - test::run_test::{{closure}}::hac2a9cb07be3d48d
[INFO] [stdout]                                at /rustc/202008a1b8de96d2e5b6bc02d379db03a877d34d/library/test/src/lib.rs:576:43
[INFO] [stdout]   30:     0x63e500ec97ea - test::run_test::{{closure}}::h4a5b729e66a38cd8
[INFO] [stdout]                                at /rustc/202008a1b8de96d2e5b6bc02d379db03a877d34d/library/test/src/lib.rs:606:41
[INFO] [stdout]   31:     0x63e500ec97ea - std::sys::backtrace::__rust_begin_short_backtrace::h0496fb742492f573
[INFO] [stdout]                                at /rustc/202008a1b8de96d2e5b6bc02d379db03a877d34d/library/std/src/sys/backtrace.rs:154:18
[INFO] [stdout]   32:     0x63e500ecd164 - std::thread::Builder::spawn_unchecked_::{{closure}}::{{closure}}::hbb6d257c550a54bd
[INFO] [stdout]                                at /rustc/202008a1b8de96d2e5b6bc02d379db03a877d34d/library/std/src/thread/mod.rs:561:17
[INFO] [stdout]   33:     0x63e500ecd164 - <core::panic::unwind_safe::AssertUnwindSafe<F> as core::ops::function::FnOnce<()>>::call_once::h46696fe4a6832328
[INFO] [stdout]                                at /rustc/202008a1b8de96d2e5b6bc02d379db03a877d34d/library/core/src/panic/unwind_safe.rs:272:9
[INFO] [stdout]   34:     0x63e500ecd164 - std::panicking::try::do_call::h2625a51b667bfb64
[INFO] [stdout]                                at /rustc/202008a1b8de96d2e5b6bc02d379db03a877d34d/library/std/src/panicking.rs:557:40
[INFO] [stdout]   35:     0x63e500ecd164 - std::panicking::try::hb956a59a1973aa4c
[INFO] [stdout]                                at /rustc/202008a1b8de96d2e5b6bc02d379db03a877d34d/library/std/src/panicking.rs:520:19
[INFO] [stdout]   36:     0x63e500ecd164 - std::panic::catch_unwind::h64f3b9d1067ef6a0
[INFO] [stdout]                                at /rustc/202008a1b8de96d2e5b6bc02d379db03a877d34d/library/std/src/panic.rs:358:14
[INFO] [stdout]   37:     0x63e500ecd164 - std::thread::Builder::spawn_unchecked_::{{closure}}::h42b2841295b6c0b2
[INFO] [stdout]                                at /rustc/202008a1b8de96d2e5b6bc02d379db03a877d34d/library/std/src/thread/mod.rs:559:30
[INFO] [stdout]   38:     0x63e500ecd164 - core::ops::function::FnOnce::call_once{{vtable.shim}}::h6127de71b8124639
[INFO] [stdout]                                at /rustc/202008a1b8de96d2e5b6bc02d379db03a877d34d/library/core/src/ops/function.rs:250:5
[INFO] [stdout]   39:     0x63e50124ecbb - <alloc::boxed::Box<F,A> as core::ops::function::FnOnce<Args>>::call_once::h42f0ba71002a1b2c
[INFO] [stdout]                                at /rustc/202008a1b8de96d2e5b6bc02d379db03a877d34d/library/alloc/src/boxed.rs:1972:9
[INFO] [stdout]   40:     0x63e50124ecbb - <alloc::boxed::Box<F,A> as core::ops::function::FnOnce<Args>>::call_once::had9e47d7a3dcecb8
[INFO] [stdout]                                at /rustc/202008a1b8de96d2e5b6bc02d379db03a877d34d/library/alloc/src/boxed.rs:1972:9
[INFO] [stdout]   41:     0x63e50124ecbb - std::sys::pal::unix::thread::Thread::new::thread_start::h48cf765408f6f5f2
[INFO] [stdout]                                at /rustc/202008a1b8de96d2e5b6bc02d379db03a877d34d/library/std/src/sys/pal/unix/thread.rs:105:17
[INFO] [stdout]   42:     0x712864118ac3 - <unknown>
[INFO] [stdout]   43:     0x7128641a9a04 - clone
[INFO] [stdout]   44:                0x0 - <unknown>
[INFO] [stdout] 
[INFO] [stdout] ---- utils::dateutil::tests::test_week_from_str_begin_current_year stdout ----
[INFO] [stdout] thread 'utils::dateutil::tests::test_week_from_str_begin_current_year' panicked at src/utils/dateutil.rs:116:5:
[INFO] [stdout] assertion failed: `(left == right)`
[INFO] [stdout] 
[INFO] [stdout] [1mDiff[0m [31m< left[0m / [32mright >[0m :
[INFO] [stdout] [31m<[0m[31m"20[0m[1;48;5;52;31m19[0m[31m-12-09"[0m
[INFO] [stdout] [32m>[0m[32m"20[0m[1;48;5;22;32m24[0m[32m-12-09"[0m
[INFO] [stdout] 
[INFO] [stdout] 
[INFO] [stdout] stack backtrace:
[INFO] [stdout]    0:     0x63e50124778a - std::backtrace_rs::backtrace::libunwind::trace::h8810477743020387
[INFO] [stdout]                                at /rustc/202008a1b8de96d2e5b6bc02d379db03a877d34d/library/std/src/../../backtrace/src/backtrace/libunwind.rs:116:5
[INFO] [stdout]    1:     0x63e50124778a - std::backtrace_rs::backtrace::trace_unsynchronized::h3aa55355dd6c54a6
[INFO] [stdout]                                at /rustc/202008a1b8de96d2e5b6bc02d379db03a877d34d/library/std/src/../../backtrace/src/backtrace/mod.rs:66:5
[INFO] [stdout]    2:     0x63e50124778a - std::sys::backtrace::_print_fmt::h8588b0f62410823f
[INFO] [stdout]                                at /rustc/202008a1b8de96d2e5b6bc02d379db03a877d34d/library/std/src/sys/backtrace.rs:66:9
[INFO] [stdout]    3:     0x63e50124778a - <std::sys::backtrace::BacktraceLock::print::DisplayBacktrace as core::fmt::Display>::fmt::h98c26ac25ffe89bb
[INFO] [stdout]                                at /rustc/202008a1b8de96d2e5b6bc02d379db03a877d34d/library/std/src/sys/backtrace.rs:39:26
[INFO] [stdout]    4:     0x63e501271f43 - core::fmt::rt::Argument::fmt::hf95377f4aebd453b
[INFO] [stdout]                                at /rustc/202008a1b8de96d2e5b6bc02d379db03a877d34d/library/core/src/fmt/rt.rs:177:76
[INFO] [stdout]    5:     0x63e501271f43 - core::fmt::write::h0dd5f6e2238c7982
[INFO] [stdout]                                at /rustc/202008a1b8de96d2e5b6bc02d379db03a877d34d/library/core/src/fmt/mod.rs:1189:21
[INFO] [stdout]    6:     0x63e5012437e3 - std::io::Write::write_fmt::h03bb0ca26e6faf8c
[INFO] [stdout]                                at /rustc/202008a1b8de96d2e5b6bc02d379db03a877d34d/library/std/src/io/mod.rs:1884:15
[INFO] [stdout]    7:     0x63e5012475d2 - std::sys::backtrace::BacktraceLock::print::h5c19c1c038ee186d
[INFO] [stdout]                                at /rustc/202008a1b8de96d2e5b6bc02d379db03a877d34d/library/std/src/sys/backtrace.rs:42:9
[INFO] [stdout]    8:     0x63e501248c0d - std::panicking::default_hook::{{closure}}::h77172f079a1fcb13
[INFO] [stdout]                                at /rustc/202008a1b8de96d2e5b6bc02d379db03a877d34d/library/std/src/panicking.rs:268:22
[INFO] [stdout]    9:     0x63e501248a17 - std::panicking::default_hook::he5f8e3b203ccddba
[INFO] [stdout]                                at /rustc/202008a1b8de96d2e5b6bc02d379db03a877d34d/library/std/src/panicking.rs:292:9
[INFO] [stdout]   10:     0x63e500f01837 - <alloc::boxed::Box<F,A> as core::ops::function::Fn<Args>>::call::h7a3c7b4a1ae77f2f
[INFO] [stdout]                                at /rustc/202008a1b8de96d2e5b6bc02d379db03a877d34d/library/alloc/src/boxed.rs:1986:9
[INFO] [stdout]   11:     0x63e500f01837 - test::test_main::{{closure}}::hf0d3b69ae9b353d1
[INFO] [stdout]                                at /rustc/202008a1b8de96d2e5b6bc02d379db03a877d34d/library/test/src/lib.rs:134:21
[INFO] [stdout]   12:     0x63e5012492b8 - <alloc::boxed::Box<F,A> as core::ops::function::Fn<Args>>::call::h6332e82e7b189abd
[INFO] [stdout]                                at /rustc/202008a1b8de96d2e5b6bc02d379db03a877d34d/library/alloc/src/boxed.rs:1986:9
[INFO] [stdout]   13:     0x63e5012492b8 - std::panicking::rust_panic_with_hook::h53863d4e9018df39
[INFO] [stdout]                                at /rustc/202008a1b8de96d2e5b6bc02d379db03a877d34d/library/std/src/panicking.rs:809:13
[INFO] [stdout]   14:     0x63e50124907a - std::panicking::begin_panic_handler::{{closure}}::h67280e6fa0757873
[INFO] [stdout]                                at /rustc/202008a1b8de96d2e5b6bc02d379db03a877d34d/library/std/src/panicking.rs:674:13
[INFO] [stdout]   15:     0x63e501247c69 - std::sys::backtrace::__rust_end_short_backtrace::h1dac3f54d6fbbeb2
[INFO] [stdout]                                at /rustc/202008a1b8de96d2e5b6bc02d379db03a877d34d/library/std/src/sys/backtrace.rs:170:18
[INFO] [stdout]   16:     0x63e501248d0c - rust_begin_unwind
[INFO] [stdout]                                at /rustc/202008a1b8de96d2e5b6bc02d379db03a877d34d/library/std/src/panicking.rs:665:5
[INFO] [stdout]   17:     0x63e500dce3f0 - core::panicking::panic_fmt::h6792bd1b2bf01041
[INFO] [stdout]                                at /rustc/202008a1b8de96d2e5b6bc02d379db03a877d34d/library/core/src/panicking.rs:76:14
[INFO] [stdout]   18:     0x63e500e125a6 - khaleesi::utils::dateutil::tests::test_week_from_str_begin_current_year::h591ac8b291c7d886
[INFO] [stdout]                                at /opt/rustwide/workdir/src/utils/dateutil.rs:116:5
[INFO] [stdout]   19:     0x63e500e121e7 - khaleesi::utils::dateutil::tests::test_week_from_str_begin_current_year::{{closure}}::hb979e0ba5a258a79
[INFO] [stdout]                                at /opt/rustwide/workdir/src/utils/dateutil.rs:113:45
[INFO] [stdout]   20:     0x63e500e15176 - core::ops::function::FnOnce::call_once::h1186743c5f7134d0
[INFO] [stdout]                                at /rustc/202008a1b8de96d2e5b6bc02d379db03a877d34d/library/core/src/ops/function.rs:250:5
[INFO] [stdout]   21:     0x63e500f0635b - core::ops::function::FnOnce::call_once::h871bf86719ec9aa4
[INFO] [stdout]                                at /rustc/202008a1b8de96d2e5b6bc02d379db03a877d34d/library/core/src/ops/function.rs:250:5
[INFO] [stdout]   22:     0x63e500f0635b - test::__rust_begin_short_backtrace::h2167df1e2b7d76fd
[INFO] [stdout]                                at /rustc/202008a1b8de96d2e5b6bc02d379db03a877d34d/library/test/src/lib.rs:632:18
[INFO] [stdout]   23:     0x63e500f05d48 - test::run_test_in_process::{{closure}}::h15d92f75a3adfb79
[INFO] [stdout]                                at /rustc/202008a1b8de96d2e5b6bc02d379db03a877d34d/library/test/src/lib.rs:655:60
[INFO] [stdout]   24:     0x63e500f05d48 - <core::panic::unwind_safe::AssertUnwindSafe<F> as core::ops::function::FnOnce<()>>::call_once::hb6c8955835a8dbbb
[INFO] [stdout]                                at /rustc/202008a1b8de96d2e5b6bc02d379db03a877d34d/library/core/src/panic/unwind_safe.rs:272:9
[INFO] [stdout]   25:     0x63e500f05d48 - std::panicking::try::do_call::hc79d0fc888a0bd30
[INFO] [stdout]                                at /rustc/202008a1b8de96d2e5b6bc02d379db03a877d34d/library/std/src/panicking.rs:557:40
[INFO] [stdout]   26:     0x63e500f05d48 - std::panicking::try::hb8a7878e3a8589d6
[INFO] [stdout]                                at /rustc/202008a1b8de96d2e5b6bc02d379db03a877d34d/library/std/src/panicking.rs:520:19
[INFO] [stdout]   27:     0x63e500f05d48 - std::panic::catch_unwind::hb8e4600ff0ff5cfa
[INFO] [stdout]                                at /rustc/202008a1b8de96d2e5b6bc02d379db03a877d34d/library/std/src/panic.rs:358:14
[INFO] [stdout]   28:     0x63e500f05d48 - test::run_test_in_process::hc2900b0b18688dd6
[INFO] [stdout]                                at /rustc/202008a1b8de96d2e5b6bc02d379db03a877d34d/library/test/src/lib.rs:655:27
[INFO] [stdout]   29:     0x63e500f05d48 - test::run_test::{{closure}}::hac2a9cb07be3d48d
[INFO] [stdout]                                at /rustc/202008a1b8de96d2e5b6bc02d379db03a877d34d/library/test/src/lib.rs:576:43
[INFO] [stdout]   30:     0x63e500ec97ea - test::run_test::{{closure}}::h4a5b729e66a38cd8
[INFO] [stdout]                                at /rustc/202008a1b8de96d2e5b6bc02d379db03a877d34d/library/test/src/lib.rs:606:41
[INFO] [stdout]   31:     0x63e500ec97ea - std::sys::backtrace::__rust_begin_short_backtrace::h0496fb742492f573
[INFO] [stdout]                                at /rustc/202008a1b8de96d2e5b6bc02d379db03a877d34d/library/std/src/sys/backtrace.rs:154:18
[INFO] [stdout]   32:     0x63e500ecd164 - std::thread::Builder::spawn_unchecked_::{{closure}}::{{closure}}::hbb6d257c550a54bd
[INFO] [stdout]                                at /rustc/202008a1b8de96d2e5b6bc02d379db03a877d34d/library/std/src/thread/mod.rs:561:17
[INFO] [stdout]   33:     0x63e500ecd164 - <core::panic::unwind_safe::AssertUnwindSafe<F> as core::ops::function::FnOnce<()>>::call_once::h46696fe4a6832328
[INFO] [stdout]                                at /rustc/202008a1b8de96d2e5b6bc02d379db03a877d34d/library/core/src/panic/unwind_safe.rs:272:9
[INFO] [stdout]   34:     0x63e500ecd164 - std::panicking::try::do_call::h2625a51b667bfb64
[INFO] [stdout]                                at /rustc/202008a1b8de96d2e5b6bc02d379db03a877d34d/library/std/src/panicking.rs:557:40
[INFO] [stdout]   35:     0x63e500ecd164 - std::panicking::try::hb956a59a1973aa4c
[INFO] [stdout]                                at /rustc/202008a1b8de96d2e5b6bc02d379db03a877d34d/library/std/src/panicking.rs:520:19
[INFO] [stdout]   36:     0x63e500ecd164 - std::panic::catch_unwind::h64f3b9d1067ef6a0
[INFO] [stdout]                                at /rustc/202008a1b8de96d2e5b6bc02d379db03a877d34d/library/std/src/panic.rs:358:14
[INFO] [stdout]   37:     0x63e500ecd164 - std::thread::Builder::spawn_unchecked_::{{closure}}::h42b2841295b6c0b2
[INFO] [stdout]                                at /rustc/202008a1b8de96d2e5b6bc02d379db03a877d34d/library/std/src/thread/mod.rs:559:30
[INFO] [stdout]   38:     0x63e500ecd164 - core::ops::function::FnOnce::call_once{{vtable.shim}}::h6127de71b8124639
[INFO] [stdout]                                at /rustc/202008a1b8de96d2e5b6bc02d379db03a877d34d/library/core/src/ops/function.rs:250:5
[INFO] [stdout]   39:     0x63e50124ecbb - <alloc::boxed::Box<F,A> as core::ops::function::FnOnce<Args>>::call_once::h42f0ba71002a1b2c
[INFO] [stdout]                                at /rustc/202008a1b8de96d2e5b6bc02d379db03a877d34d/library/alloc/src/boxed.rs:1972:9
[INFO] [stdout]   40:     0x63e50124ecbb - <alloc::boxed::Box<F,A> as core::ops::function::FnOnce<Args>>::call_once::had9e47d7a3dcecb8
[INFO] [stdout]                                at /rustc/202008a1b8de96d2e5b6bc02d379db03a877d34d/library/alloc/src/boxed.rs:1972:9
[INFO] [stdout]   41:     0x63e50124ecbb - std::sys::pal::unix::thread::Thread::new::thread_start::h48cf765408f6f5f2
[INFO] [stdout]                                at /rustc/202008a1b8de96d2e5b6bc02d379db03a877d34d/library/std/src/sys/pal/unix/thread.rs:105:17
[INFO] [stdout]   42:     0x712864118ac3 - <unknown>
[INFO] [stdout]   43:     0x7128641a9a04 - clone
[INFO] [stdout]   44:                0x0 - <unknown>
[INFO] [stdout] 
[INFO] [stdout] ---- utils::dateutil::tests::test_week_from_str_end stdout ----
[INFO] [stdout] thread 'utils::dateutil::tests::test_week_from_str_end' panicked at src/utils/dateutil.rs:128:5:
[INFO] [stdout] assertion failed: `(left == right)`
[INFO] [stdout] 
[INFO] [stdout] [1mDiff[0m [31m< left[0m / [32mright >[0m :
[INFO] [stdout] [31m<[0m[31m"20[0m[1;48;5;52;31m19[0m[31m-12-15"[0m
[INFO] [stdout] [32m>[0m[32m"20[0m[1;48;5;22;32m24[0m[32m-12-15"[0m
[INFO] [stdout] 
[INFO] [stdout] 
[INFO] [stdout] stack backtrace:
[INFO] [stdout]    0:     0x63e50124778a - std::backtrace_rs::backtrace::libunwind::trace::h8810477743020387
[INFO] [stdout]                                at /rustc/202008a1b8de96d2e5b6bc02d379db03a877d34d/library/std/src/../../backtrace/src/backtrace/libunwind.rs:116:5
[INFO] [stdout]    1:     0x63e50124778a - std::backtrace_rs::backtrace::trace_unsynchronized::h3aa55355dd6c54a6
[INFO] [stdout]                                at /rustc/202008a1b8de96d2e5b6bc02d379db03a877d34d/library/std/src/../../backtrace/src/backtrace/mod.rs:66:5
[INFO] [stdout]    2:     0x63e50124778a - std::sys::backtrace::_print_fmt::h8588b0f62410823f
[INFO] [stdout]                                at /rustc/202008a1b8de96d2e5b6bc02d379db03a877d34d/library/std/src/sys/backtrace.rs:66:9
[INFO] [stdout]    3:     0x63e50124778a - <std::sys::backtrace::BacktraceLock::print::DisplayBacktrace as core::fmt::Display>::fmt::h98c26ac25ffe89bb
[INFO] [stdout]                                at /rustc/202008a1b8de96d2e5b6bc02d379db03a877d34d/library/std/src/sys/backtrace.rs:39:26
[INFO] [stdout]    4:     0x63e501271f43 - core::fmt::rt::Argument::fmt::hf95377f4aebd453b
[INFO] [stdout]                                at /rustc/202008a1b8de96d2e5b6bc02d379db03a877d34d/library/core/src/fmt/rt.rs:177:76
[INFO] [stdout]    5:     0x63e501271f43 - core::fmt::write::h0dd5f6e2238c7982
[INFO] [stdout]                                at /rustc/202008a1b8de96d2e5b6bc02d379db03a877d34d/library/core/src/fmt/mod.rs:1189:21
[INFO] [stdout]    6:     0x63e5012437e3 - std::io::Write::write_fmt::h03bb0ca26e6faf8c
[INFO] [stdout]                                at /rustc/202008a1b8de96d2e5b6bc02d379db03a877d34d/library/std/src/io/mod.rs:1884:15
[INFO] [stdout]    7:     0x63e5012475d2 - std::sys::backtrace::BacktraceLock::print::h5c19c1c038ee186d
[INFO] [stdout]                                at /rustc/202008a1b8de96d2e5b6bc02d379db03a877d34d/library/std/src/sys/backtrace.rs:42:9
[INFO] [stdout]    8:     0x63e501248c0d - std::panicking::default_hook::{{closure}}::h77172f079a1fcb13
[INFO] [stdout]                                at /rustc/202008a1b8de96d2e5b6bc02d379db03a877d34d/library/std/src/panicking.rs:268:22
[INFO] [stdout]    9:     0x63e501248a17 - std::panicking::default_hook::he5f8e3b203ccddba
[INFO] [stdout]                                at /rustc/202008a1b8de96d2e5b6bc02d379db03a877d34d/library/std/src/panicking.rs:292:9
[INFO] [stdout]   10:     0x63e500f01837 - <alloc::boxed::Box<F,A> as core::ops::function::Fn<Args>>::call::h7a3c7b4a1ae77f2f
[INFO] [stdout]                                at /rustc/202008a1b8de96d2e5b6bc02d379db03a877d34d/library/alloc/src/boxed.rs:1986:9
[INFO] [stdout]   11:     0x63e500f01837 - test::test_main::{{closure}}::hf0d3b69ae9b353d1
[INFO] [stdout]                                at /rustc/202008a1b8de96d2e5b6bc02d379db03a877d34d/library/test/src/lib.rs:134:21
[INFO] [stdout]   12:     0x63e5012492b8 - <alloc::boxed::Box<F,A> as core::ops::function::Fn<Args>>::call::h6332e82e7b189abd
[INFO] [stdout]                                at /rustc/202008a1b8de96d2e5b6bc02d379db03a877d34d/library/alloc/src/boxed.rs:1986:9
[INFO] [stdout]   13:     0x63e5012492b8 - std::panicking::rust_panic_with_hook::h53863d4e9018df39
[INFO] [stdout]                                at /rustc/202008a1b8de96d2e5b6bc02d379db03a877d34d/library/std/src/panicking.rs:809:13
[INFO] [stdout]   14:     0x63e50124907a - std::panicking::begin_panic_handler::{{closure}}::h67280e6fa0757873
[INFO] [stdout]                                at /rustc/202008a1b8de96d2e5b6bc02d379db03a877d34d/library/std/src/panicking.rs:674:13
[INFO] [stdout]   15:     0x63e501247c69 - std::sys::backtrace::__rust_end_short_backtrace::h1dac3f54d6fbbeb2
[INFO] [stdout]                                at /rustc/202008a1b8de96d2e5b6bc02d379db03a877d34d/library/std/src/sys/backtrace.rs:170:18
[INFO] [stdout]   16:     0x63e501248d0c - rust_begin_unwind
[INFO] [stdout]                                at /rustc/202008a1b8de96d2e5b6bc02d379db03a877d34d/library/std/src/panicking.rs:665:5
[INFO] [stdout]   17:     0x63e500dce3f0 - core::panicking::panic_fmt::h6792bd1b2bf01041
[INFO] [stdout]                                at /rustc/202008a1b8de96d2e5b6bc02d379db03a877d34d/library/core/src/panicking.rs:76:14
[INFO] [stdout]   18:     0x63e500e12a96 - khaleesi::utils::dateutil::tests::test_week_from_str_end::hdf4b4a2b4d83b1f8
[INFO] [stdout]                                at /opt/rustwide/workdir/src/utils/dateutil.rs:128:5
[INFO] [stdout]   19:     0x63e500e126d7 - khaleesi::utils::dateutil::tests::test_week_from_str_end::{{closure}}::h404403235412eab7
[INFO] [stdout]                                at /opt/rustwide/workdir/src/utils/dateutil.rs:126:30
[INFO] [stdout]   20:     0x63e500e180f6 - core::ops::function::FnOnce::call_once::hc5e98d28fa3a9f98
[INFO] [stdout]                                at /rustc/202008a1b8de96d2e5b6bc02d379db03a877d34d/library/core/src/ops/function.rs:250:5
[INFO] [stdout]   21:     0x63e500f0635b - core::ops::function::FnOnce::call_once::h871bf86719ec9aa4
[INFO] [stdout]                                at /rustc/202008a1b8de96d2e5b6bc02d379db03a877d34d/library/core/src/ops/function.rs:250:5
[INFO] [stdout]   22:     0x63e500f0635b - test::__rust_begin_short_backtrace::h2167df1e2b7d76fd
[INFO] [stdout]                                at /rustc/202008a1b8de96d2e5b6bc02d379db03a877d34d/library/test/src/lib.rs:632:18
[INFO] [stdout]   23:     0x63e500f05d48 - test::run_test_in_process::{{closure}}::h15d92f75a3adfb79
[INFO] [stdout]                                at /rustc/202008a1b8de96d2e5b6bc02d379db03a877d34d/library/test/src/lib.rs:655:60
[INFO] [stdout]   24:     0x63e500f05d48 - <core::panic::unwind_safe::AssertUnwindSafe<F> as core::ops::function::FnOnce<()>>::call_once::hb6c8955835a8dbbb
[INFO] [stdout]                                at /rustc/202008a1b8de96d2e5b6bc02d379db03a877d34d/library/core/src/panic/unwind_safe.rs:272:9
[INFO] [stdout]   25:     0x63e500f05d48 - std::panicking::try::do_call::hc79d0fc888a0bd30
[INFO] [stdout]                                at /rustc/202008a1b8de96d2e5b6bc02d379db03a877d34d/library/std/src/panicking.rs:557:40
[INFO] [stdout]   26:     0x63e500f05d48 - std::panicking::try::hb8a7878e3a8589d6
[INFO] [stdout]                                at /rustc/202008a1b8de96d2e5b6bc02d379db03a877d34d/library/std/src/panicking.rs:520:19
[INFO] [stdout]   27:     0x63e500f05d48 - std::panic::catch_unwind::hb8e4600ff0ff5cfa
[INFO] [stdout]                                at /rustc/202008a1b8de96d2e5b6bc02d379db03a877d34d/library/std/src/panic.rs:358:14
[INFO] [stdout]   28:     0x63e500f05d48 - test::run_test_in_process::hc2900b0b18688dd6
[INFO] [stdout]                                at /rustc/202008a1b8de96d2e5b6bc02d379db03a877d34d/library/test/src/lib.rs:655:27
[INFO] [stdout]   29:     0x63e500f05d48 - test::run_test::{{closure}}::hac2a9cb07be3d48d
[INFO] [stdout]                                at /rustc/202008a1b8de96d2e5b6bc02d379db03a877d34d/library/test/src/lib.rs:576:43
[INFO] [stdout]   30:     0x63e500ec97ea - test::run_test::{{closure}}::h4a5b729e66a38cd8
[INFO] [stdout]                                at /rustc/202008a1b8de96d2e5b6bc02d379db03a877d34d/library/test/src/lib.rs:606:41
[INFO] [stdout]   31:     0x63e500ec97ea - std::sys::backtrace::__rust_begin_short_backtrace::h0496fb742492f573
[INFO] [stdout]                                at /rustc/202008a1b8de96d2e5b6bc02d379db03a877d34d/library/std/src/sys/backtrace.rs:154:18
[INFO] [stdout]   32:     0x63e500ecd164 - std::thread::Builder::spawn_unchecked_::{{closure}}::{{closure}}::hbb6d257c550a54bd
[INFO] [stdout]                                at /rustc/202008a1b8de96d2e5b6bc02d379db03a877d34d/library/std/src/thread/mod.rs:561:17
[INFO] [stdout]   33:     0x63e500ecd164 - <core::panic::unwind_safe::AssertUnwindSafe<F> as core::ops::function::FnOnce<()>>::call_once::h46696fe4a6832328
[INFO] [stdout]                                at /rustc/202008a1b8de96d2e5b6bc02d379db03a877d34d/library/core/src/panic/unwind_safe.rs:272:9
[INFO] [stdout]   34:     0x63e500ecd164 - std::panicking::try::do_call::h2625a51b667bfb64
[INFO] [stdout]                                at /rustc/202008a1b8de96d2e5b6bc02d379db03a877d34d/library/std/src/panicking.rs:557:40
[INFO] [stdout]   35:     0x63e500ecd164 - std::panicking::try::hb956a59a1973aa4c
[INFO] [stdout]                                at /rustc/202008a1b8de96d2e5b6bc02d379db03a877d34d/library/std/src/panicking.rs:520:19
[INFO] [stdout]   36:     0x63e500ecd164 - std::panic::catch_unwind::h64f3b9d1067ef6a0
[INFO] [stdout]                                at /rustc/202008a1b8de96d2e5b6bc02d379db03a877d34d/library/std/src/panic.rs:358:14
[INFO] [stdout]   37:     0x63e500ecd164 - std::thread::Builder::spawn_unchecked_::{{closure}}::h42b2841295b6c0b2
[INFO] [stdout]                                at /rustc/202008a1b8de96d2e5b6bc02d379db03a877d34d/library/std/src/thread/mod.rs:559:30
[INFO] [stdout]   38:     0x63e500ecd164 - core::ops::function::FnOnce::call_once{{vtable.shim}}::h6127de71b8124639
[INFO] [stdout]                                at /rustc/202008a1b8de96d2e5b6bc02d379db03a877d34d/library/core/src/ops/function.rs:250:5
[INFO] [stdout]   39:     0x63e50124ecbb - <alloc::boxed::Box<F,A> as core::ops::function::FnOnce<Args>>::call_once::h42f0ba71002a1b2c
[INFO] [stdout]                                at /rustc/202008a1b8de96d2e5b6bc02d379db03a877d34d/library/alloc/src/boxed.rs:1972:9
[INFO] [stdout]   40:     0x63e50124ecbb - <alloc::boxed::Box<F,A> as core::ops::function::FnOnce<Args>>::call_once::had9e47d7a3dcecb8
[INFO] [stdout]                                at /rustc/202008a1b8de96d2e5b6bc02d379db03a877d34d/library/alloc/src/boxed.rs:1972:9
[INFO] [stdout]   41:     0x63e50124ecbb - std::sys::pal::unix::thread::Thread::new::thread_start::h48cf765408f6f5f2
[INFO] [stdout]                                at /rustc/202008a1b8de96d2e5b6bc02d379db03a877d34d/library/std/src/sys/pal/unix/thread.rs:105:17
[INFO] [stdout]   42:     0x712864118ac3 - <unknown>
[INFO] [stdout]   43:     0x7128641a9a04 - clone
[INFO] [stdout]   44:                0x0 - <unknown>
[INFO] [stdout] 
[INFO] [stdout] ---- utils::dateutil::tests::test_week_from_str_end_current_year stdout ----
[INFO] [stdout] thread 'utils::dateutil::tests::test_week_from_str_end_current_year' panicked at src/utils/dateutil.rs:134:5:
[INFO] [stdout] assertion failed: `(left == right)`
[INFO] [stdout] 
[INFO] [stdout] [1mDiff[0m [31m< left[0m / [32mright >[0m :
[INFO] [stdout] [31m<[0m[31m"20[0m[1;48;5;52;31m19[0m[31m-12-15"[0m
[INFO] [stdout] [32m>[0m[32m"20[0m[1;48;5;22;32m24[0m[32m-12-15"[0m
[INFO] [stdout] 
[INFO] [stdout] 
[INFO] [stdout] stack backtrace:
[INFO] [stdout]    0:     0x63e50124778a - std::backtrace_rs::backtrace::libunwind::trace::h8810477743020387
[INFO] [stdout]                                at /rustc/202008a1b8de96d2e5b6bc02d379db03a877d34d/library/std/src/../../backtrace/src/backtrace/libunwind.rs:116:5
[INFO] [stdout]    1:     0x63e50124778a - std::backtrace_rs::backtrace::trace_unsynchronized::h3aa55355dd6c54a6
[INFO] [stdout]                                at /rustc/202008a1b8de96d2e5b6bc02d379db03a877d34d/library/std/src/../../backtrace/src/backtrace/mod.rs:66:5
[INFO] [stdout]    2:     0x63e50124778a - std::sys::backtrace::_print_fmt::h8588b0f62410823f
[INFO] [stdout]                                at /rustc/202008a1b8de96d2e5b6bc02d379db03a877d34d/library/std/src/sys/backtrace.rs:66:9
[INFO] [stdout]    3:     0x63e50124778a - <std::sys::backtrace::BacktraceLock::print::DisplayBacktrace as core::fmt::Display>::fmt::h98c26ac25ffe89bb
[INFO] [stdout]                                at /rustc/202008a1b8de96d2e5b6bc02d379db03a877d34d/library/std/src/sys/backtrace.rs:39:26
[INFO] [stdout]    4:     0x63e501271f43 - core::fmt::rt::Argument::fmt::hf95377f4aebd453b
[INFO] [stdout]                                at /rustc/202008a1b8de96d2e5b6bc02d379db03a877d34d/library/core/src/fmt/rt.rs:177:76
[INFO] [stdout]    5:     0x63e501271f43 - core::fmt::write::h0dd5f6e2238c7982
[INFO] [stdout]                                at /rustc/202008a1b8de96d2e5b6bc02d379db03a877d34d/library/core/src/fmt/mod.rs:1189:21
[INFO] [stdout]    6:     0x63e5012437e3 - std::io::Write::write_fmt::h03bb0ca26e6faf8c
[INFO] [stdout]                                at /rustc/202008a1b8de96d2e5b6bc02d379db03a877d34d/library/std/src/io/mod.rs:1884:15
[INFO] [stdout]    7:     0x63e5012475d2 - std::sys::backtrace::BacktraceLock::print::h5c19c1c038ee186d
[INFO] [stdout]                                at /rustc/202008a1b8de96d2e5b6bc02d379db03a877d34d/library/std/src/sys/backtrace.rs:42:9
[INFO] [stdout]    8:     0x63e501248c0d - std::panicking::default_hook::{{closure}}::h77172f079a1fcb13
[INFO] [stdout]                                at /rustc/202008a1b8de96d2e5b6bc02d379db03a877d34d/library/std/src/panicking.rs:268:22
[INFO] [stdout]    9:     0x63e501248a17 - std::panicking::default_hook::he5f8e3b203ccddba
[INFO] [stdout]                                at /rustc/202008a1b8de96d2e5b6bc02d379db03a877d34d/library/std/src/panicking.rs:292:9
[INFO] [stdout]   10:     0x63e500f01837 - <alloc::boxed::Box<F,A> as core::ops::function::Fn<Args>>::call::h7a3c7b4a1ae77f2f
[INFO] [stdout]                                at /rustc/202008a1b8de96d2e5b6bc02d379db03a877d34d/library/alloc/src/boxed.rs:1986:9
[INFO] [stdout]   11:     0x63e500f01837 - test::test_main::{{closure}}::hf0d3b69ae9b353d1
[INFO] [stdout]                                at /rustc/202008a1b8de96d2e5b6bc02d379db03a877d34d/library/test/src/lib.rs:134:21
[INFO] [stdout]   12:     0x63e5012492b8 - <alloc::boxed::Box<F,A> as core::ops::function::Fn<Args>>::call::h6332e82e7b189abd
[INFO] [stdout]                                at /rustc/202008a1b8de96d2e5b6bc02d379db03a877d34d/library/alloc/src/boxed.rs:1986:9
[INFO] [stdout]   13:     0x63e5012492b8 - std::panicking::rust_panic_with_hook::h53863d4e9018df39
[INFO] [stdout]                                at /rustc/202008a1b8de96d2e5b6bc02d379db03a877d34d/library/std/src/panicking.rs:809:13
[INFO] [stdout]   14:     0x63e50124907a - std::panicking::begin_panic_handler::{{closure}}::h67280e6fa0757873
[INFO] [stdout]                                at /rustc/202008a1b8de96d2e5b6bc02d379db03a877d34d/library/std/src/panicking.rs:674:13
[INFO] [stdout]   15:     0x63e501247c69 - std::sys::backtrace::__rust_end_short_backtrace::h1dac3f54d6fbbeb2
[INFO] [stdout]                                at /rustc/202008a1b8de96d2e5b6bc02d379db03a877d34d/library/std/src/sys/backtrace.rs:170:18
[INFO] [stdout]   16:     0x63e501248d0c - rust_begin_unwind
[INFO] [stdout]                                at /rustc/202008a1b8de96d2e5b6bc02d379db03a877d34d/library/std/src/panicking.rs:665:5
[INFO] [stdout]   17:     0x63e500dce3f0 - core::panicking::panic_fmt::h6792bd1b2bf01041
[INFO] [stdout]                                at /rustc/202008a1b8de96d2e5b6bc02d379db03a877d34d/library/core/src/panicking.rs:76:14
[INFO] [stdout]   18:     0x63e500e12e96 - khaleesi::utils::dateutil::tests::test_week_from_str_end_current_year::he127b026d8ce811b
[INFO] [stdout]                                at /opt/rustwide/workdir/src/utils/dateutil.rs:134:5
[INFO] [stdout]   19:     0x63e500e12ad7 - khaleesi::utils::dateutil::tests::test_week_from_str_end_current_year::{{closure}}::h4a20ce6211f8dabb
[INFO] [stdout]                                at /opt/rustwide/workdir/src/utils/dateutil.rs:131:43
[INFO] [stdout]   20:     0x63e500e15fc6 - core::ops::function::FnOnce::call_once::h4b21053e040d6027
[INFO] [stdout]                                at /rustc/202008a1b8de96d2e5b6bc02d379db03a877d34d/library/core/src/ops/function.rs:250:5
[INFO] [stdout]   21:     0x63e500f0635b - core::ops::function::FnOnce::call_once::h871bf86719ec9aa4
[INFO] [stdout]                                at /rustc/202008a1b8de96d2e5b6bc02d379db03a877d34d/library/core/src/ops/function.rs:250:5
[INFO] [stdout]   22:     0x63e500f0635b - test::__rust_begin_short_backtrace::h2167df1e2b7d76fd
[INFO] [stdout]                                at /rustc/202008a1b8de96d2e5b6bc02d379db03a877d34d/library/test/src/lib.rs:632:18
[INFO] [stdout]   23:     0x63e500f05d48 - test::run_test_in_process::{{closure}}::h15d92f75a3adfb79
[INFO] [stdout]                                at /rustc/202008a1b8de96d2e5b6bc02d379db03a877d34d/library/test/src/lib.rs:655:60
[INFO] [stdout]   24:     0x63e500f05d48 - <core::panic::unwind_safe::AssertUnwindSafe<F> as core::ops::function::FnOnce<()>>::call_once::hb6c8955835a8dbbb
[INFO] [stdout]                                at /rustc/202008a1b8de96d2e5b6bc02d379db03a877d34d/library/core/src/panic/unwind_safe.rs:272:9
[INFO] [stdout]   25:     0x63e500f05d48 - std::panicking::try::do_call::hc79d0fc888a0bd30
[INFO] [stdout]                                at /rustc/202008a1b8de96d2e5b6bc02d379db03a877d34d/library/std/src/panicking.rs:557:40
[INFO] [stdout]   26:     0x63e500f05d48 - std::panicking::try::hb8a7878e3a8589d6
[INFO] [stdout]                                at /rustc/202008a1b8de96d2e5b6bc02d379db03a877d34d/library/std/src/panicking.rs:520:19
[INFO] [stdout]   27:     0x63e500f05d48 - std::panic::catch_unwind::hb8e4600ff0ff5cfa
[INFO] [stdout]                                at /rustc/202008a1b8de96d2e5b6bc02d379db03a877d34d/library/std/src/panic.rs:358:14
[INFO] [stdout]   28:     0x63e500f05d48 - test::run_test_in_process::hc2900b0b18688dd6
[INFO] [stdout]                                at /rustc/202008a1b8de96d2e5b6bc02d379db03a877d34d/library/test/src/lib.rs:655:27
[INFO] [stdout]   29:     0x63e500f05d48 - test::run_test::{{closure}}::hac2a9cb07be3d48d
[INFO] [stdout]                                at /rustc/202008a1b8de96d2e5b6bc02d379db03a877d34d/library/test/src/lib.rs:576:43
[INFO] [stdout]   30:     0x63e500ec97ea - test::run_test::{{closure}}::h4a5b729e66a38cd8
[INFO] [stdout]                                at /rustc/202008a1b8de96d2e5b6bc02d379db03a877d34d/library/test/src/lib.rs:606:41
[INFO] [stdout]   31:     0x63e500ec97ea - std::sys::backtrace::__rust_begin_short_backtrace::h0496fb742492f573
[INFO] [stdout]                                at /rustc/202008a1b8de96d2e5b6bc02d379db03a877d34d/library/std/src/sys/backtrace.rs:154:18
[INFO] [stdout]   32:     0x63e500ecd164 - std::thread::Builder::spawn_unchecked_::{{closure}}::{{closure}}::hbb6d257c550a54bd
[INFO] [stdout]                                at /rustc/202008a1b8de96d2e5b6bc02d379db03a877d34d/library/std/src/thread/mod.rs:561:17
[INFO] [stdout]   33:     0x63e500ecd164 - <core::panic::unwind_safe::AssertUnwindSafe<F> as core::ops::function::FnOnce<()>>::call_once::h46696fe4a6832328
[INFO] [stdout]                                at /rustc/202008a1b8de96d2e5b6bc02d379db03a877d34d/library/core/src/panic/unwind_safe.rs:272:9
[INFO] [stdout]   34:     0x63e500ecd164 - std::panicking::try::do_call::h2625a51b667bfb64
[INFO] [stdout]                                at /rustc/202008a1b8de96d2e5b6bc02d379db03a877d34d/library/std/src/panicking.rs:557:40
[INFO] [stdout]   35:     0x63e500ecd164 - std::panicking::try::hb956a59a1973aa4c
[INFO] [stdout]                                at /rustc/202008a1b8de96d2e5b6bc02d379db03a877d34d/library/std/src/panicking.rs:520:19
[INFO] [stdout]   36:     0x63e500ecd164 - std::panic::catch_unwind::h64f3b9d1067ef6a0
[INFO] [stdout]                                at /rustc/202008a1b8de96d2e5b6bc02d379db03a877d34d/library/std/src/panic.rs:358:14
[INFO] [stdout]   37:     0x63e500ecd164 - std::thread::Builder::spawn_unchecked_::{{closure}}::h42b2841295b6c0b2
[INFO] [stdout]                                at /rustc/202008a1b8de96d2e5b6bc02d379db03a877d34d/library/std/src/thread/mod.rs:559:30
[INFO] [stdout]   38:     0x63e500ecd164 - core::ops::function::FnOnce::call_once{{vtable.shim}}::h6127de71b8124639
[INFO] [stdout]                                at /rustc/202008a1b8de96d2e5b6bc02d379db03a877d34d/library/core/src/ops/function.rs:250:5
[INFO] [stdout]   39:     0x63e50124ecbb - <alloc::boxed::Box<F,A> as core::ops::function::FnOnce<Args>>::call_once::h42f0ba71002a1b2c
[INFO] [stdout]                                at /rustc/202008a1b8de96d2e5b6bc02d379db03a877d34d/library/alloc/src/boxed.rs:1972:9
[INFO] [stdout]   40:     0x63e50124ecbb - <alloc::boxed::Box<F,A> as core::ops::function::FnOnce<Args>>::call_once::had9e47d7a3dcecb8
[INFO] [stdout]                                at /rustc/202008a1b8de96d2e5b6bc02d379db03a877d34d/library/alloc/src/boxed.rs:1972:9
[INFO] [stdout]   41:     0x63e50124ecbb - std::sys::pal::unix::thread::Thread::new::thread_start::h48cf765408f6f5f2
[INFO] [stdout]                                at /rustc/202008a1b8de96d2e5b6bc02d379db03a877d34d/library/std/src/sys/pal/unix/thread.rs:105:17
[INFO] [stdout]   42:     0x712864118ac3 - <unknown>
[INFO] [stdout]   43:     0x7128641a9a04 - clone
[INFO] [stdout]   44:                0x0 - <unknown>
[INFO] [stdout] 
[INFO] [stdout] 
[INFO] [stdout] failures:
[INFO] [stdout]     icalwrap::icalvcalendar::tests::load_serialize
[INFO] [stdout]     icalwrap::icalvevent::tests::test_get_duration_inernal_startdate_only
[INFO] [stdout]     utils::dateutil::tests::test_week_from_str_begin
[INFO] [stdout]     utils::dateutil::tests::test_week_from_str_begin_current_year
[INFO] [stdout]     utils::dateutil::tests::test_week_from_str_end
[INFO] [stdout]     utils::dateutil::tests::test_week_from_str_end_current_year
[INFO] [stdout] 
[INFO] [stdout] test result: FAILED. 208 passed; 6 failed; 1 ignored; 0 measured; 0 filtered out; finished in 0.89s
[INFO] [stdout] 
[INFO] [stderr] error: test failed, to rerun pass `--lib`
[INFO] running `Command { std: "docker" "inspect" "6385c3490271735e647b6f74ec4eba649f073175183ab864f535538e5d44b220", kill_on_drop: false }`
[INFO] running `Command { std: "docker" "rm" "-f" "6385c3490271735e647b6f74ec4eba649f073175183ab864f535538e5d44b220", kill_on_drop: false }`
[INFO] [stdout] 6385c3490271735e647b6f74ec4eba649f073175183ab864f535538e5d44b220
