[INFO] cloning repository https://github.com/Vagabond/stewart-platform.rs
[INFO] running `Command { std: "git" "-c" "credential.helper=" "-c" "credential.helper=/workspace/cargo-home/bin/git-credential-null" "clone" "--bare" "https://github.com/Vagabond/stewart-platform.rs" "/workspace/cache/git-repos/https%3A%2F%2Fgithub.com%2FVagabond%2Fstewart-platform.rs", kill_on_drop: false }`
[INFO] [stderr] Cloning into bare repository '/workspace/cache/git-repos/https%3A%2F%2Fgithub.com%2FVagabond%2Fstewart-platform.rs'...
[INFO] running `Command { std: "git" "rev-parse" "HEAD", kill_on_drop: false }`
[INFO] [stdout] 9031d69c48b7037fd5a2eb4923e3db14d384b27d
[INFO] testing Vagabond/stewart-platform.rs against 1.83.0 for beta-1.84.0-4-retry
[INFO] running `Command { std: "git" "clone" "/workspace/cache/git-repos/https%3A%2F%2Fgithub.com%2FVagabond%2Fstewart-platform.rs" "/workspace/builds/worker-2-tc1/source", kill_on_drop: false }`
[INFO] [stderr] Cloning into '/workspace/builds/worker-2-tc1/source'...
[INFO] [stderr] done.
[INFO] validating manifest of git repo https://github.com/Vagabond/stewart-platform.rs on toolchain 1.83.0
[INFO] running `Command { std: CARGO_HOME="/workspace/cargo-home" RUSTUP_HOME="/workspace/rustup-home" "/workspace/cargo-home/bin/cargo" "+1.83.0" "metadata" "--manifest-path" "Cargo.toml" "--no-deps", kill_on_drop: false }`
[INFO] started tweaking git repo https://github.com/Vagabond/stewart-platform.rs
[INFO] finished tweaking git repo https://github.com/Vagabond/stewart-platform.rs
[INFO] tweaked toml for git repo https://github.com/Vagabond/stewart-platform.rs written to /workspace/builds/worker-2-tc1/source/Cargo.toml
[INFO] crate git repo https://github.com/Vagabond/stewart-platform.rs already has a lockfile, it will not be regenerated
[INFO] running `Command { std: CARGO_HOME="/workspace/cargo-home" RUSTUP_HOME="/workspace/rustup-home" "/workspace/cargo-home/bin/cargo" "+1.83.0" "fetch" "--manifest-path" "Cargo.toml", kill_on_drop: false }`
[INFO] running `Command { std: "docker" "create" "-v" "/var/lib/crater-agent-workspace/builds/worker-2-tc1/target:/opt/rustwide/target:rw,Z" "-v" "/var/lib/crater-agent-workspace/builds/worker-2-tc1/source:/opt/rustwide/workdir:ro,Z" "-v" "/var/lib/crater-agent-workspace/cargo-home:/opt/rustwide/cargo-home:ro,Z" "-v" "/var/lib/crater-agent-workspace/rustup-home:/opt/rustwide/rustup-home:ro,Z" "-e" "SOURCE_DIR=/opt/rustwide/workdir" "-e" "CARGO_TARGET_DIR=/opt/rustwide/target" "-e" "CARGO_HOME=/opt/rustwide/cargo-home" "-e" "RUSTUP_HOME=/opt/rustwide/rustup-home" "-w" "/opt/rustwide/workdir" "-m" "1610612736" "--user" "0:0" "--network" "none" "ghcr.io/rust-lang/crates-build-env/linux@sha256:f3a9d4ad9d972b27faf3965f35b62e55ba32bbce8f20bc8fe909558a86702fde" "/opt/rustwide/cargo-home/bin/cargo" "+1.83.0" "metadata" "--no-deps" "--format-version=1", kill_on_drop: false }`
[INFO] [stdout] cc22c15877b47392f08659285c526e064ad2913425fbdbf53ef84810b6fe43ae
[INFO] running `Command { std: "docker" "start" "-a" "cc22c15877b47392f08659285c526e064ad2913425fbdbf53ef84810b6fe43ae", kill_on_drop: false }`
[INFO] running `Command { std: "docker" "inspect" "cc22c15877b47392f08659285c526e064ad2913425fbdbf53ef84810b6fe43ae", kill_on_drop: false }`
[INFO] running `Command { std: "docker" "rm" "-f" "cc22c15877b47392f08659285c526e064ad2913425fbdbf53ef84810b6fe43ae", kill_on_drop: false }`
[INFO] [stdout] cc22c15877b47392f08659285c526e064ad2913425fbdbf53ef84810b6fe43ae
[INFO] running `Command { std: "docker" "create" "-v" "/var/lib/crater-agent-workspace/builds/worker-2-tc1/target:/opt/rustwide/target:rw,Z" "-v" "/var/lib/crater-agent-workspace/builds/worker-2-tc1/source:/opt/rustwide/workdir:ro,Z" "-v" "/var/lib/crater-agent-workspace/cargo-home:/opt/rustwide/cargo-home:ro,Z" "-v" "/var/lib/crater-agent-workspace/rustup-home:/opt/rustwide/rustup-home:ro,Z" "-e" "SOURCE_DIR=/opt/rustwide/workdir" "-e" "CARGO_TARGET_DIR=/opt/rustwide/target" "-e" "CARGO_INCREMENTAL=0" "-e" "RUST_BACKTRACE=full" "-e" "RUSTFLAGS=--cap-lints=warn" "-e" "RUSTDOCFLAGS=--cap-lints=warn" "-e" "CARGO_HOME=/opt/rustwide/cargo-home" "-e" "RUSTUP_HOME=/opt/rustwide/rustup-home" "-w" "/opt/rustwide/workdir" "-m" "1610612736" "--user" "0:0" "--network" "none" "ghcr.io/rust-lang/crates-build-env/linux@sha256:f3a9d4ad9d972b27faf3965f35b62e55ba32bbce8f20bc8fe909558a86702fde" "/opt/rustwide/cargo-home/bin/cargo" "+1.83.0" "build" "--frozen" "--message-format=json", kill_on_drop: false }`
[INFO] [stdout] 2d040d47e0850cb4540667528d0b3825a82aa0ac71e335f5b6ea1f2e858bd891
[INFO] running `Command { std: "docker" "start" "-a" "2d040d47e0850cb4540667528d0b3825a82aa0ac71e335f5b6ea1f2e858bd891", kill_on_drop: false }`
[INFO] [stderr]    Compiling num-traits v0.2.17
[INFO] [stderr]    Compiling proc-macro2 v1.0.76
[INFO] [stderr]    Compiling num-integer v0.1.45
[INFO] [stderr]    Compiling paste v1.0.14
[INFO] [stderr]    Compiling bytemuck v1.14.0
[INFO] [stderr]    Compiling syn v1.0.109
[INFO] [stderr]    Compiling num-rational v0.4.1
[INFO] [stderr]    Compiling matrixmultiply v0.3.8
[INFO] [stderr]    Compiling safe_arch v0.7.1
[INFO] [stderr]    Compiling typenum v1.17.0
[INFO] [stderr]    Compiling rawpointer v0.2.1
[INFO] [stderr]    Compiling wide v0.7.13
[INFO] [stderr]    Compiling quote v1.0.35
[INFO] [stderr]    Compiling approx v0.5.1
[INFO] [stderr]    Compiling num-complex v0.4.4
[INFO] [stderr]    Compiling simba v0.8.1
[INFO] [stderr]    Compiling nalgebra-macros v0.2.1
[INFO] [stderr]    Compiling nalgebra v0.32.3
[INFO] [stderr]    Compiling stewart-platform v0.1.0 (/opt/rustwide/workdir)
[INFO] [stdout] warning: multiple fields are never read
[INFO] [stdout]   --> src/lib.rs:7:5
[INFO] [stdout]    |
[INFO] [stdout] 6  | struct Stewart {
[INFO] [stdout]    |        ------- fields in this struct
[INFO] [stdout] 7  |     b : [Vector3<f32>; 6], // base joints in base frame
[INFO] [stdout]    |     ^
[INFO] [stdout] 8  |     p : [Vector3<f32>; 6], // platform joints in platform frame
[INFO] [stdout]    |     ^
[INFO] [stdout] 9  |     q: [Vector3<f32>; 6], // vector from base origin to Pk
[INFO] [stdout]    |     ^
[INFO] [stdout] 10 |     l: [Vector3<f32>; 6], // leg vector from b to p
[INFO] [stdout]    |     ^
[INFO] [stdout] 11 |     t0: Vector3<f32>, // Initial offset
[INFO] [stdout]    |     ^^
[INFO] [stdout] 12 |     min_leg_length: u32,
[INFO] [stdout]    |     ^^^^^^^^^^^^^^
[INFO] [stdout] 13 |     max_leg_length: u32,
[INFO] [stdout]    |     ^^^^^^^^^^^^^^
[INFO] [stdout]    |
[INFO] [stdout]    = note: `#[warn(dead_code)]` on by default
[INFO] [stdout] 
[INFO] [stdout] 
[INFO] [stdout] warning: associated items `new`, `update`, and `leg_length` are never used
[INFO] [stdout]    --> src/lib.rs:39:12
[INFO] [stdout]     |
[INFO] [stdout] 38  | impl Stewart {
[INFO] [stdout]     | ------------ associated items in this implementation
[INFO] [stdout] 39  |     pub fn new(base_radius: u32, platform_radius: u32, shaft_distance: f32, anchor_distance: f32, leg_length: u32, max_leg_length: u32) -...
[INFO] [stdout]     |            ^^^
[INFO] [stdout] ...
[INFO] [stdout] 80  |     pub fn update(&mut self, translation: Vector3<f32>, orientation: Quaternion<f32>) {
[INFO] [stdout]     |            ^^^^^^
[INFO] [stdout] ...
[INFO] [stdout] 100 |     pub fn leg_length(&mut self, leg: usize) -> f32 {
[INFO] [stdout]     |            ^^^^^^^^^^
[INFO] [stdout] 
[INFO] [stdout] 
[INFO] [stdout] warning: function `rotate_vector` is never used
[INFO] [stdout]    --> src/lib.rs:109:4
[INFO] [stdout]     |
[INFO] [stdout] 109 | fn rotate_vector(o: Quaternion<f32>, v: Vector3<f32>) -> Vector3<f32> {
[INFO] [stdout]     |    ^^^^^^^^^^^^^
[INFO] [stdout] 
[INFO] [stdout] 
[INFO] [stderr]     Finished `dev` profile [unoptimized + debuginfo] target(s) in 28.00s
[INFO] running `Command { std: "docker" "inspect" "2d040d47e0850cb4540667528d0b3825a82aa0ac71e335f5b6ea1f2e858bd891", kill_on_drop: false }`
[INFO] running `Command { std: "docker" "rm" "-f" "2d040d47e0850cb4540667528d0b3825a82aa0ac71e335f5b6ea1f2e858bd891", kill_on_drop: false }`
[INFO] [stdout] 2d040d47e0850cb4540667528d0b3825a82aa0ac71e335f5b6ea1f2e858bd891
[INFO] running `Command { std: "docker" "create" "-v" "/var/lib/crater-agent-workspace/builds/worker-2-tc1/target:/opt/rustwide/target:rw,Z" "-v" "/var/lib/crater-agent-workspace/builds/worker-2-tc1/source:/opt/rustwide/workdir:ro,Z" "-v" "/var/lib/crater-agent-workspace/cargo-home:/opt/rustwide/cargo-home:ro,Z" "-v" "/var/lib/crater-agent-workspace/rustup-home:/opt/rustwide/rustup-home:ro,Z" "-e" "SOURCE_DIR=/opt/rustwide/workdir" "-e" "CARGO_TARGET_DIR=/opt/rustwide/target" "-e" "CARGO_INCREMENTAL=0" "-e" "RUST_BACKTRACE=full" "-e" "RUSTFLAGS=--cap-lints=warn" "-e" "RUSTDOCFLAGS=--cap-lints=warn" "-e" "CARGO_HOME=/opt/rustwide/cargo-home" "-e" "RUSTUP_HOME=/opt/rustwide/rustup-home" "-w" "/opt/rustwide/workdir" "-m" "1610612736" "--user" "0:0" "--network" "none" "ghcr.io/rust-lang/crates-build-env/linux@sha256:f3a9d4ad9d972b27faf3965f35b62e55ba32bbce8f20bc8fe909558a86702fde" "/opt/rustwide/cargo-home/bin/cargo" "+1.83.0" "test" "--frozen" "--no-run" "--message-format=json", kill_on_drop: false }`
[INFO] [stdout] 61edbb69665302020b80391b273466152966db5d12ca07f71678e96faa88cf83
[INFO] running `Command { std: "docker" "start" "-a" "61edbb69665302020b80391b273466152966db5d12ca07f71678e96faa88cf83", kill_on_drop: false }`
[INFO] [stderr]    Compiling stewart-platform v0.1.0 (/opt/rustwide/workdir)
[INFO] [stdout] warning: multiple fields are never read
[INFO] [stdout]   --> src/lib.rs:7:5
[INFO] [stdout]    |
[INFO] [stdout] 6  | struct Stewart {
[INFO] [stdout]    |        ------- fields in this struct
[INFO] [stdout] 7  |     b : [Vector3<f32>; 6], // base joints in base frame
[INFO] [stdout]    |     ^
[INFO] [stdout] 8  |     p : [Vector3<f32>; 6], // platform joints in platform frame
[INFO] [stdout]    |     ^
[INFO] [stdout] 9  |     q: [Vector3<f32>; 6], // vector from base origin to Pk
[INFO] [stdout]    |     ^
[INFO] [stdout] 10 |     l: [Vector3<f32>; 6], // leg vector from b to p
[INFO] [stdout]    |     ^
[INFO] [stdout] 11 |     t0: Vector3<f32>, // Initial offset
[INFO] [stdout]    |     ^^
[INFO] [stdout] 12 |     min_leg_length: u32,
[INFO] [stdout]    |     ^^^^^^^^^^^^^^
[INFO] [stdout] 13 |     max_leg_length: u32,
[INFO] [stdout]    |     ^^^^^^^^^^^^^^
[INFO] [stdout]    |
[INFO] [stdout]    = note: `#[warn(dead_code)]` on by default
[INFO] [stdout] 
[INFO] [stdout] 
[INFO] [stdout] warning: associated items `new`, `update`, and `leg_length` are never used
[INFO] [stdout]    --> src/lib.rs:39:12
[INFO] [stdout]     |
[INFO] [stdout] 38  | impl Stewart {
[INFO] [stdout]     | ------------ associated items in this implementation
[INFO] [stdout] 39  |     pub fn new(base_radius: u32, platform_radius: u32, shaft_distance: f32, anchor_distance: f32, leg_length: u32, max_leg_length: u32) -...
[INFO] [stdout]     |            ^^^
[INFO] [stdout] ...
[INFO] [stdout] 80  |     pub fn update(&mut self, translation: Vector3<f32>, orientation: Quaternion<f32>) {
[INFO] [stdout]     |            ^^^^^^
[INFO] [stdout] ...
[INFO] [stdout] 100 |     pub fn leg_length(&mut self, leg: usize) -> f32 {
[INFO] [stdout]     |            ^^^^^^^^^^
[INFO] [stdout] 
[INFO] [stdout] 
[INFO] [stdout] warning: function `rotate_vector` is never used
[INFO] [stdout]    --> src/lib.rs:109:4
[INFO] [stdout]     |
[INFO] [stdout] 109 | fn rotate_vector(o: Quaternion<f32>, v: Vector3<f32>) -> Vector3<f32> {
[INFO] [stdout]     |    ^^^^^^^^^^^^^
[INFO] [stdout] 
[INFO] [stdout] 
[INFO] [stdout] warning: fields `min_leg_length` and `max_leg_length` are never read
[INFO] [stdout]   --> src/lib.rs:12:5
[INFO] [stdout]    |
[INFO] [stdout] 6  | struct Stewart {
[INFO] [stdout]    |        ------- fields in this struct
[INFO] [stdout] ...
[INFO] [stdout] 12 |     min_leg_length: u32,
[INFO] [stdout]    |     ^^^^^^^^^^^^^^
[INFO] [stdout] 13 |     max_leg_length: u32,
[INFO] [stdout]    |     ^^^^^^^^^^^^^^
[INFO] [stdout]    |
[INFO] [stdout]    = note: `#[warn(dead_code)]` on by default
[INFO] [stdout] 
[INFO] [stdout] 
[INFO] [stderr]     Finished `test` profile [unoptimized + debuginfo] target(s) in 0.82s
[INFO] running `Command { std: "docker" "inspect" "61edbb69665302020b80391b273466152966db5d12ca07f71678e96faa88cf83", kill_on_drop: false }`
[INFO] running `Command { std: "docker" "rm" "-f" "61edbb69665302020b80391b273466152966db5d12ca07f71678e96faa88cf83", kill_on_drop: false }`
[INFO] [stdout] 61edbb69665302020b80391b273466152966db5d12ca07f71678e96faa88cf83
[INFO] running `Command { std: "docker" "create" "-v" "/var/lib/crater-agent-workspace/builds/worker-2-tc1/target:/opt/rustwide/target:rw,Z" "-v" "/var/lib/crater-agent-workspace/builds/worker-2-tc1/source:/opt/rustwide/workdir:ro,Z" "-v" "/var/lib/crater-agent-workspace/cargo-home:/opt/rustwide/cargo-home:ro,Z" "-v" "/var/lib/crater-agent-workspace/rustup-home:/opt/rustwide/rustup-home:ro,Z" "-e" "SOURCE_DIR=/opt/rustwide/workdir" "-e" "CARGO_TARGET_DIR=/opt/rustwide/target" "-e" "CARGO_INCREMENTAL=0" "-e" "RUST_BACKTRACE=full" "-e" "RUSTFLAGS=--cap-lints=warn" "-e" "RUSTDOCFLAGS=--cap-lints=warn" "-e" "CARGO_HOME=/opt/rustwide/cargo-home" "-e" "RUSTUP_HOME=/opt/rustwide/rustup-home" "-w" "/opt/rustwide/workdir" "-m" "1610612736" "--user" "0:0" "--network" "none" "ghcr.io/rust-lang/crates-build-env/linux@sha256:f3a9d4ad9d972b27faf3965f35b62e55ba32bbce8f20bc8fe909558a86702fde" "/opt/rustwide/cargo-home/bin/cargo" "+1.83.0" "test" "--frozen", kill_on_drop: false }`
[INFO] [stdout] caa2faf53227f4611bfe29f6870adeb823c957316ccfc2f07a7033d550488310
[INFO] running `Command { std: "docker" "start" "-a" "caa2faf53227f4611bfe29f6870adeb823c957316ccfc2f07a7033d550488310", kill_on_drop: false }`
[INFO] [stderr] warning: multiple fields are never read
[INFO] [stderr]   --> src/lib.rs:7:5
[INFO] [stderr]    |
[INFO] [stderr] 6  | struct Stewart {
[INFO] [stderr]    |        ------- fields in this struct
[INFO] [stderr] 7  |     b : [Vector3<f32>; 6], // base joints in base frame
[INFO] [stderr]    |     ^
[INFO] [stderr] 8  |     p : [Vector3<f32>; 6], // platform joints in platform frame
[INFO] [stderr]    |     ^
[INFO] [stderr] 9  |     q: [Vector3<f32>; 6], // vector from base origin to Pk
[INFO] [stderr]    |     ^
[INFO] [stderr] 10 |     l: [Vector3<f32>; 6], // leg vector from b to p
[INFO] [stderr]    |     ^
[INFO] [stderr] 11 |     t0: Vector3<f32>, // Initial offset
[INFO] [stderr]    |     ^^
[INFO] [stderr] 12 |     min_leg_length: u32,
[INFO] [stderr]    |     ^^^^^^^^^^^^^^
[INFO] [stderr] 13 |     max_leg_length: u32,
[INFO] [stderr]    |     ^^^^^^^^^^^^^^
[INFO] [stderr]    |
[INFO] [stderr]    = note: `#[warn(dead_code)]` on by default
[INFO] [stderr] 
[INFO] [stderr] warning: associated items `new`, `update`, and `leg_length` are never used
[INFO] [stderr]    --> src/lib.rs:39:12
[INFO] [stderr]     |
[INFO] [stderr] 38  | impl Stewart {
[INFO] [stderr]     | ------------ associated items in this implementation
[INFO] [stderr] 39  |     pub fn new(base_radius: u32, platform_radius: u32, shaft_distance: f32, anchor_distance: f32, leg_length: u32, max_leg_length: u32) -...
[INFO] [stderr]     |            ^^^
[INFO] [stderr] ...
[INFO] [stderr] 80  |     pub fn update(&mut self, translation: Vector3<f32>, orientation: Quaternion<f32>) {
[INFO] [stderr]     |            ^^^^^^
[INFO] [stderr] ...
[INFO] [stderr] 100 |     pub fn leg_length(&mut self, leg: usize) -> f32 {
[INFO] [stderr]     |            ^^^^^^^^^^
[INFO] [stderr] 
[INFO] [stderr] warning: function `rotate_vector` is never used
[INFO] [stderr]    --> src/lib.rs:109:4
[INFO] [stderr]     |
[INFO] [stderr] 109 | fn rotate_vector(o: Quaternion<f32>, v: Vector3<f32>) -> Vector3<f32> {
[INFO] [stderr]     |    ^^^^^^^^^^^^^
[INFO] [stderr] 
[INFO] [stderr] warning: `stewart-platform` (lib) generated 3 warnings
[INFO] [stderr] warning: fields `min_leg_length` and `max_leg_length` are never read
[INFO] [stderr]   --> src/lib.rs:12:5
[INFO] [stderr]    |
[INFO] [stderr] 6  | struct Stewart {
[INFO] [stderr]    |        ------- fields in this struct
[INFO] [stderr] ...
[INFO] [stderr] 12 |     min_leg_length: u32,
[INFO] [stderr]    |     ^^^^^^^^^^^^^^
[INFO] [stderr] 13 |     max_leg_length: u32,
[INFO] [stderr]    |     ^^^^^^^^^^^^^^
[INFO] [stderr]    |
[INFO] [stderr]    = note: `#[warn(dead_code)]` on by default
[INFO] [stderr] 
[INFO] [stderr] warning: `stewart-platform` (lib test) generated 1 warning
[INFO] [stderr]     Finished `test` profile [unoptimized + debuginfo] target(s) in 0.03s
[INFO] [stderr]      Running unittests src/lib.rs (/opt/rustwide/target/debug/deps/stewart_platform-38fb15da9fd01be4)
[INFO] [stdout] 
[INFO] [stdout] running 1 test
[INFO] [stdout] test tests::it_works ... FAILED
[INFO] [stdout] 
[INFO] [stdout] failures:
[INFO] [stdout] 
[INFO] [stdout] ---- tests::it_works stdout ----
[INFO] [stdout] pm 1
[INFO] [stdout] pm -1
[INFO] [stdout] pm 1
[INFO] [stdout] pm -1
[INFO] [stdout] pm 1
[INFO] [stdout] pm -1
[INFO] [stdout] leg anchor to anchor XY distance 196.44702
[INFO] [stdout] t0 is 252.60358
[INFO] [stdout] b[0][0] is 205.92728
[INFO] [stdout] b[0][1] is 5.473427
[INFO] [stdout] 
[INFO] [stdout] p[0][0] is 107.70376
[INFO] [stdout] p[0][1] is 175.60153
[INFO] [stdout] 
[INFO] [stdout] b[1][0] is -98.22352
[INFO] [stdout] b[1][1] is 181.07497
[INFO] [stdout] 
[INFO] [stdout] p[1][0] is 98.2235
[INFO] [stdout] p[1][1] is 181.07497
[INFO] [stdout] 
[INFO] [stdout] b[2][0] is -107.70378
[INFO] [stdout] b[2][1] is 175.60152
[INFO] [stdout] 
[INFO] [stdout] p[2][0] is -205.92728
[INFO] [stdout] p[2][1] is 5.473413
[INFO] [stdout] 
[INFO] [stdout] b[3][0] is -107.70374
[INFO] [stdout] b[3][1] is -175.60155
[INFO] [stdout] 
[INFO] [stdout] p[3][0] is -205.92728
[INFO] [stdout] p[3][1] is -5.473449
[INFO] [stdout] 
[INFO] [stdout] b[4][0] is -98.22348
[INFO] [stdout] b[4][1] is -181.07497
[INFO] [stdout] 
[INFO] [stdout] p[4][0] is 98.22357
[INFO] [stdout] p[4][1] is -181.07492
[INFO] [stdout] 
[INFO] [stdout] b[5][0] is 205.92728
[INFO] [stdout] b[5][1] is -5.473395
[INFO] [stdout] 
[INFO] [stdout] p[5][0] is 107.70383
[INFO] [stdout] p[5][1] is -175.6015
[INFO] [stdout] 
[INFO] [stdout] leg lengths 320 320 320 320 320.00003 319.99997
[INFO] [stdout] leg lengths 320 320 320 320 320.00003 319.99997
[INFO] [stdout] leg lengths 493.39786 493.39786 493.39783 493.39786 493.39786 493.39783
[INFO] [stdout] leg lengths 320 320 320 320 320.00003 319.99997
[INFO] [stdout] leg lengths 304.52386 383.3318 272.70395 466.95352 630.5274 446.8536
[INFO] [stdout] leg lengths 320 320 320 320 320.00003 319.99997
[INFO] [stdout] thread 'tests::it_works' panicked at src/lib.rs:154:9:
[INFO] [stdout] assertion failed: false
[INFO] [stdout] stack backtrace:
[INFO] [stdout]    0:     0x568f90959f5a - std::backtrace_rs::backtrace::libunwind::trace::h5a5b8284f2d0c266
[INFO] [stdout]                                at /rustc/90b35a6239c3d8bdabc530a6a0816f7ff89a0aaf/library/std/src/../../backtrace/src/backtrace/libunwind.rs:116:5
[INFO] [stdout]    1:     0x568f90959f5a - std::backtrace_rs::backtrace::trace_unsynchronized::h76d4f1c9b0b875e3
[INFO] [stdout]                                at /rustc/90b35a6239c3d8bdabc530a6a0816f7ff89a0aaf/library/std/src/../../backtrace/src/backtrace/mod.rs:66:5
[INFO] [stdout]    2:     0x568f90959f5a - std::sys::backtrace::_print_fmt::hc4546b8364a537c6
[INFO] [stdout]                                at /rustc/90b35a6239c3d8bdabc530a6a0816f7ff89a0aaf/library/std/src/sys/backtrace.rs:66:9
[INFO] [stdout]    3:     0x568f90959f5a - <std::sys::backtrace::BacktraceLock::print::DisplayBacktrace as core::fmt::Display>::fmt::h5b6bd5631a6d1f6b
[INFO] [stdout]                                at /rustc/90b35a6239c3d8bdabc530a6a0816f7ff89a0aaf/library/std/src/sys/backtrace.rs:39:26
[INFO] [stdout]    4:     0x568f9097f8a3 - core::fmt::rt::Argument::fmt::h270f6602a2b96f62
[INFO] [stdout]                                at /rustc/90b35a6239c3d8bdabc530a6a0816f7ff89a0aaf/library/core/src/fmt/rt.rs:177:76
[INFO] [stdout]    5:     0x568f9097f8a3 - core::fmt::write::h7550c97b06c86515
[INFO] [stdout]                                at /rustc/90b35a6239c3d8bdabc530a6a0816f7ff89a0aaf/library/core/src/fmt/mod.rs:1186:21
[INFO] [stdout]    6:     0x568f90957123 - std::io::Write::write_fmt::h509ff860e5956e5e
[INFO] [stdout]                                at /rustc/90b35a6239c3d8bdabc530a6a0816f7ff89a0aaf/library/std/src/io/mod.rs:1839:15
[INFO] [stdout]    7:     0x568f90959da2 - std::sys::backtrace::BacktraceLock::print::h2395ccd2c84ba3aa
[INFO] [stdout]                                at /rustc/90b35a6239c3d8bdabc530a6a0816f7ff89a0aaf/library/std/src/sys/backtrace.rs:42:9
[INFO] [stdout]    8:     0x568f9095b3ba - std::panicking::default_hook::{{closure}}::he19d4c7230e07961
[INFO] [stdout]                                at /rustc/90b35a6239c3d8bdabc530a6a0816f7ff89a0aaf/library/std/src/panicking.rs:268:22
[INFO] [stdout]    9:     0x568f9095b1c4 - std::panicking::default_hook::hf614597d3c67bbdb
[INFO] [stdout]                                at /rustc/90b35a6239c3d8bdabc530a6a0816f7ff89a0aaf/library/std/src/panicking.rs:292:9
[INFO] [stdout]   10:     0x568f90926889 - <alloc::boxed::Box<F,A> as core::ops::function::Fn<Args>>::call::h39b51ce4599c23d1
[INFO] [stdout]                                at /rustc/90b35a6239c3d8bdabc530a6a0816f7ff89a0aaf/library/alloc/src/boxed.rs:2468:9
[INFO] [stdout]   11:     0x568f90926889 - test::test_main::{{closure}}::he977ae839a582784
[INFO] [stdout]                                at /rustc/90b35a6239c3d8bdabc530a6a0816f7ff89a0aaf/library/test/src/lib.rs:133:21
[INFO] [stdout]   12:     0x568f9095ba58 - <alloc::boxed::Box<F,A> as core::ops::function::Fn<Args>>::call::h9455091b6b06f9fb
[INFO] [stdout]                                at /rustc/90b35a6239c3d8bdabc530a6a0816f7ff89a0aaf/library/alloc/src/boxed.rs:2468:9
[INFO] [stdout]   13:     0x568f9095ba58 - std::panicking::rust_panic_with_hook::h8942133a8b252070
[INFO] [stdout]                                at /rustc/90b35a6239c3d8bdabc530a6a0816f7ff89a0aaf/library/std/src/panicking.rs:809:13
[INFO] [stdout]   14:     0x568f9095b7e6 - std::panicking::begin_panic_handler::{{closure}}::hb5f5963570096b29
[INFO] [stdout]                                at /rustc/90b35a6239c3d8bdabc530a6a0816f7ff89a0aaf/library/std/src/panicking.rs:667:13
[INFO] [stdout]   15:     0x568f9095a439 - std::sys::backtrace::__rust_end_short_backtrace::h6208cedc1922feda
[INFO] [stdout]                                at /rustc/90b35a6239c3d8bdabc530a6a0816f7ff89a0aaf/library/std/src/sys/backtrace.rs:170:18
[INFO] [stdout]   16:     0x568f9095b4ac - rust_begin_unwind
[INFO] [stdout]                                at /rustc/90b35a6239c3d8bdabc530a6a0816f7ff89a0aaf/library/std/src/panicking.rs:665:5
[INFO] [stdout]   17:     0x568f908e4a50 - core::panicking::panic_fmt::h0c3082644d1bf418
[INFO] [stdout]                                at /rustc/90b35a6239c3d8bdabc530a6a0816f7ff89a0aaf/library/core/src/panicking.rs:74:14
[INFO] [stdout]   18:     0x568f908e4adc - core::panicking::panic::h957f98c65a3b3074
[INFO] [stdout]                                at /rustc/90b35a6239c3d8bdabc530a6a0816f7ff89a0aaf/library/core/src/panicking.rs:148:5
[INFO] [stdout]   19:     0x568f908ee57e - stewart_platform::tests::it_works::h79be044700eaf5c1
[INFO] [stdout]                                at /opt/rustwide/workdir/src/lib.rs:154:9
[INFO] [stdout]   20:     0x568f908ed077 - stewart_platform::tests::it_works::{{closure}}::hcde875172d8dfe32
[INFO] [stdout]                                at /opt/rustwide/workdir/src/lib.rs:136:18
[INFO] [stdout]   21:     0x568f908e5cb6 - core::ops::function::FnOnce::call_once::hc78f30f9bb6c4783
[INFO] [stdout]                                at /rustc/90b35a6239c3d8bdabc530a6a0816f7ff89a0aaf/library/core/src/ops/function.rs:250:5
[INFO] [stdout]   22:     0x568f9092b24b - core::ops::function::FnOnce::call_once::h109cf8051a59b34e
[INFO] [stdout]                                at /rustc/90b35a6239c3d8bdabc530a6a0816f7ff89a0aaf/library/core/src/ops/function.rs:250:5
[INFO] [stdout]   23:     0x568f9092b24b - test::__rust_begin_short_backtrace::hf4fff89d377446ba
[INFO] [stdout]                                at /rustc/90b35a6239c3d8bdabc530a6a0816f7ff89a0aaf/library/test/src/lib.rs:621:18
[INFO] [stdout]   24:     0x568f9092aa87 - test::run_test_in_process::{{closure}}::h0e39181dd7ee5a43
[INFO] [stdout]                                at /rustc/90b35a6239c3d8bdabc530a6a0816f7ff89a0aaf/library/test/src/lib.rs:644:60
[INFO] [stdout]   25:     0x568f9092aa87 - <core::panic::unwind_safe::AssertUnwindSafe<F> as core::ops::function::FnOnce<()>>::call_once::hc5a66a30f0bdfd1f
[INFO] [stdout]                                at /rustc/90b35a6239c3d8bdabc530a6a0816f7ff89a0aaf/library/core/src/panic/unwind_safe.rs:272:9
[INFO] [stdout]   26:     0x568f9092aa87 - std::panicking::try::do_call::h873b7cf639554a5e
[INFO] [stdout]                                at /rustc/90b35a6239c3d8bdabc530a6a0816f7ff89a0aaf/library/std/src/panicking.rs:557:40
[INFO] [stdout]   27:     0x568f9092aa87 - std::panicking::try::hdb19862fad9c8bd1
[INFO] [stdout]                                at /rustc/90b35a6239c3d8bdabc530a6a0816f7ff89a0aaf/library/std/src/panicking.rs:520:19
[INFO] [stdout]   28:     0x568f9092aa87 - std::panic::catch_unwind::h281fe732d236d260
[INFO] [stdout]                                at /rustc/90b35a6239c3d8bdabc530a6a0816f7ff89a0aaf/library/std/src/panic.rs:358:14
[INFO] [stdout]   29:     0x568f9092aa87 - test::run_test_in_process::h949b6df8457ed338
[INFO] [stdout]                                at /rustc/90b35a6239c3d8bdabc530a6a0816f7ff89a0aaf/library/test/src/lib.rs:644:27
[INFO] [stdout]   30:     0x568f9092aa87 - test::run_test::{{closure}}::h52c556a6d4740e10
[INFO] [stdout]                                at /rustc/90b35a6239c3d8bdabc530a6a0816f7ff89a0aaf/library/test/src/lib.rs:565:43
[INFO] [stdout]   31:     0x568f908efd64 - test::run_test::{{closure}}::h4237f6381c45ccb9
[INFO] [stdout]                                at /rustc/90b35a6239c3d8bdabc530a6a0816f7ff89a0aaf/library/test/src/lib.rs:595:41
[INFO] [stdout]   32:     0x568f908efd64 - std::sys::backtrace::__rust_begin_short_backtrace::h505c97a579eca628
[INFO] [stdout]                                at /rustc/90b35a6239c3d8bdabc530a6a0816f7ff89a0aaf/library/std/src/sys/backtrace.rs:154:18
[INFO] [stdout]   33:     0x568f908f342e - std::thread::Builder::spawn_unchecked_::{{closure}}::{{closure}}::h9e86b2e2bc107ea3
[INFO] [stdout]                                at /rustc/90b35a6239c3d8bdabc530a6a0816f7ff89a0aaf/library/std/src/thread/mod.rs:538:17
[INFO] [stdout]   34:     0x568f908f342e - <core::panic::unwind_safe::AssertUnwindSafe<F> as core::ops::function::FnOnce<()>>::call_once::h8b06ddb275ff4a25
[INFO] [stdout]                                at /rustc/90b35a6239c3d8bdabc530a6a0816f7ff89a0aaf/library/core/src/panic/unwind_safe.rs:272:9
[INFO] [stdout]   35:     0x568f908f342e - std::panicking::try::do_call::hb26ecd7cd9a9355d
[INFO] [stdout]                                at /rustc/90b35a6239c3d8bdabc530a6a0816f7ff89a0aaf/library/std/src/panicking.rs:557:40
[INFO] [stdout]   36:     0x568f908f342e - std::panicking::try::h8ddeca9d705f9069
[INFO] [stdout]                                at /rustc/90b35a6239c3d8bdabc530a6a0816f7ff89a0aaf/library/std/src/panicking.rs:520:19
[INFO] [stdout]   37:     0x568f908f342e - std::panic::catch_unwind::h49e1c33078844c46
[INFO] [stdout]                                at /rustc/90b35a6239c3d8bdabc530a6a0816f7ff89a0aaf/library/std/src/panic.rs:358:14
[INFO] [stdout]   38:     0x568f908f342e - std::thread::Builder::spawn_unchecked_::{{closure}}::h6073db6ff56ad35d
[INFO] [stdout]                                at /rustc/90b35a6239c3d8bdabc530a6a0816f7ff89a0aaf/library/std/src/thread/mod.rs:537:30
[INFO] [stdout]   39:     0x568f908f342e - core::ops::function::FnOnce::call_once{{vtable.shim}}::h2c5a5f3779c774f1
[INFO] [stdout]                                at /rustc/90b35a6239c3d8bdabc530a6a0816f7ff89a0aaf/library/core/src/ops/function.rs:250:5
[INFO] [stdout]   40:     0x568f9095f7ab - <alloc::boxed::Box<F,A> as core::ops::function::FnOnce<Args>>::call_once::hf75717d9f28faebf
[INFO] [stdout]                                at /rustc/90b35a6239c3d8bdabc530a6a0816f7ff89a0aaf/library/alloc/src/boxed.rs:2454:9
[INFO] [stdout]   41:     0x568f9095f7ab - <alloc::boxed::Box<F,A> as core::ops::function::FnOnce<Args>>::call_once::h7bd883a5f3c5f3c1
[INFO] [stdout]                                at /rustc/90b35a6239c3d8bdabc530a6a0816f7ff89a0aaf/library/alloc/src/boxed.rs:2454:9
[INFO] [stdout]   42:     0x568f9095f7ab - std::sys::pal::unix::thread::Thread::new::thread_start::hcc78f3943333fa94
[INFO] [stdout]                                at /rustc/90b35a6239c3d8bdabc530a6a0816f7ff89a0aaf/library/std/src/sys/pal/unix/thread.rs:105:17
[INFO] [stdout]   43:     0x7cad6f994ac3 - <unknown>
[INFO] [stdout]   44:     0x7cad6fa25a04 - clone
[INFO] [stdout]   45:                0x0 - <unknown>
[INFO] [stdout] 
[INFO] [stdout] 
[INFO] [stdout] failures:
[INFO] [stdout]     tests::it_works
[INFO] [stdout] 
[INFO] [stdout] test result: FAILED. 0 passed; 1 failed; 0 ignored; 0 measured; 0 filtered out; finished in 0.06s
[INFO] [stdout] 
[INFO] [stderr] error: test failed, to rerun pass `--lib`
[INFO] running `Command { std: "docker" "inspect" "caa2faf53227f4611bfe29f6870adeb823c957316ccfc2f07a7033d550488310", kill_on_drop: false }`
[INFO] running `Command { std: "docker" "rm" "-f" "caa2faf53227f4611bfe29f6870adeb823c957316ccfc2f07a7033d550488310", kill_on_drop: false }`
[INFO] [stdout] caa2faf53227f4611bfe29f6870adeb823c957316ccfc2f07a7033d550488310
