[INFO] cloning repository https://github.com/TsaiHao/WordDB
[INFO] running `Command { std: "git" "-c" "credential.helper=" "-c" "credential.helper=/workspace/cargo-home/bin/git-credential-null" "clone" "--bare" "https://github.com/TsaiHao/WordDB" "/workspace/cache/git-repos/https%3A%2F%2Fgithub.com%2FTsaiHao%2FWordDB", kill_on_drop: false }`
[INFO] [stderr] Cloning into bare repository '/workspace/cache/git-repos/https%3A%2F%2Fgithub.com%2FTsaiHao%2FWordDB'...
[INFO] running `Command { std: "git" "rev-parse" "HEAD", kill_on_drop: false }`
[INFO] [stdout] 51c3cc09c891c4673a80b4d2c924f054d992c1e6
[INFO] testing TsaiHao/WordDB against 1.83.0 for beta-1.84.0-4-retry
[INFO] running `Command { std: "git" "clone" "/workspace/cache/git-repos/https%3A%2F%2Fgithub.com%2FTsaiHao%2FWordDB" "/workspace/builds/worker-3-tc1/source", kill_on_drop: false }`
[INFO] [stderr] Cloning into '/workspace/builds/worker-3-tc1/source'...
[INFO] [stderr] done.
[INFO] validating manifest of git repo https://github.com/TsaiHao/WordDB on toolchain 1.83.0
[INFO] running `Command { std: CARGO_HOME="/workspace/cargo-home" RUSTUP_HOME="/workspace/rustup-home" "/workspace/cargo-home/bin/cargo" "+1.83.0" "metadata" "--manifest-path" "Cargo.toml" "--no-deps", kill_on_drop: false }`
[INFO] started tweaking git repo https://github.com/TsaiHao/WordDB
[INFO] finished tweaking git repo https://github.com/TsaiHao/WordDB
[INFO] tweaked toml for git repo https://github.com/TsaiHao/WordDB written to /workspace/builds/worker-3-tc1/source/Cargo.toml
[INFO] crate git repo https://github.com/TsaiHao/WordDB already has a lockfile, it will not be regenerated
[INFO] running `Command { std: CARGO_HOME="/workspace/cargo-home" RUSTUP_HOME="/workspace/rustup-home" "/workspace/cargo-home/bin/cargo" "+1.83.0" "fetch" "--manifest-path" "Cargo.toml", kill_on_drop: false }`
[INFO] running `Command { std: "docker" "create" "-v" "/var/lib/crater-agent-workspace/builds/worker-3-tc1/target:/opt/rustwide/target:rw,Z" "-v" "/var/lib/crater-agent-workspace/builds/worker-3-tc1/source:/opt/rustwide/workdir:ro,Z" "-v" "/var/lib/crater-agent-workspace/cargo-home:/opt/rustwide/cargo-home:ro,Z" "-v" "/var/lib/crater-agent-workspace/rustup-home:/opt/rustwide/rustup-home:ro,Z" "-e" "SOURCE_DIR=/opt/rustwide/workdir" "-e" "CARGO_TARGET_DIR=/opt/rustwide/target" "-e" "CARGO_HOME=/opt/rustwide/cargo-home" "-e" "RUSTUP_HOME=/opt/rustwide/rustup-home" "-w" "/opt/rustwide/workdir" "-m" "1610612736" "--user" "0:0" "--network" "none" "ghcr.io/rust-lang/crates-build-env/linux@sha256:f3a9d4ad9d972b27faf3965f35b62e55ba32bbce8f20bc8fe909558a86702fde" "/opt/rustwide/cargo-home/bin/cargo" "+1.83.0" "metadata" "--no-deps" "--format-version=1", kill_on_drop: false }`
[INFO] [stdout] a3644697a779a19387869b2506937d5316ac5a6ddd010e88ea2f41508dbd62fa
[INFO] running `Command { std: "docker" "start" "-a" "a3644697a779a19387869b2506937d5316ac5a6ddd010e88ea2f41508dbd62fa", kill_on_drop: false }`
[INFO] running `Command { std: "docker" "inspect" "a3644697a779a19387869b2506937d5316ac5a6ddd010e88ea2f41508dbd62fa", kill_on_drop: false }`
[INFO] running `Command { std: "docker" "rm" "-f" "a3644697a779a19387869b2506937d5316ac5a6ddd010e88ea2f41508dbd62fa", kill_on_drop: false }`
[INFO] [stdout] a3644697a779a19387869b2506937d5316ac5a6ddd010e88ea2f41508dbd62fa
[INFO] running `Command { std: "docker" "create" "-v" "/var/lib/crater-agent-workspace/builds/worker-3-tc1/target:/opt/rustwide/target:rw,Z" "-v" "/var/lib/crater-agent-workspace/builds/worker-3-tc1/source:/opt/rustwide/workdir:ro,Z" "-v" "/var/lib/crater-agent-workspace/cargo-home:/opt/rustwide/cargo-home:ro,Z" "-v" "/var/lib/crater-agent-workspace/rustup-home:/opt/rustwide/rustup-home:ro,Z" "-e" "SOURCE_DIR=/opt/rustwide/workdir" "-e" "CARGO_TARGET_DIR=/opt/rustwide/target" "-e" "CARGO_INCREMENTAL=0" "-e" "RUST_BACKTRACE=full" "-e" "RUSTFLAGS=--cap-lints=warn" "-e" "RUSTDOCFLAGS=--cap-lints=warn" "-e" "CARGO_HOME=/opt/rustwide/cargo-home" "-e" "RUSTUP_HOME=/opt/rustwide/rustup-home" "-w" "/opt/rustwide/workdir" "-m" "1610612736" "--user" "0:0" "--network" "none" "ghcr.io/rust-lang/crates-build-env/linux@sha256:f3a9d4ad9d972b27faf3965f35b62e55ba32bbce8f20bc8fe909558a86702fde" "/opt/rustwide/cargo-home/bin/cargo" "+1.83.0" "build" "--frozen" "--message-format=json", kill_on_drop: false }`
[INFO] [stdout] c9c15a6ae3c29a9b68458d7de1b12795626378f823634bf4765ae0c42bb3b8e9
[INFO] running `Command { std: "docker" "start" "-a" "c9c15a6ae3c29a9b68458d7de1b12795626378f823634bf4765ae0c42bb3b8e9", kill_on_drop: false }`
[INFO] [stderr]    Compiling proc-macro2 v1.0.79
[INFO] [stderr]    Compiling version_check v0.9.4
[INFO] [stderr]    Compiling unicode-ident v1.0.11
[INFO] [stderr]    Compiling libc v0.2.147
[INFO] [stderr]    Compiling cfg-if v1.0.0
[INFO] [stderr]    Compiling autocfg v1.1.0
[INFO] [stderr]    Compiling bytes v1.4.0
[INFO] [stderr]    Compiling once_cell v1.18.0
[INFO] [stderr]    Compiling itoa v1.0.9
[INFO] [stderr]    Compiling pkg-config v0.3.27
[INFO] [stderr]    Compiling vcpkg v0.2.15
[INFO] [stderr]    Compiling pin-project-lite v0.2.13
[INFO] [stderr]    Compiling futures-core v0.3.28
[INFO] [stderr]    Compiling fnv v1.0.7
[INFO] [stderr]    Compiling log v0.4.20
[INFO] [stderr]    Compiling typenum v1.16.0
[INFO] [stderr]    Compiling futures-task v0.3.28
[INFO] [stderr]    Compiling futures-sink v0.3.28
[INFO] [stderr]    Compiling futures-util v0.3.28
[INFO] [stderr]    Compiling httparse v1.8.0
[INFO] [stderr]    Compiling memchr v2.6.2
[INFO] [stderr]    Compiling tinyvec_macros v0.1.1
[INFO] [stderr]    Compiling futures-io v0.3.28
[INFO] [stderr]    Compiling pin-utils v0.1.0
[INFO] [stderr]    Compiling tracing-core v0.1.31
[INFO] [stderr]    Compiling tinyvec v1.6.0
[INFO] [stderr]    Compiling slab v0.4.9
[INFO] [stderr]    Compiling indexmap v1.9.3
[INFO] [stderr]    Compiling percent-encoding v2.3.0
[INFO] [stderr]    Compiling generic-array v0.14.7
[INFO] [stderr]    Compiling unicase v2.7.0
[INFO] [stderr]    Compiling tracing v0.1.37
[INFO] [stderr]    Compiling form_urlencoded v1.2.0
[INFO] [stderr]    Compiling hashbrown v0.12.3
[INFO] [stderr]    Compiling foreign-types-shared v0.1.1
[INFO] [stderr]    Compiling openssl v0.10.57
[INFO] [stderr]    Compiling futures-channel v0.3.28
[INFO] [stderr]    Compiling serde v1.0.188
[INFO] [stderr]    Compiling http v0.2.9
[INFO] [stderr]    Compiling bitflags v2.4.0
[INFO] [stderr]    Compiling unicode-bidi v0.3.13
[INFO] [stderr]    Compiling socket2 v0.5.3
[INFO] [stderr]    Compiling num_cpus v1.16.0
[INFO] [stderr]    Compiling signal-hook-registry v1.4.2
[INFO] [stderr]    Compiling quote v1.0.36
[INFO] [stderr]    Compiling mio v0.8.8
[INFO] [stderr]    Compiling getrandom v0.2.10
[INFO] [stderr]    Compiling unicode-normalization v0.1.22
[INFO] [stderr]    Compiling cc v1.0.83
[INFO] [stderr]    Compiling syn v2.0.58
[INFO] [stderr]    Compiling rand_core v0.6.4
[INFO] [stderr]    Compiling foreign-types v0.3.2
[INFO] [stderr]    Compiling ahash v0.8.3
[INFO] [stderr]    Compiling cpufeatures v0.2.9
[INFO] [stderr]    Compiling httpdate v1.0.3
[INFO] [stderr]    Compiling ppv-lite86 v0.2.17
[INFO] [stderr]    Compiling thiserror v1.0.58
[INFO] [stderr]    Compiling native-tls v0.2.11
[INFO] [stderr]    Compiling try-lock v0.2.4
[INFO] [stderr]    Compiling mime v0.3.17
[INFO] [stderr]    Compiling want v0.3.1
[INFO] [stderr]    Compiling idna v0.4.0
[INFO] [stderr]    Compiling rand_chacha v0.3.1
[INFO] [stderr]    Compiling socket2 v0.4.9
[INFO] [stderr]    Compiling tower-service v0.3.2
[INFO] [stderr]    Compiling ryu v1.0.15
[INFO] [stderr]    Compiling serde_json v1.0.105
[INFO] [stderr]    Compiling base64 v0.13.1
[INFO] [stderr]    Compiling openssl-probe v0.1.5
[INFO] [stderr]    Compiling mime_guess v2.0.4
[INFO] [stderr]    Compiling rand v0.8.5
[INFO] [stderr]    Compiling http-body v0.4.5
[INFO] [stderr]    Compiling libsqlite3-sys v0.26.0
[INFO] [stderr]    Compiling multer v2.1.0
[INFO] [stderr]    Compiling num-traits v0.2.18
[INFO] [stderr]    Compiling url v2.4.1
[INFO] [stderr]    Compiling encoding_rs v0.8.33
[INFO] [stderr]    Compiling allocator-api2 v0.2.16
[INFO] [stderr]    Compiling byteorder v1.4.3
[INFO] [stderr]    Compiling base64 v0.21.3
[INFO] [stderr]    Compiling utf-8 v0.7.6
[INFO] [stderr]    Compiling headers-core v0.2.0
[INFO] [stderr]    Compiling spin v0.9.8
[INFO] [stderr]    Compiling bitflags v1.3.2
[INFO] [stderr]    Compiling block-buffer v0.10.4
[INFO] [stderr]    Compiling crypto-common v0.1.6
[INFO] [stderr]    Compiling rustls-pemfile v1.0.3
[INFO] [stderr]    Compiling iana-time-zone v0.1.60
[INFO] [stderr]    Compiling fallible-iterator v0.2.0
[INFO] [stderr]    Compiling fallible-streaming-iterator v0.1.9
[INFO] [stderr]    Compiling digest v0.10.7
[INFO] [stderr]    Compiling smallvec v1.11.0
[INFO] [stderr]    Compiling scoped-tls v1.0.1
[INFO] [stderr]    Compiling hashbrown v0.14.0
[INFO] [stderr]    Compiling ipnet v2.8.0
[INFO] [stderr]    Compiling sha1 v0.10.5
[INFO] [stderr]    Compiling openssl-sys v0.9.92
[INFO] [stderr]    Compiling hashlink v0.8.4
[INFO] [stderr]    Compiling headers v0.3.8
[INFO] [stderr]    Compiling rusqlite v0.29.0
[INFO] [stderr]    Compiling chrono v0.4.37
[INFO] [stderr]    Compiling tokio-macros v2.1.0
[INFO] [stderr]    Compiling openssl-macros v0.1.1
[INFO] [stderr]    Compiling serde_derive v1.0.188
[INFO] [stderr]    Compiling thiserror-impl v1.0.58
[INFO] [stderr]    Compiling pin-project-internal v1.1.3
[INFO] [stderr]    Compiling tokio v1.32.0
[INFO] [stderr]    Compiling pin-project v1.1.3
[INFO] [stderr]    Compiling tungstenite v0.18.0
[INFO] [stderr]    Compiling tokio-util v0.7.8
[INFO] [stderr]    Compiling tokio-native-tls v0.3.1
[INFO] [stderr]    Compiling tokio-stream v0.1.14
[INFO] [stderr]    Compiling tokio-tungstenite v0.18.0
[INFO] [stderr]    Compiling h2 v0.3.21
[INFO] [stderr]    Compiling serde_urlencoded v0.7.1
[INFO] [stderr]    Compiling hyper v0.14.27
[INFO] [stderr]    Compiling hyper-tls v0.5.0
[INFO] [stderr]    Compiling warp v0.3.5
[INFO] [stderr]    Compiling reqwest v0.11.20
[INFO] [stderr]    Compiling card_server v0.1.0 (/opt/rustwide/workdir)
[INFO] [stderr]     Finished `dev` profile [unoptimized + debuginfo] target(s) in 59.56s
[INFO] running `Command { std: "docker" "inspect" "c9c15a6ae3c29a9b68458d7de1b12795626378f823634bf4765ae0c42bb3b8e9", kill_on_drop: false }`
[INFO] running `Command { std: "docker" "rm" "-f" "c9c15a6ae3c29a9b68458d7de1b12795626378f823634bf4765ae0c42bb3b8e9", kill_on_drop: false }`
[INFO] [stdout] c9c15a6ae3c29a9b68458d7de1b12795626378f823634bf4765ae0c42bb3b8e9
[INFO] running `Command { std: "docker" "create" "-v" "/var/lib/crater-agent-workspace/builds/worker-3-tc1/target:/opt/rustwide/target:rw,Z" "-v" "/var/lib/crater-agent-workspace/builds/worker-3-tc1/source:/opt/rustwide/workdir:ro,Z" "-v" "/var/lib/crater-agent-workspace/cargo-home:/opt/rustwide/cargo-home:ro,Z" "-v" "/var/lib/crater-agent-workspace/rustup-home:/opt/rustwide/rustup-home:ro,Z" "-e" "SOURCE_DIR=/opt/rustwide/workdir" "-e" "CARGO_TARGET_DIR=/opt/rustwide/target" "-e" "CARGO_INCREMENTAL=0" "-e" "RUST_BACKTRACE=full" "-e" "RUSTFLAGS=--cap-lints=warn" "-e" "RUSTDOCFLAGS=--cap-lints=warn" "-e" "CARGO_HOME=/opt/rustwide/cargo-home" "-e" "RUSTUP_HOME=/opt/rustwide/rustup-home" "-w" "/opt/rustwide/workdir" "-m" "1610612736" "--user" "0:0" "--network" "none" "ghcr.io/rust-lang/crates-build-env/linux@sha256:f3a9d4ad9d972b27faf3965f35b62e55ba32bbce8f20bc8fe909558a86702fde" "/opt/rustwide/cargo-home/bin/cargo" "+1.83.0" "test" "--frozen" "--no-run" "--message-format=json", kill_on_drop: false }`
[INFO] [stdout] 990c2df1970ad3a44fc477119039ecdfb26d4d97ba3e7434a7e7fb0873a428f3
[INFO] running `Command { std: "docker" "start" "-a" "990c2df1970ad3a44fc477119039ecdfb26d4d97ba3e7434a7e7fb0873a428f3", kill_on_drop: false }`
[INFO] [stderr]    Compiling card_server v0.1.0 (/opt/rustwide/workdir)
[INFO] [stderr]     Finished `test` profile [unoptimized + debuginfo] target(s) in 5.86s
[INFO] running `Command { std: "docker" "inspect" "990c2df1970ad3a44fc477119039ecdfb26d4d97ba3e7434a7e7fb0873a428f3", kill_on_drop: false }`
[INFO] running `Command { std: "docker" "rm" "-f" "990c2df1970ad3a44fc477119039ecdfb26d4d97ba3e7434a7e7fb0873a428f3", kill_on_drop: false }`
[INFO] [stdout] 990c2df1970ad3a44fc477119039ecdfb26d4d97ba3e7434a7e7fb0873a428f3
[INFO] running `Command { std: "docker" "create" "-v" "/var/lib/crater-agent-workspace/builds/worker-3-tc1/target:/opt/rustwide/target:rw,Z" "-v" "/var/lib/crater-agent-workspace/builds/worker-3-tc1/source:/opt/rustwide/workdir:ro,Z" "-v" "/var/lib/crater-agent-workspace/cargo-home:/opt/rustwide/cargo-home:ro,Z" "-v" "/var/lib/crater-agent-workspace/rustup-home:/opt/rustwide/rustup-home:ro,Z" "-e" "SOURCE_DIR=/opt/rustwide/workdir" "-e" "CARGO_TARGET_DIR=/opt/rustwide/target" "-e" "CARGO_INCREMENTAL=0" "-e" "RUST_BACKTRACE=full" "-e" "RUSTFLAGS=--cap-lints=warn" "-e" "RUSTDOCFLAGS=--cap-lints=warn" "-e" "CARGO_HOME=/opt/rustwide/cargo-home" "-e" "RUSTUP_HOME=/opt/rustwide/rustup-home" "-w" "/opt/rustwide/workdir" "-m" "1610612736" "--user" "0:0" "--network" "none" "ghcr.io/rust-lang/crates-build-env/linux@sha256:f3a9d4ad9d972b27faf3965f35b62e55ba32bbce8f20bc8fe909558a86702fde" "/opt/rustwide/cargo-home/bin/cargo" "+1.83.0" "test" "--frozen", kill_on_drop: false }`
[INFO] [stdout] df5cac960f1f732ab1ed49c3e6e0fed4faf796062054559e025f55133640dbc8
[INFO] running `Command { std: "docker" "start" "-a" "df5cac960f1f732ab1ed49c3e6e0fed4faf796062054559e025f55133640dbc8", kill_on_drop: false }`
[INFO] [stderr]     Finished `test` profile [unoptimized + debuginfo] target(s) in 0.27s
[INFO] [stderr]      Running unittests src/main.rs (/opt/rustwide/target/debug/deps/card_server-c16ea10366aa5509)
[INFO] [stdout] 
[INFO] [stdout] running 1 test
[INFO] [stdout] test routes::tests::test_insert_route ... FAILED
[INFO] [stdout] 
[INFO] [stdout] failures:
[INFO] [stdout] 
[INFO] [stdout] ---- routes::tests::test_insert_route stdout ----
[INFO] [stdout] entering test
[INFO] [stdout] thread 'routes::tests::test_insert_route' panicked at src/routes/mod.rs:74:49:
[INFO] [stdout] DICT_KEY not found in environment: NotPresent
[INFO] [stdout] stack backtrace:
[INFO] [stdout]    0:     0x62b9f847ce1a - std::backtrace_rs::backtrace::libunwind::trace::h5a5b8284f2d0c266
[INFO] [stdout]                                at /rustc/90b35a6239c3d8bdabc530a6a0816f7ff89a0aaf/library/std/src/../../backtrace/src/backtrace/libunwind.rs:116:5
[INFO] [stdout]    1:     0x62b9f847ce1a - std::backtrace_rs::backtrace::trace_unsynchronized::h76d4f1c9b0b875e3
[INFO] [stdout]                                at /rustc/90b35a6239c3d8bdabc530a6a0816f7ff89a0aaf/library/std/src/../../backtrace/src/backtrace/mod.rs:66:5
[INFO] [stdout]    2:     0x62b9f847ce1a - std::sys::backtrace::_print_fmt::hc4546b8364a537c6
[INFO] [stdout]                                at /rustc/90b35a6239c3d8bdabc530a6a0816f7ff89a0aaf/library/std/src/sys/backtrace.rs:66:9
[INFO] [stdout]    3:     0x62b9f847ce1a - <std::sys::backtrace::BacktraceLock::print::DisplayBacktrace as core::fmt::Display>::fmt::h5b6bd5631a6d1f6b
[INFO] [stdout]                                at /rustc/90b35a6239c3d8bdabc530a6a0816f7ff89a0aaf/library/std/src/sys/backtrace.rs:39:26
[INFO] [stdout]    4:     0x62b9f84a66a3 - core::fmt::rt::Argument::fmt::h270f6602a2b96f62
[INFO] [stdout]                                at /rustc/90b35a6239c3d8bdabc530a6a0816f7ff89a0aaf/library/core/src/fmt/rt.rs:177:76
[INFO] [stdout]    5:     0x62b9f84a66a3 - core::fmt::write::h7550c97b06c86515
[INFO] [stdout]                                at /rustc/90b35a6239c3d8bdabc530a6a0816f7ff89a0aaf/library/core/src/fmt/mod.rs:1186:21
[INFO] [stdout]    6:     0x62b9f8479533 - std::io::Write::write_fmt::h509ff860e5956e5e
[INFO] [stdout]                                at /rustc/90b35a6239c3d8bdabc530a6a0816f7ff89a0aaf/library/std/src/io/mod.rs:1839:15
[INFO] [stdout]    7:     0x62b9f847cc62 - std::sys::backtrace::BacktraceLock::print::h2395ccd2c84ba3aa
[INFO] [stdout]                                at /rustc/90b35a6239c3d8bdabc530a6a0816f7ff89a0aaf/library/std/src/sys/backtrace.rs:42:9
[INFO] [stdout]    8:     0x62b9f847e27a - std::panicking::default_hook::{{closure}}::he19d4c7230e07961
[INFO] [stdout]                                at /rustc/90b35a6239c3d8bdabc530a6a0816f7ff89a0aaf/library/std/src/panicking.rs:268:22
[INFO] [stdout]    9:     0x62b9f847e084 - std::panicking::default_hook::hf614597d3c67bbdb
[INFO] [stdout]                                at /rustc/90b35a6239c3d8bdabc530a6a0816f7ff89a0aaf/library/std/src/panicking.rs:292:9
[INFO] [stdout]   10:     0x62b9f8172d39 - <alloc::boxed::Box<F,A> as core::ops::function::Fn<Args>>::call::h39b51ce4599c23d1
[INFO] [stdout]                                at /rustc/90b35a6239c3d8bdabc530a6a0816f7ff89a0aaf/library/alloc/src/boxed.rs:2468:9
[INFO] [stdout]   11:     0x62b9f8172d39 - test::test_main::{{closure}}::he977ae839a582784
[INFO] [stdout]                                at /rustc/90b35a6239c3d8bdabc530a6a0816f7ff89a0aaf/library/test/src/lib.rs:133:21
[INFO] [stdout]   12:     0x62b9f847e918 - <alloc::boxed::Box<F,A> as core::ops::function::Fn<Args>>::call::h9455091b6b06f9fb
[INFO] [stdout]                                at /rustc/90b35a6239c3d8bdabc530a6a0816f7ff89a0aaf/library/alloc/src/boxed.rs:2468:9
[INFO] [stdout]   13:     0x62b9f847e918 - std::panicking::rust_panic_with_hook::h8942133a8b252070
[INFO] [stdout]                                at /rustc/90b35a6239c3d8bdabc530a6a0816f7ff89a0aaf/library/std/src/panicking.rs:809:13
[INFO] [stdout]   14:     0x62b9f847e6da - std::panicking::begin_panic_handler::{{closure}}::hb5f5963570096b29
[INFO] [stdout]                                at /rustc/90b35a6239c3d8bdabc530a6a0816f7ff89a0aaf/library/std/src/panicking.rs:674:13
[INFO] [stdout]   15:     0x62b9f847d2f9 - std::sys::backtrace::__rust_end_short_backtrace::h6208cedc1922feda
[INFO] [stdout]                                at /rustc/90b35a6239c3d8bdabc530a6a0816f7ff89a0aaf/library/std/src/sys/backtrace.rs:170:18
[INFO] [stdout]   16:     0x62b9f847e36c - rust_begin_unwind
[INFO] [stdout]                                at /rustc/90b35a6239c3d8bdabc530a6a0816f7ff89a0aaf/library/std/src/panicking.rs:665:5
[INFO] [stdout]   17:     0x62b9f7edd2a0 - core::panicking::panic_fmt::h0c3082644d1bf418
[INFO] [stdout]                                at /rustc/90b35a6239c3d8bdabc530a6a0816f7ff89a0aaf/library/core/src/panicking.rs:74:14
[INFO] [stdout]   18:     0x62b9f7edd786 - core::result::unwrap_failed::hd20b4aa073bda1e2
[INFO] [stdout]                                at /rustc/90b35a6239c3d8bdabc530a6a0816f7ff89a0aaf/library/core/src/result.rs:1700:5
[INFO] [stdout]   19:     0x62b9f7efe1e6 - core::result::Result<T,E>::expect::h912ddcad8ae4a074
[INFO] [stdout]                                at /rustc/90b35a6239c3d8bdabc530a6a0816f7ff89a0aaf/library/core/src/result.rs:1061:23
[INFO] [stdout]   20:     0x62b9f7eecd97 - card_server::routes::insert_route::{{closure}}::he1a10b337b51b9f4
[INFO] [stdout]                                at /opt/rustwide/workdir/src/routes/mod.rs:74:28
[INFO] [stdout]   21:     0x62b9f7eebc80 - <F as warp::generic::Func<(T16,)>>::call::h6e1e11ce822dc3ad
[INFO] [stdout]                                at /opt/rustwide/cargo-home/registry/src/index.crates.io-6f17d22bba15001f/warp-0.3.5/src/generic.rs:172:17
[INFO] [stdout]   22:     0x62b9f7ee1c79 - <warp::filter::then::State<T,F> as core::future::future::Future>::poll::h7e0fdbb629f911fe
[INFO] [stdout]                                at /opt/rustwide/cargo-home/registry/src/index.crates.io-6f17d22bba15001f/warp-0.3.5/src/filter/then.rs:83:32
[INFO] [stdout]   23:     0x62b9f7ee3281 - <warp::filter::then::ThenFuture<T,F> as core::future::future::Future>::poll::hfea13a3d4e21f162
[INFO] [stdout]                                at /opt/rustwide/cargo-home/registry/src/index.crates.io-6f17d22bba15001f/warp-0.3.5/src/filter/then.rs:66:9
[INFO] [stdout]   24:     0x62b9f7ef88f5 - <futures_util::future::future::map::Map<Fut,F> as core::future::future::Future>::poll::h09857da861530ba7
[INFO] [stdout]                                at /opt/rustwide/cargo-home/registry/src/index.crates.io-6f17d22bba15001f/futures-util-0.3.28/src/future/future/map.rs:55:37
[INFO] [stdout]   25:     0x62b9f7ef8291 - <futures_util::future::future::Map<Fut,F> as core::future::future::Future>::poll::h48a4d3d8df479f05
[INFO] [stdout]                                at /opt/rustwide/cargo-home/registry/src/index.crates.io-6f17d22bba15001f/futures-util-0.3.28/src/lib.rs:91:13
[INFO] [stdout]   26:     0x62b9f7ef156e - <futures_util::future::future::flatten::Flatten<Fut,<Fut as core::future::future::Future>::Output> as core::future::future::Future>::poll::h5bdebbbd890b54d9
[INFO] [stdout]                                at /opt/rustwide/cargo-home/registry/src/index.crates.io-6f17d22bba15001f/futures-util-0.3.28/src/future/future/flatten.rs:50:36
[INFO] [stdout]   27:     0x62b9f7eefa91 - <futures_util::future::future::Then<Fut1,Fut2,F> as core::future::future::Future>::poll::h7783b7c365406941
[INFO] [stdout]                                at /opt/rustwide/cargo-home/registry/src/index.crates.io-6f17d22bba15001f/futures-util-0.3.28/src/lib.rs:91:13
[INFO] [stdout]   28:     0x62b9f7f06b51 - warp::test::RequestBuilder::reply::{{closure}}::{{closure}}::{{closure}}::h86dc19cffe82e375
[INFO] [stdout]                                at /opt/rustwide/cargo-home/registry/src/index.crates.io-6f17d22bba15001f/warp-0.3.5/src/test.rs:394:67
[INFO] [stdout]   29:     0x62b9f7ef9eda - scoped_tls::ScopedKey<T>::set::h64329ef1ceeb8b9c
[INFO] [stdout]                                at /opt/rustwide/cargo-home/registry/src/index.crates.io-6f17d22bba15001f/scoped-tls-1.0.1/src/lib.rs:137:9
[INFO] [stdout]   30:     0x62b9f7f07580 - warp::route::set::h6c945a52ceecd8e0
[INFO] [stdout]                                at /opt/rustwide/cargo-home/registry/src/index.crates.io-6f17d22bba15001f/warp-0.3.5/src/route.rs:16:5
[INFO] [stdout]   31:     0x62b9f7f039d8 - warp::test::RequestBuilder::reply::{{closure}}::{{closure}}::h1702761e239f78bd
[INFO] [stdout]                                at /opt/rustwide/cargo-home/registry/src/index.crates.io-6f17d22bba15001f/warp-0.3.5/src/test.rs:394:45
[INFO] [stdout]   32:     0x62b9f7f180a7 - <futures_util::future::poll_fn::PollFn<F> as core::future::future::Future>::poll::h9c3623fac93226be
[INFO] [stdout]                                at /opt/rustwide/cargo-home/registry/src/index.crates.io-6f17d22bba15001f/futures-util-0.3.28/src/future/poll_fn.rs:56:9
[INFO] [stdout]   33:     0x62b9f7f03277 - warp::test::RequestBuilder::reply::{{closure}}::ha2cb75a67eeabe1c
[INFO] [stdout]                                at /opt/rustwide/cargo-home/registry/src/index.crates.io-6f17d22bba15001f/warp-0.3.5/src/test.rs:396:13
[INFO] [stdout]   34:     0x62b9f7ee6cfa - card_server::routes::tests::test_insert_route::{{closure}}::h34100deb0feb402d
[INFO] [stdout]                                at /opt/rustwide/workdir/src/routes/mod.rs:220:18
[INFO] [stdout]   35:     0x62b9f7f0baf2 - <core::pin::Pin<P> as core::future::future::Future>::poll::hf53db8811d8ea1e7
[INFO] [stdout]                                at /rustc/90b35a6239c3d8bdabc530a6a0816f7ff89a0aaf/library/core/src/future/future.rs:123:9
[INFO] [stdout]   36:     0x62b9f7f0baad - <core::pin::Pin<P> as core::future::future::Future>::poll::h3a966fac9ab949d0
[INFO] [stdout]                                at /rustc/90b35a6239c3d8bdabc530a6a0816f7ff89a0aaf/library/core/src/future/future.rs:123:9
[INFO] [stdout]   37:     0x62b9f7f0b6ff - tokio::runtime::scheduler::current_thread::CoreGuard::block_on::{{closure}}::{{closure}}::{{closure}}::h5eec6ccdf10a534d
[INFO] [stdout]                                at /opt/rustwide/cargo-home/registry/src/index.crates.io-6f17d22bba15001f/tokio-1.32.0/src/runtime/scheduler/current_thread/mod.rs:665:57
[INFO] [stdout]   38:     0x62b9f7f0b635 - tokio::runtime::coop::with_budget::ha2e97cfebe39fb36
[INFO] [stdout]                                at /opt/rustwide/cargo-home/registry/src/index.crates.io-6f17d22bba15001f/tokio-1.32.0/src/runtime/coop.rs:107:5
[INFO] [stdout]   39:     0x62b9f7f0b635 - tokio::runtime::coop::budget::h55bf92723567ffff
[INFO] [stdout]                                at /opt/rustwide/cargo-home/registry/src/index.crates.io-6f17d22bba15001f/tokio-1.32.0/src/runtime/coop.rs:73:5
[INFO] [stdout]   40:     0x62b9f7f0b635 - tokio::runtime::scheduler::current_thread::CoreGuard::block_on::{{closure}}::{{closure}}::h6bdec2f4fa9a229a
[INFO] [stdout]                                at /opt/rustwide/cargo-home/registry/src/index.crates.io-6f17d22bba15001f/tokio-1.32.0/src/runtime/scheduler/current_thread/mod.rs:665:25
[INFO] [stdout]   41:     0x62b9f7f0a100 - tokio::runtime::scheduler::current_thread::Context::enter::h53a4a559e3f5960a
[INFO] [stdout]                                at /opt/rustwide/cargo-home/registry/src/index.crates.io-6f17d22bba15001f/tokio-1.32.0/src/runtime/scheduler/current_thread/mod.rs:410:19
[INFO] [stdout]   42:     0x62b9f7f0aeab - tokio::runtime::scheduler::current_thread::CoreGuard::block_on::{{closure}}::h076dcaa810b5ae9c
[INFO] [stdout]                                at /opt/rustwide/cargo-home/registry/src/index.crates.io-6f17d22bba15001f/tokio-1.32.0/src/runtime/scheduler/current_thread/mod.rs:664:36
[INFO] [stdout]   43:     0x62b9f7f0ac24 - tokio::runtime::scheduler::current_thread::CoreGuard::enter::{{closure}}::h59866798767b30d5
[INFO] [stdout]                                at /opt/rustwide/cargo-home/registry/src/index.crates.io-6f17d22bba15001f/tokio-1.32.0/src/runtime/scheduler/current_thread/mod.rs:743:68
[INFO] [stdout]   44:     0x62b9f7eeb9fb - tokio::runtime::context::scoped::Scoped<T>::set::ha0d107e80b074f09
[INFO] [stdout]                                at /opt/rustwide/cargo-home/registry/src/index.crates.io-6f17d22bba15001f/tokio-1.32.0/src/runtime/context/scoped.rs:40:9
[INFO] [stdout]   45:     0x62b9f7ee0dd9 - tokio::runtime::context::set_scheduler::{{closure}}::hef818b8a9565e765
[INFO] [stdout]                                at /opt/rustwide/cargo-home/registry/src/index.crates.io-6f17d22bba15001f/tokio-1.32.0/src/runtime/context.rs:176:26
[INFO] [stdout]   46:     0x62b9f7ee931d - std::thread::local::LocalKey<T>::try_with::h4989ec30dbd07b9c
[INFO] [stdout]                                at /rustc/90b35a6239c3d8bdabc530a6a0816f7ff89a0aaf/library/std/src/thread/local.rs:283:12
[INFO] [stdout]   47:     0x62b9f7ee879a - std::thread::local::LocalKey<T>::with::h2753571c5a3ebbbc
[INFO] [stdout]                                at /rustc/90b35a6239c3d8bdabc530a6a0816f7ff89a0aaf/library/std/src/thread/local.rs:260:9
[INFO] [stdout]   48:     0x62b9f7ee0d8d - tokio::runtime::context::set_scheduler::h917bf638a76710c9
[INFO] [stdout]                                at /opt/rustwide/cargo-home/registry/src/index.crates.io-6f17d22bba15001f/tokio-1.32.0/src/runtime/context.rs:176:9
[INFO] [stdout]   49:     0x62b9f7f0a9d0 - tokio::runtime::scheduler::current_thread::CoreGuard::enter::h7aa38b5e7fc64158
[INFO] [stdout]                                at /opt/rustwide/cargo-home/registry/src/index.crates.io-6f17d22bba15001f/tokio-1.32.0/src/runtime/scheduler/current_thread/mod.rs:743:27
[INFO] [stdout]   50:     0x62b9f7f0ac43 - tokio::runtime::scheduler::current_thread::CoreGuard::block_on::hc7e33840cfce0960
[INFO] [stdout]                                at /opt/rustwide/cargo-home/registry/src/index.crates.io-6f17d22bba15001f/tokio-1.32.0/src/runtime/scheduler/current_thread/mod.rs:652:19
[INFO] [stdout]   51:     0x62b9f7f09c3d - tokio::runtime::scheduler::current_thread::CurrentThread::block_on::{{closure}}::hbd60d4e0163e1aae
[INFO] [stdout]                                at /opt/rustwide/cargo-home/registry/src/index.crates.io-6f17d22bba15001f/tokio-1.32.0/src/runtime/scheduler/current_thread/mod.rs:175:28
[INFO] [stdout]   52:     0x62b9f7ef62d6 - tokio::runtime::context::runtime::enter_runtime::h345d3150a4cd5f28
[INFO] [stdout]                                at /opt/rustwide/cargo-home/registry/src/index.crates.io-6f17d22bba15001f/tokio-1.32.0/src/runtime/context/runtime.rs:65:16
[INFO] [stdout]   53:     0x62b9f7f09b51 - tokio::runtime::scheduler::current_thread::CurrentThread::block_on::hf7b998f1771b06a4
[INFO] [stdout]                                at /opt/rustwide/cargo-home/registry/src/index.crates.io-6f17d22bba15001f/tokio-1.32.0/src/runtime/scheduler/current_thread/mod.rs:167:9
[INFO] [stdout]   54:     0x62b9f7eebb2d - tokio::runtime::runtime::Runtime::block_on::h715de5de8800a900
[INFO] [stdout]                                at /opt/rustwide/cargo-home/registry/src/index.crates.io-6f17d22bba15001f/tokio-1.32.0/src/runtime/runtime.rs:347:47
[INFO] [stdout]   55:     0x62b9f7ee68b5 - card_server::routes::tests::test_insert_route::he03246dd8ec7824a
[INFO] [stdout]                                at /opt/rustwide/workdir/src/routes/mod.rs:260:9
[INFO] [stdout]   56:     0x62b9f7ee6757 - card_server::routes::tests::test_insert_route::{{closure}}::h8f093941c8b5458d
[INFO] [stdout]                                at /opt/rustwide/workdir/src/routes/mod.rs:204:33
[INFO] [stdout]   57:     0x62b9f7ef27b6 - core::ops::function::FnOnce::call_once::h5fbcab0561d3cb0a
[INFO] [stdout]                                at /rustc/90b35a6239c3d8bdabc530a6a0816f7ff89a0aaf/library/core/src/ops/function.rs:250:5
[INFO] [stdout]   58:     0x62b9f81776fb - core::ops::function::FnOnce::call_once::h109cf8051a59b34e
[INFO] [stdout]                                at /rustc/90b35a6239c3d8bdabc530a6a0816f7ff89a0aaf/library/core/src/ops/function.rs:250:5
[INFO] [stdout]   59:     0x62b9f81776fb - test::__rust_begin_short_backtrace::hf4fff89d377446ba
[INFO] [stdout]                                at /rustc/90b35a6239c3d8bdabc530a6a0816f7ff89a0aaf/library/test/src/lib.rs:621:18
[INFO] [stdout]   60:     0x62b9f8176f37 - test::run_test_in_process::{{closure}}::h0e39181dd7ee5a43
[INFO] [stdout]                                at /rustc/90b35a6239c3d8bdabc530a6a0816f7ff89a0aaf/library/test/src/lib.rs:644:60
[INFO] [stdout]   61:     0x62b9f8176f37 - <core::panic::unwind_safe::AssertUnwindSafe<F> as core::ops::function::FnOnce<()>>::call_once::hc5a66a30f0bdfd1f
[INFO] [stdout]                                at /rustc/90b35a6239c3d8bdabc530a6a0816f7ff89a0aaf/library/core/src/panic/unwind_safe.rs:272:9
[INFO] [stdout]   62:     0x62b9f8176f37 - std::panicking::try::do_call::h873b7cf639554a5e
[INFO] [stdout]                                at /rustc/90b35a6239c3d8bdabc530a6a0816f7ff89a0aaf/library/std/src/panicking.rs:557:40
[INFO] [stdout]   63:     0x62b9f8176f37 - std::panicking::try::hdb19862fad9c8bd1
[INFO] [stdout]                                at /rustc/90b35a6239c3d8bdabc530a6a0816f7ff89a0aaf/library/std/src/panicking.rs:520:19
[INFO] [stdout]   64:     0x62b9f8176f37 - std::panic::catch_unwind::h281fe732d236d260
[INFO] [stdout]                                at /rustc/90b35a6239c3d8bdabc530a6a0816f7ff89a0aaf/library/std/src/panic.rs:358:14
[INFO] [stdout]   65:     0x62b9f8176f37 - test::run_test_in_process::h949b6df8457ed338
[INFO] [stdout]                                at /rustc/90b35a6239c3d8bdabc530a6a0816f7ff89a0aaf/library/test/src/lib.rs:644:27
[INFO] [stdout]   66:     0x62b9f8176f37 - test::run_test::{{closure}}::h52c556a6d4740e10
[INFO] [stdout]                                at /rustc/90b35a6239c3d8bdabc530a6a0816f7ff89a0aaf/library/test/src/lib.rs:565:43
[INFO] [stdout]   67:     0x62b9f813c214 - test::run_test::{{closure}}::h4237f6381c45ccb9
[INFO] [stdout]                                at /rustc/90b35a6239c3d8bdabc530a6a0816f7ff89a0aaf/library/test/src/lib.rs:595:41
[INFO] [stdout]   68:     0x62b9f813c214 - std::sys::backtrace::__rust_begin_short_backtrace::h505c97a579eca628
[INFO] [stdout]                                at /rustc/90b35a6239c3d8bdabc530a6a0816f7ff89a0aaf/library/std/src/sys/backtrace.rs:154:18
[INFO] [stdout]   69:     0x62b9f813f8de - std::thread::Builder::spawn_unchecked_::{{closure}}::{{closure}}::h9e86b2e2bc107ea3
[INFO] [stdout]                                at /rustc/90b35a6239c3d8bdabc530a6a0816f7ff89a0aaf/library/std/src/thread/mod.rs:538:17
[INFO] [stdout]   70:     0x62b9f813f8de - <core::panic::unwind_safe::AssertUnwindSafe<F> as core::ops::function::FnOnce<()>>::call_once::h8b06ddb275ff4a25
[INFO] [stdout]                                at /rustc/90b35a6239c3d8bdabc530a6a0816f7ff89a0aaf/library/core/src/panic/unwind_safe.rs:272:9
[INFO] [stdout]   71:     0x62b9f813f8de - std::panicking::try::do_call::hb26ecd7cd9a9355d
[INFO] [stdout]                                at /rustc/90b35a6239c3d8bdabc530a6a0816f7ff89a0aaf/library/std/src/panicking.rs:557:40
[INFO] [stdout]   72:     0x62b9f813f8de - std::panicking::try::h8ddeca9d705f9069
[INFO] [stdout]                                at /rustc/90b35a6239c3d8bdabc530a6a0816f7ff89a0aaf/library/std/src/panicking.rs:520:19
[INFO] [stdout]   73:     0x62b9f813f8de - std::panic::catch_unwind::h49e1c33078844c46
[INFO] [stdout]                                at /rustc/90b35a6239c3d8bdabc530a6a0816f7ff89a0aaf/library/std/src/panic.rs:358:14
[INFO] [stdout]   74:     0x62b9f813f8de - std::thread::Builder::spawn_unchecked_::{{closure}}::h6073db6ff56ad35d
[INFO] [stdout]                                at /rustc/90b35a6239c3d8bdabc530a6a0816f7ff89a0aaf/library/std/src/thread/mod.rs:537:30
[INFO] [stdout]   75:     0x62b9f813f8de - core::ops::function::FnOnce::call_once{{vtable.shim}}::h2c5a5f3779c774f1
[INFO] [stdout]                                at /rustc/90b35a6239c3d8bdabc530a6a0816f7ff89a0aaf/library/core/src/ops/function.rs:250:5
[INFO] [stdout]   76:     0x62b9f8482aab - <alloc::boxed::Box<F,A> as core::ops::function::FnOnce<Args>>::call_once::hf75717d9f28faebf
[INFO] [stdout]                                at /rustc/90b35a6239c3d8bdabc530a6a0816f7ff89a0aaf/library/alloc/src/boxed.rs:2454:9
[INFO] [stdout]   77:     0x62b9f8482aab - <alloc::boxed::Box<F,A> as core::ops::function::FnOnce<Args>>::call_once::h7bd883a5f3c5f3c1
[INFO] [stdout]                                at /rustc/90b35a6239c3d8bdabc530a6a0816f7ff89a0aaf/library/alloc/src/boxed.rs:2454:9
[INFO] [stdout]   78:     0x62b9f8482aab - std::sys::pal::unix::thread::Thread::new::thread_start::hcc78f3943333fa94
[INFO] [stdout]                                at /rustc/90b35a6239c3d8bdabc530a6a0816f7ff89a0aaf/library/std/src/sys/pal/unix/thread.rs:105:17
[INFO] [stdout]   79:     0x75e925606ac3 - <unknown>
[INFO] [stdout]   80:     0x75e925697a04 - clone
[INFO] [stdout]   81:                0x0 - <unknown>
[INFO] [stdout] 
[INFO] [stdout] 
[INFO] [stdout] failures:
[INFO] [stdout]     routes::tests::test_insert_route
[INFO] [stdout] 
[INFO] [stdout] test result: FAILED. 0 passed; 1 failed; 0 ignored; 0 measured; 0 filtered out; finished in 0.06s
[INFO] [stdout] 
[INFO] [stderr] error: test failed, to rerun pass `--bin card_server`
[INFO] running `Command { std: "docker" "inspect" "df5cac960f1f732ab1ed49c3e6e0fed4faf796062054559e025f55133640dbc8", kill_on_drop: false }`
[INFO] running `Command { std: "docker" "rm" "-f" "df5cac960f1f732ab1ed49c3e6e0fed4faf796062054559e025f55133640dbc8", kill_on_drop: false }`
[INFO] [stdout] df5cac960f1f732ab1ed49c3e6e0fed4faf796062054559e025f55133640dbc8
