[INFO] cloning repository https://github.com/Trojan295/eso-addons
[INFO] running `Command { std: "git" "-c" "credential.helper=" "-c" "credential.helper=/workspace/cargo-home/bin/git-credential-null" "clone" "--bare" "https://github.com/Trojan295/eso-addons" "/workspace/cache/git-repos/https%3A%2F%2Fgithub.com%2FTrojan295%2Feso-addons", kill_on_drop: false }`
[INFO] [stderr] Cloning into bare repository '/workspace/cache/git-repos/https%3A%2F%2Fgithub.com%2FTrojan295%2Feso-addons'...
[INFO] running `Command { std: "git" "rev-parse" "HEAD", kill_on_drop: false }`
[INFO] [stdout] 88464e81db642ff2d38d4ae18c7dc9d3785ffd9e
[INFO] testing Trojan295/eso-addons against 1.83.0 for beta-1.84.0-4-retry
[INFO] running `Command { std: "git" "clone" "/workspace/cache/git-repos/https%3A%2F%2Fgithub.com%2FTrojan295%2Feso-addons" "/workspace/builds/worker-6-tc1/source", kill_on_drop: false }`
[INFO] [stderr] Cloning into '/workspace/builds/worker-6-tc1/source'...
[INFO] [stderr] done.
[INFO] validating manifest of git repo https://github.com/Trojan295/eso-addons on toolchain 1.83.0
[INFO] running `Command { std: CARGO_HOME="/workspace/cargo-home" RUSTUP_HOME="/workspace/rustup-home" "/workspace/cargo-home/bin/cargo" "+1.83.0" "metadata" "--manifest-path" "Cargo.toml" "--no-deps", kill_on_drop: false }`
[INFO] started tweaking git repo https://github.com/Trojan295/eso-addons
[INFO] finished tweaking git repo https://github.com/Trojan295/eso-addons
[INFO] tweaked toml for git repo https://github.com/Trojan295/eso-addons written to /workspace/builds/worker-6-tc1/source/Cargo.toml
[INFO] crate git repo https://github.com/Trojan295/eso-addons already has a lockfile, it will not be regenerated
[INFO] running `Command { std: CARGO_HOME="/workspace/cargo-home" RUSTUP_HOME="/workspace/rustup-home" "/workspace/cargo-home/bin/cargo" "+1.83.0" "fetch" "--manifest-path" "Cargo.toml", kill_on_drop: false }`
[INFO] [stderr]  Downloading crates ...
[INFO] [stderr]   Downloaded requestty v0.3.0
[INFO] [stderr]   Downloaded prettytable-rs v0.9.0
[INFO] [stderr]   Downloaded requestty-ui v0.3.0
[INFO] [stderr]   Downloaded clap v3.2.2
[INFO] [stderr]   Downloaded clap_derive v3.2.2
[INFO] running `Command { std: "docker" "create" "-v" "/var/lib/crater-agent-workspace/builds/worker-6-tc1/target:/opt/rustwide/target:rw,Z" "-v" "/var/lib/crater-agent-workspace/builds/worker-6-tc1/source:/opt/rustwide/workdir:ro,Z" "-v" "/var/lib/crater-agent-workspace/cargo-home:/opt/rustwide/cargo-home:ro,Z" "-v" "/var/lib/crater-agent-workspace/rustup-home:/opt/rustwide/rustup-home:ro,Z" "-e" "SOURCE_DIR=/opt/rustwide/workdir" "-e" "CARGO_TARGET_DIR=/opt/rustwide/target" "-e" "CARGO_HOME=/opt/rustwide/cargo-home" "-e" "RUSTUP_HOME=/opt/rustwide/rustup-home" "-w" "/opt/rustwide/workdir" "-m" "1610612736" "--user" "0:0" "--network" "none" "ghcr.io/rust-lang/crates-build-env/linux@sha256:f3a9d4ad9d972b27faf3965f35b62e55ba32bbce8f20bc8fe909558a86702fde" "/opt/rustwide/cargo-home/bin/cargo" "+1.83.0" "metadata" "--no-deps" "--format-version=1", kill_on_drop: false }`
[INFO] [stdout] 4755d7cf53278dabaf626c5ced7188eb4ee82c8aa9b82397e02110dc88de5927
[INFO] running `Command { std: "docker" "start" "-a" "4755d7cf53278dabaf626c5ced7188eb4ee82c8aa9b82397e02110dc88de5927", kill_on_drop: false }`
[INFO] running `Command { std: "docker" "inspect" "4755d7cf53278dabaf626c5ced7188eb4ee82c8aa9b82397e02110dc88de5927", kill_on_drop: false }`
[INFO] running `Command { std: "docker" "rm" "-f" "4755d7cf53278dabaf626c5ced7188eb4ee82c8aa9b82397e02110dc88de5927", kill_on_drop: false }`
[INFO] [stdout] 4755d7cf53278dabaf626c5ced7188eb4ee82c8aa9b82397e02110dc88de5927
[INFO] running `Command { std: "docker" "create" "-v" "/var/lib/crater-agent-workspace/builds/worker-6-tc1/target:/opt/rustwide/target:rw,Z" "-v" "/var/lib/crater-agent-workspace/builds/worker-6-tc1/source:/opt/rustwide/workdir:ro,Z" "-v" "/var/lib/crater-agent-workspace/cargo-home:/opt/rustwide/cargo-home:ro,Z" "-v" "/var/lib/crater-agent-workspace/rustup-home:/opt/rustwide/rustup-home:ro,Z" "-e" "SOURCE_DIR=/opt/rustwide/workdir" "-e" "CARGO_TARGET_DIR=/opt/rustwide/target" "-e" "CARGO_INCREMENTAL=0" "-e" "RUST_BACKTRACE=full" "-e" "RUSTFLAGS=--cap-lints=warn" "-e" "RUSTDOCFLAGS=--cap-lints=warn" "-e" "CARGO_HOME=/opt/rustwide/cargo-home" "-e" "RUSTUP_HOME=/opt/rustwide/rustup-home" "-w" "/opt/rustwide/workdir" "-m" "1610612736" "--user" "0:0" "--network" "none" "ghcr.io/rust-lang/crates-build-env/linux@sha256:f3a9d4ad9d972b27faf3965f35b62e55ba32bbce8f20bc8fe909558a86702fde" "/opt/rustwide/cargo-home/bin/cargo" "+1.83.0" "build" "--frozen" "--message-format=json", kill_on_drop: false }`
[INFO] [stdout] cc3abe8d1e185b251f1b1c510067b641651265315394a6b560b6308da35cfa8a
[INFO] running `Command { std: "docker" "start" "-a" "cc3abe8d1e185b251f1b1c510067b641651265315394a6b560b6308da35cfa8a", kill_on_drop: false }`
[INFO] [stderr]    Compiling libc v0.2.112
[INFO] [stderr]    Compiling proc-macro2 v1.0.36
[INFO] [stderr]    Compiling unicode-xid v0.2.2
[INFO] [stderr]    Compiling syn v1.0.92
[INFO] [stderr]    Compiling memchr v2.4.1
[INFO] [stderr]    Compiling version_check v0.9.4
[INFO] [stderr]    Compiling ppv-lite86 v0.2.16
[INFO] [stderr]    Compiling siphasher v0.3.9
[INFO] [stderr]    Compiling log v0.4.14
[INFO] [stderr]    Compiling pkg-config v0.3.24
[INFO] [stderr]    Compiling typenum v1.15.0
[INFO] [stderr]    Compiling serde v1.0.145
[INFO] [stderr]    Compiling getrandom v0.1.16
[INFO] [stderr]    Compiling bitflags v1.3.2
[INFO] [stderr]    Compiling smallvec v1.8.0
[INFO] [stderr]    Compiling parking_lot_core v0.8.5
[INFO] [stderr]    Compiling pin-project-lite v0.2.8
[INFO] [stderr]    Compiling instant v0.1.12
[INFO] [stderr]    Compiling futures-core v0.3.19
[INFO] [stderr]    Compiling bytes v1.1.0
[INFO] [stderr]    Compiling itoa v1.0.1
[INFO] [stderr]    Compiling phf_shared v0.8.0
[INFO] [stderr]    Compiling phf_shared v0.10.0
[INFO] [stderr]    Compiling lock_api v0.4.5
[INFO] [stderr]    Compiling matches v0.1.9
[INFO] [stderr]    Compiling generic-array v0.14.5
[INFO] [stderr]    Compiling indexmap v1.8.0
[INFO] [stderr]    Compiling subtle v2.4.1
[INFO] [stderr]    Compiling regex-syntax v0.6.27
[INFO] [stderr]    Compiling futures-task v0.3.19
[INFO] [stderr]    Compiling signal-hook v0.3.13
[INFO] [stderr]    Compiling unicode-width v0.1.9
[INFO] [stderr]    Compiling hashbrown v0.11.2
[INFO] [stderr]    Compiling new_debug_unreachable v1.0.4
[INFO] [stderr]    Compiling foreign-types-shared v0.1.1
[INFO] [stderr]    Compiling openssl v0.10.41
[INFO] [stderr]    Compiling futures-util v0.3.19
[INFO] [stderr]    Compiling foreign-types v0.3.2
[INFO] [stderr]    Compiling proc-macro-error-attr v1.0.4
[INFO] [stderr]    Compiling tracing-core v0.1.21
[INFO] [stderr]    Compiling once_cell v1.9.0
[INFO] [stderr]    Compiling jobserver v0.1.24
[INFO] [stderr]    Compiling getrandom v0.2.4
[INFO] [stderr]    Compiling mio v0.7.14
[INFO] [stderr]    Compiling num_cpus v1.13.1
[INFO] [stderr]    Compiling cc v1.0.72
[INFO] [stderr]    Compiling rand_core v0.5.1
[INFO] [stderr]    Compiling rand_core v0.6.3
[INFO] [stderr]    Compiling quote v1.0.14
[INFO] [stderr]    Compiling parking_lot v0.11.2
[INFO] [stderr]    Compiling rand_chacha v0.2.2
[INFO] [stderr]    Compiling rand_pcg v0.2.1
[INFO] [stderr]    Compiling rand_chacha v0.3.1
[INFO] [stderr]    Compiling aho-corasick v0.7.18
[INFO] [stderr]    Compiling rand v0.7.3
[INFO] [stderr]    Compiling tokio v1.15.0
[INFO] [stderr]    Compiling http v0.2.6
[INFO] [stderr]    Compiling signal-hook-registry v1.4.0
[INFO] [stderr]    Compiling futures-channel v0.3.19
[INFO] [stderr]    Compiling rand v0.8.5
[INFO] [stderr]    Compiling itoa v0.4.8
[INFO] [stderr]    Compiling cpufeatures v0.2.2
[INFO] [stderr]    Compiling precomputed-hash v0.1.1
[INFO] [stderr]    Compiling futures-sink v0.3.19
[INFO] [stderr]    Compiling tinyvec_macros v0.1.0
[INFO] [stderr]    Compiling openssl-src v111.22.0+1.1.1q
[INFO] [stderr]    Compiling slab v0.4.5
[INFO] [stderr]    Compiling mac v0.1.1
[INFO] [stderr]    Compiling futures-io v0.3.19
[INFO] [stderr]    Compiling native-tls v0.2.8
[INFO] [stderr]    Compiling httparse v1.8.0
[INFO] [stderr]    Compiling phf_generator v0.10.0
[INFO] [stderr]    Compiling futf v0.1.4
[INFO] [stderr]    Compiling phf_codegen v0.10.0
[INFO] [stderr]    Compiling tinyvec v1.5.1
[INFO] [stderr]    Compiling tracing v0.1.29
[INFO] [stderr]    Compiling proc-macro-error v1.0.4
[INFO] [stderr]    Compiling miniz_oxide v0.4.4
[INFO] [stderr]    Compiling byteorder v1.4.3
[INFO] [stderr]    Compiling openssl-sys v0.9.75
[INFO] [stderr]    Compiling zstd-sys v1.6.3+zstd.1.5.2
[INFO] [stderr]    Compiling block-buffer v0.10.2
[INFO] [stderr]    Compiling crypto-common v0.1.3
[INFO] [stderr]    Compiling phf_generator v0.8.0
[INFO] [stderr]    Compiling digest v0.10.3
[INFO] [stderr]    Compiling bzip2-sys v0.1.11+1.0.8
[INFO] [stderr]    Compiling try-lock v0.2.3
[INFO] [stderr]    Compiling ryu v1.0.9
[INFO] [stderr]    Compiling crc32fast v1.3.2
[INFO] [stderr]    Compiling string_cache_codegen v0.5.1
[INFO] [stderr]    Compiling regex v1.6.0
[INFO] [stderr]    Compiling phf_codegen v0.8.0
[INFO] [stderr]    Compiling zstd-safe v4.1.4+zstd.1.5.2
[INFO] [stderr]    Compiling dtoa v0.4.8
[INFO] [stderr]    Compiling utf-8 v0.7.6
[INFO] [stderr]    Compiling openssl-probe v0.1.5
[INFO] [stderr]    Compiling percent-encoding v2.1.0
[INFO] [stderr]    Compiling tendril v0.4.2
[INFO] [stderr]    Compiling dtoa-short v0.3.3
[INFO] [stderr]    Compiling http-body v0.4.4
[INFO] [stderr]    Compiling selectors v0.22.0
[INFO] [stderr]    Compiling unicode-normalization v0.1.19
[INFO] [stderr]    Compiling want v0.3.0
[INFO] [stderr]    Compiling form_urlencoded v1.0.1
[INFO] [stderr]    Compiling signal-hook-mio v0.2.1
[INFO] [stderr]    Compiling dirs-sys-next v0.1.2
[INFO] [stderr]    Compiling markup5ever v0.11.0
[INFO] [stderr]    Compiling socket2 v0.4.2
[INFO] [stderr]    Compiling atty v0.2.14
[INFO] [stderr]    Compiling phf v0.10.1
[INFO] [stderr]    Compiling stable_deref_trait v1.2.0
[INFO] [stderr]    Compiling convert_case v0.4.0
[INFO] [stderr]    Compiling tower-service v0.3.1
[INFO] [stderr]    Compiling string_cache v0.8.2
[INFO] [stderr]    Compiling adler v1.0.2
[INFO] [stderr]    Compiling base64ct v1.0.1
[INFO] [stderr]    Compiling httpdate v1.0.2
[INFO] [stderr]    Compiling regex-automata v0.1.10
[INFO] [stderr]    Compiling smawk v0.3.1
[INFO] [stderr]    Compiling nodrop v0.1.14
[INFO] [stderr]    Compiling encoding_rs v0.8.30
[INFO] [stderr]    Compiling unicode-bidi v0.3.7
[INFO] [stderr]    Compiling servo_arc v0.1.1
[INFO] [stderr]    Compiling password-hash v0.3.2
[INFO] [stderr]    Compiling dirs-next v2.0.0
[INFO] [stderr]    Compiling crossterm v0.22.1
[INFO] [stderr]    Compiling bstr v0.2.17
[INFO] [stderr]    Compiling sha2 v0.10.2
[INFO] [stderr]    Compiling hmac v0.12.1
[INFO] [stderr]    Compiling fxhash v0.2.1
[INFO] [stderr]    Compiling cipher v0.3.0
[INFO] [stderr]    Compiling csv-core v0.1.10
[INFO] [stderr]    Compiling thin-slice v0.1.1
[INFO] [stderr]    Compiling unicode-segmentation v1.8.0
[INFO] [stderr]    Compiling idna v0.2.3
[INFO] [stderr]    Compiling os_str_bytes v6.0.0
[INFO] [stderr]    Compiling remove_dir_all v0.5.3
[INFO] [stderr]    Compiling num_threads v0.1.5
[INFO] [stderr]    Compiling time-macros v0.2.4
[INFO] [stderr]    Compiling serde_derive v1.0.145
[INFO] [stderr]    Compiling heck v0.4.0
[INFO] [stderr]    Compiling opaque-debug v0.3.0
[INFO] [stderr]    Compiling fastrand v1.6.0
[INFO] [stderr]    Compiling aes v0.7.5
[INFO] [stderr]    Compiling csv v1.1.6
[INFO] [stderr]    Compiling flate2 v1.0.22
[INFO] [stderr]    Compiling tempfile v3.3.0
[INFO] [stderr]    Compiling url v2.2.2
[INFO] [stderr]    Compiling clap_lex v0.2.2
[INFO] [stderr]    Compiling pbkdf2 v0.10.1
[INFO] [stderr]    Compiling term v0.7.0
[INFO] [stderr]    Compiling serde_urlencoded v0.7.1
[INFO] [stderr]    Compiling sha1 v0.10.1
[INFO] [stderr]    Compiling dirs-sys v0.3.6
[INFO] [stderr]    Compiling getopts v0.2.21
[INFO] [stderr]    Compiling mime v0.3.16
[INFO] [stderr]    Compiling ipnet v2.3.1
[INFO] [stderr]    Compiling constant_time_eq v0.1.5
[INFO] [stderr]    Compiling encode_unicode v1.0.0
[INFO] [stderr]    Compiling tokio-util v0.6.9
[INFO] [stderr]    Compiling textwrap v0.15.0
[INFO] [stderr]    Compiling base64 v0.13.0
[INFO] [stderr]    Compiling termcolor v1.1.2
[INFO] [stderr]    Compiling ego-tree v0.6.2
[INFO] [stderr]    Compiling strsim v0.10.0
[INFO] [stderr]    Compiling prettytable-rs v0.9.0
[INFO] [stderr]    Compiling dirs v4.0.0
[INFO] [stderr]    Compiling h2 v0.3.10
[INFO] [stderr]    Compiling walkdir v2.3.2
[INFO] [stderr]    Compiling toml v0.5.9
[INFO] [stderr]    Compiling colored v2.0.0
[INFO] [stderr]    Compiling time v0.3.9
[INFO] [stderr]    Compiling unicode-linebreak v0.1.2
[INFO] [stderr]    Compiling openssl-macros v0.1.0
[INFO] [stderr]    Compiling cssparser v0.27.2
[INFO] [stderr]    Compiling phf_macros v0.8.0
[INFO] [stderr]    Compiling html5ever v0.26.0
[INFO] [stderr]    Compiling cssparser-macros v0.6.0
[INFO] [stderr]    Compiling derive_more v0.99.17
[INFO] [stderr]    Compiling bzip2 v0.4.3
[INFO] [stderr]    Compiling clap_derive v3.2.2
[INFO] [stderr]    Compiling phf v0.8.0
[INFO] [stderr]    Compiling textwrap v0.14.2
[INFO] [stderr]    Compiling hyper v0.14.20
[INFO] [stderr]    Compiling requestty-ui v0.3.0
[INFO] [stderr]    Compiling clap v3.2.2
[INFO] [stderr]    Compiling requestty v0.3.0
[INFO] [stderr]    Compiling scraper v0.13.0
[INFO] [stderr]    Compiling zstd v0.10.0+zstd.1.5.2
[INFO] [stderr]    Compiling zip v0.6.0
[INFO] [stderr]    Compiling tokio-native-tls v0.3.0
[INFO] [stderr]    Compiling hyper-tls v0.5.0
[INFO] [stderr]    Compiling reqwest v0.11.12
[INFO] [stderr]    Compiling eso-addons v0.3.0 (/opt/rustwide/workdir)
[INFO] [stdout] warning: use of deprecated unit variant `clap::ArgAction::StoreValue`: Replaced with `ArgAction::Set` or `ArgAction::Append`
[INFO] [stdout]   --> src/cli/mod.rs:24:5
[INFO] [stdout]    |
[INFO] [stdout] 24 |     config: Option<String>,
[INFO] [stdout]    |     ^^^^^^
[INFO] [stdout]    |
[INFO] [stdout]    = note: `#[warn(deprecated)]` on by default
[INFO] [stdout] 
[INFO] [stdout] 
[INFO] [stdout] warning: use of deprecated unit variant `clap::ArgAction::StoreValue`: Replaced with `ArgAction::Set` or `ArgAction::Append`
[INFO] [stdout]   --> src/cli/add.rs:14:5
[INFO] [stdout]    |
[INFO] [stdout] 14 |     addon_url: Option<String>,
[INFO] [stdout]    |     ^^^^^^^^^
[INFO] [stdout] 
[INFO] [stdout] 
[INFO] [stdout] warning: use of deprecated unit variant `clap::ArgAction::StoreValue`: Replaced with `ArgAction::Set` or `ArgAction::Append`
[INFO] [stdout]   --> src/cli/clean.rs:10:5
[INFO] [stdout]    |
[INFO] [stdout] 10 |     remove: Option<bool>,
[INFO] [stdout]    |     ^^^^^^
[INFO] [stdout] 
[INFO] [stdout] 
[INFO] [stdout] warning: use of deprecated unit variant `clap::ArgAction::StoreValue`: Replaced with `ArgAction::Set` or `ArgAction::Append`
[INFO] [stdout]   --> src/cli/remove.rs:14:5
[INFO] [stdout]    |
[INFO] [stdout] 14 |     name: Option<String>,
[INFO] [stdout]    |     ^^^^
[INFO] [stdout] 
[INFO] [stdout] 
[INFO] [stdout] warning: use of deprecated method `clap::ArgMatches::is_present`: Replaced with either `ArgAction::SetTrue` or `ArgMatches::contains_id(...)`
[INFO] [stdout]   --> src/cli/add.rs:21:17
[INFO] [stdout]    |
[INFO] [stdout] 21 |     dependency: bool,
[INFO] [stdout]    |                 ^^^^
[INFO] [stdout] 
[INFO] [stdout] 
[INFO] [stdout] warning: use of deprecated method `clap::Arg::<'help>::validator`: Replaced with `Arg::value_parser(...)`
[INFO] [stdout]   --> src/cli/add.rs:14:5
[INFO] [stdout]    |
[INFO] [stdout] 14 |     addon_url: Option<String>,
[INFO] [stdout]    |     ^^^^^^^^^
[INFO] [stdout] 
[INFO] [stdout] 
[INFO] [stdout] warning: use of deprecated method `clap::Arg::<'help>::validator`: Replaced with `Arg::value_parser(...)`
[INFO] [stdout]   --> src/cli/clean.rs:10:5
[INFO] [stdout]    |
[INFO] [stdout] 10 |     remove: Option<bool>,
[INFO] [stdout]    |     ^^^^^^
[INFO] [stdout] 
[INFO] [stdout] 
[INFO] [stdout] warning: use of deprecated method `clap::Arg::<'help>::validator`: Replaced with `Arg::value_parser(...)`
[INFO] [stdout]   --> src/cli/remove.rs:14:5
[INFO] [stdout]    |
[INFO] [stdout] 14 |     name: Option<String>,
[INFO] [stdout]    |     ^^^^
[INFO] [stdout] 
[INFO] [stdout] 
[INFO] [stdout] warning: use of deprecated method `clap::Arg::<'help>::validator`: Replaced with `Arg::value_parser(...)`
[INFO] [stdout]   --> src/cli/mod.rs:24:5
[INFO] [stdout]    |
[INFO] [stdout] 24 |     config: Option<String>,
[INFO] [stdout]    |     ^^^^^^
[INFO] [stdout] 
[INFO] [stdout] 
[INFO] [stderr]     Finished `dev` profile [unoptimized + debuginfo] target(s) in 2m 29s
[INFO] running `Command { std: "docker" "inspect" "cc3abe8d1e185b251f1b1c510067b641651265315394a6b560b6308da35cfa8a", kill_on_drop: false }`
[INFO] running `Command { std: "docker" "rm" "-f" "cc3abe8d1e185b251f1b1c510067b641651265315394a6b560b6308da35cfa8a", kill_on_drop: false }`
[INFO] [stdout] cc3abe8d1e185b251f1b1c510067b641651265315394a6b560b6308da35cfa8a
[INFO] running `Command { std: "docker" "create" "-v" "/var/lib/crater-agent-workspace/builds/worker-6-tc1/target:/opt/rustwide/target:rw,Z" "-v" "/var/lib/crater-agent-workspace/builds/worker-6-tc1/source:/opt/rustwide/workdir:ro,Z" "-v" "/var/lib/crater-agent-workspace/cargo-home:/opt/rustwide/cargo-home:ro,Z" "-v" "/var/lib/crater-agent-workspace/rustup-home:/opt/rustwide/rustup-home:ro,Z" "-e" "SOURCE_DIR=/opt/rustwide/workdir" "-e" "CARGO_TARGET_DIR=/opt/rustwide/target" "-e" "CARGO_INCREMENTAL=0" "-e" "RUST_BACKTRACE=full" "-e" "RUSTFLAGS=--cap-lints=warn" "-e" "RUSTDOCFLAGS=--cap-lints=warn" "-e" "CARGO_HOME=/opt/rustwide/cargo-home" "-e" "RUSTUP_HOME=/opt/rustwide/rustup-home" "-w" "/opt/rustwide/workdir" "-m" "1610612736" "--user" "0:0" "--network" "none" "ghcr.io/rust-lang/crates-build-env/linux@sha256:f3a9d4ad9d972b27faf3965f35b62e55ba32bbce8f20bc8fe909558a86702fde" "/opt/rustwide/cargo-home/bin/cargo" "+1.83.0" "test" "--frozen" "--no-run" "--message-format=json", kill_on_drop: false }`
[INFO] [stdout] 09a272f510b37784f577d8ec69d5e2b48b2c832ac636261dd12f60e549328562
[INFO] running `Command { std: "docker" "start" "-a" "09a272f510b37784f577d8ec69d5e2b48b2c832ac636261dd12f60e549328562", kill_on_drop: false }`
[INFO] [stderr]    Compiling eso-addons v0.3.0 (/opt/rustwide/workdir)
[INFO] [stdout] warning: use of deprecated unit variant `clap::ArgAction::StoreValue`: Replaced with `ArgAction::Set` or `ArgAction::Append`
[INFO] [stdout]   --> src/cli/mod.rs:24:5
[INFO] [stdout]    |
[INFO] [stdout] 24 |     config: Option<String>,
[INFO] [stdout]    |     ^^^^^^
[INFO] [stdout]    |
[INFO] [stdout]    = note: `#[warn(deprecated)]` on by default
[INFO] [stdout] 
[INFO] [stdout] 
[INFO] [stdout] warning: use of deprecated unit variant `clap::ArgAction::StoreValue`: Replaced with `ArgAction::Set` or `ArgAction::Append`
[INFO] [stdout]   --> src/cli/add.rs:14:5
[INFO] [stdout]    |
[INFO] [stdout] 14 |     addon_url: Option<String>,
[INFO] [stdout]    |     ^^^^^^^^^
[INFO] [stdout] 
[INFO] [stdout] 
[INFO] [stdout] warning: use of deprecated unit variant `clap::ArgAction::StoreValue`: Replaced with `ArgAction::Set` or `ArgAction::Append`
[INFO] [stdout]   --> src/cli/clean.rs:10:5
[INFO] [stdout]    |
[INFO] [stdout] 10 |     remove: Option<bool>,
[INFO] [stdout]    |     ^^^^^^
[INFO] [stdout] 
[INFO] [stdout] 
[INFO] [stdout] warning: use of deprecated unit variant `clap::ArgAction::StoreValue`: Replaced with `ArgAction::Set` or `ArgAction::Append`
[INFO] [stdout]   --> src/cli/remove.rs:14:5
[INFO] [stdout]    |
[INFO] [stdout] 14 |     name: Option<String>,
[INFO] [stdout]    |     ^^^^
[INFO] [stdout] 
[INFO] [stdout] 
[INFO] [stdout] warning: use of deprecated method `clap::ArgMatches::is_present`: Replaced with either `ArgAction::SetTrue` or `ArgMatches::contains_id(...)`
[INFO] [stdout]   --> src/cli/add.rs:21:17
[INFO] [stdout]    |
[INFO] [stdout] 21 |     dependency: bool,
[INFO] [stdout]    |                 ^^^^
[INFO] [stdout] 
[INFO] [stdout] 
[INFO] [stdout] warning: use of deprecated method `clap::Arg::<'help>::validator`: Replaced with `Arg::value_parser(...)`
[INFO] [stdout]   --> src/cli/add.rs:14:5
[INFO] [stdout]    |
[INFO] [stdout] 14 |     addon_url: Option<String>,
[INFO] [stdout]    |     ^^^^^^^^^
[INFO] [stdout] 
[INFO] [stdout] 
[INFO] [stdout] warning: use of deprecated method `clap::Arg::<'help>::validator`: Replaced with `Arg::value_parser(...)`
[INFO] [stdout]   --> src/cli/clean.rs:10:5
[INFO] [stdout]    |
[INFO] [stdout] 10 |     remove: Option<bool>,
[INFO] [stdout]    |     ^^^^^^
[INFO] [stdout] 
[INFO] [stdout] 
[INFO] [stdout] warning: use of deprecated method `clap::Arg::<'help>::validator`: Replaced with `Arg::value_parser(...)`
[INFO] [stdout]   --> src/cli/remove.rs:14:5
[INFO] [stdout]    |
[INFO] [stdout] 14 |     name: Option<String>,
[INFO] [stdout]    |     ^^^^
[INFO] [stdout] 
[INFO] [stdout] 
[INFO] [stdout] warning: use of deprecated method `clap::Arg::<'help>::validator`: Replaced with `Arg::value_parser(...)`
[INFO] [stdout]   --> src/cli/mod.rs:24:5
[INFO] [stdout]    |
[INFO] [stdout] 24 |     config: Option<String>,
[INFO] [stdout]    |     ^^^^^^
[INFO] [stdout] 
[INFO] [stdout] 
[INFO] [stdout] warning: use of deprecated unit variant `clap::ArgAction::StoreValue`: Replaced with `ArgAction::Set` or `ArgAction::Append`
[INFO] [stdout]   --> src/cli/mod.rs:24:5
[INFO] [stdout]    |
[INFO] [stdout] 24 |     config: Option<String>,
[INFO] [stdout]    |     ^^^^^^
[INFO] [stdout]    |
[INFO] [stdout]    = note: `#[warn(deprecated)]` on by default
[INFO] [stdout] 
[INFO] [stdout] 
[INFO] [stdout] warning: use of deprecated unit variant `clap::ArgAction::StoreValue`: Replaced with `ArgAction::Set` or `ArgAction::Append`
[INFO] [stdout]   --> src/cli/add.rs:14:5
[INFO] [stdout]    |
[INFO] [stdout] 14 |     addon_url: Option<String>,
[INFO] [stdout]    |     ^^^^^^^^^
[INFO] [stdout] 
[INFO] [stdout] 
[INFO] [stdout] warning: use of deprecated unit variant `clap::ArgAction::StoreValue`: Replaced with `ArgAction::Set` or `ArgAction::Append`
[INFO] [stdout]   --> src/cli/clean.rs:10:5
[INFO] [stdout]    |
[INFO] [stdout] 10 |     remove: Option<bool>,
[INFO] [stdout]    |     ^^^^^^
[INFO] [stdout] 
[INFO] [stdout] 
[INFO] [stdout] warning: use of deprecated unit variant `clap::ArgAction::StoreValue`: Replaced with `ArgAction::Set` or `ArgAction::Append`
[INFO] [stdout]   --> src/cli/remove.rs:14:5
[INFO] [stdout]    |
[INFO] [stdout] 14 |     name: Option<String>,
[INFO] [stdout]    |     ^^^^
[INFO] [stdout] 
[INFO] [stdout] 
[INFO] [stdout] warning: use of deprecated method `clap::ArgMatches::is_present`: Replaced with either `ArgAction::SetTrue` or `ArgMatches::contains_id(...)`
[INFO] [stdout]   --> src/cli/add.rs:21:17
[INFO] [stdout]    |
[INFO] [stdout] 21 |     dependency: bool,
[INFO] [stdout]    |                 ^^^^
[INFO] [stdout] 
[INFO] [stdout] 
[INFO] [stdout] warning: use of deprecated method `clap::Arg::<'help>::validator`: Replaced with `Arg::value_parser(...)`
[INFO] [stdout]   --> src/cli/add.rs:14:5
[INFO] [stdout]    |
[INFO] [stdout] 14 |     addon_url: Option<String>,
[INFO] [stdout]    |     ^^^^^^^^^
[INFO] [stdout] 
[INFO] [stdout] 
[INFO] [stdout] warning: use of deprecated method `clap::Arg::<'help>::validator`: Replaced with `Arg::value_parser(...)`
[INFO] [stdout]   --> src/cli/clean.rs:10:5
[INFO] [stdout]    |
[INFO] [stdout] 10 |     remove: Option<bool>,
[INFO] [stdout]    |     ^^^^^^
[INFO] [stdout] 
[INFO] [stdout] 
[INFO] [stdout] warning: use of deprecated method `clap::Arg::<'help>::validator`: Replaced with `Arg::value_parser(...)`
[INFO] [stdout]   --> src/cli/remove.rs:14:5
[INFO] [stdout]    |
[INFO] [stdout] 14 |     name: Option<String>,
[INFO] [stdout]    |     ^^^^
[INFO] [stdout] 
[INFO] [stdout] 
[INFO] [stdout] warning: use of deprecated method `clap::Arg::<'help>::validator`: Replaced with `Arg::value_parser(...)`
[INFO] [stdout]   --> src/cli/mod.rs:24:5
[INFO] [stdout]    |
[INFO] [stdout] 24 |     config: Option<String>,
[INFO] [stdout]    |     ^^^^^^
[INFO] [stdout] 
[INFO] [stdout] 
[INFO] [stderr]     Finished `test` profile [unoptimized + debuginfo] target(s) in 6.66s
[INFO] running `Command { std: "docker" "inspect" "09a272f510b37784f577d8ec69d5e2b48b2c832ac636261dd12f60e549328562", kill_on_drop: false }`
[INFO] running `Command { std: "docker" "rm" "-f" "09a272f510b37784f577d8ec69d5e2b48b2c832ac636261dd12f60e549328562", kill_on_drop: false }`
[INFO] [stdout] 09a272f510b37784f577d8ec69d5e2b48b2c832ac636261dd12f60e549328562
[INFO] running `Command { std: "docker" "create" "-v" "/var/lib/crater-agent-workspace/builds/worker-6-tc1/target:/opt/rustwide/target:rw,Z" "-v" "/var/lib/crater-agent-workspace/builds/worker-6-tc1/source:/opt/rustwide/workdir:ro,Z" "-v" "/var/lib/crater-agent-workspace/cargo-home:/opt/rustwide/cargo-home:ro,Z" "-v" "/var/lib/crater-agent-workspace/rustup-home:/opt/rustwide/rustup-home:ro,Z" "-e" "SOURCE_DIR=/opt/rustwide/workdir" "-e" "CARGO_TARGET_DIR=/opt/rustwide/target" "-e" "CARGO_INCREMENTAL=0" "-e" "RUST_BACKTRACE=full" "-e" "RUSTFLAGS=--cap-lints=warn" "-e" "RUSTDOCFLAGS=--cap-lints=warn" "-e" "CARGO_HOME=/opt/rustwide/cargo-home" "-e" "RUSTUP_HOME=/opt/rustwide/rustup-home" "-w" "/opt/rustwide/workdir" "-m" "1610612736" "--user" "0:0" "--network" "none" "ghcr.io/rust-lang/crates-build-env/linux@sha256:f3a9d4ad9d972b27faf3965f35b62e55ba32bbce8f20bc8fe909558a86702fde" "/opt/rustwide/cargo-home/bin/cargo" "+1.83.0" "test" "--frozen", kill_on_drop: false }`
[INFO] [stdout] db01f0b497ac6436cf3ce53a485e32205c3c41924c0bdcd9359327fa0eadc213
[INFO] running `Command { std: "docker" "start" "-a" "db01f0b497ac6436cf3ce53a485e32205c3c41924c0bdcd9359327fa0eadc213", kill_on_drop: false }`
[INFO] [stderr] warning: use of deprecated unit variant `clap::ArgAction::StoreValue`: Replaced with `ArgAction::Set` or `ArgAction::Append`
[INFO] [stderr]   --> src/cli/mod.rs:24:5
[INFO] [stderr]    |
[INFO] [stderr] 24 |     config: Option<String>,
[INFO] [stderr]    |     ^^^^^^
[INFO] [stderr]    |
[INFO] [stderr]    = note: `#[warn(deprecated)]` on by default
[INFO] [stderr] 
[INFO] [stderr] warning: use of deprecated unit variant `clap::ArgAction::StoreValue`: Replaced with `ArgAction::Set` or `ArgAction::Append`
[INFO] [stderr]   --> src/cli/add.rs:14:5
[INFO] [stderr]    |
[INFO] [stderr] 14 |     addon_url: Option<String>,
[INFO] [stderr]    |     ^^^^^^^^^
[INFO] [stderr] 
[INFO] [stderr] warning: use of deprecated unit variant `clap::ArgAction::StoreValue`: Replaced with `ArgAction::Set` or `ArgAction::Append`
[INFO] [stderr]   --> src/cli/clean.rs:10:5
[INFO] [stderr]    |
[INFO] [stderr] 10 |     remove: Option<bool>,
[INFO] [stderr]    |     ^^^^^^
[INFO] [stderr] 
[INFO] [stderr] warning: use of deprecated unit variant `clap::ArgAction::StoreValue`: Replaced with `ArgAction::Set` or `ArgAction::Append`
[INFO] [stderr]   --> src/cli/remove.rs:14:5
[INFO] [stderr]    |
[INFO] [stderr] 14 |     name: Option<String>,
[INFO] [stderr]    |     ^^^^
[INFO] [stderr] 
[INFO] [stderr] warning: use of deprecated method `clap::ArgMatches::is_present`: Replaced with either `ArgAction::SetTrue` or `ArgMatches::contains_id(...)`
[INFO] [stderr]   --> src/cli/add.rs:21:17
[INFO] [stderr]    |
[INFO] [stderr] 21 |     dependency: bool,
[INFO] [stderr]    |                 ^^^^
[INFO] [stderr] 
[INFO] [stderr] warning: use of deprecated method `clap::Arg::<'help>::validator`: Replaced with `Arg::value_parser(...)`
[INFO] [stderr]   --> src/cli/add.rs:14:5
[INFO] [stderr]    |
[INFO] [stderr] 14 |     addon_url: Option<String>,
[INFO] [stderr]    |     ^^^^^^^^^
[INFO] [stderr] 
[INFO] [stderr] warning: use of deprecated method `clap::Arg::<'help>::validator`: Replaced with `Arg::value_parser(...)`
[INFO] [stderr]   --> src/cli/clean.rs:10:5
[INFO] [stderr]    |
[INFO] [stderr] 10 |     remove: Option<bool>,
[INFO] [stderr]    |     ^^^^^^
[INFO] [stderr] 
[INFO] [stderr] warning: use of deprecated method `clap::Arg::<'help>::validator`: Replaced with `Arg::value_parser(...)`
[INFO] [stderr]   --> src/cli/remove.rs:14:5
[INFO] [stderr]    |
[INFO] [stderr] 14 |     name: Option<String>,
[INFO] [stderr]    |     ^^^^
[INFO] [stderr] 
[INFO] [stderr] warning: use of deprecated method `clap::Arg::<'help>::validator`: Replaced with `Arg::value_parser(...)`
[INFO] [stderr]   --> src/cli/mod.rs:24:5
[INFO] [stderr]    |
[INFO] [stderr] 24 |     config: Option<String>,
[INFO] [stderr]    |     ^^^^^^
[INFO] [stderr] 
[INFO] [stderr] warning: `eso-addons` (bin "eso-addons" test) generated 9 warnings
[INFO] [stderr] warning: `eso-addons` (bin "eso-addons") generated 9 warnings (9 duplicates)
[INFO] [stderr]     Finished `test` profile [unoptimized + debuginfo] target(s) in 0.23s
[INFO] [stderr]      Running unittests src/lib.rs (/opt/rustwide/target/debug/deps/eso_addons-b17385d2e1dc5f58)
[INFO] [stdout] 
[INFO] [stdout] running 2 tests
[INFO] [stdout] test addons::tests::test_get_download_link ... ok
[INFO] [stdout] test htmlparser::tests::test_get_document ... FAILED
[INFO] [stdout] 
[INFO] [stdout] failures:
[INFO] [stdout] 
[INFO] [stdout] ---- htmlparser::tests::test_get_document stdout ----
[INFO] [stdout] thread 'htmlparser::tests::test_get_document' panicked at src/htmlparser.rs:53:9:
[INFO] [stdout] assertion failed: doc.is_ok()
[INFO] [stdout] stack backtrace:
[INFO] [stdout]    0:     0x6054f53daaea - std::backtrace_rs::backtrace::libunwind::trace::h5a5b8284f2d0c266
[INFO] [stdout]                                at /rustc/90b35a6239c3d8bdabc530a6a0816f7ff89a0aaf/library/std/src/../../backtrace/src/backtrace/libunwind.rs:116:5
[INFO] [stdout]    1:     0x6054f53daaea - std::backtrace_rs::backtrace::trace_unsynchronized::h76d4f1c9b0b875e3
[INFO] [stdout]                                at /rustc/90b35a6239c3d8bdabc530a6a0816f7ff89a0aaf/library/std/src/../../backtrace/src/backtrace/mod.rs:66:5
[INFO] [stdout]    2:     0x6054f53daaea - std::sys::backtrace::_print_fmt::hc4546b8364a537c6
[INFO] [stdout]                                at /rustc/90b35a6239c3d8bdabc530a6a0816f7ff89a0aaf/library/std/src/sys/backtrace.rs:66:9
[INFO] [stdout]    3:     0x6054f53daaea - <std::sys::backtrace::BacktraceLock::print::DisplayBacktrace as core::fmt::Display>::fmt::h5b6bd5631a6d1f6b
[INFO] [stdout]                                at /rustc/90b35a6239c3d8bdabc530a6a0816f7ff89a0aaf/library/std/src/sys/backtrace.rs:39:26
[INFO] [stdout]    4:     0x6054f5403af3 - core::fmt::rt::Argument::fmt::h270f6602a2b96f62
[INFO] [stdout]                                at /rustc/90b35a6239c3d8bdabc530a6a0816f7ff89a0aaf/library/core/src/fmt/rt.rs:177:76
[INFO] [stdout]    5:     0x6054f5403af3 - core::fmt::write::h7550c97b06c86515
[INFO] [stdout]                                at /rustc/90b35a6239c3d8bdabc530a6a0816f7ff89a0aaf/library/core/src/fmt/mod.rs:1186:21
[INFO] [stdout]    6:     0x6054f53d7203 - std::io::Write::write_fmt::h509ff860e5956e5e
[INFO] [stdout]                                at /rustc/90b35a6239c3d8bdabc530a6a0816f7ff89a0aaf/library/std/src/io/mod.rs:1839:15
[INFO] [stdout]    7:     0x6054f53da932 - std::sys::backtrace::BacktraceLock::print::h2395ccd2c84ba3aa
[INFO] [stdout]                                at /rustc/90b35a6239c3d8bdabc530a6a0816f7ff89a0aaf/library/std/src/sys/backtrace.rs:42:9
[INFO] [stdout]    8:     0x6054f53dbf4a - std::panicking::default_hook::{{closure}}::he19d4c7230e07961
[INFO] [stdout]                                at /rustc/90b35a6239c3d8bdabc530a6a0816f7ff89a0aaf/library/std/src/panicking.rs:268:22
[INFO] [stdout]    9:     0x6054f53dbd54 - std::panicking::default_hook::hf614597d3c67bbdb
[INFO] [stdout]                                at /rustc/90b35a6239c3d8bdabc530a6a0816f7ff89a0aaf/library/std/src/panicking.rs:292:9
[INFO] [stdout]   10:     0x6054f4bfdde9 - <alloc::boxed::Box<F,A> as core::ops::function::Fn<Args>>::call::h39b51ce4599c23d1
[INFO] [stdout]                                at /rustc/90b35a6239c3d8bdabc530a6a0816f7ff89a0aaf/library/alloc/src/boxed.rs:2468:9
[INFO] [stdout]   11:     0x6054f4bfdde9 - test::test_main::{{closure}}::he977ae839a582784
[INFO] [stdout]                                at /rustc/90b35a6239c3d8bdabc530a6a0816f7ff89a0aaf/library/test/src/lib.rs:133:21
[INFO] [stdout]   12:     0x6054f53dc5e8 - <alloc::boxed::Box<F,A> as core::ops::function::Fn<Args>>::call::h9455091b6b06f9fb
[INFO] [stdout]                                at /rustc/90b35a6239c3d8bdabc530a6a0816f7ff89a0aaf/library/alloc/src/boxed.rs:2468:9
[INFO] [stdout]   13:     0x6054f53dc5e8 - std::panicking::rust_panic_with_hook::h8942133a8b252070
[INFO] [stdout]                                at /rustc/90b35a6239c3d8bdabc530a6a0816f7ff89a0aaf/library/std/src/panicking.rs:809:13
[INFO] [stdout]   14:     0x6054f53dc376 - std::panicking::begin_panic_handler::{{closure}}::hb5f5963570096b29
[INFO] [stdout]                                at /rustc/90b35a6239c3d8bdabc530a6a0816f7ff89a0aaf/library/std/src/panicking.rs:667:13
[INFO] [stdout]   15:     0x6054f53dafc9 - std::sys::backtrace::__rust_end_short_backtrace::h6208cedc1922feda
[INFO] [stdout]                                at /rustc/90b35a6239c3d8bdabc530a6a0816f7ff89a0aaf/library/std/src/sys/backtrace.rs:170:18
[INFO] [stdout]   16:     0x6054f53dc03c - rust_begin_unwind
[INFO] [stdout]                                at /rustc/90b35a6239c3d8bdabc530a6a0816f7ff89a0aaf/library/std/src/panicking.rs:665:5
[INFO] [stdout]   17:     0x6054f4bbe2f0 - core::panicking::panic_fmt::h0c3082644d1bf418
[INFO] [stdout]                                at /rustc/90b35a6239c3d8bdabc530a6a0816f7ff89a0aaf/library/core/src/panicking.rs:74:14
[INFO] [stdout]   18:     0x6054f4bbe37c - core::panicking::panic::h957f98c65a3b3074
[INFO] [stdout]                                at /rustc/90b35a6239c3d8bdabc530a6a0816f7ff89a0aaf/library/core/src/panicking.rs:148:5
[INFO] [stdout]   19:     0x6054f4bc5699 - eso_addons::htmlparser::tests::test_get_document::he3a6b33d94f6a640
[INFO] [stdout]                                at /opt/rustwide/workdir/src/htmlparser.rs:53:9
[INFO] [stdout]   20:     0x6054f4bc55c7 - eso_addons::htmlparser::tests::test_get_document::{{closure}}::he377d2795444d4c5
[INFO] [stdout]                                at /opt/rustwide/workdir/src/htmlparser.rs:49:27
[INFO] [stdout]   21:     0x6054f4bc0f36 - core::ops::function::FnOnce::call_once::h28c6885fd0c1eef8
[INFO] [stdout]                                at /rustc/90b35a6239c3d8bdabc530a6a0816f7ff89a0aaf/library/core/src/ops/function.rs:250:5
[INFO] [stdout]   22:     0x6054f4c027ab - core::ops::function::FnOnce::call_once::h109cf8051a59b34e
[INFO] [stdout]                                at /rustc/90b35a6239c3d8bdabc530a6a0816f7ff89a0aaf/library/core/src/ops/function.rs:250:5
[INFO] [stdout]   23:     0x6054f4c027ab - test::__rust_begin_short_backtrace::hf4fff89d377446ba
[INFO] [stdout]                                at /rustc/90b35a6239c3d8bdabc530a6a0816f7ff89a0aaf/library/test/src/lib.rs:621:18
[INFO] [stdout]   24:     0x6054f4c01fe7 - test::run_test_in_process::{{closure}}::h0e39181dd7ee5a43
[INFO] [stdout]                                at /rustc/90b35a6239c3d8bdabc530a6a0816f7ff89a0aaf/library/test/src/lib.rs:644:60
[INFO] [stdout]   25:     0x6054f4c01fe7 - <core::panic::unwind_safe::AssertUnwindSafe<F> as core::ops::function::FnOnce<()>>::call_once::hc5a66a30f0bdfd1f
[INFO] [stdout]                                at /rustc/90b35a6239c3d8bdabc530a6a0816f7ff89a0aaf/library/core/src/panic/unwind_safe.rs:272:9
[INFO] [stdout]   26:     0x6054f4c01fe7 - std::panicking::try::do_call::h873b7cf639554a5e
[INFO] [stdout]                                at /rustc/90b35a6239c3d8bdabc530a6a0816f7ff89a0aaf/library/std/src/panicking.rs:557:40
[INFO] [stdout]   27:     0x6054f4c01fe7 - std::panicking::try::hdb19862fad9c8bd1
[INFO] [stdout]                                at /rustc/90b35a6239c3d8bdabc530a6a0816f7ff89a0aaf/library/std/src/panicking.rs:520:19
[INFO] [stdout]   28:     0x6054f4c01fe7 - std::panic::catch_unwind::h281fe732d236d260
[INFO] [stdout]                                at /rustc/90b35a6239c3d8bdabc530a6a0816f7ff89a0aaf/library/std/src/panic.rs:358:14
[INFO] [stdout]   29:     0x6054f4c01fe7 - test::run_test_in_process::h949b6df8457ed338
[INFO] [stdout]                                at /rustc/90b35a6239c3d8bdabc530a6a0816f7ff89a0aaf/library/test/src/lib.rs:644:27
[INFO] [stdout]   30:     0x6054f4c01fe7 - test::run_test::{{closure}}::h52c556a6d4740e10
[INFO] [stdout]                                at /rustc/90b35a6239c3d8bdabc530a6a0816f7ff89a0aaf/library/test/src/lib.rs:565:43
[INFO] [stdout]   31:     0x6054f4bc72c4 - test::run_test::{{closure}}::h4237f6381c45ccb9
[INFO] [stdout]                                at /rustc/90b35a6239c3d8bdabc530a6a0816f7ff89a0aaf/library/test/src/lib.rs:595:41
[INFO] [stdout]   32:     0x6054f4bc72c4 - std::sys::backtrace::__rust_begin_short_backtrace::h505c97a579eca628
[INFO] [stdout]                                at /rustc/90b35a6239c3d8bdabc530a6a0816f7ff89a0aaf/library/std/src/sys/backtrace.rs:154:18
[INFO] [stdout]   33:     0x6054f4bca98e - std::thread::Builder::spawn_unchecked_::{{closure}}::{{closure}}::h9e86b2e2bc107ea3
[INFO] [stdout]                                at /rustc/90b35a6239c3d8bdabc530a6a0816f7ff89a0aaf/library/std/src/thread/mod.rs:538:17
[INFO] [stdout]   34:     0x6054f4bca98e - <core::panic::unwind_safe::AssertUnwindSafe<F> as core::ops::function::FnOnce<()>>::call_once::h8b06ddb275ff4a25
[INFO] [stdout]                                at /rustc/90b35a6239c3d8bdabc530a6a0816f7ff89a0aaf/library/core/src/panic/unwind_safe.rs:272:9
[INFO] [stdout]   35:     0x6054f4bca98e - std::panicking::try::do_call::hb26ecd7cd9a9355d
[INFO] [stdout]                                at /rustc/90b35a6239c3d8bdabc530a6a0816f7ff89a0aaf/library/std/src/panicking.rs:557:40
[INFO] [stdout]   36:     0x6054f4bca98e - std::panicking::try::h8ddeca9d705f9069
[INFO] [stdout]                                at /rustc/90b35a6239c3d8bdabc530a6a0816f7ff89a0aaf/library/std/src/panicking.rs:520:19
[INFO] [stdout]   37:     0x6054f4bca98e - std::panic::catch_unwind::h49e1c33078844c46
[INFO] [stdout]                                at /rustc/90b35a6239c3d8bdabc530a6a0816f7ff89a0aaf/library/std/src/panic.rs:358:14
[INFO] [stdout]   38:     0x6054f4bca98e - std::thread::Builder::spawn_unchecked_::{{closure}}::h6073db6ff56ad35d
[INFO] [stdout]                                at /rustc/90b35a6239c3d8bdabc530a6a0816f7ff89a0aaf/library/std/src/thread/mod.rs:537:30
[INFO] [stdout]   39:     0x6054f4bca98e - core::ops::function::FnOnce::call_once{{vtable.shim}}::h2c5a5f3779c774f1
[INFO] [stdout]                                at /rustc/90b35a6239c3d8bdabc530a6a0816f7ff89a0aaf/library/core/src/ops/function.rs:250:5
[INFO] [stdout]   40:     0x6054f53e077b - <alloc::boxed::Box<F,A> as core::ops::function::FnOnce<Args>>::call_once::hf75717d9f28faebf
[INFO] [stdout]                                at /rustc/90b35a6239c3d8bdabc530a6a0816f7ff89a0aaf/library/alloc/src/boxed.rs:2454:9
[INFO] [stdout]   41:     0x6054f53e077b - <alloc::boxed::Box<F,A> as core::ops::function::FnOnce<Args>>::call_once::h7bd883a5f3c5f3c1
[INFO] [stdout]                                at /rustc/90b35a6239c3d8bdabc530a6a0816f7ff89a0aaf/library/alloc/src/boxed.rs:2454:9
[INFO] [stdout]   42:     0x6054f53e077b - std::sys::pal::unix::thread::Thread::new::thread_start::hcc78f3943333fa94
[INFO] [stdout]                                at /rustc/90b35a6239c3d8bdabc530a6a0816f7ff89a0aaf/library/std/src/sys/pal/unix/thread.rs:105:17
[INFO] [stdout]   43:     0x7ddbbfd6fac3 - <unknown>
[INFO] [stdout]   44:     0x7ddbbfe00a04 - clone
[INFO] [stdout]   45:                0x0 - <unknown>
[INFO] [stdout] 
[INFO] [stdout] 
[INFO] [stdout] failures:
[INFO] [stdout]     htmlparser::tests::test_get_document
[INFO] [stdout] 
[INFO] [stdout] test result: FAILED. 1 passed; 1 failed; 0 ignored; 0 measured; 0 filtered out; finished in 0.15s
[INFO] [stdout] 
[INFO] [stderr] error: test failed, to rerun pass `--lib`
[INFO] running `Command { std: "docker" "inspect" "db01f0b497ac6436cf3ce53a485e32205c3c41924c0bdcd9359327fa0eadc213", kill_on_drop: false }`
[INFO] running `Command { std: "docker" "rm" "-f" "db01f0b497ac6436cf3ce53a485e32205c3c41924c0bdcd9359327fa0eadc213", kill_on_drop: false }`
[INFO] [stdout] db01f0b497ac6436cf3ce53a485e32205c3c41924c0bdcd9359327fa0eadc213
