[INFO] cloning repository https://github.com/Tortoaster/aoc2023
[INFO] running `Command { std: "git" "-c" "credential.helper=" "-c" "credential.helper=/workspace/cargo-home/bin/git-credential-null" "clone" "--bare" "https://github.com/Tortoaster/aoc2023" "/workspace/cache/git-repos/https%3A%2F%2Fgithub.com%2FTortoaster%2Faoc2023", kill_on_drop: false }`
[INFO] [stderr] Cloning into bare repository '/workspace/cache/git-repos/https%3A%2F%2Fgithub.com%2FTortoaster%2Faoc2023'...
[INFO] running `Command { std: "git" "rev-parse" "HEAD", kill_on_drop: false }`
[INFO] [stdout] 069e4895959ceb737847ed8590951253396f79f1
[INFO] testing Tortoaster/aoc2023 against 1.83.0 for beta-1.84.0-4-retry
[INFO] running `Command { std: "git" "clone" "/workspace/cache/git-repos/https%3A%2F%2Fgithub.com%2FTortoaster%2Faoc2023" "/workspace/builds/worker-7-tc1/source", kill_on_drop: false }`
[INFO] [stderr] Cloning into '/workspace/builds/worker-7-tc1/source'...
[INFO] [stderr] done.
[INFO] validating manifest of git repo https://github.com/Tortoaster/aoc2023 on toolchain 1.83.0
[INFO] running `Command { std: CARGO_HOME="/workspace/cargo-home" RUSTUP_HOME="/workspace/rustup-home" "/workspace/cargo-home/bin/cargo" "+1.83.0" "metadata" "--manifest-path" "Cargo.toml" "--no-deps", kill_on_drop: false }`
[INFO] started tweaking git repo https://github.com/Tortoaster/aoc2023
[INFO] finished tweaking git repo https://github.com/Tortoaster/aoc2023
[INFO] tweaked toml for git repo https://github.com/Tortoaster/aoc2023 written to /workspace/builds/worker-7-tc1/source/Cargo.toml
[INFO] crate git repo https://github.com/Tortoaster/aoc2023 already has a lockfile, it will not be regenerated
[INFO] running `Command { std: CARGO_HOME="/workspace/cargo-home" RUSTUP_HOME="/workspace/rustup-home" "/workspace/cargo-home/bin/cargo" "+1.83.0" "fetch" "--manifest-path" "Cargo.toml", kill_on_drop: false }`
[INFO] running `Command { std: "docker" "create" "-v" "/var/lib/crater-agent-workspace/builds/worker-7-tc1/target:/opt/rustwide/target:rw,Z" "-v" "/var/lib/crater-agent-workspace/builds/worker-7-tc1/source:/opt/rustwide/workdir:ro,Z" "-v" "/var/lib/crater-agent-workspace/cargo-home:/opt/rustwide/cargo-home:ro,Z" "-v" "/var/lib/crater-agent-workspace/rustup-home:/opt/rustwide/rustup-home:ro,Z" "-e" "SOURCE_DIR=/opt/rustwide/workdir" "-e" "CARGO_TARGET_DIR=/opt/rustwide/target" "-e" "CARGO_HOME=/opt/rustwide/cargo-home" "-e" "RUSTUP_HOME=/opt/rustwide/rustup-home" "-w" "/opt/rustwide/workdir" "-m" "1610612736" "--user" "0:0" "--network" "none" "ghcr.io/rust-lang/crates-build-env/linux@sha256:f3a9d4ad9d972b27faf3965f35b62e55ba32bbce8f20bc8fe909558a86702fde" "/opt/rustwide/cargo-home/bin/cargo" "+1.83.0" "metadata" "--no-deps" "--format-version=1", kill_on_drop: false }`
[INFO] [stdout] 47f9ca8be8144440eb57a7510bd14f21fae6eaae9cf7f869fdb05339aa4ddde0
[INFO] running `Command { std: "docker" "start" "-a" "47f9ca8be8144440eb57a7510bd14f21fae6eaae9cf7f869fdb05339aa4ddde0", kill_on_drop: false }`
[INFO] running `Command { std: "docker" "inspect" "47f9ca8be8144440eb57a7510bd14f21fae6eaae9cf7f869fdb05339aa4ddde0", kill_on_drop: false }`
[INFO] running `Command { std: "docker" "rm" "-f" "47f9ca8be8144440eb57a7510bd14f21fae6eaae9cf7f869fdb05339aa4ddde0", kill_on_drop: false }`
[INFO] [stdout] 47f9ca8be8144440eb57a7510bd14f21fae6eaae9cf7f869fdb05339aa4ddde0
[INFO] running `Command { std: "docker" "create" "-v" "/var/lib/crater-agent-workspace/builds/worker-7-tc1/target:/opt/rustwide/target:rw,Z" "-v" "/var/lib/crater-agent-workspace/builds/worker-7-tc1/source:/opt/rustwide/workdir:ro,Z" "-v" "/var/lib/crater-agent-workspace/cargo-home:/opt/rustwide/cargo-home:ro,Z" "-v" "/var/lib/crater-agent-workspace/rustup-home:/opt/rustwide/rustup-home:ro,Z" "-e" "SOURCE_DIR=/opt/rustwide/workdir" "-e" "CARGO_TARGET_DIR=/opt/rustwide/target" "-e" "CARGO_INCREMENTAL=0" "-e" "RUST_BACKTRACE=full" "-e" "RUSTFLAGS=--cap-lints=warn" "-e" "RUSTDOCFLAGS=--cap-lints=warn" "-e" "CARGO_HOME=/opt/rustwide/cargo-home" "-e" "RUSTUP_HOME=/opt/rustwide/rustup-home" "-w" "/opt/rustwide/workdir" "-m" "1610612736" "--user" "0:0" "--network" "none" "ghcr.io/rust-lang/crates-build-env/linux@sha256:f3a9d4ad9d972b27faf3965f35b62e55ba32bbce8f20bc8fe909558a86702fde" "/opt/rustwide/cargo-home/bin/cargo" "+1.83.0" "build" "--frozen" "--message-format=json", kill_on_drop: false }`
[INFO] [stdout] 224b32bcbeea673019040f4bcbdee4bd1ad20489cc7ef15f6197ce69c42cc61b
[INFO] running `Command { std: "docker" "start" "-a" "224b32bcbeea673019040f4bcbdee4bd1ad20489cc7ef15f6197ce69c42cc61b", kill_on_drop: false }`
[INFO] [stderr]    Compiling proc-macro2 v1.0.71
[INFO] [stderr]    Compiling crossbeam-utils v0.8.17
[INFO] [stderr]    Compiling either v1.9.0
[INFO] [stderr]    Compiling once_cell v1.19.0
[INFO] [stderr]    Compiling zerocopy v0.7.32
[INFO] [stderr]    Compiling thiserror v1.0.52
[INFO] [stderr]    Compiling rayon-core v1.12.0
[INFO] [stderr]    Compiling allocator-api2 v0.2.16
[INFO] [stderr]    Compiling cached_proc_macro_types v0.1.0
[INFO] [stderr]    Compiling memoffset v0.9.0
[INFO] [stderr]    Compiling ahash v0.8.6
[INFO] [stderr]    Compiling instant v0.1.12
[INFO] [stderr]    Compiling day13 v0.1.0 (/opt/rustwide/workdir/day13)
[INFO] [stderr]    Compiling day18 v0.1.0 (/opt/rustwide/workdir/day18)
[INFO] [stderr]    Compiling day4 v0.1.0 (/opt/rustwide/workdir/day4)
[INFO] [stderr]    Compiling day25 v0.1.0 (/opt/rustwide/workdir/day25)
[INFO] [stderr]    Compiling day24 v0.1.0 (/opt/rustwide/workdir/day24)
[INFO] [stderr]    Compiling day20 v0.1.0 (/opt/rustwide/workdir/day20)
[INFO] [stderr]    Compiling itertools v0.12.0
[INFO] [stderr]    Compiling day14 v0.1.0 (/opt/rustwide/workdir/day14)
[INFO] [stderr]    Compiling day3 v0.1.0 (/opt/rustwide/workdir/day3)
[INFO] [stderr]    Compiling day9 v0.1.0 (/opt/rustwide/workdir/day9)
[INFO] [stderr]    Compiling day1 v0.1.0 (/opt/rustwide/workdir/day1)
[INFO] [stderr]    Compiling day2 v0.1.0 (/opt/rustwide/workdir/day2)
[INFO] [stderr]    Compiling day23 v0.1.0 (/opt/rustwide/workdir/day23)
[INFO] [stderr]    Compiling day6 v0.1.0 (/opt/rustwide/workdir/day6)
[INFO] [stderr]    Compiling day8 v0.1.0 (/opt/rustwide/workdir/day8)
[INFO] [stderr]    Compiling day17 v0.1.0 (/opt/rustwide/workdir/day17)
[INFO] [stderr]    Compiling day21 v0.1.0 (/opt/rustwide/workdir/day21)
[INFO] [stderr]    Compiling day19 v0.1.0 (/opt/rustwide/workdir/day19)
[INFO] [stderr]    Compiling day11 v0.1.0 (/opt/rustwide/workdir/day11)
[INFO] [stderr]    Compiling day15 v0.1.0 (/opt/rustwide/workdir/day15)
[INFO] [stderr]    Compiling day22 v0.1.0 (/opt/rustwide/workdir/day22)
[INFO] [stderr]    Compiling hashbrown v0.14.3
[INFO] [stderr]    Compiling crossbeam-epoch v0.9.16
[INFO] [stderr]    Compiling quote v1.0.33
[INFO] [stderr]    Compiling crossbeam-deque v0.8.4
[INFO] [stderr]    Compiling day10 v0.1.0 (/opt/rustwide/workdir/day10)
[INFO] [stderr]    Compiling day7 v0.1.0 (/opt/rustwide/workdir/day7)
[INFO] [stderr]    Compiling day5 v0.1.0 (/opt/rustwide/workdir/day5)
[INFO] [stderr]    Compiling syn v1.0.109
[INFO] [stderr]    Compiling syn v2.0.43
[INFO] [stderr]    Compiling rayon v1.8.0
[INFO] [stderr]    Compiling thiserror-impl v1.0.52
[INFO] [stderr]    Compiling day16 v0.1.0 (/opt/rustwide/workdir/day16)
[INFO] [stderr]    Compiling darling_core v0.14.4
[INFO] [stderr]    Compiling darling_macro v0.14.4
[INFO] [stderr]    Compiling darling v0.14.4
[INFO] [stderr]    Compiling cached_proc_macro v0.18.1
[INFO] [stderr]    Compiling cached v0.46.1
[INFO] [stderr]    Compiling day12 v0.1.0 (/opt/rustwide/workdir/day12)
[INFO] [stderr]     Finished `dev` profile [unoptimized + debuginfo] target(s) in 19.88s
[INFO] running `Command { std: "docker" "inspect" "224b32bcbeea673019040f4bcbdee4bd1ad20489cc7ef15f6197ce69c42cc61b", kill_on_drop: false }`
[INFO] running `Command { std: "docker" "rm" "-f" "224b32bcbeea673019040f4bcbdee4bd1ad20489cc7ef15f6197ce69c42cc61b", kill_on_drop: false }`
[INFO] [stdout] 224b32bcbeea673019040f4bcbdee4bd1ad20489cc7ef15f6197ce69c42cc61b
[INFO] running `Command { std: "docker" "create" "-v" "/var/lib/crater-agent-workspace/builds/worker-7-tc1/target:/opt/rustwide/target:rw,Z" "-v" "/var/lib/crater-agent-workspace/builds/worker-7-tc1/source:/opt/rustwide/workdir:ro,Z" "-v" "/var/lib/crater-agent-workspace/cargo-home:/opt/rustwide/cargo-home:ro,Z" "-v" "/var/lib/crater-agent-workspace/rustup-home:/opt/rustwide/rustup-home:ro,Z" "-e" "SOURCE_DIR=/opt/rustwide/workdir" "-e" "CARGO_TARGET_DIR=/opt/rustwide/target" "-e" "CARGO_INCREMENTAL=0" "-e" "RUST_BACKTRACE=full" "-e" "RUSTFLAGS=--cap-lints=warn" "-e" "RUSTDOCFLAGS=--cap-lints=warn" "-e" "CARGO_HOME=/opt/rustwide/cargo-home" "-e" "RUSTUP_HOME=/opt/rustwide/rustup-home" "-w" "/opt/rustwide/workdir" "-m" "1610612736" "--user" "0:0" "--network" "none" "ghcr.io/rust-lang/crates-build-env/linux@sha256:f3a9d4ad9d972b27faf3965f35b62e55ba32bbce8f20bc8fe909558a86702fde" "/opt/rustwide/cargo-home/bin/cargo" "+1.83.0" "test" "--frozen" "--no-run" "--message-format=json", kill_on_drop: false }`
[INFO] [stdout] 7a7034e1ad909fa096839d4eb13e32aa345b88d7107c6b217438785aa65958e1
[INFO] running `Command { std: "docker" "start" "-a" "7a7034e1ad909fa096839d4eb13e32aa345b88d7107c6b217438785aa65958e1", kill_on_drop: false }`
[INFO] [stderr]    Compiling day20 v0.1.0 (/opt/rustwide/workdir/day20)
[INFO] [stderr]    Compiling day4 v0.1.0 (/opt/rustwide/workdir/day4)
[INFO] [stderr]    Compiling day18 v0.1.0 (/opt/rustwide/workdir/day18)
[INFO] [stderr]    Compiling day23 v0.1.0 (/opt/rustwide/workdir/day23)
[INFO] [stderr]    Compiling day25 v0.1.0 (/opt/rustwide/workdir/day25)
[INFO] [stderr]    Compiling day19 v0.1.0 (/opt/rustwide/workdir/day19)
[INFO] [stderr]    Compiling day7 v0.1.0 (/opt/rustwide/workdir/day7)
[INFO] [stderr]    Compiling day10 v0.1.0 (/opt/rustwide/workdir/day10)
[INFO] [stderr]    Compiling day5 v0.1.0 (/opt/rustwide/workdir/day5)
[INFO] [stderr]    Compiling day2 v0.1.0 (/opt/rustwide/workdir/day2)
[INFO] [stderr]    Compiling day1 v0.1.0 (/opt/rustwide/workdir/day1)
[INFO] [stderr]    Compiling day8 v0.1.0 (/opt/rustwide/workdir/day8)
[INFO] [stderr]    Compiling day22 v0.1.0 (/opt/rustwide/workdir/day22)
[INFO] [stderr]    Compiling day3 v0.1.0 (/opt/rustwide/workdir/day3)
[INFO] [stderr]    Compiling day16 v0.1.0 (/opt/rustwide/workdir/day16)
[INFO] [stderr]    Compiling day12 v0.1.0 (/opt/rustwide/workdir/day12)
[INFO] [stdout] warning: unreachable expression
[INFO] [stdout]   --> day23/src/main.rs:24:9
[INFO] [stdout]    |
[INFO] [stdout] 24 |         assert_eq!(solve_23a(INPUT), todo!())
[INFO] [stdout]    |         ^^^^^^^^^^^^^^^^^^^^^^^^^^^^^-------^
[INFO] [stdout]    |         |                            |
[INFO] [stdout]    |         |                            any code following this expression is unreachable
[INFO] [stdout]    |         unreachable expression
[INFO] [stdout]    |
[INFO] [stdout]    = note: `#[warn(unreachable_code)]` on by default
[INFO] [stdout]    = note: this warning originates in the macro `assert_eq` (in Nightly builds, run with -Z macro-backtrace for more info)
[INFO] [stdout] 
[INFO] [stdout] 
[INFO] [stdout] warning: unreachable expression
[INFO] [stdout]   --> day23/src/main.rs:24:9
[INFO] [stdout]    |
[INFO] [stdout] 24 |         assert_eq!(solve_23a(INPUT), todo!())
[INFO] [stdout]    |         ^^^^^^^^^^^^^^^^^^^^^^^^^^^^^^^^^^^^^
[INFO] [stdout]    |         |
[INFO] [stdout]    |         unreachable expression
[INFO] [stdout]    |         any code following this expression is unreachable
[INFO] [stdout]    |
[INFO] [stdout]    = note: this warning originates in the macro `assert_eq` (in Nightly builds, run with -Z macro-backtrace for more info)
[INFO] [stdout] 
[INFO] [stdout] 
[INFO] [stdout] warning: unreachable expression
[INFO] [stdout]   --> day23/src/main.rs:29:9
[INFO] [stdout]    |
[INFO] [stdout] 29 |         assert_eq!(solve_23b(INPUT), todo!())
[INFO] [stdout]    |         ^^^^^^^^^^^^^^^^^^^^^^^^^^^^^-------^
[INFO] [stdout]    |         |                            |
[INFO] [stdout]    |         |                            any code following this expression is unreachable
[INFO] [stdout]    |         unreachable expression
[INFO] [stdout]    |
[INFO] [stdout]    = note: this warning originates in the macro `assert_eq` (in Nightly builds, run with -Z macro-backtrace for more info)
[INFO] [stdout] 
[INFO] [stdout] 
[INFO] [stdout] warning: unreachable expression
[INFO] [stdout]   --> day23/src/main.rs:29:9
[INFO] [stdout]    |
[INFO] [stdout] 29 |         assert_eq!(solve_23b(INPUT), todo!())
[INFO] [stdout]    |         ^^^^^^^^^^^^^^^^^^^^^^^^^^^^^^^^^^^^^
[INFO] [stdout]    |         |
[INFO] [stdout]    |         unreachable expression
[INFO] [stdout]    |         any code following this expression is unreachable
[INFO] [stdout]    |
[INFO] [stdout]    = note: this warning originates in the macro `assert_eq` (in Nightly builds, run with -Z macro-backtrace for more info)
[INFO] [stdout] 
[INFO] [stdout] 
[INFO] [stdout] warning: unreachable expression
[INFO] [stdout]   --> day18/src/main.rs:24:9
[INFO] [stdout]    |
[INFO] [stdout] 24 |         assert_eq!(solve_18a(INPUT), todo!())
[INFO] [stdout]    |         ^^^^^^^^^^^^^^^^^^^^^^^^^^^^^-------^
[INFO] [stdout]    |         |                            |
[INFO] [stdout]    |         |                            any code following this expression is unreachable
[INFO] [stdout]    |         unreachable expression
[INFO] [stdout]    |
[INFO] [stdout]    = note: `#[warn(unreachable_code)]` on by default
[INFO] [stdout]    = note: this warning originates in the macro `assert_eq` (in Nightly builds, run with -Z macro-backtrace for more info)
[INFO] [stdout] 
[INFO] [stdout] 
[INFO] [stdout] warning: unreachable expression
[INFO] [stdout]   --> day18/src/main.rs:24:9
[INFO] [stdout]    |
[INFO] [stdout] 24 |         assert_eq!(solve_18a(INPUT), todo!())
[INFO] [stdout]    |         ^^^^^^^^^^^^^^^^^^^^^^^^^^^^^^^^^^^^^
[INFO] [stdout]    |         |
[INFO] [stdout]    |         unreachable expression
[INFO] [stdout]    |         any code following this expression is unreachable
[INFO] [stdout]    |
[INFO] [stdout]    = note: this warning originates in the macro `assert_eq` (in Nightly builds, run with -Z macro-backtrace for more info)
[INFO] [stdout] 
[INFO] [stdout] 
[INFO] [stdout] warning: unreachable expression
[INFO] [stdout]   --> day18/src/main.rs:29:9
[INFO] [stdout]    |
[INFO] [stdout] 29 |         assert_eq!(solve_18b(INPUT), todo!())
[INFO] [stdout]    |         ^^^^^^^^^^^^^^^^^^^^^^^^^^^^^-------^
[INFO] [stdout]    |         |                            |
[INFO] [stdout]    |         |                            any code following this expression is unreachable
[INFO] [stdout]    |         unreachable expression
[INFO] [stdout]    |
[INFO] [stdout]    = note: this warning originates in the macro `assert_eq` (in Nightly builds, run with -Z macro-backtrace for more info)
[INFO] [stdout] 
[INFO] [stdout] 
[INFO] [stdout] warning: unreachable expression
[INFO] [stdout]   --> day18/src/main.rs:29:9
[INFO] [stdout]    |
[INFO] [stdout] 29 |         assert_eq!(solve_18b(INPUT), todo!())
[INFO] [stdout]    |         ^^^^^^^^^^^^^^^^^^^^^^^^^^^^^^^^^^^^^
[INFO] [stdout]    |         |
[INFO] [stdout]    |         unreachable expression
[INFO] [stdout]    |         any code following this expression is unreachable
[INFO] [stdout]    |
[INFO] [stdout]    = note: this warning originates in the macro `assert_eq` (in Nightly builds, run with -Z macro-backtrace for more info)
[INFO] [stdout] 
[INFO] [stdout] 
[INFO] [stdout] warning: unreachable expression
[INFO] [stdout]   --> day25/src/main.rs:24:9
[INFO] [stdout]    |
[INFO] [stdout] 24 |         assert_eq!(solve_25a(INPUT), todo!())
[INFO] [stdout]    |         ^^^^^^^^^^^^^^^^^^^^^^^^^^^^^-------^
[INFO] [stdout]    |         |                            |
[INFO] [stdout]    |         |                            any code following this expression is unreachable
[INFO] [stdout]    |         unreachable expression
[INFO] [stdout]    |
[INFO] [stdout]    = note: `#[warn(unreachable_code)]` on by default
[INFO] [stdout]    = note: this warning originates in the macro `assert_eq` (in Nightly builds, run with -Z macro-backtrace for more info)
[INFO] [stdout] 
[INFO] [stdout] 
[INFO] [stdout] warning: unreachable expression
[INFO] [stdout]   --> day25/src/main.rs:24:9
[INFO] [stdout]    |
[INFO] [stdout] 24 |         assert_eq!(solve_25a(INPUT), todo!())
[INFO] [stdout]    |         ^^^^^^^^^^^^^^^^^^^^^^^^^^^^^^^^^^^^^
[INFO] [stdout]    |         |
[INFO] [stdout]    |         unreachable expression
[INFO] [stdout]    |         any code following this expression is unreachable
[INFO] [stdout]    |
[INFO] [stdout]    = note: this warning originates in the macro `assert_eq` (in Nightly builds, run with -Z macro-backtrace for more info)
[INFO] [stdout] 
[INFO] [stdout] 
[INFO] [stdout] warning: unreachable expression
[INFO] [stdout]   --> day25/src/main.rs:29:9
[INFO] [stdout]    |
[INFO] [stdout] 29 |         assert_eq!(solve_25b(INPUT), todo!())
[INFO] [stdout]    |         ^^^^^^^^^^^^^^^^^^^^^^^^^^^^^-------^
[INFO] [stdout]    |         |                            |
[INFO] [stdout]    |         |                            any code following this expression is unreachable
[INFO] [stdout]    |         unreachable expression
[INFO] [stdout]    |
[INFO] [stdout]    = note: this warning originates in the macro `assert_eq` (in Nightly builds, run with -Z macro-backtrace for more info)
[INFO] [stdout] 
[INFO] [stdout] 
[INFO] [stdout] warning: unreachable expression
[INFO] [stdout]   --> day25/src/main.rs:29:9
[INFO] [stdout]    |
[INFO] [stdout] 29 |         assert_eq!(solve_25b(INPUT), todo!())
[INFO] [stdout]    |         ^^^^^^^^^^^^^^^^^^^^^^^^^^^^^^^^^^^^^
[INFO] [stdout]    |         |
[INFO] [stdout]    |         unreachable expression
[INFO] [stdout]    |         any code following this expression is unreachable
[INFO] [stdout]    |
[INFO] [stdout]    = note: this warning originates in the macro `assert_eq` (in Nightly builds, run with -Z macro-backtrace for more info)
[INFO] [stdout] 
[INFO] [stdout] 
[INFO] [stdout] warning: unreachable expression
[INFO] [stdout]   --> day22/src/main.rs:24:9
[INFO] [stdout]    |
[INFO] [stdout] 24 |         assert_eq!(solve_22a(INPUT), todo!())
[INFO] [stdout]    |         ^^^^^^^^^^^^^^^^^^^^^^^^^^^^^-------^
[INFO] [stdout]    |         |                            |
[INFO] [stdout]    |         |                            any code following this expression is unreachable
[INFO] [stdout]    |         unreachable expression
[INFO] [stdout]    |
[INFO] [stdout]    = note: `#[warn(unreachable_code)]` on by default
[INFO] [stdout]    = note: this warning originates in the macro `assert_eq` (in Nightly builds, run with -Z macro-backtrace for more info)
[INFO] [stdout] 
[INFO] [stdout] 
[INFO] [stdout] warning: unreachable expression
[INFO] [stdout]   --> day22/src/main.rs:24:9
[INFO] [stdout]    |
[INFO] [stdout] 24 |         assert_eq!(solve_22a(INPUT), todo!())
[INFO] [stdout]    |         ^^^^^^^^^^^^^^^^^^^^^^^^^^^^^^^^^^^^^
[INFO] [stdout]    |         |
[INFO] [stdout]    |         unreachable expression
[INFO] [stdout]    |         any code following this expression is unreachable
[INFO] [stdout]    |
[INFO] [stdout]    = note: this warning originates in the macro `assert_eq` (in Nightly builds, run with -Z macro-backtrace for more info)
[INFO] [stdout] 
[INFO] [stdout] 
[INFO] [stdout] warning: unreachable expression
[INFO] [stdout]   --> day22/src/main.rs:29:9
[INFO] [stdout]    |
[INFO] [stdout] 29 |         assert_eq!(solve_22b(INPUT), todo!())
[INFO] [stdout]    |         ^^^^^^^^^^^^^^^^^^^^^^^^^^^^^-------^
[INFO] [stdout]    |         |                            |
[INFO] [stdout]    |         |                            any code following this expression is unreachable
[INFO] [stdout]    |         unreachable expression
[INFO] [stdout]    |
[INFO] [stdout]    = note: this warning originates in the macro `assert_eq` (in Nightly builds, run with -Z macro-backtrace for more info)
[INFO] [stdout] 
[INFO] [stdout] 
[INFO] [stdout] warning: unreachable expression
[INFO] [stdout]   --> day22/src/main.rs:29:9
[INFO] [stdout]    |
[INFO] [stdout] 29 |         assert_eq!(solve_22b(INPUT), todo!())
[INFO] [stdout]    |         ^^^^^^^^^^^^^^^^^^^^^^^^^^^^^^^^^^^^^
[INFO] [stdout]    |         |
[INFO] [stdout]    |         unreachable expression
[INFO] [stdout]    |         any code following this expression is unreachable
[INFO] [stdout]    |
[INFO] [stdout]    = note: this warning originates in the macro `assert_eq` (in Nightly builds, run with -Z macro-backtrace for more info)
[INFO] [stdout] 
[INFO] [stdout] 
[INFO] [stdout] warning: unreachable expression
[INFO] [stdout]   --> day19/src/main.rs:24:9
[INFO] [stdout]    |
[INFO] [stdout] 24 |         assert_eq!(solve_19a(INPUT), todo!())
[INFO] [stdout]    |         ^^^^^^^^^^^^^^^^^^^^^^^^^^^^^-------^
[INFO] [stdout]    |         |                            |
[INFO] [stdout]    |         |                            any code following this expression is unreachable
[INFO] [stdout]    |         unreachable expression
[INFO] [stdout]    |
[INFO] [stdout]    = note: `#[warn(unreachable_code)]` on by default
[INFO] [stdout]    = note: this warning originates in the macro `assert_eq` (in Nightly builds, run with -Z macro-backtrace for more info)
[INFO] [stdout] 
[INFO] [stdout] 
[INFO] [stdout] warning: unreachable expression
[INFO] [stdout]   --> day19/src/main.rs:24:9
[INFO] [stdout]    |
[INFO] [stdout] 24 |         assert_eq!(solve_19a(INPUT), todo!())
[INFO] [stdout]    |         ^^^^^^^^^^^^^^^^^^^^^^^^^^^^^^^^^^^^^
[INFO] [stdout]    |         |
[INFO] [stdout]    |         unreachable expression
[INFO] [stdout]    |         any code following this expression is unreachable
[INFO] [stdout]    |
[INFO] [stdout]    = note: this warning originates in the macro `assert_eq` (in Nightly builds, run with -Z macro-backtrace for more info)
[INFO] [stdout] 
[INFO] [stdout] 
[INFO] [stdout] warning: unreachable expression
[INFO] [stdout]   --> day19/src/main.rs:29:9
[INFO] [stdout]    |
[INFO] [stdout] 29 |         assert_eq!(solve_19b(INPUT), todo!())
[INFO] [stdout]    |         ^^^^^^^^^^^^^^^^^^^^^^^^^^^^^-------^
[INFO] [stdout]    |         |                            |
[INFO] [stdout]    |         |                            any code following this expression is unreachable
[INFO] [stdout]    |         unreachable expression
[INFO] [stdout]    |
[INFO] [stdout]    = note: this warning originates in the macro `assert_eq` (in Nightly builds, run with -Z macro-backtrace for more info)
[INFO] [stdout] 
[INFO] [stdout] 
[INFO] [stdout] warning: unreachable expression
[INFO] [stdout]   --> day19/src/main.rs:29:9
[INFO] [stdout]    |
[INFO] [stdout] 29 |         assert_eq!(solve_19b(INPUT), todo!())
[INFO] [stdout]    |         ^^^^^^^^^^^^^^^^^^^^^^^^^^^^^^^^^^^^^
[INFO] [stdout]    |         |
[INFO] [stdout]    |         unreachable expression
[INFO] [stdout]    |         any code following this expression is unreachable
[INFO] [stdout]    |
[INFO] [stdout]    = note: this warning originates in the macro `assert_eq` (in Nightly builds, run with -Z macro-backtrace for more info)
[INFO] [stdout] 
[INFO] [stdout] 
[INFO] [stdout] warning: unreachable expression
[INFO] [stdout]   --> day20/src/main.rs:24:9
[INFO] [stdout]    |
[INFO] [stdout] 24 |         assert_eq!(solve_20a(INPUT), todo!())
[INFO] [stdout]    |         ^^^^^^^^^^^^^^^^^^^^^^^^^^^^^-------^
[INFO] [stdout]    |         |                            |
[INFO] [stdout]    |         |                            any code following this expression is unreachable
[INFO] [stdout]    |         unreachable expression
[INFO] [stdout]    |
[INFO] [stdout]    = note: `#[warn(unreachable_code)]` on by default
[INFO] [stdout]    = note: this warning originates in the macro `assert_eq` (in Nightly builds, run with -Z macro-backtrace for more info)
[INFO] [stdout] 
[INFO] [stdout] 
[INFO] [stdout] warning: unreachable expression
[INFO] [stdout]   --> day20/src/main.rs:24:9
[INFO] [stdout]    |
[INFO] [stdout] 24 |         assert_eq!(solve_20a(INPUT), todo!())
[INFO] [stdout]    |         ^^^^^^^^^^^^^^^^^^^^^^^^^^^^^^^^^^^^^
[INFO] [stdout]    |         |
[INFO] [stdout]    |         unreachable expression
[INFO] [stdout]    |         any code following this expression is unreachable
[INFO] [stdout]    |
[INFO] [stdout]    = note: this warning originates in the macro `assert_eq` (in Nightly builds, run with -Z macro-backtrace for more info)
[INFO] [stdout] 
[INFO] [stdout] 
[INFO] [stdout] warning: unreachable expression
[INFO] [stdout]   --> day20/src/main.rs:29:9
[INFO] [stdout]    |
[INFO] [stdout] 29 |         assert_eq!(solve_20b(INPUT), todo!())
[INFO] [stdout]    |         ^^^^^^^^^^^^^^^^^^^^^^^^^^^^^-------^
[INFO] [stdout]    |         |                            |
[INFO] [stdout]    |         |                            any code following this expression is unreachable
[INFO] [stdout]    |         unreachable expression
[INFO] [stdout]    |
[INFO] [stdout]    = note: this warning originates in the macro `assert_eq` (in Nightly builds, run with -Z macro-backtrace for more info)
[INFO] [stdout] 
[INFO] [stdout] 
[INFO] [stdout] warning: unreachable expression
[INFO] [stdout]   --> day20/src/main.rs:29:9
[INFO] [stdout]    |
[INFO] [stdout] 29 |         assert_eq!(solve_20b(INPUT), todo!())
[INFO] [stdout]    |         ^^^^^^^^^^^^^^^^^^^^^^^^^^^^^^^^^^^^^
[INFO] [stdout]    |         |
[INFO] [stdout]    |         unreachable expression
[INFO] [stdout]    |         any code following this expression is unreachable
[INFO] [stdout]    |
[INFO] [stdout]    = note: this warning originates in the macro `assert_eq` (in Nightly builds, run with -Z macro-backtrace for more info)
[INFO] [stdout] 
[INFO] [stdout] 
[INFO] [stderr]    Compiling day15 v0.1.0 (/opt/rustwide/workdir/day15)
[INFO] [stderr]    Compiling day21 v0.1.0 (/opt/rustwide/workdir/day21)
[INFO] [stdout] warning: unreachable expression
[INFO] [stdout]   --> day21/src/main.rs:24:9
[INFO] [stdout]    |
[INFO] [stdout] 24 |         assert_eq!(solve_21a(INPUT), todo!())
[INFO] [stdout]    |         ^^^^^^^^^^^^^^^^^^^^^^^^^^^^^-------^
[INFO] [stdout]    |         |                            |
[INFO] [stdout]    |         |                            any code following this expression is unreachable
[INFO] [stdout]    |         unreachable expression
[INFO] [stdout]    |
[INFO] [stdout]    = note: `#[warn(unreachable_code)]` on by default
[INFO] [stdout]    = note: this warning originates in the macro `assert_eq` (in Nightly builds, run with -Z macro-backtrace for more info)
[INFO] [stdout] 
[INFO] [stdout] 
[INFO] [stdout] warning: unreachable expression
[INFO] [stdout]   --> day21/src/main.rs:24:9
[INFO] [stdout]    |
[INFO] [stdout] 24 |         assert_eq!(solve_21a(INPUT), todo!())
[INFO] [stdout]    |         ^^^^^^^^^^^^^^^^^^^^^^^^^^^^^^^^^^^^^
[INFO] [stdout]    |         |
[INFO] [stdout]    |         unreachable expression
[INFO] [stdout]    |         any code following this expression is unreachable
[INFO] [stdout]    |
[INFO] [stdout]    = note: this warning originates in the macro `assert_eq` (in Nightly builds, run with -Z macro-backtrace for more info)
[INFO] [stdout] 
[INFO] [stdout] 
[INFO] [stdout] warning: unreachable expression
[INFO] [stdout]   --> day21/src/main.rs:29:9
[INFO] [stdout]    |
[INFO] [stdout] 29 |         assert_eq!(solve_21b(INPUT), todo!())
[INFO] [stdout]    |         ^^^^^^^^^^^^^^^^^^^^^^^^^^^^^-------^
[INFO] [stdout]    |         |                            |
[INFO] [stdout]    |         |                            any code following this expression is unreachable
[INFO] [stdout]    |         unreachable expression
[INFO] [stdout]    |
[INFO] [stdout]    = note: this warning originates in the macro `assert_eq` (in Nightly builds, run with -Z macro-backtrace for more info)
[INFO] [stdout] 
[INFO] [stdout] 
[INFO] [stdout] warning: unreachable expression
[INFO] [stdout]   --> day21/src/main.rs:29:9
[INFO] [stdout]    |
[INFO] [stdout] 29 |         assert_eq!(solve_21b(INPUT), todo!())
[INFO] [stdout]    |         ^^^^^^^^^^^^^^^^^^^^^^^^^^^^^^^^^^^^^
[INFO] [stdout]    |         |
[INFO] [stdout]    |         unreachable expression
[INFO] [stdout]    |         any code following this expression is unreachable
[INFO] [stdout]    |
[INFO] [stdout]    = note: this warning originates in the macro `assert_eq` (in Nightly builds, run with -Z macro-backtrace for more info)
[INFO] [stdout] 
[INFO] [stdout] 
[INFO] [stderr]    Compiling day13 v0.1.0 (/opt/rustwide/workdir/day13)
[INFO] [stderr]    Compiling day9 v0.1.0 (/opt/rustwide/workdir/day9)
[INFO] [stderr]    Compiling day24 v0.1.0 (/opt/rustwide/workdir/day24)
[INFO] [stderr]    Compiling day17 v0.1.0 (/opt/rustwide/workdir/day17)
[INFO] [stderr]    Compiling day14 v0.1.0 (/opt/rustwide/workdir/day14)
[INFO] [stdout] warning: unreachable expression
[INFO] [stdout]   --> day24/src/main.rs:24:9
[INFO] [stdout]    |
[INFO] [stdout] 24 |         assert_eq!(solve_24a(INPUT), todo!())
[INFO] [stdout]    |         ^^^^^^^^^^^^^^^^^^^^^^^^^^^^^-------^
[INFO] [stdout]    |         |                            |
[INFO] [stdout]    |         |                            any code following this expression is unreachable
[INFO] [stdout]    |         unreachable expression
[INFO] [stdout]    |
[INFO] [stdout]    = note: `#[warn(unreachable_code)]` on by default
[INFO] [stdout]    = note: this warning originates in the macro `assert_eq` (in Nightly builds, run with -Z macro-backtrace for more info)
[INFO] [stdout] 
[INFO] [stdout] 
[INFO] [stdout] warning: unreachable expression
[INFO] [stdout]   --> day24/src/main.rs:24:9
[INFO] [stdout]    |
[INFO] [stdout] 24 |         assert_eq!(solve_24a(INPUT), todo!())
[INFO] [stdout]    |         ^^^^^^^^^^^^^^^^^^^^^^^^^^^^^^^^^^^^^
[INFO] [stdout]    |         |
[INFO] [stdout]    |         unreachable expression
[INFO] [stdout]    |         any code following this expression is unreachable
[INFO] [stdout]    |
[INFO] [stdout]    = note: this warning originates in the macro `assert_eq` (in Nightly builds, run with -Z macro-backtrace for more info)
[INFO] [stdout] 
[INFO] [stdout] 
[INFO] [stdout] warning: unreachable expression
[INFO] [stdout]   --> day24/src/main.rs:29:9
[INFO] [stdout]    |
[INFO] [stdout] 29 |         assert_eq!(solve_24b(INPUT), todo!())
[INFO] [stdout]    |         ^^^^^^^^^^^^^^^^^^^^^^^^^^^^^-------^
[INFO] [stdout]    |         |                            |
[INFO] [stdout]    |         |                            any code following this expression is unreachable
[INFO] [stdout]    |         unreachable expression
[INFO] [stdout]    |
[INFO] [stdout]    = note: this warning originates in the macro `assert_eq` (in Nightly builds, run with -Z macro-backtrace for more info)
[INFO] [stdout] 
[INFO] [stdout] 
[INFO] [stdout] warning: unreachable expression
[INFO] [stdout]   --> day24/src/main.rs:29:9
[INFO] [stdout]    |
[INFO] [stdout] 29 |         assert_eq!(solve_24b(INPUT), todo!())
[INFO] [stdout]    |         ^^^^^^^^^^^^^^^^^^^^^^^^^^^^^^^^^^^^^
[INFO] [stdout]    |         |
[INFO] [stdout]    |         unreachable expression
[INFO] [stdout]    |         any code following this expression is unreachable
[INFO] [stdout]    |
[INFO] [stdout]    = note: this warning originates in the macro `assert_eq` (in Nightly builds, run with -Z macro-backtrace for more info)
[INFO] [stdout] 
[INFO] [stdout] 
[INFO] [stderr]    Compiling day6 v0.1.0 (/opt/rustwide/workdir/day6)
[INFO] [stderr]    Compiling day11 v0.1.0 (/opt/rustwide/workdir/day11)
[INFO] [stderr]     Finished `test` profile [unoptimized + debuginfo] target(s) in 4.12s
[INFO] running `Command { std: "docker" "inspect" "7a7034e1ad909fa096839d4eb13e32aa345b88d7107c6b217438785aa65958e1", kill_on_drop: false }`
[INFO] running `Command { std: "docker" "rm" "-f" "7a7034e1ad909fa096839d4eb13e32aa345b88d7107c6b217438785aa65958e1", kill_on_drop: false }`
[INFO] [stdout] 7a7034e1ad909fa096839d4eb13e32aa345b88d7107c6b217438785aa65958e1
[INFO] running `Command { std: "docker" "create" "-v" "/var/lib/crater-agent-workspace/builds/worker-7-tc1/target:/opt/rustwide/target:rw,Z" "-v" "/var/lib/crater-agent-workspace/builds/worker-7-tc1/source:/opt/rustwide/workdir:ro,Z" "-v" "/var/lib/crater-agent-workspace/cargo-home:/opt/rustwide/cargo-home:ro,Z" "-v" "/var/lib/crater-agent-workspace/rustup-home:/opt/rustwide/rustup-home:ro,Z" "-e" "SOURCE_DIR=/opt/rustwide/workdir" "-e" "CARGO_TARGET_DIR=/opt/rustwide/target" "-e" "CARGO_INCREMENTAL=0" "-e" "RUST_BACKTRACE=full" "-e" "RUSTFLAGS=--cap-lints=warn" "-e" "RUSTDOCFLAGS=--cap-lints=warn" "-e" "CARGO_HOME=/opt/rustwide/cargo-home" "-e" "RUSTUP_HOME=/opt/rustwide/rustup-home" "-w" "/opt/rustwide/workdir" "-m" "1610612736" "--user" "0:0" "--network" "none" "ghcr.io/rust-lang/crates-build-env/linux@sha256:f3a9d4ad9d972b27faf3965f35b62e55ba32bbce8f20bc8fe909558a86702fde" "/opt/rustwide/cargo-home/bin/cargo" "+1.83.0" "test" "--frozen", kill_on_drop: false }`
[INFO] [stdout] 8f9e5e9cf78398c38a60316d628fba8448419115deb4efd570bf19e3a627f1ce
[INFO] running `Command { std: "docker" "start" "-a" "8f9e5e9cf78398c38a60316d628fba8448419115deb4efd570bf19e3a627f1ce", kill_on_drop: false }`
[INFO] [stderr] warning: unreachable expression
[INFO] [stderr]   --> day20/src/main.rs:24:9
[INFO] [stderr]    |
[INFO] [stderr] 24 |         assert_eq!(solve_20a(INPUT), todo!())
[INFO] [stderr]    |         ^^^^^^^^^^^^^^^^^^^^^^^^^^^^^-------^
[INFO] [stderr]    |         |                            |
[INFO] [stderr]    |         |                            any code following this expression is unreachable
[INFO] [stderr]    |         unreachable expression
[INFO] [stderr]    |
[INFO] [stderr]    = note: `#[warn(unreachable_code)]` on by default
[INFO] [stderr]    = note: this warning originates in the macro `assert_eq` (in Nightly builds, run with -Z macro-backtrace for more info)
[INFO] [stderr] 
[INFO] [stderr] warning: unreachable expression
[INFO] [stderr]   --> day20/src/main.rs:24:9
[INFO] [stderr]    |
[INFO] [stderr] 24 |         assert_eq!(solve_20a(INPUT), todo!())
[INFO] [stderr]    |         ^^^^^^^^^^^^^^^^^^^^^^^^^^^^^^^^^^^^^
[INFO] [stderr]    |         |
[INFO] [stderr]    |         unreachable expression
[INFO] [stderr]    |         any code following this expression is unreachable
[INFO] [stderr]    |
[INFO] [stderr]    = note: this warning originates in the macro `assert_eq` (in Nightly builds, run with -Z macro-backtrace for more info)
[INFO] [stderr] 
[INFO] [stderr] warning: unreachable expression
[INFO] [stderr]   --> day20/src/main.rs:29:9
[INFO] [stderr]    |
[INFO] [stderr] 29 |         assert_eq!(solve_20b(INPUT), todo!())
[INFO] [stderr]    |         ^^^^^^^^^^^^^^^^^^^^^^^^^^^^^-------^
[INFO] [stderr]    |         |                            |
[INFO] [stderr]    |         |                            any code following this expression is unreachable
[INFO] [stderr]    |         unreachable expression
[INFO] [stderr]    |
[INFO] [stderr]    = note: this warning originates in the macro `assert_eq` (in Nightly builds, run with -Z macro-backtrace for more info)
[INFO] [stderr] 
[INFO] [stderr] warning: unreachable expression
[INFO] [stderr]   --> day20/src/main.rs:29:9
[INFO] [stderr]    |
[INFO] [stderr] 29 |         assert_eq!(solve_20b(INPUT), todo!())
[INFO] [stderr]    |         ^^^^^^^^^^^^^^^^^^^^^^^^^^^^^^^^^^^^^
[INFO] [stderr]    |         |
[INFO] [stderr]    |         unreachable expression
[INFO] [stderr]    |         any code following this expression is unreachable
[INFO] [stderr]    |
[INFO] [stderr]    = note: this warning originates in the macro `assert_eq` (in Nightly builds, run with -Z macro-backtrace for more info)
[INFO] [stderr] 
[INFO] [stderr] warning: unreachable expression
[INFO] [stderr]   --> day19/src/main.rs:24:9
[INFO] [stderr]    |
[INFO] [stderr] 24 |         assert_eq!(solve_19a(INPUT), todo!())
[INFO] [stderr]    |         ^^^^^^^^^^^^^^^^^^^^^^^^^^^^^-------^
[INFO] [stderr]    |         |                            |
[INFO] [stderr]    |         |                            any code following this expression is unreachable
[INFO] [stderr]    |         unreachable expression
[INFO] [stderr]    |
[INFO] [stderr]    = note: `#[warn(unreachable_code)]` on by default
[INFO] [stderr]    = note: this warning originates in the macro `assert_eq` (in Nightly builds, run with -Z macro-backtrace for more info)
[INFO] [stderr] 
[INFO] [stderr] warning: unreachable expression
[INFO] [stderr]   --> day19/src/main.rs:24:9
[INFO] [stderr]    |
[INFO] [stderr] 24 |         assert_eq!(solve_19a(INPUT), todo!())
[INFO] [stderr]    |         ^^^^^^^^^^^^^^^^^^^^^^^^^^^^^^^^^^^^^
[INFO] [stderr]    |         |
[INFO] [stderr]    |         unreachable expression
[INFO] [stderr]    |         any code following this expression is unreachable
[INFO] [stderr]    |
[INFO] [stderr]    = note: this warning originates in the macro `assert_eq` (in Nightly builds, run with -Z macro-backtrace for more info)
[INFO] [stderr] 
[INFO] [stderr] warning: unreachable expression
[INFO] [stderr]   --> day19/src/main.rs:29:9
[INFO] [stderr]    |
[INFO] [stderr] 29 |         assert_eq!(solve_19b(INPUT), todo!())
[INFO] [stderr]    |         ^^^^^^^^^^^^^^^^^^^^^^^^^^^^^-------^
[INFO] [stderr]    |         |                            |
[INFO] [stderr]    |         |                            any code following this expression is unreachable
[INFO] [stderr]    |         unreachable expression
[INFO] [stderr]    |
[INFO] [stderr]    = note: this warning originates in the macro `assert_eq` (in Nightly builds, run with -Z macro-backtrace for more info)
[INFO] [stderr] 
[INFO] [stderr] warning: unreachable expression
[INFO] [stderr]   --> day19/src/main.rs:29:9
[INFO] [stderr]    |
[INFO] [stderr] 29 |         assert_eq!(solve_19b(INPUT), todo!())
[INFO] [stderr]    |         ^^^^^^^^^^^^^^^^^^^^^^^^^^^^^^^^^^^^^
[INFO] [stderr]    |         |
[INFO] [stderr]    |         unreachable expression
[INFO] [stderr]    |         any code following this expression is unreachable
[INFO] [stderr]    |
[INFO] [stderr]    = note: this warning originates in the macro `assert_eq` (in Nightly builds, run with -Z macro-backtrace for more info)
[INFO] [stderr] 
[INFO] [stderr] warning: unreachable expression
[INFO] [stderr]   --> day18/src/main.rs:24:9
[INFO] [stderr]    |
[INFO] [stderr] 24 |         assert_eq!(solve_18a(INPUT), todo!())
[INFO] [stderr]    |         ^^^^^^^^^^^^^^^^^^^^^^^^^^^^^-------^
[INFO] [stderr]    |         |                            |
[INFO] [stderr]    |         |                            any code following this expression is unreachable
[INFO] [stderr]    |         unreachable expression
[INFO] [stderr]    |
[INFO] [stderr]    = note: `#[warn(unreachable_code)]` on by default
[INFO] [stderr]    = note: this warning originates in the macro `assert_eq` (in Nightly builds, run with -Z macro-backtrace for more info)
[INFO] [stderr] 
[INFO] [stderr] warning: unreachable expression
[INFO] [stderr]   --> day18/src/main.rs:24:9
[INFO] [stderr]    |
[INFO] [stderr] 24 |         assert_eq!(solve_18a(INPUT), todo!())
[INFO] [stderr]    |         ^^^^^^^^^^^^^^^^^^^^^^^^^^^^^^^^^^^^^
[INFO] [stderr]    |         |
[INFO] [stderr]    |         unreachable expression
[INFO] [stderr]    |         any code following this expression is unreachable
[INFO] [stderr]    |
[INFO] [stderr]    = note: this warning originates in the macro `assert_eq` (in Nightly builds, run with -Z macro-backtrace for more info)
[INFO] [stderr] 
[INFO] [stderr] warning: unreachable expression
[INFO] [stderr]   --> day18/src/main.rs:29:9
[INFO] [stderr]    |
[INFO] [stderr] 29 |         assert_eq!(solve_18b(INPUT), todo!())
[INFO] [stderr]    |         ^^^^^^^^^^^^^^^^^^^^^^^^^^^^^-------^
[INFO] [stderr]    |         |                            |
[INFO] [stderr]    |         |                            any code following this expression is unreachable
[INFO] [stderr]    |         unreachable expression
[INFO] [stderr]    |
[INFO] [stderr]    = note: this warning originates in the macro `assert_eq` (in Nightly builds, run with -Z macro-backtrace for more info)
[INFO] [stderr] 
[INFO] [stderr] warning: unreachable expression
[INFO] [stderr]   --> day18/src/main.rs:29:9
[INFO] [stderr]    |
[INFO] [stderr] 29 |         assert_eq!(solve_18b(INPUT), todo!())
[INFO] [stderr]    |         ^^^^^^^^^^^^^^^^^^^^^^^^^^^^^^^^^^^^^
[INFO] [stderr]    |         |
[INFO] [stderr]    |         unreachable expression
[INFO] [stderr]    |         any code following this expression is unreachable
[INFO] [stderr]    |
[INFO] [stderr]    = note: this warning originates in the macro `assert_eq` (in Nightly builds, run with -Z macro-backtrace for more info)
[INFO] [stderr] 
[INFO] [stderr] warning: `day20` (bin "day20" test) generated 4 warnings
[INFO] [stderr] warning: `day19` (bin "day19" test) generated 4 warnings
[INFO] [stderr] warning: `day18` (bin "day18" test) generated 4 warnings
[INFO] [stderr] warning: unreachable expression
[INFO] [stderr]   --> day22/src/main.rs:24:9
[INFO] [stderr]    |
[INFO] [stderr] 24 |         assert_eq!(solve_22a(INPUT), todo!())
[INFO] [stderr]    |         ^^^^^^^^^^^^^^^^^^^^^^^^^^^^^-------^
[INFO] [stderr]    |         |                            |
[INFO] [stderr]    |         |                            any code following this expression is unreachable
[INFO] [stderr]    |         unreachable expression
[INFO] [stderr]    |
[INFO] [stderr]    = note: `#[warn(unreachable_code)]` on by default
[INFO] [stderr]    = note: this warning originates in the macro `assert_eq` (in Nightly builds, run with -Z macro-backtrace for more info)
[INFO] [stderr] 
[INFO] [stderr] warning: unreachable expression
[INFO] [stderr]   --> day22/src/main.rs:24:9
[INFO] [stderr]    |
[INFO] [stderr] 24 |         assert_eq!(solve_22a(INPUT), todo!())
[INFO] [stderr]    |         ^^^^^^^^^^^^^^^^^^^^^^^^^^^^^^^^^^^^^
[INFO] [stderr]    |         |
[INFO] [stderr]    |         unreachable expression
[INFO] [stderr]    |         any code following this expression is unreachable
[INFO] [stderr]    |
[INFO] [stderr]    = note: this warning originates in the macro `assert_eq` (in Nightly builds, run with -Z macro-backtrace for more info)
[INFO] [stderr] 
[INFO] [stderr] warning: unreachable expression
[INFO] [stderr]   --> day22/src/main.rs:29:9
[INFO] [stderr]    |
[INFO] [stderr] 29 |         assert_eq!(solve_22b(INPUT), todo!())
[INFO] [stderr]    |         ^^^^^^^^^^^^^^^^^^^^^^^^^^^^^-------^
[INFO] [stderr]    |         |                            |
[INFO] [stderr]    |         |                            any code following this expression is unreachable
[INFO] [stderr]    |         unreachable expression
[INFO] [stderr]    |
[INFO] [stderr]    = note: this warning originates in the macro `assert_eq` (in Nightly builds, run with -Z macro-backtrace for more info)
[INFO] [stderr] 
[INFO] [stderr] warning: unreachable expression
[INFO] [stderr]   --> day22/src/main.rs:29:9
[INFO] [stderr]    |
[INFO] [stderr] 29 |         assert_eq!(solve_22b(INPUT), todo!())
[INFO] [stderr]    |         ^^^^^^^^^^^^^^^^^^^^^^^^^^^^^^^^^^^^^
[INFO] [stderr]    |         |
[INFO] [stderr]    |         unreachable expression
[INFO] [stderr]    |         any code following this expression is unreachable
[INFO] [stderr]    |
[INFO] [stderr]    = note: this warning originates in the macro `assert_eq` (in Nightly builds, run with -Z macro-backtrace for more info)
[INFO] [stderr] 
[INFO] [stderr] warning: unreachable expression
[INFO] [stderr]   --> day23/src/main.rs:24:9
[INFO] [stderr]    |
[INFO] [stderr] 24 |         assert_eq!(solve_23a(INPUT), todo!())
[INFO] [stderr]    |         ^^^^^^^^^^^^^^^^^^^^^^^^^^^^^-------^
[INFO] [stderr]    |         |                            |
[INFO] [stderr]    |         |                            any code following this expression is unreachable
[INFO] [stderr]    |         unreachable expression
[INFO] [stderr]    |
[INFO] [stderr]    = note: `#[warn(unreachable_code)]` on by default
[INFO] [stderr]    = note: this warning originates in the macro `assert_eq` (in Nightly builds, run with -Z macro-backtrace for more info)
[INFO] [stderr] 
[INFO] [stderr] warning: unreachable expression
[INFO] [stderr]   --> day23/src/main.rs:24:9
[INFO] [stderr]    |
[INFO] [stderr] 24 |         assert_eq!(solve_23a(INPUT), todo!())
[INFO] [stderr]    |         ^^^^^^^^^^^^^^^^^^^^^^^^^^^^^^^^^^^^^
[INFO] [stderr]    |         |
[INFO] [stderr]    |         unreachable expression
[INFO] [stderr]    |         any code following this expression is unreachable
[INFO] [stderr]    |
[INFO] [stderr]    = note: this warning originates in the macro `assert_eq` (in Nightly builds, run with -Z macro-backtrace for more info)
[INFO] [stderr] 
[INFO] [stderr] warning: unreachable expression
[INFO] [stderr]   --> day23/src/main.rs:29:9
[INFO] [stderr]    |
[INFO] [stderr] 29 |         assert_eq!(solve_23b(INPUT), todo!())
[INFO] [stderr]    |         ^^^^^^^^^^^^^^^^^^^^^^^^^^^^^-------^
[INFO] [stderr]    |         |                            |
[INFO] [stderr]    |         |                            any code following this expression is unreachable
[INFO] [stderr]    |         unreachable expression
[INFO] [stderr]    |
[INFO] [stderr]    = note: this warning originates in the macro `assert_eq` (in Nightly builds, run with -Z macro-backtrace for more info)
[INFO] [stderr] 
[INFO] [stderr] warning: unreachable expression
[INFO] [stderr]   --> day23/src/main.rs:29:9
[INFO] [stderr]    |
[INFO] [stderr] 29 |         assert_eq!(solve_23b(INPUT), todo!())
[INFO] [stderr]    |         ^^^^^^^^^^^^^^^^^^^^^^^^^^^^^^^^^^^^^
[INFO] [stderr]    |         |
[INFO] [stderr]    |         unreachable expression
[INFO] [stderr]    |         any code following this expression is unreachable
[INFO] [stderr]    |
[INFO] [stderr]    = note: this warning originates in the macro `assert_eq` (in Nightly builds, run with -Z macro-backtrace for more info)
[INFO] [stderr] 
[INFO] [stderr] warning: unreachable expression
[INFO] [stderr]   --> day25/src/main.rs:24:9
[INFO] [stderr]    |
[INFO] [stderr] 24 |         assert_eq!(solve_25a(INPUT), todo!())
[INFO] [stderr]    |         ^^^^^^^^^^^^^^^^^^^^^^^^^^^^^-------^
[INFO] [stderr]    |         |                            |
[INFO] [stderr]    |         |                            any code following this expression is unreachable
[INFO] [stderr]    |         unreachable expression
[INFO] [stderr]    |
[INFO] [stderr]    = note: `#[warn(unreachable_code)]` on by default
[INFO] [stderr]    = note: this warning originates in the macro `assert_eq` (in Nightly builds, run with -Z macro-backtrace for more info)
[INFO] [stderr] 
[INFO] [stderr] warning: unreachable expression
[INFO] [stderr]   --> day25/src/main.rs:24:9
[INFO] [stderr]    |
[INFO] [stderr] 24 |         assert_eq!(solve_25a(INPUT), todo!())
[INFO] [stderr]    |         ^^^^^^^^^^^^^^^^^^^^^^^^^^^^^^^^^^^^^
[INFO] [stderr]    |         |
[INFO] [stderr]    |         unreachable expression
[INFO] [stderr]    |         any code following this expression is unreachable
[INFO] [stderr]    |
[INFO] [stderr]    = note: this warning originates in the macro `assert_eq` (in Nightly builds, run with -Z macro-backtrace for more info)
[INFO] [stderr] 
[INFO] [stderr] warning: unreachable expression
[INFO] [stderr]   --> day25/src/main.rs:29:9
[INFO] [stderr]    |
[INFO] [stderr] 29 |         assert_eq!(solve_25b(INPUT), todo!())
[INFO] [stderr]    |         ^^^^^^^^^^^^^^^^^^^^^^^^^^^^^-------^
[INFO] [stderr]    |         |                            |
[INFO] [stderr]    |         |                            any code following this expression is unreachable
[INFO] [stderr]    |         unreachable expression
[INFO] [stderr]    |
[INFO] [stderr]    = note: this warning originates in the macro `assert_eq` (in Nightly builds, run with -Z macro-backtrace for more info)
[INFO] [stderr] 
[INFO] [stderr] warning: unreachable expression
[INFO] [stderr]   --> day25/src/main.rs:29:9
[INFO] [stderr]    |
[INFO] [stderr] 29 |         assert_eq!(solve_25b(INPUT), todo!())
[INFO] [stderr]    |         ^^^^^^^^^^^^^^^^^^^^^^^^^^^^^^^^^^^^^
[INFO] [stderr]    |         |
[INFO] [stderr]    |         unreachable expression
[INFO] [stderr]    |         any code following this expression is unreachable
[INFO] [stderr]    |
[INFO] [stderr]    = note: this warning originates in the macro `assert_eq` (in Nightly builds, run with -Z macro-backtrace for more info)
[INFO] [stderr] 
[INFO] [stderr] warning: unreachable expression
[INFO] [stderr]   --> day21/src/main.rs:24:9
[INFO] [stderr]    |
[INFO] [stderr] 24 |         assert_eq!(solve_21a(INPUT), todo!())
[INFO] [stderr]    |         ^^^^^^^^^^^^^^^^^^^^^^^^^^^^^-------^
[INFO] [stderr]    |         |                            |
[INFO] [stderr]    |         |                            any code following this expression is unreachable
[INFO] [stderr]    |         unreachable expression
[INFO] [stderr]    |
[INFO] [stderr]    = note: `#[warn(unreachable_code)]` on by default
[INFO] [stderr]    = note: this warning originates in the macro `assert_eq` (in Nightly builds, run with -Z macro-backtrace for more info)
[INFO] [stderr] 
[INFO] [stderr] warning: unreachable expression
[INFO] [stderr]   --> day21/src/main.rs:24:9
[INFO] [stderr]    |
[INFO] [stderr] 24 |         assert_eq!(solve_21a(INPUT), todo!())
[INFO] [stderr]    |         ^^^^^^^^^^^^^^^^^^^^^^^^^^^^^^^^^^^^^
[INFO] [stderr]    |         |
[INFO] [stderr]    |         unreachable expression
[INFO] [stderr]    |         any code following this expression is unreachable
[INFO] [stderr]    |
[INFO] [stderr]    = note: this warning originates in the macro `assert_eq` (in Nightly builds, run with -Z macro-backtrace for more info)
[INFO] [stderr] 
[INFO] [stderr] warning: unreachable expression
[INFO] [stderr]   --> day21/src/main.rs:29:9
[INFO] [stderr]    |
[INFO] [stderr] 29 |         assert_eq!(solve_21b(INPUT), todo!())
[INFO] [stderr]    |         ^^^^^^^^^^^^^^^^^^^^^^^^^^^^^-------^
[INFO] [stderr]    |         |                            |
[INFO] [stderr]    |         |                            any code following this expression is unreachable
[INFO] [stderr]    |         unreachable expression
[INFO] [stderr]    |
[INFO] [stderr]    = note: this warning originates in the macro `assert_eq` (in Nightly builds, run with -Z macro-backtrace for more info)
[INFO] [stderr] 
[INFO] [stderr] warning: unreachable expression
[INFO] [stderr]   --> day21/src/main.rs:29:9
[INFO] [stderr]    |
[INFO] [stderr] 29 |         assert_eq!(solve_21b(INPUT), todo!())
[INFO] [stderr]    |         ^^^^^^^^^^^^^^^^^^^^^^^^^^^^^^^^^^^^^
[INFO] [stderr]    |         |
[INFO] [stderr]    |         unreachable expression
[INFO] [stderr]    |         any code following this expression is unreachable
[INFO] [stderr]    |
[INFO] [stderr]    = note: this warning originates in the macro `assert_eq` (in Nightly builds, run with -Z macro-backtrace for more info)
[INFO] [stderr] 
[INFO] [stderr] warning: `day22` (bin "day22" test) generated 4 warnings
[INFO] [stderr] warning: `day23` (bin "day23" test) generated 4 warnings
[INFO] [stderr] warning: `day25` (bin "day25" test) generated 4 warnings
[INFO] [stderr] warning: `day21` (bin "day21" test) generated 4 warnings
[INFO] [stderr] warning: unreachable expression
[INFO] [stderr]   --> day24/src/main.rs:24:9
[INFO] [stderr]    |
[INFO] [stderr] 24 |         assert_eq!(solve_24a(INPUT), todo!())
[INFO] [stderr]    |         ^^^^^^^^^^^^^^^^^^^^^^^^^^^^^-------^
[INFO] [stderr]    |         |                            |
[INFO] [stderr]    |         |                            any code following this expression is unreachable
[INFO] [stderr]    |         unreachable expression
[INFO] [stderr]    |
[INFO] [stderr]    = note: `#[warn(unreachable_code)]` on by default
[INFO] [stderr]    = note: this warning originates in the macro `assert_eq` (in Nightly builds, run with -Z macro-backtrace for more info)
[INFO] [stderr] 
[INFO] [stderr] warning: unreachable expression
[INFO] [stderr]   --> day24/src/main.rs:24:9
[INFO] [stderr]    |
[INFO] [stderr] 24 |         assert_eq!(solve_24a(INPUT), todo!())
[INFO] [stderr]    |         ^^^^^^^^^^^^^^^^^^^^^^^^^^^^^^^^^^^^^
[INFO] [stderr]    |         |
[INFO] [stderr]    |         unreachable expression
[INFO] [stderr]    |         any code following this expression is unreachable
[INFO] [stderr]    |
[INFO] [stderr]    = note: this warning originates in the macro `assert_eq` (in Nightly builds, run with -Z macro-backtrace for more info)
[INFO] [stderr] 
[INFO] [stderr] warning: unreachable expression
[INFO] [stderr]   --> day24/src/main.rs:29:9
[INFO] [stderr]    |
[INFO] [stderr] 29 |         assert_eq!(solve_24b(INPUT), todo!())
[INFO] [stderr]    |         ^^^^^^^^^^^^^^^^^^^^^^^^^^^^^-------^
[INFO] [stderr]    |         |                            |
[INFO] [stderr]    |         |                            any code following this expression is unreachable
[INFO] [stderr]    |         unreachable expression
[INFO] [stderr]    |
[INFO] [stderr]    = note: this warning originates in the macro `assert_eq` (in Nightly builds, run with -Z macro-backtrace for more info)
[INFO] [stderr] 
[INFO] [stderr] warning: unreachable expression
[INFO] [stderr]   --> day24/src/main.rs:29:9
[INFO] [stderr]    |
[INFO] [stderr] 29 |         assert_eq!(solve_24b(INPUT), todo!())
[INFO] [stderr]    |         ^^^^^^^^^^^^^^^^^^^^^^^^^^^^^^^^^^^^^
[INFO] [stderr]    |         |
[INFO] [stderr]    |         unreachable expression
[INFO] [stderr]    |         any code following this expression is unreachable
[INFO] [stderr]    |
[INFO] [stderr]    = note: this warning originates in the macro `assert_eq` (in Nightly builds, run with -Z macro-backtrace for more info)
[INFO] [stderr] 
[INFO] [stderr] warning: `day24` (bin "day24" test) generated 4 warnings
[INFO] [stderr]     Finished `test` profile [unoptimized + debuginfo] target(s) in 0.03s
[INFO] [stderr]      Running unittests src/main.rs (/opt/rustwide/target/debug/deps/day1-7def47cc83413dad)
[INFO] [stdout] 
[INFO] [stdout] running 2 tests
[INFO] [stdout] test tests::test_1a ... ok
[INFO] [stdout] test tests::test_1b ... ok
[INFO] [stdout] 
[INFO] [stdout] test result: ok. 2 passed; 0 failed; 0 ignored; 0 measured; 0 filtered out; finished in 0.00s
[INFO] [stdout] 
[INFO] [stderr]      Running unittests src/main.rs (/opt/rustwide/target/debug/deps/day10-65776e01daad3d4c)
[INFO] [stdout] 
[INFO] [stdout] running 1 test
[INFO] [stdout] test tests::test_10b ... ok
[INFO] [stdout] 
[INFO] [stdout] test result: ok. 1 passed; 0 failed; 0 ignored; 0 measured; 0 filtered out; finished in 0.00s
[INFO] [stdout] 
[INFO] [stderr]      Running unittests src/main.rs (/opt/rustwide/target/debug/deps/day11-1fe6c261ebfddb39)
[INFO] [stdout] 
[INFO] [stdout] running 1 test
[INFO] [stdout] test tests::test_11a ... ok
[INFO] [stdout] 
[INFO] [stdout] test result: ok. 1 passed; 0 failed; 0 ignored; 0 measured; 0 filtered out; finished in 0.00s
[INFO] [stdout] 
[INFO] [stderr]      Running unittests src/main.rs (/opt/rustwide/target/debug/deps/day12-9638de7a44df7737)
[INFO] [stdout] 
[INFO] [stdout] running 2 tests
[INFO] [stdout] test tests::test_12a ... ok
[INFO] [stdout] test tests::test_12b ... ok
[INFO] [stdout] 
[INFO] [stdout] test result: ok. 2 passed; 0 failed; 0 ignored; 0 measured; 0 filtered out; finished in 0.00s
[INFO] [stdout] 
[INFO] [stderr]      Running unittests src/main.rs (/opt/rustwide/target/debug/deps/day13-a7b313a1cdb18821)
[INFO] [stdout] 
[INFO] [stdout] running 2 tests
[INFO] [stdout] test tests::test_13a ... ok
[INFO] [stdout] test tests::test_13b ... ok
[INFO] [stdout] 
[INFO] [stdout] test result: ok. 2 passed; 0 failed; 0 ignored; 0 measured; 0 filtered out; finished in 0.00s
[INFO] [stdout] 
[INFO] [stderr]      Running unittests src/main.rs (/opt/rustwide/target/debug/deps/day14-7e5f78908f7fd013)
[INFO] [stdout] 
[INFO] [stdout] running 2 tests
[INFO] [stdout] test tests::test_14a ... ok
[INFO] [stdout] test tests::test_14b ... ok
[INFO] [stdout] 
[INFO] [stdout] test result: ok. 2 passed; 0 failed; 0 ignored; 0 measured; 0 filtered out; finished in 0.00s
[INFO] [stdout] 
[INFO] [stderr]      Running unittests src/main.rs (/opt/rustwide/target/debug/deps/day15-3a17c67ae51b8d37)
[INFO] [stdout] 
[INFO] [stdout] running 2 tests
[INFO] [stdout] test tests::test_14a ... ok
[INFO] [stdout] test tests::test_14b ... ok
[INFO] [stdout] 
[INFO] [stdout] test result: ok. 2 passed; 0 failed; 0 ignored; 0 measured; 0 filtered out; finished in 0.00s
[INFO] [stdout] 
[INFO] [stderr]      Running unittests src/main.rs (/opt/rustwide/target/debug/deps/day16-326ae30160bb703c)
[INFO] [stdout] 
[INFO] [stdout] running 2 tests
[INFO] [stdout] test tests::test_16a ... ok
[INFO] [stdout] test tests::test_16b ... ok
[INFO] [stdout] 
[INFO] [stdout] test result: ok. 2 passed; 0 failed; 0 ignored; 0 measured; 0 filtered out; finished in 0.01s
[INFO] [stdout] 
[INFO] [stderr]      Running unittests src/main.rs (/opt/rustwide/target/debug/deps/day17-39286ff317df4827)
[INFO] [stdout] 
[INFO] [stdout] running 2 tests
[INFO] [stdout] test tests::test_17b ... ok
[INFO] [stdout] test tests::test_17a ... ok
[INFO] [stdout] 
[INFO] [stdout] test result: ok. 2 passed; 0 failed; 0 ignored; 0 measured; 0 filtered out; finished in 0.01s
[INFO] [stdout] 
[INFO] [stderr]      Running unittests src/main.rs (/opt/rustwide/target/debug/deps/day18-e95e5a7486dda63f)
[INFO] [stdout] 
[INFO] [stdout] running 2 tests
[INFO] [stdout] test tests::test_18a ... FAILED
[INFO] [stdout] test tests::test_18b ... FAILED
[INFO] [stdout] 
[INFO] [stdout] failures:
[INFO] [stdout] 
[INFO] [stdout] ---- tests::test_18a stdout ----
[INFO] [stdout] thread 'tests::test_18a' panicked at day18/src/main.rs:9:5:
[INFO] [stdout] not yet implemented
[INFO] [stdout] stack backtrace:
[INFO] [stdout]    0:     0x58401804666a - std::backtrace_rs::backtrace::libunwind::trace::h5a5b8284f2d0c266
[INFO] [stdout]                                at /rustc/90b35a6239c3d8bdabc530a6a0816f7ff89a0aaf/library/std/src/../../backtrace/src/backtrace/libunwind.rs:116:5
[INFO] [stdout]    1:     0x58401804666a - std::backtrace_rs::backtrace::trace_unsynchronized::h76d4f1c9b0b875e3
[INFO] [stdout]                                at /rustc/90b35a6239c3d8bdabc530a6a0816f7ff89a0aaf/library/std/src/../../backtrace/src/backtrace/mod.rs:66:5
[INFO] [stdout]    2:     0x58401804666a - std::sys::backtrace::_print_fmt::hc4546b8364a537c6
[INFO] [stdout]                                at /rustc/90b35a6239c3d8bdabc530a6a0816f7ff89a0aaf/library/std/src/sys/backtrace.rs:66:9
[INFO] [stdout]    3:     0x58401804666a - <std::sys::backtrace::BacktraceLock::print::DisplayBacktrace as core::fmt::Display>::fmt::h5b6bd5631a6d1f6b
[INFO] [stdout]                                at /rustc/90b35a6239c3d8bdabc530a6a0816f7ff89a0aaf/library/std/src/sys/backtrace.rs:39:26
[INFO] [stdout]    4:     0x58401806b8f3 - core::fmt::rt::Argument::fmt::h270f6602a2b96f62
[INFO] [stdout]                                at /rustc/90b35a6239c3d8bdabc530a6a0816f7ff89a0aaf/library/core/src/fmt/rt.rs:177:76
[INFO] [stdout]    5:     0x58401806b8f3 - core::fmt::write::h7550c97b06c86515
[INFO] [stdout]                                at /rustc/90b35a6239c3d8bdabc530a6a0816f7ff89a0aaf/library/core/src/fmt/mod.rs:1186:21
[INFO] [stdout]    6:     0x584018043833 - std::io::Write::write_fmt::h509ff860e5956e5e
[INFO] [stdout]                                at /rustc/90b35a6239c3d8bdabc530a6a0816f7ff89a0aaf/library/std/src/io/mod.rs:1839:15
[INFO] [stdout]    7:     0x5840180464b2 - std::sys::backtrace::BacktraceLock::print::h2395ccd2c84ba3aa
[INFO] [stdout]                                at /rustc/90b35a6239c3d8bdabc530a6a0816f7ff89a0aaf/library/std/src/sys/backtrace.rs:42:9
[INFO] [stdout]    8:     0x584018047aca - std::panicking::default_hook::{{closure}}::he19d4c7230e07961
[INFO] [stdout]                                at /rustc/90b35a6239c3d8bdabc530a6a0816f7ff89a0aaf/library/std/src/panicking.rs:268:22
[INFO] [stdout]    9:     0x5840180478d4 - std::panicking::default_hook::hf614597d3c67bbdb
[INFO] [stdout]                                at /rustc/90b35a6239c3d8bdabc530a6a0816f7ff89a0aaf/library/std/src/panicking.rs:292:9
[INFO] [stdout]   10:     0x5840180131b9 - <alloc::boxed::Box<F,A> as core::ops::function::Fn<Args>>::call::h39b51ce4599c23d1
[INFO] [stdout]                                at /rustc/90b35a6239c3d8bdabc530a6a0816f7ff89a0aaf/library/alloc/src/boxed.rs:2468:9
[INFO] [stdout]   11:     0x5840180131b9 - test::test_main::{{closure}}::he977ae839a582784
[INFO] [stdout]                                at /rustc/90b35a6239c3d8bdabc530a6a0816f7ff89a0aaf/library/test/src/lib.rs:133:21
[INFO] [stdout]   12:     0x584018048168 - <alloc::boxed::Box<F,A> as core::ops::function::Fn<Args>>::call::h9455091b6b06f9fb
[INFO] [stdout]                                at /rustc/90b35a6239c3d8bdabc530a6a0816f7ff89a0aaf/library/alloc/src/boxed.rs:2468:9
[INFO] [stdout]   13:     0x584018048168 - std::panicking::rust_panic_with_hook::h8942133a8b252070
[INFO] [stdout]                                at /rustc/90b35a6239c3d8bdabc530a6a0816f7ff89a0aaf/library/std/src/panicking.rs:809:13
[INFO] [stdout]   14:     0x584018047ef6 - std::panicking::begin_panic_handler::{{closure}}::hb5f5963570096b29
[INFO] [stdout]                                at /rustc/90b35a6239c3d8bdabc530a6a0816f7ff89a0aaf/library/std/src/panicking.rs:667:13
[INFO] [stdout]   15:     0x584018046b49 - std::sys::backtrace::__rust_end_short_backtrace::h6208cedc1922feda
[INFO] [stdout]                                at /rustc/90b35a6239c3d8bdabc530a6a0816f7ff89a0aaf/library/std/src/sys/backtrace.rs:170:18
[INFO] [stdout]   16:     0x584018047bbc - rust_begin_unwind
[INFO] [stdout]                                at /rustc/90b35a6239c3d8bdabc530a6a0816f7ff89a0aaf/library/std/src/panicking.rs:665:5
[INFO] [stdout]   17:     0x584017fd9a50 - core::panicking::panic_fmt::h0c3082644d1bf418
[INFO] [stdout]                                at /rustc/90b35a6239c3d8bdabc530a6a0816f7ff89a0aaf/library/core/src/panicking.rs:74:14
[INFO] [stdout]   18:     0x584017fd9adc - core::panicking::panic::h957f98c65a3b3074
[INFO] [stdout]                                at /rustc/90b35a6239c3d8bdabc530a6a0816f7ff89a0aaf/library/core/src/panicking.rs:148:5
[INFO] [stdout]   19:     0x584017fdadba - day18::solve_18a::hcf8351925076a000
[INFO] [stdout]                                at /opt/rustwide/workdir/day18/src/main.rs:9:5
[INFO] [stdout]   20:     0x584017fdae2f - day18::tests::test_18a::h3c7176d4fe1736ba
[INFO] [stdout]                                at /opt/rustwide/workdir/day18/src/main.rs:24:20
[INFO] [stdout]   21:     0x584017fdae07 - day18::tests::test_18a::{{closure}}::h808ceda06940e6bb
[INFO] [stdout]                                at /opt/rustwide/workdir/day18/src/main.rs:23:18
[INFO] [stdout]   22:     0x584017fda6d6 - core::ops::function::FnOnce::call_once::hc12d8a3591df37e1
[INFO] [stdout]                                at /rustc/90b35a6239c3d8bdabc530a6a0816f7ff89a0aaf/library/core/src/ops/function.rs:250:5
[INFO] [stdout]   23:     0x584018017b7b - core::ops::function::FnOnce::call_once::h109cf8051a59b34e
[INFO] [stdout]                                at /rustc/90b35a6239c3d8bdabc530a6a0816f7ff89a0aaf/library/core/src/ops/function.rs:250:5
[INFO] [stdout]   24:     0x584018017b7b - test::__rust_begin_short_backtrace::hf4fff89d377446ba
[INFO] [stdout]                                at /rustc/90b35a6239c3d8bdabc530a6a0816f7ff89a0aaf/library/test/src/lib.rs:621:18
[INFO] [stdout]   25:     0x5840180173b7 - test::run_test_in_process::{{closure}}::h0e39181dd7ee5a43
[INFO] [stdout]                                at /rustc/90b35a6239c3d8bdabc530a6a0816f7ff89a0aaf/library/test/src/lib.rs:644:60
[INFO] [stdout]   26:     0x5840180173b7 - <core::panic::unwind_safe::AssertUnwindSafe<F> as core::ops::function::FnOnce<()>>::call_once::hc5a66a30f0bdfd1f
[INFO] [stdout]                                at /rustc/90b35a6239c3d8bdabc530a6a0816f7ff89a0aaf/library/core/src/panic/unwind_safe.rs:272:9
[INFO] [stdout]   27:     0x5840180173b7 - std::panicking::try::do_call::h873b7cf639554a5e
[INFO] [stdout]                                at /rustc/90b35a6239c3d8bdabc530a6a0816f7ff89a0aaf/library/std/src/panicking.rs:557:40
[INFO] [stdout]   28:     0x5840180173b7 - std::panicking::try::hdb19862fad9c8bd1
[INFO] [stdout]                                at /rustc/90b35a6239c3d8bdabc530a6a0816f7ff89a0aaf/library/std/src/panicking.rs:520:19
[INFO] [stdout]   29:     0x5840180173b7 - std::panic::catch_unwind::h281fe732d236d260
[INFO] [stdout]                                at /rustc/90b35a6239c3d8bdabc530a6a0816f7ff89a0aaf/library/std/src/panic.rs:358:14
[INFO] [stdout]   30:     0x5840180173b7 - test::run_test_in_process::h949b6df8457ed338
[INFO] [stdout]                                at /rustc/90b35a6239c3d8bdabc530a6a0816f7ff89a0aaf/library/test/src/lib.rs:644:27
[INFO] [stdout]   31:     0x5840180173b7 - test::run_test::{{closure}}::h52c556a6d4740e10
[INFO] [stdout]                                at /rustc/90b35a6239c3d8bdabc530a6a0816f7ff89a0aaf/library/test/src/lib.rs:565:43
[INFO] [stdout]   32:     0x584017fdc694 - test::run_test::{{closure}}::h4237f6381c45ccb9
[INFO] [stdout]                                at /rustc/90b35a6239c3d8bdabc530a6a0816f7ff89a0aaf/library/test/src/lib.rs:595:41
[INFO] [stdout]   33:     0x584017fdc694 - std::sys::backtrace::__rust_begin_short_backtrace::h505c97a579eca628
[INFO] [stdout]                                at /rustc/90b35a6239c3d8bdabc530a6a0816f7ff89a0aaf/library/std/src/sys/backtrace.rs:154:18
[INFO] [stdout]   34:     0x584017fdfd5e - std::thread::Builder::spawn_unchecked_::{{closure}}::{{closure}}::h9e86b2e2bc107ea3
[INFO] [stdout]                                at /rustc/90b35a6239c3d8bdabc530a6a0816f7ff89a0aaf/library/std/src/thread/mod.rs:538:17
[INFO] [stdout]   35:     0x584017fdfd5e - <core::panic::unwind_safe::AssertUnwindSafe<F> as core::ops::function::FnOnce<()>>::call_once::h8b06ddb275ff4a25
[INFO] [stdout]                                at /rustc/90b35a6239c3d8bdabc530a6a0816f7ff89a0aaf/library/core/src/panic/unwind_safe.rs:272:9
[INFO] [stdout]   36:     0x584017fdfd5e - std::panicking::try::do_call::hb26ecd7cd9a9355d
[INFO] [stdout]                                at /rustc/90b35a6239c3d8bdabc530a6a0816f7ff89a0aaf/library/std/src/panicking.rs:557:40
[INFO] [stdout]   37:     0x584017fdfd5e - std::panicking::try::h8ddeca9d705f9069
[INFO] [stdout]                                at /rustc/90b35a6239c3d8bdabc530a6a0816f7ff89a0aaf/library/std/src/panicking.rs:520:19
[INFO] [stdout]   38:     0x584017fdfd5e - std::panic::catch_unwind::h49e1c33078844c46
[INFO] [stdout]                                at /rustc/90b35a6239c3d8bdabc530a6a0816f7ff89a0aaf/library/std/src/panic.rs:358:14
[INFO] [stdout]   39:     0x584017fdfd5e - std::thread::Builder::spawn_unchecked_::{{closure}}::h6073db6ff56ad35d
[INFO] [stdout]                                at /rustc/90b35a6239c3d8bdabc530a6a0816f7ff89a0aaf/library/std/src/thread/mod.rs:537:30
[INFO] [stdout]   40:     0x584017fdfd5e - core::ops::function::FnOnce::call_once{{vtable.shim}}::h2c5a5f3779c774f1
[INFO] [stdout]                                at /rustc/90b35a6239c3d8bdabc530a6a0816f7ff89a0aaf/library/core/src/ops/function.rs:250:5
[INFO] [stdout]   41:     0x58401804bebb - <alloc::boxed::Box<F,A> as core::ops::function::FnOnce<Args>>::call_once::hf75717d9f28faebf
[INFO] [stdout]                                at /rustc/90b35a6239c3d8bdabc530a6a0816f7ff89a0aaf/library/alloc/src/boxed.rs:2454:9
[INFO] [stdout]   42:     0x58401804bebb - <alloc::boxed::Box<F,A> as core::ops::function::FnOnce<Args>>::call_once::h7bd883a5f3c5f3c1
[INFO] [stdout]                                at /rustc/90b35a6239c3d8bdabc530a6a0816f7ff89a0aaf/library/alloc/src/boxed.rs:2454:9
[INFO] [stdout]   43:     0x58401804bebb - std::sys::pal::unix::thread::Thread::new::thread_start::hcc78f3943333fa94
[INFO] [stdout]                                at /rustc/90b35a6239c3d8bdabc530a6a0816f7ff89a0aaf/library/std/src/sys/pal/unix/thread.rs:105:17
[INFO] [stdout]   44:     0x7af5e1cf5ac3 - <unknown>
[INFO] [stdout]   45:     0x7af5e1d86a04 - clone
[INFO] [stdout]   46:                0x0 - <unknown>
[INFO] [stdout] 
[INFO] [stdout] ---- tests::test_18b stdout ----
[INFO] [stdout] thread 'tests::test_18b' panicked at day18/src/main.rs:13:5:
[INFO] [stdout] not yet implemented
[INFO] [stdout] stack backtrace:
[INFO] [stdout]    0:     0x58401804666a - std::backtrace_rs::backtrace::libunwind::trace::h5a5b8284f2d0c266
[INFO] [stdout]                                at /rustc/90b35a6239c3d8bdabc530a6a0816f7ff89a0aaf/library/std/src/../../backtrace/src/backtrace/libunwind.rs:116:5
[INFO] [stdout]    1:     0x58401804666a - std::backtrace_rs::backtrace::trace_unsynchronized::h76d4f1c9b0b875e3
[INFO] [stdout]                                at /rustc/90b35a6239c3d8bdabc530a6a0816f7ff89a0aaf/library/std/src/../../backtrace/src/backtrace/mod.rs:66:5
[INFO] [stdout]    2:     0x58401804666a - std::sys::backtrace::_print_fmt::hc4546b8364a537c6
[INFO] [stdout]                                at /rustc/90b35a6239c3d8bdabc530a6a0816f7ff89a0aaf/library/std/src/sys/backtrace.rs:66:9
[INFO] [stdout]    3:     0x58401804666a - <std::sys::backtrace::BacktraceLock::print::DisplayBacktrace as core::fmt::Display>::fmt::h5b6bd5631a6d1f6b
[INFO] [stdout]                                at /rustc/90b35a6239c3d8bdabc530a6a0816f7ff89a0aaf/library/std/src/sys/backtrace.rs:39:26
[INFO] [stdout]    4:     0x58401806b8f3 - core::fmt::rt::Argument::fmt::h270f6602a2b96f62
[INFO] [stdout]                                at /rustc/90b35a6239c3d8bdabc530a6a0816f7ff89a0aaf/library/core/src/fmt/rt.rs:177:76
[INFO] [stdout]    5:     0x58401806b8f3 - core::fmt::write::h7550c97b06c86515
[INFO] [stdout]                                at /rustc/90b35a6239c3d8bdabc530a6a0816f7ff89a0aaf/library/core/src/fmt/mod.rs:1186:21
[INFO] [stdout]    6:     0x584018043833 - std::io::Write::write_fmt::h509ff860e5956e5e
[INFO] [stdout]                                at /rustc/90b35a6239c3d8bdabc530a6a0816f7ff89a0aaf/library/std/src/io/mod.rs:1839:15
[INFO] [stdout]    7:     0x5840180464b2 - std::sys::backtrace::BacktraceLock::print::h2395ccd2c84ba3aa
[INFO] [stdout]                                at /rustc/90b35a6239c3d8bdabc530a6a0816f7ff89a0aaf/library/std/src/sys/backtrace.rs:42:9
[INFO] [stdout]    8:     0x584018047aca - std::panicking::default_hook::{{closure}}::he19d4c7230e07961
[INFO] [stdout]                                at /rustc/90b35a6239c3d8bdabc530a6a0816f7ff89a0aaf/library/std/src/panicking.rs:268:22
[INFO] [stdout]    9:     0x5840180478d4 - std::panicking::default_hook::hf614597d3c67bbdb
[INFO] [stdout]                                at /rustc/90b35a6239c3d8bdabc530a6a0816f7ff89a0aaf/library/std/src/panicking.rs:292:9
[INFO] [stdout]   10:     0x5840180131b9 - <alloc::boxed::Box<F,A> as core::ops::function::Fn<Args>>::call::h39b51ce4599c23d1
[INFO] [stdout]                                at /rustc/90b35a6239c3d8bdabc530a6a0816f7ff89a0aaf/library/alloc/src/boxed.rs:2468:9
[INFO] [stdout]   11:     0x5840180131b9 - test::test_main::{{closure}}::he977ae839a582784
[INFO] [stdout]                                at /rustc/90b35a6239c3d8bdabc530a6a0816f7ff89a0aaf/library/test/src/lib.rs:133:21
[INFO] [stdout]   12:     0x584018048168 - <alloc::boxed::Box<F,A> as core::ops::function::Fn<Args>>::call::h9455091b6b06f9fb
[INFO] [stdout]                                at /rustc/90b35a6239c3d8bdabc530a6a0816f7ff89a0aaf/library/alloc/src/boxed.rs:2468:9
[INFO] [stdout]   13:     0x584018048168 - std::panicking::rust_panic_with_hook::h8942133a8b252070
[INFO] [stdout]                                at /rustc/90b35a6239c3d8bdabc530a6a0816f7ff89a0aaf/library/std/src/panicking.rs:809:13
[INFO] [stdout]   14:     0x584018047ef6 - std::panicking::begin_panic_handler::{{closure}}::hb5f5963570096b29
[INFO] [stdout]                                at /rustc/90b35a6239c3d8bdabc530a6a0816f7ff89a0aaf/library/std/src/panicking.rs:667:13
[INFO] [stdout]   15:     0x584018046b49 - std::sys::backtrace::__rust_end_short_backtrace::h6208cedc1922feda
[INFO] [stdout]                                at /rustc/90b35a6239c3d8bdabc530a6a0816f7ff89a0aaf/library/std/src/sys/backtrace.rs:170:18
[INFO] [stdout]   16:     0x584018047bbc - rust_begin_unwind
[INFO] [stdout]                                at /rustc/90b35a6239c3d8bdabc530a6a0816f7ff89a0aaf/library/std/src/panicking.rs:665:5
[INFO] [stdout]   17:     0x584017fd9a50 - core::panicking::panic_fmt::h0c3082644d1bf418
[INFO] [stdout]                                at /rustc/90b35a6239c3d8bdabc530a6a0816f7ff89a0aaf/library/core/src/panicking.rs:74:14
[INFO] [stdout]   18:     0x584017fd9adc - core::panicking::panic::h957f98c65a3b3074
[INFO] [stdout]                                at /rustc/90b35a6239c3d8bdabc530a6a0816f7ff89a0aaf/library/core/src/panicking.rs:148:5
[INFO] [stdout]   19:     0x584017fdadea - day18::solve_18b::h46fc837453956209
[INFO] [stdout]                                at /opt/rustwide/workdir/day18/src/main.rs:13:5
[INFO] [stdout]   20:     0x584017fdae8f - day18::tests::test_18b::hc2ecb93ebed1d33f
[INFO] [stdout]                                at /opt/rustwide/workdir/day18/src/main.rs:29:20
[INFO] [stdout]   21:     0x584017fdae67 - day18::tests::test_18b::{{closure}}::h0c4a5dc77af6e2ab
[INFO] [stdout]                                at /opt/rustwide/workdir/day18/src/main.rs:28:18
[INFO] [stdout]   22:     0x584017fda626 - core::ops::function::FnOnce::call_once::h7d55dd7d1a9fb594
[INFO] [stdout]                                at /rustc/90b35a6239c3d8bdabc530a6a0816f7ff89a0aaf/library/core/src/ops/function.rs:250:5
[INFO] [stdout]   23:     0x584018017b7b - core::ops::function::FnOnce::call_once::h109cf8051a59b34e
[INFO] [stdout]                                at /rustc/90b35a6239c3d8bdabc530a6a0816f7ff89a0aaf/library/core/src/ops/function.rs:250:5
[INFO] [stdout]   24:     0x584018017b7b - test::__rust_begin_short_backtrace::hf4fff89d377446ba
[INFO] [stdout]                                at /rustc/90b35a6239c3d8bdabc530a6a0816f7ff89a0aaf/library/test/src/lib.rs:621:18
[INFO] [stdout]   25:     0x5840180173b7 - test::run_test_in_process::{{closure}}::h0e39181dd7ee5a43
[INFO] [stdout]                                at /rustc/90b35a6239c3d8bdabc530a6a0816f7ff89a0aaf/library/test/src/lib.rs:644:60
[INFO] [stdout]   26:     0x5840180173b7 - <core::panic::unwind_safe::AssertUnwindSafe<F> as core::ops::function::FnOnce<()>>::call_once::hc5a66a30f0bdfd1f
[INFO] [stdout]                                at /rustc/90b35a6239c3d8bdabc530a6a0816f7ff89a0aaf/library/core/src/panic/unwind_safe.rs:272:9
[INFO] [stdout]   27:     0x5840180173b7 - std::panicking::try::do_call::h873b7cf639554a5e
[INFO] [stdout]                                at /rustc/90b35a6239c3d8bdabc530a6a0816f7ff89a0aaf/library/std/src/panicking.rs:557:40
[INFO] [stdout]   28:     0x5840180173b7 - std::panicking::try::hdb19862fad9c8bd1
[INFO] [stdout]                                at /rustc/90b35a6239c3d8bdabc530a6a0816f7ff89a0aaf/library/std/src/panicking.rs:520:19
[INFO] [stdout]   29:     0x5840180173b7 - std::panic::catch_unwind::h281fe732d236d260
[INFO] [stdout]                                at /rustc/90b35a6239c3d8bdabc530a6a0816f7ff89a0aaf/library/std/src/panic.rs:358:14
[INFO] [stdout]   30:     0x5840180173b7 - test::run_test_in_process::h949b6df8457ed338
[INFO] [stdout]                                at /rustc/90b35a6239c3d8bdabc530a6a0816f7ff89a0aaf/library/test/src/lib.rs:644:27
[INFO] [stdout]   31:     0x5840180173b7 - test::run_test::{{closure}}::h52c556a6d4740e10
[INFO] [stdout]                                at /rustc/90b35a6239c3d8bdabc530a6a0816f7ff89a0aaf/library/test/src/lib.rs:565:43
[INFO] [stdout]   32:     0x584017fdc694 - test::run_test::{{closure}}::h4237f6381c45ccb9
[INFO] [stdout]                                at /rustc/90b35a6239c3d8bdabc530a6a0816f7ff89a0aaf/library/test/src/lib.rs:595:41
[INFO] [stdout]   33:     0x584017fdc694 - std::sys::backtrace::__rust_begin_short_backtrace::h505c97a579eca628
[INFO] [stdout]                                at /rustc/90b35a6239c3d8bdabc530a6a0816f7ff89a0aaf/library/std/src/sys/backtrace.rs:154:18
[INFO] [stdout]   34:     0x584017fdfd5e - std::thread::Builder::spawn_unchecked_::{{closure}}::{{closure}}::h9e86b2e2bc107ea3
[INFO] [stdout]                                at /rustc/90b35a6239c3d8bdabc530a6a0816f7ff89a0aaf/library/std/src/thread/mod.rs:538:17
[INFO] [stdout]   35:     0x584017fdfd5e - <core::panic::unwind_safe::AssertUnwindSafe<F> as core::ops::function::FnOnce<()>>::call_once::h8b06ddb275ff4a25
[INFO] [stdout]                                at /rustc/90b35a6239c3d8bdabc530a6a0816f7ff89a0aaf/library/core/src/panic/unwind_safe.rs:272:9
[INFO] [stdout]   36:     0x584017fdfd5e - std::panicking::try::do_call::hb26ecd7cd9a9355d
[INFO] [stdout]                                at /rustc/90b35a6239c3d8bdabc530a6a0816f7ff89a0aaf/library/std/src/panicking.rs:557:40
[INFO] [stdout]   37:     0x584017fdfd5e - std::panicking::try::h8ddeca9d705f9069
[INFO] [stdout]                                at /rustc/90b35a6239c3d8bdabc530a6a0816f7ff89a0aaf/library/std/src/panicking.rs:520:19
[INFO] [stdout]   38:     0x584017fdfd5e - std::panic::catch_unwind::h49e1c33078844c46
[INFO] [stdout]                                at /rustc/90b35a6239c3d8bdabc530a6a0816f7ff89a0aaf/library/std/src/panic.rs:358:14
[INFO] [stdout]   39:     0x584017fdfd5e - std::thread::Builder::spawn_unchecked_::{{closure}}::h6073db6ff56ad35d
[INFO] [stdout]                                at /rustc/90b35a6239c3d8bdabc530a6a0816f7ff89a0aaf/library/std/src/thread/mod.rs:537:30
[INFO] [stdout]   40:     0x584017fdfd5e - core::ops::function::FnOnce::call_once{{vtable.shim}}::h2c5a5f3779c774f1
[INFO] [stdout]                                at /rustc/90b35a6239c3d8bdabc530a6a0816f7ff89a0aaf/library/core/src/ops/function.rs:250:5
[INFO] [stdout]   41:     0x58401804bebb - <alloc::boxed::Box<F,A> as core::ops::function::FnOnce<Args>>::call_once::hf75717d9f28faebf
[INFO] [stdout]                                at /rustc/90b35a6239c3d8bdabc530a6a0816f7ff89a0aaf/library/alloc/src/boxed.rs:2454:9
[INFO] [stdout]   42:     0x58401804bebb - <alloc::boxed::Box<F,A> as core::ops::function::FnOnce<Args>>::call_once::h7bd883a5f3c5f3c1
[INFO] [stdout]                                at /rustc/90b35a6239c3d8bdabc530a6a0816f7ff89a0aaf/library/alloc/src/boxed.rs:2454:9
[INFO] [stdout]   43:     0x58401804bebb - std::sys::pal::unix::thread::Thread::new::thread_start::hcc78f3943333fa94
[INFO] [stdout]                                at /rustc/90b35a6239c3d8bdabc530a6a0816f7ff89a0aaf/library/std/src/sys/pal/unix/thread.rs:105:17
[INFO] [stdout]   44:     0x7af5e1cf5ac3 - <unknown>
[INFO] [stdout]   45:     0x7af5e1d86a04 - clone
[INFO] [stdout]   46:                0x0 - <unknown>
[INFO] [stdout] 
[INFO] [stdout] 
[INFO] [stdout] failures:
[INFO] [stdout]     tests::test_18a
[INFO] [stdout]     tests::test_18b
[INFO] [stdout] 
[INFO] [stdout] test result: FAILED. 0 passed; 2 failed; 0 ignored; 0 measured; 0 filtered out; finished in 0.01s
[INFO] [stdout] 
[INFO] [stderr] error: test failed, to rerun pass `-p day18 --bin day18`
[INFO] running `Command { std: "docker" "inspect" "8f9e5e9cf78398c38a60316d628fba8448419115deb4efd570bf19e3a627f1ce", kill_on_drop: false }`
[INFO] running `Command { std: "docker" "rm" "-f" "8f9e5e9cf78398c38a60316d628fba8448419115deb4efd570bf19e3a627f1ce", kill_on_drop: false }`
[INFO] [stdout] 8f9e5e9cf78398c38a60316d628fba8448419115deb4efd570bf19e3a627f1ce
