[INFO] cloning repository https://github.com/ToreAad/gobot-rs
[INFO] running `Command { std: "git" "-c" "credential.helper=" "-c" "credential.helper=/workspace/cargo-home/bin/git-credential-null" "clone" "--bare" "https://github.com/ToreAad/gobot-rs" "/workspace/cache/git-repos/https%3A%2F%2Fgithub.com%2FToreAad%2Fgobot-rs", kill_on_drop: false }`
[INFO] [stderr] Cloning into bare repository '/workspace/cache/git-repos/https%3A%2F%2Fgithub.com%2FToreAad%2Fgobot-rs'...
[INFO] running `Command { std: "git" "rev-parse" "HEAD", kill_on_drop: false }`
[INFO] [stdout] 0c10bea8c0d811725587d3407ae0f0067c1c463c
[INFO] testing ToreAad/gobot-rs against 1.83.0 for beta-1.84.0-4-retry
[INFO] running `Command { std: "git" "clone" "/workspace/cache/git-repos/https%3A%2F%2Fgithub.com%2FToreAad%2Fgobot-rs" "/workspace/builds/worker-1-tc1/source", kill_on_drop: false }`
[INFO] [stderr] Cloning into '/workspace/builds/worker-1-tc1/source'...
[INFO] [stderr] done.
[INFO] validating manifest of git repo https://github.com/ToreAad/gobot-rs on toolchain 1.83.0
[INFO] running `Command { std: CARGO_HOME="/workspace/cargo-home" RUSTUP_HOME="/workspace/rustup-home" "/workspace/cargo-home/bin/cargo" "+1.83.0" "metadata" "--manifest-path" "Cargo.toml" "--no-deps", kill_on_drop: false }`
[INFO] started tweaking git repo https://github.com/ToreAad/gobot-rs
[INFO] finished tweaking git repo https://github.com/ToreAad/gobot-rs
[INFO] tweaked toml for git repo https://github.com/ToreAad/gobot-rs written to /workspace/builds/worker-1-tc1/source/Cargo.toml
[INFO] crate git repo https://github.com/ToreAad/gobot-rs already has a lockfile, it will not be regenerated
[INFO] running `Command { std: CARGO_HOME="/workspace/cargo-home" RUSTUP_HOME="/workspace/rustup-home" "/workspace/cargo-home/bin/cargo" "+1.83.0" "fetch" "--manifest-path" "Cargo.toml", kill_on_drop: false }`
[INFO] [stderr]     Updating crates.io index
[INFO] [stderr]  Downloading crates ...
[INFO] [stderr]   Downloaded sgf-parse v4.0.0
[INFO] running `Command { std: "docker" "create" "-v" "/var/lib/crater-agent-workspace/builds/worker-1-tc1/target:/opt/rustwide/target:rw,Z" "-v" "/var/lib/crater-agent-workspace/builds/worker-1-tc1/source:/opt/rustwide/workdir:ro,Z" "-v" "/var/lib/crater-agent-workspace/cargo-home:/opt/rustwide/cargo-home:ro,Z" "-v" "/var/lib/crater-agent-workspace/rustup-home:/opt/rustwide/rustup-home:ro,Z" "-e" "SOURCE_DIR=/opt/rustwide/workdir" "-e" "CARGO_TARGET_DIR=/opt/rustwide/target" "-e" "CARGO_HOME=/opt/rustwide/cargo-home" "-e" "RUSTUP_HOME=/opt/rustwide/rustup-home" "-w" "/opt/rustwide/workdir" "-m" "1610612736" "--user" "0:0" "--network" "none" "ghcr.io/rust-lang/crates-build-env/linux@sha256:f3a9d4ad9d972b27faf3965f35b62e55ba32bbce8f20bc8fe909558a86702fde" "/opt/rustwide/cargo-home/bin/cargo" "+1.83.0" "metadata" "--no-deps" "--format-version=1", kill_on_drop: false }`
[INFO] [stdout] 64b5badfb8a517505784bc0ee1f1a4eccec6977a4809daba4e7e5dd3a53c5889
[INFO] running `Command { std: "docker" "start" "-a" "64b5badfb8a517505784bc0ee1f1a4eccec6977a4809daba4e7e5dd3a53c5889", kill_on_drop: false }`
[INFO] running `Command { std: "docker" "inspect" "64b5badfb8a517505784bc0ee1f1a4eccec6977a4809daba4e7e5dd3a53c5889", kill_on_drop: false }`
[INFO] running `Command { std: "docker" "rm" "-f" "64b5badfb8a517505784bc0ee1f1a4eccec6977a4809daba4e7e5dd3a53c5889", kill_on_drop: false }`
[INFO] [stdout] 64b5badfb8a517505784bc0ee1f1a4eccec6977a4809daba4e7e5dd3a53c5889
[INFO] running `Command { std: "docker" "create" "-v" "/var/lib/crater-agent-workspace/builds/worker-1-tc1/target:/opt/rustwide/target:rw,Z" "-v" "/var/lib/crater-agent-workspace/builds/worker-1-tc1/source:/opt/rustwide/workdir:ro,Z" "-v" "/var/lib/crater-agent-workspace/cargo-home:/opt/rustwide/cargo-home:ro,Z" "-v" "/var/lib/crater-agent-workspace/rustup-home:/opt/rustwide/rustup-home:ro,Z" "-e" "SOURCE_DIR=/opt/rustwide/workdir" "-e" "CARGO_TARGET_DIR=/opt/rustwide/target" "-e" "CARGO_INCREMENTAL=0" "-e" "RUST_BACKTRACE=full" "-e" "RUSTFLAGS=--cap-lints=warn" "-e" "RUSTDOCFLAGS=--cap-lints=warn" "-e" "CARGO_HOME=/opt/rustwide/cargo-home" "-e" "RUSTUP_HOME=/opt/rustwide/rustup-home" "-w" "/opt/rustwide/workdir" "-m" "1610612736" "--user" "0:0" "--network" "none" "ghcr.io/rust-lang/crates-build-env/linux@sha256:f3a9d4ad9d972b27faf3965f35b62e55ba32bbce8f20bc8fe909558a86702fde" "/opt/rustwide/cargo-home/bin/cargo" "+1.83.0" "build" "--frozen" "--message-format=json", kill_on_drop: false }`
[INFO] [stdout] 70a0fd0c79bdc8c9da5928e59ebeffab19bd1b8cd7cdc5d2f5e0817d11eadbe1
[INFO] running `Command { std: "docker" "start" "-a" "70a0fd0c79bdc8c9da5928e59ebeffab19bd1b8cd7cdc5d2f5e0817d11eadbe1", kill_on_drop: false }`
[INFO] [stderr]    Compiling libc v0.2.132
[INFO] [stderr]    Compiling memchr v2.5.0
[INFO] [stderr]    Compiling ppv-lite86 v0.2.16
[INFO] [stderr]    Compiling minimal-lexical v0.2.1
[INFO] [stderr]    Compiling sgf-parse v4.0.0
[INFO] [stderr]    Compiling nom v7.1.3
[INFO] [stderr]    Compiling getrandom v0.2.7
[INFO] [stderr]    Compiling rand_core v0.6.3
[INFO] [stderr]    Compiling rand_chacha v0.3.1
[INFO] [stderr]    Compiling rand v0.8.5
[INFO] [stderr]    Compiling go-rust v0.1.0 (/opt/rustwide/workdir)
[INFO] [stdout] warning: method `add_stone` is never used
[INFO] [stdout]   --> src/go/gostring.rs:26:12
[INFO] [stdout]    |
[INFO] [stdout] 13 | impl GoString{
[INFO] [stdout]    | ------------- method in this implementation
[INFO] [stdout] ...
[INFO] [stdout] 26 |     pub fn add_stone(&mut self, point: Point){
[INFO] [stdout]    |            ^^^^^^^^^
[INFO] [stdout]    |
[INFO] [stdout]    = note: `#[warn(dead_code)]` on by default
[INFO] [stdout] 
[INFO] [stdout] 
[INFO] [stdout] warning: method `winning_margin` is never used
[INFO] [stdout]   --> src/go/scoring.rs:46:12
[INFO] [stdout]    |
[INFO] [stdout] 36 | impl GameResult {
[INFO] [stdout]    | --------------- method in this implementation
[INFO] [stdout] ...
[INFO] [stdout] 46 |     pub fn winning_margin(&self) -> f32 {
[INFO] [stdout]    |            ^^^^^^^^^^^^^^
[INFO] [stdout] 
[INFO] [stdout] 
[INFO] [stdout] warning: fields `num_dame` and `dame_points` are never read
[INFO] [stdout]   --> src/go/scoring.rs:57:9
[INFO] [stdout]    |
[INFO] [stdout] 52 | pub struct Territory {
[INFO] [stdout]    |            --------- fields in this struct
[INFO] [stdout] ...
[INFO] [stdout] 57 |     pub num_dame: u8,
[INFO] [stdout]    |         ^^^^^^^^
[INFO] [stdout] 58 |     pub dame_points: Vec<Point>,
[INFO] [stdout]    |         ^^^^^^^^^^^
[INFO] [stdout] 
[INFO] [stdout] 
[INFO] [stdout] warning: function `get_move` is never used
[INFO] [stdout]   --> src/go/sgf.rs:17:8
[INFO] [stdout]    |
[INFO] [stdout] 17 | pub fn get_move(node: &SgfNode<Prop>) -> Option<(Action, Player)>{
[INFO] [stdout]    |        ^^^^^^^^
[INFO] [stdout] 
[INFO] [stdout] 
[INFO] [stdout] warning: function `get_branches` is never used
[INFO] [stdout]   --> src/go/sgf.rs:58:8
[INFO] [stdout]    |
[INFO] [stdout] 58 | pub fn get_branches(node: &SgfNode<Prop>) -> Vec<VecDeque<(Action, Player)>>{
[INFO] [stdout]    |        ^^^^^^^^^^^^
[INFO] [stdout] 
[INFO] [stdout] 
[INFO] [stdout] warning: function `get_moves` is never used
[INFO] [stdout]   --> src/go/sgf.rs:78:8
[INFO] [stdout]    |
[INFO] [stdout] 78 | pub fn get_moves(sgf: &str) -> Vec<VecDeque<(Action, Player)>>{
[INFO] [stdout]    |        ^^^^^^^^^
[INFO] [stdout] 
[INFO] [stdout] 
[INFO] [stdout] warning: method `next_player` is never used
[INFO] [stdout]  --> src/game/game.rs:9:8
[INFO] [stdout]   |
[INFO] [stdout] 3 | pub trait Game : std::fmt::Display {
[INFO] [stdout]   |           ---- method in this trait
[INFO] [stdout] ...
[INFO] [stdout] 9 |     fn next_player(&self) -> Player;
[INFO] [stdout]   |        ^^^^^^^^^^^
[INFO] [stdout] 
[INFO] [stdout] 
[INFO] [stdout] warning: method `score` is never used
[INFO] [stdout]  --> src/game/score.rs:4:8
[INFO] [stdout]   |
[INFO] [stdout] 3 | pub trait Score: std::fmt::Display{
[INFO] [stdout]   |           ----- method in this trait
[INFO] [stdout] 4 |     fn score(&self, player: Player) -> f32;
[INFO] [stdout]   |        ^^^^^
[INFO] [stdout] 
[INFO] [stdout] 
[INFO] [stderr]     Finished `dev` profile [unoptimized + debuginfo] target(s) in 8.96s
[INFO] running `Command { std: "docker" "inspect" "70a0fd0c79bdc8c9da5928e59ebeffab19bd1b8cd7cdc5d2f5e0817d11eadbe1", kill_on_drop: false }`
[INFO] running `Command { std: "docker" "rm" "-f" "70a0fd0c79bdc8c9da5928e59ebeffab19bd1b8cd7cdc5d2f5e0817d11eadbe1", kill_on_drop: false }`
[INFO] [stdout] 70a0fd0c79bdc8c9da5928e59ebeffab19bd1b8cd7cdc5d2f5e0817d11eadbe1
[INFO] running `Command { std: "docker" "create" "-v" "/var/lib/crater-agent-workspace/builds/worker-1-tc1/target:/opt/rustwide/target:rw,Z" "-v" "/var/lib/crater-agent-workspace/builds/worker-1-tc1/source:/opt/rustwide/workdir:ro,Z" "-v" "/var/lib/crater-agent-workspace/cargo-home:/opt/rustwide/cargo-home:ro,Z" "-v" "/var/lib/crater-agent-workspace/rustup-home:/opt/rustwide/rustup-home:ro,Z" "-e" "SOURCE_DIR=/opt/rustwide/workdir" "-e" "CARGO_TARGET_DIR=/opt/rustwide/target" "-e" "CARGO_INCREMENTAL=0" "-e" "RUST_BACKTRACE=full" "-e" "RUSTFLAGS=--cap-lints=warn" "-e" "RUSTDOCFLAGS=--cap-lints=warn" "-e" "CARGO_HOME=/opt/rustwide/cargo-home" "-e" "RUSTUP_HOME=/opt/rustwide/rustup-home" "-w" "/opt/rustwide/workdir" "-m" "1610612736" "--user" "0:0" "--network" "none" "ghcr.io/rust-lang/crates-build-env/linux@sha256:f3a9d4ad9d972b27faf3965f35b62e55ba32bbce8f20bc8fe909558a86702fde" "/opt/rustwide/cargo-home/bin/cargo" "+1.83.0" "test" "--frozen" "--no-run" "--message-format=json", kill_on_drop: false }`
[INFO] [stdout] 636abeecd4bd249d7cbc8e8682f5f9691d3bb2476f62c5885a49b2a29f47fd75
[INFO] running `Command { std: "docker" "start" "-a" "636abeecd4bd249d7cbc8e8682f5f9691d3bb2476f62c5885a49b2a29f47fd75", kill_on_drop: false }`
[INFO] [stderr]    Compiling go-rust v0.1.0 (/opt/rustwide/workdir)
[INFO] [stdout] warning: unused import: `sgf_parse::GameType`
[INFO] [stdout]   --> src/go/sgf.rs:94:9
[INFO] [stdout]    |
[INFO] [stdout] 94 |     use sgf_parse::GameType;
[INFO] [stdout]    |         ^^^^^^^^^^^^^^^^^^^
[INFO] [stdout]    |
[INFO] [stdout]    = note: `#[warn(unused_imports)]` on by default
[INFO] [stdout] 
[INFO] [stdout] 
[INFO] [stdout] warning: unused variable: `p`
[INFO] [stdout]   --> src/main.rs:67:21
[INFO] [stdout]    |
[INFO] [stdout] 67 |         for (i, (m, p)) in moves[0].iter().enumerate(){
[INFO] [stdout]    |                     ^ help: if this is intentional, prefix it with an underscore: `_p`
[INFO] [stdout]    |
[INFO] [stdout]    = note: `#[warn(unused_variables)]` on by default
[INFO] [stdout] 
[INFO] [stdout] 
[INFO] [stdout] warning: method `winning_margin` is never used
[INFO] [stdout]   --> src/go/scoring.rs:46:12
[INFO] [stdout]    |
[INFO] [stdout] 36 | impl GameResult {
[INFO] [stdout]    | --------------- method in this implementation
[INFO] [stdout] ...
[INFO] [stdout] 46 |     pub fn winning_margin(&self) -> f32 {
[INFO] [stdout]    |            ^^^^^^^^^^^^^^
[INFO] [stdout]    |
[INFO] [stdout]    = note: `#[warn(dead_code)]` on by default
[INFO] [stdout] 
[INFO] [stdout] 
[INFO] [stdout] warning: field `dame_points` is never read
[INFO] [stdout]   --> src/go/scoring.rs:58:9
[INFO] [stdout]    |
[INFO] [stdout] 52 | pub struct Territory {
[INFO] [stdout]    |            --------- field in this struct
[INFO] [stdout] ...
[INFO] [stdout] 58 |     pub dame_points: Vec<Point>,
[INFO] [stdout]    |         ^^^^^^^^^^^
[INFO] [stdout] 
[INFO] [stdout] 
[INFO] [stdout] warning: method `next_player` is never used
[INFO] [stdout]  --> src/game/game.rs:9:8
[INFO] [stdout]   |
[INFO] [stdout] 3 | pub trait Game : std::fmt::Display {
[INFO] [stdout]   |           ---- method in this trait
[INFO] [stdout] ...
[INFO] [stdout] 9 |     fn next_player(&self) -> Player;
[INFO] [stdout]   |        ^^^^^^^^^^^
[INFO] [stdout] 
[INFO] [stdout] 
[INFO] [stdout] warning: method `score` is never used
[INFO] [stdout]  --> src/game/score.rs:4:8
[INFO] [stdout]   |
[INFO] [stdout] 3 | pub trait Score: std::fmt::Display{
[INFO] [stdout]   |           ----- method in this trait
[INFO] [stdout] 4 |     fn score(&self, player: Player) -> f32;
[INFO] [stdout]   |        ^^^^^
[INFO] [stdout] 
[INFO] [stdout] 
[INFO] [stderr]     Finished `test` profile [unoptimized + debuginfo] target(s) in 1.58s
[INFO] running `Command { std: "docker" "inspect" "636abeecd4bd249d7cbc8e8682f5f9691d3bb2476f62c5885a49b2a29f47fd75", kill_on_drop: false }`
[INFO] running `Command { std: "docker" "rm" "-f" "636abeecd4bd249d7cbc8e8682f5f9691d3bb2476f62c5885a49b2a29f47fd75", kill_on_drop: false }`
[INFO] [stdout] 636abeecd4bd249d7cbc8e8682f5f9691d3bb2476f62c5885a49b2a29f47fd75
[INFO] running `Command { std: "docker" "create" "-v" "/var/lib/crater-agent-workspace/builds/worker-1-tc1/target:/opt/rustwide/target:rw,Z" "-v" "/var/lib/crater-agent-workspace/builds/worker-1-tc1/source:/opt/rustwide/workdir:ro,Z" "-v" "/var/lib/crater-agent-workspace/cargo-home:/opt/rustwide/cargo-home:ro,Z" "-v" "/var/lib/crater-agent-workspace/rustup-home:/opt/rustwide/rustup-home:ro,Z" "-e" "SOURCE_DIR=/opt/rustwide/workdir" "-e" "CARGO_TARGET_DIR=/opt/rustwide/target" "-e" "CARGO_INCREMENTAL=0" "-e" "RUST_BACKTRACE=full" "-e" "RUSTFLAGS=--cap-lints=warn" "-e" "RUSTDOCFLAGS=--cap-lints=warn" "-e" "CARGO_HOME=/opt/rustwide/cargo-home" "-e" "RUSTUP_HOME=/opt/rustwide/rustup-home" "-w" "/opt/rustwide/workdir" "-m" "1610612736" "--user" "0:0" "--network" "none" "ghcr.io/rust-lang/crates-build-env/linux@sha256:f3a9d4ad9d972b27faf3965f35b62e55ba32bbce8f20bc8fe909558a86702fde" "/opt/rustwide/cargo-home/bin/cargo" "+1.83.0" "test" "--frozen", kill_on_drop: false }`
[INFO] [stdout] 345cd8c924277252a8c2447749956457589cfba0483be10d416d5e02c24b2702
[INFO] running `Command { std: "docker" "start" "-a" "345cd8c924277252a8c2447749956457589cfba0483be10d416d5e02c24b2702", kill_on_drop: false }`
[INFO] [stderr] warning: unused import: `sgf_parse::GameType`
[INFO] [stderr]   --> src/go/sgf.rs:94:9
[INFO] [stderr]    |
[INFO] [stderr] 94 |     use sgf_parse::GameType;
[INFO] [stderr]    |         ^^^^^^^^^^^^^^^^^^^
[INFO] [stderr]    |
[INFO] [stderr]    = note: `#[warn(unused_imports)]` on by default
[INFO] [stderr] 
[INFO] [stderr] warning: unused variable: `p`
[INFO] [stderr]   --> src/main.rs:67:21
[INFO] [stderr]    |
[INFO] [stderr] 67 |         for (i, (m, p)) in moves[0].iter().enumerate(){
[INFO] [stderr]    |                     ^ help: if this is intentional, prefix it with an underscore: `_p`
[INFO] [stderr]    |
[INFO] [stderr]    = note: `#[warn(unused_variables)]` on by default
[INFO] [stderr] 
[INFO] [stderr] warning: method `winning_margin` is never used
[INFO] [stderr]   --> src/go/scoring.rs:46:12
[INFO] [stderr]    |
[INFO] [stderr] 36 | impl GameResult {
[INFO] [stderr]    | --------------- method in this implementation
[INFO] [stderr] ...
[INFO] [stderr] 46 |     pub fn winning_margin(&self) -> f32 {
[INFO] [stderr]    |            ^^^^^^^^^^^^^^
[INFO] [stderr]    |
[INFO] [stderr]    = note: `#[warn(dead_code)]` on by default
[INFO] [stderr] 
[INFO] [stderr] warning: field `dame_points` is never read
[INFO] [stderr]   --> src/go/scoring.rs:58:9
[INFO] [stderr]    |
[INFO] [stderr] 52 | pub struct Territory {
[INFO] [stderr]    |            --------- field in this struct
[INFO] [stderr] ...
[INFO] [stderr] 58 |     pub dame_points: Vec<Point>,
[INFO] [stderr]    |         ^^^^^^^^^^^
[INFO] [stderr] 
[INFO] [stderr] warning: method `next_player` is never used
[INFO] [stderr]  --> src/game/game.rs:9:8
[INFO] [stderr]   |
[INFO] [stderr] 3 | pub trait Game : std::fmt::Display {
[INFO] [stderr]   |           ---- method in this trait
[INFO] [stderr] ...
[INFO] [stderr] 9 |     fn next_player(&self) -> Player;
[INFO] [stderr]   |        ^^^^^^^^^^^
[INFO] [stderr] 
[INFO] [stderr] warning: method `score` is never used
[INFO] [stderr]  --> src/game/score.rs:4:8
[INFO] [stderr]   |
[INFO] [stderr] 3 | pub trait Score: std::fmt::Display{
[INFO] [stderr]   |           ----- method in this trait
[INFO] [stderr] 4 |     fn score(&self, player: Player) -> f32;
[INFO] [stderr]   |        ^^^^^
[INFO] [stderr] 
[INFO] [stderr] warning: `go-rust` (bin "go-rust" test) generated 6 warnings (run `cargo fix --bin "go-rust" --tests` to apply 1 suggestion)
[INFO] [stderr]     Finished `test` profile [unoptimized + debuginfo] target(s) in 0.02s
[INFO] [stderr]      Running unittests src/main.rs (/opt/rustwide/target/debug/deps/go_rust-fc6fb58265d4054f)
[INFO] [stdout] 
[INFO] [stdout] running 31 tests
[INFO] [stdout] test game::point::test::test_neighbours ... ok
[INFO] [stdout] test go::gamestate::test::test_does_move_violate_ko ... ok
[INFO] [stdout] test go::goboard::test::test_capture_dlgo ... ok
[INFO] [stdout] test go::gamestate::test::test_is_over ... ok
[INFO] [stdout] test go::goboard::test::test_capture_two_stones_dlgo ... ok
[INFO] [stdout] test go::gamestate::test::test_self_capture ... ok
[INFO] [stdout] test go::goboard::test::test_not_self_capture_is_other_capture ... ok
[INFO] [stdout] test go::goboard::test::test_place_stone ... ok
[INFO] [stdout] test agents::randomagent::tests::test_random_agent ... ok
[INFO] [stdout] test go::goboard::test::test_place_two_different_stones ... ok
[INFO] [stdout] test go::goboard::test::test_empty_triangle_dlgo ... ok
[INFO] [stdout] test go::goboard::test::test_capture ... ok
[INFO] [stdout] test go::goboard::test::test_empty_triangle ... ok
[INFO] [stdout] test go::goboard::test::test_is_point_an_eye ... ok
[INFO] [stdout] test go::goboard::test::test_capture_two_stones ... ok
[INFO] [stdout] test go::goboard::test::test_capture_is_not_suicide ... ok
[INFO] [stdout] test go::goboard::test::test_place_two_similar_stones ... ok
[INFO] [stdout] test go::gostring::test::test_gosting_add_liberty ... ok
[INFO] [stdout] test go::gostring::test::test_gosting_add_stone ... ok
[INFO] [stdout] test go::gostring::test::test_gosting_complex_merged_with ... ok
[INFO] [stdout] test go::goboard::test::test_self_capture ... ok
[INFO] [stdout] test go::goboard::test::test_remove_liberties ... ok
[INFO] [stdout] test go::gostring::test::test_gosting_merged_with ... ok
[INFO] [stdout] test go::gostring::test::test_gosting_new ... ok
[INFO] [stdout] test go::gostring::test::test_gosting_remove_liberty ... ok
[INFO] [stdout] test go::scoring::tests::test_print_board ... ok
[INFO] [stdout] test go::sgf::test::test_parse ... ok
[INFO] [stdout] test go::goboard::test::test_remove_liberties_dlgo ... ok
[INFO] [stdout] test go::scoring::tests::test_scoring ... ok
[INFO] [stdout] test go::goboard::test::test_self_capture_simple ... ok
[INFO] [stdout] test tests::test_sgf ... FAILED
[INFO] [stdout] 
[INFO] [stdout] failures:
[INFO] [stdout] 
[INFO] [stdout] ---- tests::test_sgf stdout ----
[INFO] [stdout] thread 'tests::test_sgf' panicked at src/main.rs:60:48:
[INFO] [stdout] called `Result::unwrap()` on an `Err` value: Os { code: 2, kind: NotFound, message: "No such file or directory" }
[INFO] [stdout] stack backtrace:
[INFO] [stdout]    0:     0x6252d026052a - std::backtrace_rs::backtrace::libunwind::trace::h5a5b8284f2d0c266
[INFO] [stdout]                                at /rustc/90b35a6239c3d8bdabc530a6a0816f7ff89a0aaf/library/std/src/../../backtrace/src/backtrace/libunwind.rs:116:5
[INFO] [stdout]    1:     0x6252d026052a - std::backtrace_rs::backtrace::trace_unsynchronized::h76d4f1c9b0b875e3
[INFO] [stdout]                                at /rustc/90b35a6239c3d8bdabc530a6a0816f7ff89a0aaf/library/std/src/../../backtrace/src/backtrace/mod.rs:66:5
[INFO] [stdout]    2:     0x6252d026052a - std::sys::backtrace::_print_fmt::hc4546b8364a537c6
[INFO] [stdout]                                at /rustc/90b35a6239c3d8bdabc530a6a0816f7ff89a0aaf/library/std/src/sys/backtrace.rs:66:9
[INFO] [stdout]    3:     0x6252d026052a - <std::sys::backtrace::BacktraceLock::print::DisplayBacktrace as core::fmt::Display>::fmt::h5b6bd5631a6d1f6b
[INFO] [stdout]                                at /rustc/90b35a6239c3d8bdabc530a6a0816f7ff89a0aaf/library/std/src/sys/backtrace.rs:39:26
[INFO] [stdout]    4:     0x6252d0286f83 - core::fmt::rt::Argument::fmt::h270f6602a2b96f62
[INFO] [stdout]                                at /rustc/90b35a6239c3d8bdabc530a6a0816f7ff89a0aaf/library/core/src/fmt/rt.rs:177:76
[INFO] [stdout]    5:     0x6252d0286f83 - core::fmt::write::h7550c97b06c86515
[INFO] [stdout]                                at /rustc/90b35a6239c3d8bdabc530a6a0816f7ff89a0aaf/library/core/src/fmt/mod.rs:1186:21
[INFO] [stdout]    6:     0x6252d025d6f3 - std::io::Write::write_fmt::h509ff860e5956e5e
[INFO] [stdout]                                at /rustc/90b35a6239c3d8bdabc530a6a0816f7ff89a0aaf/library/std/src/io/mod.rs:1839:15
[INFO] [stdout]    7:     0x6252d0260372 - std::sys::backtrace::BacktraceLock::print::h2395ccd2c84ba3aa
[INFO] [stdout]                                at /rustc/90b35a6239c3d8bdabc530a6a0816f7ff89a0aaf/library/std/src/sys/backtrace.rs:42:9
[INFO] [stdout]    8:     0x6252d026198a - std::panicking::default_hook::{{closure}}::he19d4c7230e07961
[INFO] [stdout]                                at /rustc/90b35a6239c3d8bdabc530a6a0816f7ff89a0aaf/library/std/src/panicking.rs:268:22
[INFO] [stdout]    9:     0x6252d0261794 - std::panicking::default_hook::hf614597d3c67bbdb
[INFO] [stdout]                                at /rustc/90b35a6239c3d8bdabc530a6a0816f7ff89a0aaf/library/std/src/panicking.rs:292:9
[INFO] [stdout]   10:     0x6252d01b3669 - <alloc::boxed::Box<F,A> as core::ops::function::Fn<Args>>::call::h39b51ce4599c23d1
[INFO] [stdout]                                at /rustc/90b35a6239c3d8bdabc530a6a0816f7ff89a0aaf/library/alloc/src/boxed.rs:2468:9
[INFO] [stdout]   11:     0x6252d01b3669 - test::test_main::{{closure}}::he977ae839a582784
[INFO] [stdout]                                at /rustc/90b35a6239c3d8bdabc530a6a0816f7ff89a0aaf/library/test/src/lib.rs:133:21
[INFO] [stdout]   12:     0x6252d0262028 - <alloc::boxed::Box<F,A> as core::ops::function::Fn<Args>>::call::h9455091b6b06f9fb
[INFO] [stdout]                                at /rustc/90b35a6239c3d8bdabc530a6a0816f7ff89a0aaf/library/alloc/src/boxed.rs:2468:9
[INFO] [stdout]   13:     0x6252d0262028 - std::panicking::rust_panic_with_hook::h8942133a8b252070
[INFO] [stdout]                                at /rustc/90b35a6239c3d8bdabc530a6a0816f7ff89a0aaf/library/std/src/panicking.rs:809:13
[INFO] [stdout]   14:     0x6252d0261dea - std::panicking::begin_panic_handler::{{closure}}::hb5f5963570096b29
[INFO] [stdout]                                at /rustc/90b35a6239c3d8bdabc530a6a0816f7ff89a0aaf/library/std/src/panicking.rs:674:13
[INFO] [stdout]   15:     0x6252d0260a09 - std::sys::backtrace::__rust_end_short_backtrace::h6208cedc1922feda
[INFO] [stdout]                                at /rustc/90b35a6239c3d8bdabc530a6a0816f7ff89a0aaf/library/std/src/sys/backtrace.rs:170:18
[INFO] [stdout]   16:     0x6252d0261a7c - rust_begin_unwind
[INFO] [stdout]                                at /rustc/90b35a6239c3d8bdabc530a6a0816f7ff89a0aaf/library/std/src/panicking.rs:665:5
[INFO] [stdout]   17:     0x6252d0125fe0 - core::panicking::panic_fmt::h0c3082644d1bf418
[INFO] [stdout]                                at /rustc/90b35a6239c3d8bdabc530a6a0816f7ff89a0aaf/library/core/src/panicking.rs:74:14
[INFO] [stdout]   18:     0x6252d0126426 - core::result::unwrap_failed::hd20b4aa073bda1e2
[INFO] [stdout]                                at /rustc/90b35a6239c3d8bdabc530a6a0816f7ff89a0aaf/library/core/src/result.rs:1700:5
[INFO] [stdout]   19:     0x6252d0175d67 - core::result::Result<T,E>::unwrap::hd1134fbf3ebcace9
[INFO] [stdout]                                at /rustc/90b35a6239c3d8bdabc530a6a0816f7ff89a0aaf/library/core/src/result.rs:1104:23
[INFO] [stdout]   20:     0x6252d0175d67 - go_rust::tests::test_sgf::h5528b60f5a5c33f3
[INFO] [stdout]                                at /opt/rustwide/workdir/src/main.rs:60:24
[INFO] [stdout]   21:     0x6252d0175cc7 - go_rust::tests::test_sgf::{{closure}}::h8bd89d483b498278
[INFO] [stdout]                                at /opt/rustwide/workdir/src/main.rs:57:18
[INFO] [stdout]   22:     0x6252d0177546 - core::ops::function::FnOnce::call_once::h859f2984feca3cf3
[INFO] [stdout]                                at /rustc/90b35a6239c3d8bdabc530a6a0816f7ff89a0aaf/library/core/src/ops/function.rs:250:5
[INFO] [stdout]   23:     0x6252d01b802b - core::ops::function::FnOnce::call_once::h109cf8051a59b34e
[INFO] [stdout]                                at /rustc/90b35a6239c3d8bdabc530a6a0816f7ff89a0aaf/library/core/src/ops/function.rs:250:5
[INFO] [stdout]   24:     0x6252d01b802b - test::__rust_begin_short_backtrace::hf4fff89d377446ba
[INFO] [stdout]                                at /rustc/90b35a6239c3d8bdabc530a6a0816f7ff89a0aaf/library/test/src/lib.rs:621:18
[INFO] [stdout]   25:     0x6252d01b7867 - test::run_test_in_process::{{closure}}::h0e39181dd7ee5a43
[INFO] [stdout]                                at /rustc/90b35a6239c3d8bdabc530a6a0816f7ff89a0aaf/library/test/src/lib.rs:644:60
[INFO] [stdout]   26:     0x6252d01b7867 - <core::panic::unwind_safe::AssertUnwindSafe<F> as core::ops::function::FnOnce<()>>::call_once::hc5a66a30f0bdfd1f
[INFO] [stdout]                                at /rustc/90b35a6239c3d8bdabc530a6a0816f7ff89a0aaf/library/core/src/panic/unwind_safe.rs:272:9
[INFO] [stdout]   27:     0x6252d01b7867 - std::panicking::try::do_call::h873b7cf639554a5e
[INFO] [stdout]                                at /rustc/90b35a6239c3d8bdabc530a6a0816f7ff89a0aaf/library/std/src/panicking.rs:557:40
[INFO] [stdout]   28:     0x6252d01b7867 - std::panicking::try::hdb19862fad9c8bd1
[INFO] [stdout]                                at /rustc/90b35a6239c3d8bdabc530a6a0816f7ff89a0aaf/library/std/src/panicking.rs:520:19
[INFO] [stdout]   29:     0x6252d01b7867 - std::panic::catch_unwind::h281fe732d236d260
[INFO] [stdout]                                at /rustc/90b35a6239c3d8bdabc530a6a0816f7ff89a0aaf/library/std/src/panic.rs:358:14
[INFO] [stdout]   30:     0x6252d01b7867 - test::run_test_in_process::h949b6df8457ed338
[INFO] [stdout]                                at /rustc/90b35a6239c3d8bdabc530a6a0816f7ff89a0aaf/library/test/src/lib.rs:644:27
[INFO] [stdout]   31:     0x6252d01b7867 - test::run_test::{{closure}}::h52c556a6d4740e10
[INFO] [stdout]                                at /rustc/90b35a6239c3d8bdabc530a6a0816f7ff89a0aaf/library/test/src/lib.rs:565:43
[INFO] [stdout]   32:     0x6252d017cb44 - test::run_test::{{closure}}::h4237f6381c45ccb9
[INFO] [stdout]                                at /rustc/90b35a6239c3d8bdabc530a6a0816f7ff89a0aaf/library/test/src/lib.rs:595:41
[INFO] [stdout]   33:     0x6252d017cb44 - std::sys::backtrace::__rust_begin_short_backtrace::h505c97a579eca628
[INFO] [stdout]                                at /rustc/90b35a6239c3d8bdabc530a6a0816f7ff89a0aaf/library/std/src/sys/backtrace.rs:154:18
[INFO] [stdout]   34:     0x6252d018020e - std::thread::Builder::spawn_unchecked_::{{closure}}::{{closure}}::h9e86b2e2bc107ea3
[INFO] [stdout]                                at /rustc/90b35a6239c3d8bdabc530a6a0816f7ff89a0aaf/library/std/src/thread/mod.rs:538:17
[INFO] [stdout]   35:     0x6252d018020e - <core::panic::unwind_safe::AssertUnwindSafe<F> as core::ops::function::FnOnce<()>>::call_once::h8b06ddb275ff4a25
[INFO] [stdout]                                at /rustc/90b35a6239c3d8bdabc530a6a0816f7ff89a0aaf/library/core/src/panic/unwind_safe.rs:272:9
[INFO] [stdout]   36:     0x6252d018020e - std::panicking::try::do_call::hb26ecd7cd9a9355d
[INFO] [stdout]                                at /rustc/90b35a6239c3d8bdabc530a6a0816f7ff89a0aaf/library/std/src/panicking.rs:557:40
[INFO] [stdout]   37:     0x6252d018020e - std::panicking::try::h8ddeca9d705f9069
[INFO] [stdout]                                at /rustc/90b35a6239c3d8bdabc530a6a0816f7ff89a0aaf/library/std/src/panicking.rs:520:19
[INFO] [stdout]   38:     0x6252d018020e - std::panic::catch_unwind::h49e1c33078844c46
[INFO] [stdout]                                at /rustc/90b35a6239c3d8bdabc530a6a0816f7ff89a0aaf/library/std/src/panic.rs:358:14
[INFO] [stdout]   39:     0x6252d018020e - std::thread::Builder::spawn_unchecked_::{{closure}}::h6073db6ff56ad35d
[INFO] [stdout]                                at /rustc/90b35a6239c3d8bdabc530a6a0816f7ff89a0aaf/library/std/src/thread/mod.rs:537:30
[INFO] [stdout]   40:     0x6252d018020e - core::ops::function::FnOnce::call_once{{vtable.shim}}::h2c5a5f3779c774f1
[INFO] [stdout]                                at /rustc/90b35a6239c3d8bdabc530a6a0816f7ff89a0aaf/library/core/src/ops/function.rs:250:5
[INFO] [stdout]   41:     0x6252d0265d8b - <alloc::boxed::Box<F,A> as core::ops::function::FnOnce<Args>>::call_once::hf75717d9f28faebf
[INFO] [stdout]                                at /rustc/90b35a6239c3d8bdabc530a6a0816f7ff89a0aaf/library/alloc/src/boxed.rs:2454:9
[INFO] [stdout]   42:     0x6252d0265d8b - <alloc::boxed::Box<F,A> as core::ops::function::FnOnce<Args>>::call_once::h7bd883a5f3c5f3c1
[INFO] [stdout]                                at /rustc/90b35a6239c3d8bdabc530a6a0816f7ff89a0aaf/library/alloc/src/boxed.rs:2454:9
[INFO] [stdout]   43:     0x6252d0265d8b - std::sys::pal::unix::thread::Thread::new::thread_start::hcc78f3943333fa94
[INFO] [stdout]                                at /rustc/90b35a6239c3d8bdabc530a6a0816f7ff89a0aaf/library/std/src/sys/pal/unix/thread.rs:105:17
[INFO] [stdout]   44:     0x7a9f2531bac3 - <unknown>
[INFO] [stdout]   45:     0x7a9f253aca04 - clone
[INFO] [stdout]   46:                0x0 - <unknown>
[INFO] [stdout] 
[INFO] [stdout] 
[INFO] [stdout] failures:
[INFO] [stdout]     tests::test_sgf
[INFO] [stdout] 
[INFO] [stdout] test result: FAILED. 30 passed; 1 failed; 0 ignored; 0 measured; 0 filtered out; finished in 0.11s
[INFO] [stdout] 
[INFO] [stderr] error: test failed, to rerun pass `--bin go-rust`
[INFO] running `Command { std: "docker" "inspect" "345cd8c924277252a8c2447749956457589cfba0483be10d416d5e02c24b2702", kill_on_drop: false }`
[INFO] running `Command { std: "docker" "rm" "-f" "345cd8c924277252a8c2447749956457589cfba0483be10d416d5e02c24b2702", kill_on_drop: false }`
[INFO] [stdout] 345cd8c924277252a8c2447749956457589cfba0483be10d416d5e02c24b2702
