[INFO] cloning repository https://github.com/Tonyce/rust-proto-demo
[INFO] running `Command { std: "git" "-c" "credential.helper=" "-c" "credential.helper=/workspace/cargo-home/bin/git-credential-null" "clone" "--bare" "https://github.com/Tonyce/rust-proto-demo" "/workspace/cache/git-repos/https%3A%2F%2Fgithub.com%2FTonyce%2Frust-proto-demo", kill_on_drop: false }`
[INFO] [stderr] Cloning into bare repository '/workspace/cache/git-repos/https%3A%2F%2Fgithub.com%2FTonyce%2Frust-proto-demo'...
[INFO] running `Command { std: "git" "rev-parse" "HEAD", kill_on_drop: false }`
[INFO] [stdout] 8d0d7e28007868d02fb07269f1869089814cffb1
[INFO] testing Tonyce/rust-proto-demo against 1.83.0 for beta-1.84.0-4-retry
[INFO] running `Command { std: "git" "clone" "/workspace/cache/git-repos/https%3A%2F%2Fgithub.com%2FTonyce%2Frust-proto-demo" "/workspace/builds/worker-2-tc1/source", kill_on_drop: false }`
[INFO] [stderr] Cloning into '/workspace/builds/worker-2-tc1/source'...
[INFO] [stderr] done.
[INFO] validating manifest of git repo https://github.com/Tonyce/rust-proto-demo on toolchain 1.83.0
[INFO] running `Command { std: CARGO_HOME="/workspace/cargo-home" RUSTUP_HOME="/workspace/rustup-home" "/workspace/cargo-home/bin/cargo" "+1.83.0" "metadata" "--manifest-path" "Cargo.toml" "--no-deps", kill_on_drop: false }`
[INFO] started tweaking git repo https://github.com/Tonyce/rust-proto-demo
[INFO] finished tweaking git repo https://github.com/Tonyce/rust-proto-demo
[INFO] tweaked toml for git repo https://github.com/Tonyce/rust-proto-demo written to /workspace/builds/worker-2-tc1/source/Cargo.toml
[INFO] crate git repo https://github.com/Tonyce/rust-proto-demo already has a lockfile, it will not be regenerated
[INFO] running `Command { std: CARGO_HOME="/workspace/cargo-home" RUSTUP_HOME="/workspace/rustup-home" "/workspace/cargo-home/bin/cargo" "+1.83.0" "fetch" "--manifest-path" "Cargo.toml", kill_on_drop: false }`
[INFO] [stderr]     Updating crates.io index
[INFO] [stderr]  Downloading crates ...
[INFO] [stderr]   Downloaded prost-derive v0.6.1
[INFO] [stderr]   Downloaded prost-types v0.6.1
[INFO] [stderr]   Downloaded pin-project-lite v0.2.1
[INFO] [stderr]   Downloaded actix-protobuf v0.6.0
[INFO] [stderr]   Downloaded cookie v0.14.3
[INFO] [stderr]   Downloaded pin-project v1.0.3
[INFO] [stderr]   Downloaded anyhow v1.0.37
[INFO] [stderr]   Downloaded flate2 v1.0.19
[INFO] [stderr]   Downloaded bytes v1.0.0
[INFO] [stderr]   Downloaded syn v1.0.58
[INFO] [stderr]   Downloaded actix-router v0.2.5
[INFO] [stderr]   Downloaded pin-project-internal v1.0.3
[INFO] [stderr]   Downloaded standback v0.2.14
[INFO] [stderr]   Downloaded prost v0.6.1
[INFO] [stderr]   Downloaded prost-build v0.6.1
[INFO] running `Command { std: "docker" "create" "-v" "/var/lib/crater-agent-workspace/builds/worker-2-tc1/target:/opt/rustwide/target:rw,Z" "-v" "/var/lib/crater-agent-workspace/builds/worker-2-tc1/source:/opt/rustwide/workdir:ro,Z" "-v" "/var/lib/crater-agent-workspace/cargo-home:/opt/rustwide/cargo-home:ro,Z" "-v" "/var/lib/crater-agent-workspace/rustup-home:/opt/rustwide/rustup-home:ro,Z" "-e" "SOURCE_DIR=/opt/rustwide/workdir" "-e" "CARGO_TARGET_DIR=/opt/rustwide/target" "-e" "CARGO_HOME=/opt/rustwide/cargo-home" "-e" "RUSTUP_HOME=/opt/rustwide/rustup-home" "-w" "/opt/rustwide/workdir" "-m" "1610612736" "--user" "0:0" "--network" "none" "ghcr.io/rust-lang/crates-build-env/linux@sha256:f3a9d4ad9d972b27faf3965f35b62e55ba32bbce8f20bc8fe909558a86702fde" "/opt/rustwide/cargo-home/bin/cargo" "+1.83.0" "metadata" "--no-deps" "--format-version=1", kill_on_drop: false }`
[INFO] [stdout] f1b5ea8668ca6a2555ed80ef69505380ba98bbe970f0251863c48e43e8b0535a
[INFO] running `Command { std: "docker" "start" "-a" "f1b5ea8668ca6a2555ed80ef69505380ba98bbe970f0251863c48e43e8b0535a", kill_on_drop: false }`
[INFO] running `Command { std: "docker" "inspect" "f1b5ea8668ca6a2555ed80ef69505380ba98bbe970f0251863c48e43e8b0535a", kill_on_drop: false }`
[INFO] running `Command { std: "docker" "rm" "-f" "f1b5ea8668ca6a2555ed80ef69505380ba98bbe970f0251863c48e43e8b0535a", kill_on_drop: false }`
[INFO] [stdout] f1b5ea8668ca6a2555ed80ef69505380ba98bbe970f0251863c48e43e8b0535a
[INFO] running `Command { std: "docker" "create" "-v" "/var/lib/crater-agent-workspace/builds/worker-2-tc1/target:/opt/rustwide/target:rw,Z" "-v" "/var/lib/crater-agent-workspace/builds/worker-2-tc1/source:/opt/rustwide/workdir:ro,Z" "-v" "/var/lib/crater-agent-workspace/cargo-home:/opt/rustwide/cargo-home:ro,Z" "-v" "/var/lib/crater-agent-workspace/rustup-home:/opt/rustwide/rustup-home:ro,Z" "-e" "SOURCE_DIR=/opt/rustwide/workdir" "-e" "CARGO_TARGET_DIR=/opt/rustwide/target" "-e" "CARGO_INCREMENTAL=0" "-e" "RUST_BACKTRACE=full" "-e" "RUSTFLAGS=--cap-lints=warn" "-e" "RUSTDOCFLAGS=--cap-lints=warn" "-e" "CARGO_HOME=/opt/rustwide/cargo-home" "-e" "RUSTUP_HOME=/opt/rustwide/rustup-home" "-w" "/opt/rustwide/workdir" "-m" "1610612736" "--user" "0:0" "--network" "none" "ghcr.io/rust-lang/crates-build-env/linux@sha256:f3a9d4ad9d972b27faf3965f35b62e55ba32bbce8f20bc8fe909558a86702fde" "/opt/rustwide/cargo-home/bin/cargo" "+1.83.0" "build" "--frozen" "--message-format=json", kill_on_drop: false }`
[INFO] [stdout] 93bdc1f2feb72c38a8af4075e9eaac9f8ae4ee1d93851357b41bbaf4e3b3b580
[INFO] running `Command { std: "docker" "start" "-a" "93bdc1f2feb72c38a8af4075e9eaac9f8ae4ee1d93851357b41bbaf4e3b3b580", kill_on_drop: false }`
[INFO] [stderr]    Compiling proc-macro2 v1.0.24
[INFO] [stderr]    Compiling libc v0.2.81
[INFO] [stderr]    Compiling unicode-xid v0.2.1
[INFO] [stderr]    Compiling syn v1.0.58
[INFO] [stderr]    Compiling cfg-if v0.1.10
[INFO] [stderr]    Compiling log v0.4.11
[INFO] [stderr]    Compiling memchr v2.3.4
[INFO] [stderr]    Compiling bytes v0.5.6
[INFO] [stderr]    Compiling proc-macro-hack v0.5.19
[INFO] [stderr]    Compiling futures-core v0.3.8
[INFO] [stderr]    Compiling version_check v0.9.2
[INFO] [stderr]    Compiling slab v0.4.2
[INFO] [stderr]    Compiling futures-sink v0.3.8
[INFO] [stderr]    Compiling autocfg v1.0.1
[INFO] [stderr]    Compiling proc-macro-nested v0.1.6
[INFO] [stderr]    Compiling futures-channel v0.3.8
[INFO] [stderr]    Compiling once_cell v1.5.2
[INFO] [stderr]    Compiling pin-project-internal v0.4.27
[INFO] [stderr]    Compiling futures-task v0.3.8
[INFO] [stderr]    Compiling futures-io v0.3.8
[INFO] [stderr]    Compiling getrandom v0.1.16
[INFO] [stderr]    Compiling either v1.6.1
[INFO] [stderr]    Compiling pin-project-lite v0.1.11
[INFO] [stderr]    Compiling smallvec v1.6.0
[INFO] [stderr]    Compiling instant v0.1.9
[INFO] [stderr]    Compiling quote v1.0.8
[INFO] [stderr]    Compiling iovec v0.1.4
[INFO] [stderr]    Compiling net2 v0.2.37
[INFO] [stderr]    Compiling signal-hook-registry v1.3.0
[INFO] [stderr]    Compiling ppv-lite86 v0.2.10
[INFO] [stderr]    Compiling scopeguard v1.1.0
[INFO] [stderr]    Compiling lock_api v0.4.2
[INFO] [stderr]    Compiling rand_core v0.5.1
[INFO] [stderr]    Compiling mio v0.6.23
[INFO] [stderr]    Compiling parking_lot_core v0.8.2
[INFO] [stderr]    Compiling num_cpus v1.13.0
[INFO] [stderr]    Compiling matches v0.1.8
[INFO] [stderr]    Compiling bitflags v1.2.1
[INFO] [stderr]    Compiling rand_chacha v0.2.2
[INFO] [stderr]    Compiling unicode-segmentation v1.7.1
[INFO] [stderr]    Compiling parking_lot v0.11.1
[INFO] [stderr]    Compiling rand v0.7.3
[INFO] [stderr]    Compiling threadpool v1.8.1
[INFO] [stderr]    Compiling heck v0.3.2
[INFO] [stderr]    Compiling indexmap v1.6.1
[INFO] [stderr]    Compiling mio-uds v0.6.8
[INFO] [stderr]    Compiling miniz_oxide v0.4.3
[INFO] [stderr]    Compiling percent-encoding v2.1.0
[INFO] [stderr]    Compiling tokio v0.2.24
[INFO] [stderr]    Compiling tinyvec_macros v0.1.0
[INFO] [stderr]    Compiling tinyvec v1.1.0
[INFO] [stderr]    Compiling standback v0.2.14
[INFO] [stderr]    Compiling hashbrown v0.9.1
[INFO] [stderr]    Compiling serde_derive v1.0.118
[INFO] [stderr]    Compiling typenum v1.12.0
[INFO] [stderr]    Compiling copyless v0.1.5
[INFO] [stderr]    Compiling adler v0.2.3
[INFO] [stderr]    Compiling itoa v0.4.7
[INFO] [stderr]    Compiling form_urlencoded v1.0.0
[INFO] [stderr]    Compiling unicode-bidi v0.3.4
[INFO] [stderr]    Compiling generic-array v0.14.4
[INFO] [stderr]    Compiling anyhow v1.0.37
[INFO] [stderr]    Compiling unicode-normalization v0.1.16
[INFO] [stderr]    Compiling gimli v0.23.0
[INFO] [stderr]    Compiling serde v1.0.118
[INFO] [stderr]    Compiling match_cfg v0.1.0
[INFO] [stderr]    Compiling ryu v1.0.5
[INFO] [stderr]    Compiling rustc-demangle v0.1.18
[INFO] [stderr]    Compiling const_fn v0.4.5
[INFO] [stderr]    Compiling object v0.22.0
[INFO] [stderr]    Compiling idna v0.2.0
[INFO] [stderr]    Compiling cc v1.0.66
[INFO] [stderr]    Compiling http v0.2.2
[INFO] [stderr]    Compiling hostname v0.3.1
[INFO] [stderr]    Compiling url v2.2.0
[INFO] [stderr]    Compiling brotli-sys v0.3.2
[INFO] [stderr]    Compiling tokio-util v0.3.1
[INFO] [stderr]    Compiling itertools v0.8.2
[INFO] [stderr]    Compiling aho-corasick v0.7.15
[INFO] [stderr]    Compiling time v0.2.23
[INFO] [stderr]    Compiling addr2line v0.14.1
[INFO] [stderr]    Compiling backtrace v0.3.55
[INFO] [stderr]    Compiling tracing-core v0.1.17
[INFO] [stderr]    Compiling thread_local v1.0.1
[INFO] [stderr]    Compiling regex-syntax v0.6.21
[INFO] [stderr]    Compiling quick-error v1.2.3
[INFO] [stderr]    Compiling byteorder v1.3.4
[INFO] [stderr]    Compiling linked-hash-map v0.5.3
[INFO] [stderr]    Compiling crc32fast v1.2.1
[INFO] [stderr]    Compiling pin-project-lite v0.2.1
[INFO] [stderr]    Compiling lru-cache v0.1.2
[INFO] [stderr]    Compiling resolv-conf v0.7.0
[INFO] [stderr]    Compiling tracing v0.1.22
[INFO] [stderr]    Compiling regex v1.4.2
[INFO] [stderr]    Compiling cookie v0.14.3
[INFO] [stderr]    Compiling serde_json v1.0.61
[INFO] [stderr]    Compiling encoding_rs v0.8.26
[INFO] [stderr]    Compiling httparse v1.3.4
[INFO] [stderr]    Compiling digest v0.9.0
[INFO] [stderr]    Compiling block-buffer v0.9.0
[INFO] [stderr]    Compiling which v3.1.1
[INFO] [stderr]    Compiling opaque-debug v0.3.0
[INFO] [stderr]    Compiling cpuid-bool v0.1.2
[INFO] [stderr]    Compiling pin-project-internal v1.0.3
[INFO] [stderr]    Compiling futures-macro v0.3.8
[INFO] [stderr]    Compiling derive_more v0.99.11
[INFO] [stderr]    Compiling actix-macros v0.1.3
[INFO] [stderr]    Compiling thiserror-impl v1.0.23
[INFO] [stderr]    Compiling time-macros-impl v0.1.1
[INFO] [stderr]    Compiling pin-project v1.0.3
[INFO] [stderr]    Compiling futures-util v0.3.8
[INFO] [stderr]    Compiling pin-project v0.4.27
[INFO] [stderr]    Compiling enum-as-inner v0.3.3
[INFO] [stderr]    Compiling actix-codec v0.3.0
[INFO] [stderr]    Compiling async-trait v0.1.42
[INFO] [stderr]    Compiling thiserror v1.0.23
[INFO] [stderr]    Compiling time-macros v0.1.1
[INFO] [stderr]    Compiling prost-derive v0.6.1
[INFO] [stderr]    Compiling tracing-futures v0.2.4
[INFO] [stderr]    Compiling prost-build v0.6.1
[INFO] [stderr]    Compiling sha-1 v0.9.2
[INFO] [stderr]    Compiling actix-threadpool v0.3.3
[INFO] [stderr]    Compiling fxhash v0.2.1
[INFO] [stderr]    Compiling flate2 v1.0.19
[INFO] [stderr]    Compiling socket2 v0.3.19
[INFO] [stderr]    Compiling mime v0.3.16
[INFO] [stderr]    Compiling brotli2 v0.3.2
[INFO] [stderr]    Compiling fixedbitset v0.2.0
[INFO] [stderr]    Compiling base64 v0.13.0
[INFO] [stderr]    Compiling remove_dir_all v0.5.3
[INFO] [stderr]    Compiling language-tags v0.2.2
[INFO] [stderr]    Compiling tempfile v3.1.0
[INFO] [stderr]    Compiling prost v0.6.1
[INFO] [stderr]    Compiling petgraph v0.5.1
[INFO] [stderr]    Compiling bytestring v0.1.5
[INFO] [stderr]    Compiling actix-service v1.0.6
[INFO] [stderr]    Compiling actix-rt v1.1.1
[INFO] [stderr]    Compiling futures v0.3.8
[INFO] [stderr]    Compiling trust-dns-proto v0.19.6
[INFO] [stderr]    Compiling h2 v0.2.7
[INFO] [stderr]    Compiling prost-types v0.6.1
[INFO] [stderr]    Compiling actix-utils v2.0.0
[INFO] [stderr]    Compiling multimap v0.8.2
[INFO] [stderr]    Compiling actix-web-codegen v0.4.0
[INFO] [stderr]    Compiling actix-server v1.0.4
[INFO] [stderr]    Compiling actix-tls v2.0.0
[INFO] [stderr]    Compiling atty v0.2.14
[INFO] [stderr]    Compiling termcolor v1.1.2
[INFO] [stderr]    Compiling humantime v2.0.1
[INFO] [stderr]    Compiling env_logger v0.8.2
[INFO] [stderr]    Compiling trust-dns-resolver v0.19.6
[INFO] [stderr]    Compiling actix-testing v1.0.1
[INFO] [stderr]    Compiling bytes v1.0.0
[INFO] [stderr]    Compiling saturn v0.1.0 (/opt/rustwide/workdir)
[INFO] [stderr]    Compiling actix-connect v2.0.0
[INFO] [stderr]    Compiling serde_urlencoded v0.7.0
[INFO] [stderr]    Compiling actix-router v0.2.5
[INFO] [stderr]    Compiling actix-http v2.2.0
[INFO] [stderr]    Compiling awc v2.0.3
[INFO] [stderr]    Compiling actix-web v3.3.2
[INFO] [stderr]    Compiling actix-protobuf v0.6.0
[INFO] [stdout] warning: unused `#[macro_use]` import
[INFO] [stdout]  --> src/lib.rs:1:1
[INFO] [stdout]   |
[INFO] [stdout] 1 | #[macro_use]
[INFO] [stdout]   | ^^^^^^^^^^^^
[INFO] [stdout]   |
[INFO] [stdout]   = note: `#[warn(unused_imports)]` on by default
[INFO] [stdout] 
[INFO] [stdout] 
[INFO] [stdout] warning: unused imports: `App`, `middleware`, and `web`
[INFO] [stdout]  --> src/route/index.rs:1:17
[INFO] [stdout]   |
[INFO] [stdout] 1 | use actix_web::{middleware, web, App, HttpRequest, HttpResponse};
[INFO] [stdout]   |                 ^^^^^^^^^^  ^^^  ^^^
[INFO] [stdout] 
[INFO] [stdout] 
[INFO] [stdout] warning: unused import: `HttpRequest`
[INFO] [stdout]  --> src/main.rs:1:39
[INFO] [stdout]   |
[INFO] [stdout] 1 | use actix_web::{middleware, web, App, HttpRequest, HttpServer};
[INFO] [stdout]   |                                       ^^^^^^^^^^^
[INFO] [stdout]   |
[INFO] [stdout]   = note: `#[warn(unused_imports)]` on by default
[INFO] [stdout] 
[INFO] [stdout] 
[INFO] [stderr]     Finished `dev` profile [unoptimized + debuginfo] target(s) in 2m 32s
[INFO] running `Command { std: "docker" "inspect" "93bdc1f2feb72c38a8af4075e9eaac9f8ae4ee1d93851357b41bbaf4e3b3b580", kill_on_drop: false }`
[INFO] running `Command { std: "docker" "rm" "-f" "93bdc1f2feb72c38a8af4075e9eaac9f8ae4ee1d93851357b41bbaf4e3b3b580", kill_on_drop: false }`
[INFO] [stdout] 93bdc1f2feb72c38a8af4075e9eaac9f8ae4ee1d93851357b41bbaf4e3b3b580
[INFO] running `Command { std: "docker" "create" "-v" "/var/lib/crater-agent-workspace/builds/worker-2-tc1/target:/opt/rustwide/target:rw,Z" "-v" "/var/lib/crater-agent-workspace/builds/worker-2-tc1/source:/opt/rustwide/workdir:ro,Z" "-v" "/var/lib/crater-agent-workspace/cargo-home:/opt/rustwide/cargo-home:ro,Z" "-v" "/var/lib/crater-agent-workspace/rustup-home:/opt/rustwide/rustup-home:ro,Z" "-e" "SOURCE_DIR=/opt/rustwide/workdir" "-e" "CARGO_TARGET_DIR=/opt/rustwide/target" "-e" "CARGO_INCREMENTAL=0" "-e" "RUST_BACKTRACE=full" "-e" "RUSTFLAGS=--cap-lints=warn" "-e" "RUSTDOCFLAGS=--cap-lints=warn" "-e" "CARGO_HOME=/opt/rustwide/cargo-home" "-e" "RUSTUP_HOME=/opt/rustwide/rustup-home" "-w" "/opt/rustwide/workdir" "-m" "1610612736" "--user" "0:0" "--network" "none" "ghcr.io/rust-lang/crates-build-env/linux@sha256:f3a9d4ad9d972b27faf3965f35b62e55ba32bbce8f20bc8fe909558a86702fde" "/opt/rustwide/cargo-home/bin/cargo" "+1.83.0" "test" "--frozen" "--no-run" "--message-format=json", kill_on_drop: false }`
[INFO] [stdout] f9cf33e67a2e5b8f6300014f4d71bac33127b882c25a6f29687a379cc7123097
[INFO] running `Command { std: "docker" "start" "-a" "f9cf33e67a2e5b8f6300014f4d71bac33127b882c25a6f29687a379cc7123097", kill_on_drop: false }`
[INFO] [stderr]    Compiling saturn v0.1.0 (/opt/rustwide/workdir)
[INFO] [stdout] warning: unused `#[macro_use]` import
[INFO] [stdout]  --> src/lib.rs:1:1
[INFO] [stdout]   |
[INFO] [stdout] 1 | #[macro_use]
[INFO] [stdout]   | ^^^^^^^^^^^^
[INFO] [stdout]   |
[INFO] [stdout]   = note: `#[warn(unused_imports)]` on by default
[INFO] [stdout] 
[INFO] [stdout] 
[INFO] [stdout] warning: unused imports: `App`, `middleware`, and `web`
[INFO] [stdout]  --> src/route/index.rs:1:17
[INFO] [stdout]   |
[INFO] [stdout] 1 | use actix_web::{middleware, web, App, HttpRequest, HttpResponse};
[INFO] [stdout]   |                 ^^^^^^^^^^  ^^^  ^^^
[INFO] [stdout] 
[INFO] [stdout] 
[INFO] [stdout] warning: unused import: `HttpRequest`
[INFO] [stdout]  --> src/main.rs:1:39
[INFO] [stdout]   |
[INFO] [stdout] 1 | use actix_web::{middleware, web, App, HttpRequest, HttpServer};
[INFO] [stdout]   |                                       ^^^^^^^^^^^
[INFO] [stdout]   |
[INFO] [stdout]   = note: `#[warn(unused_imports)]` on by default
[INFO] [stdout] 
[INFO] [stdout] 
[INFO] [stdout] warning: unused `#[macro_use]` import
[INFO] [stdout]  --> src/lib.rs:1:1
[INFO] [stdout]   |
[INFO] [stdout] 1 | #[macro_use]
[INFO] [stdout]   | ^^^^^^^^^^^^
[INFO] [stdout]   |
[INFO] [stdout]   = note: `#[warn(unused_imports)]` on by default
[INFO] [stdout] 
[INFO] [stdout] 
[INFO] [stdout] warning: unused imports: `App`, `middleware`, and `web`
[INFO] [stdout]  --> src/route/index.rs:1:17
[INFO] [stdout]   |
[INFO] [stdout] 1 | use actix_web::{middleware, web, App, HttpRequest, HttpResponse};
[INFO] [stdout]   |                 ^^^^^^^^^^  ^^^  ^^^
[INFO] [stdout] 
[INFO] [stdout] 
[INFO] [stdout] warning: unused import: `test`
[INFO] [stdout]   --> src/route/proto.rs:30:21
[INFO] [stdout]    |
[INFO] [stdout] 30 |     use actix_web::{test, http};
[INFO] [stdout]    |                     ^^^^
[INFO] [stdout] 
[INFO] [stdout] 
[INFO] [stdout] warning: unused import: `HttpRequest`
[INFO] [stdout]  --> src/main.rs:1:39
[INFO] [stdout]   |
[INFO] [stdout] 1 | use actix_web::{middleware, web, App, HttpRequest, HttpServer};
[INFO] [stdout]   |                                       ^^^^^^^^^^^
[INFO] [stdout]   |
[INFO] [stdout]   = note: `#[warn(unused_imports)]` on by default
[INFO] [stdout] 
[INFO] [stdout] 
[INFO] [stderr]     Finished `test` profile [unoptimized + debuginfo] target(s) in 14.36s
[INFO] running `Command { std: "docker" "inspect" "f9cf33e67a2e5b8f6300014f4d71bac33127b882c25a6f29687a379cc7123097", kill_on_drop: false }`
[INFO] running `Command { std: "docker" "rm" "-f" "f9cf33e67a2e5b8f6300014f4d71bac33127b882c25a6f29687a379cc7123097", kill_on_drop: false }`
[INFO] [stdout] f9cf33e67a2e5b8f6300014f4d71bac33127b882c25a6f29687a379cc7123097
[INFO] running `Command { std: "docker" "create" "-v" "/var/lib/crater-agent-workspace/builds/worker-2-tc1/target:/opt/rustwide/target:rw,Z" "-v" "/var/lib/crater-agent-workspace/builds/worker-2-tc1/source:/opt/rustwide/workdir:ro,Z" "-v" "/var/lib/crater-agent-workspace/cargo-home:/opt/rustwide/cargo-home:ro,Z" "-v" "/var/lib/crater-agent-workspace/rustup-home:/opt/rustwide/rustup-home:ro,Z" "-e" "SOURCE_DIR=/opt/rustwide/workdir" "-e" "CARGO_TARGET_DIR=/opt/rustwide/target" "-e" "CARGO_INCREMENTAL=0" "-e" "RUST_BACKTRACE=full" "-e" "RUSTFLAGS=--cap-lints=warn" "-e" "RUSTDOCFLAGS=--cap-lints=warn" "-e" "CARGO_HOME=/opt/rustwide/cargo-home" "-e" "RUSTUP_HOME=/opt/rustwide/rustup-home" "-w" "/opt/rustwide/workdir" "-m" "1610612736" "--user" "0:0" "--network" "none" "ghcr.io/rust-lang/crates-build-env/linux@sha256:f3a9d4ad9d972b27faf3965f35b62e55ba32bbce8f20bc8fe909558a86702fde" "/opt/rustwide/cargo-home/bin/cargo" "+1.83.0" "test" "--frozen", kill_on_drop: false }`
[INFO] [stdout] 129f7f9460880d14c5f98416595d3aa48daaca82f7f87cb8a3961fe10a726273
[INFO] running `Command { std: "docker" "start" "-a" "129f7f9460880d14c5f98416595d3aa48daaca82f7f87cb8a3961fe10a726273", kill_on_drop: false }`
[INFO] [stderr] warning: unused `#[macro_use]` import
[INFO] [stderr]  --> src/lib.rs:1:1
[INFO] [stderr]   |
[INFO] [stderr] 1 | #[macro_use]
[INFO] [stderr]   | ^^^^^^^^^^^^
[INFO] [stderr]   |
[INFO] [stderr]   = note: `#[warn(unused_imports)]` on by default
[INFO] [stderr] 
[INFO] [stderr] warning: unused imports: `App`, `middleware`, and `web`
[INFO] [stderr]  --> src/route/index.rs:1:17
[INFO] [stderr]   |
[INFO] [stderr] 1 | use actix_web::{middleware, web, App, HttpRequest, HttpResponse};
[INFO] [stderr]   |                 ^^^^^^^^^^  ^^^  ^^^
[INFO] [stderr] 
[INFO] [stderr] warning: unused import: `test`
[INFO] [stderr]   --> src/route/proto.rs:30:21
[INFO] [stderr]    |
[INFO] [stderr] 30 |     use actix_web::{test, http};
[INFO] [stderr]    |                     ^^^^
[INFO] [stderr] 
[INFO] [stderr] warning: `saturn` (lib) generated 2 warnings (run `cargo fix --lib -p saturn` to apply 1 suggestion)
[INFO] [stderr] warning: `saturn` (lib test) generated 3 warnings (2 duplicates) (run `cargo fix --lib -p saturn --tests` to apply 1 suggestion)
[INFO] [stderr] warning: unused import: `HttpRequest`
[INFO] [stderr]  --> src/main.rs:1:39
[INFO] [stderr]   |
[INFO] [stderr] 1 | use actix_web::{middleware, web, App, HttpRequest, HttpServer};
[INFO] [stderr]   |                                       ^^^^^^^^^^^
[INFO] [stderr]   |
[INFO] [stderr]   = note: `#[warn(unused_imports)]` on by default
[INFO] [stderr] 
[INFO] [stderr] warning: `saturn` (bin "saturn") generated 1 warning (run `cargo fix --bin "saturn"` to apply 1 suggestion)
[INFO] [stderr] warning: `saturn` (bin "saturn" test) generated 1 warning (1 duplicate)
[INFO] [stderr]     Finished `test` profile [unoptimized + debuginfo] target(s) in 0.34s
[INFO] [stderr]      Running unittests src/lib.rs (/opt/rustwide/target/debug/deps/saturn-7c2322546e31a6a7)
[INFO] [stdout] 
[INFO] [stdout] running 3 tests
[INFO] [stdout] test route::index::tests::test_index_ok ... ok
[INFO] [stdout] test route::proto::tests::test_index_ok ... ok
[INFO] [stdout] test route::index::tests::test_index_not_ok ... FAILED
[INFO] [stdout] 
[INFO] [stdout] failures:
[INFO] [stdout] 
[INFO] [stdout] ---- route::index::tests::test_index_not_ok stdout ----
[INFO] [stdout] REQ: 
[INFO] [stdout] HttpRequest HTTP/1.1 GET:/
[INFO] [stdout]   headers:
[INFO] [stdout] 
[INFO] [stdout] thread 'route::index::tests::test_index_not_ok' panicked at src/route/index.rs:27:9:
[INFO] [stdout] assertion `left == right` failed
[INFO] [stdout]   left: 200
[INFO] [stdout]  right: 400
[INFO] [stdout] stack backtrace:
[INFO] [stdout]    0:     0x5b1187d01cca - std::backtrace_rs::backtrace::libunwind::trace::h5a5b8284f2d0c266
[INFO] [stdout]                                at /rustc/90b35a6239c3d8bdabc530a6a0816f7ff89a0aaf/library/std/src/../../backtrace/src/backtrace/libunwind.rs:116:5
[INFO] [stdout]    1:     0x5b1187d01cca - std::backtrace_rs::backtrace::trace_unsynchronized::h76d4f1c9b0b875e3
[INFO] [stdout]                                at /rustc/90b35a6239c3d8bdabc530a6a0816f7ff89a0aaf/library/std/src/../../backtrace/src/backtrace/mod.rs:66:5
[INFO] [stdout]    2:     0x5b1187d01cca - std::sys::backtrace::_print_fmt::hc4546b8364a537c6
[INFO] [stdout]                                at /rustc/90b35a6239c3d8bdabc530a6a0816f7ff89a0aaf/library/std/src/sys/backtrace.rs:66:9
[INFO] [stdout]    3:     0x5b1187d01cca - <std::sys::backtrace::BacktraceLock::print::DisplayBacktrace as core::fmt::Display>::fmt::h5b6bd5631a6d1f6b
[INFO] [stdout]                                at /rustc/90b35a6239c3d8bdabc530a6a0816f7ff89a0aaf/library/std/src/sys/backtrace.rs:39:26
[INFO] [stdout]    4:     0x5b1187d28153 - core::fmt::rt::Argument::fmt::h270f6602a2b96f62
[INFO] [stdout]                                at /rustc/90b35a6239c3d8bdabc530a6a0816f7ff89a0aaf/library/core/src/fmt/rt.rs:177:76
[INFO] [stdout]    5:     0x5b1187d28153 - core::fmt::write::h7550c97b06c86515
[INFO] [stdout]                                at /rustc/90b35a6239c3d8bdabc530a6a0816f7ff89a0aaf/library/core/src/fmt/mod.rs:1186:21
[INFO] [stdout]    6:     0x5b1187cfedb3 - std::io::Write::write_fmt::h509ff860e5956e5e
[INFO] [stdout]                                at /rustc/90b35a6239c3d8bdabc530a6a0816f7ff89a0aaf/library/std/src/io/mod.rs:1839:15
[INFO] [stdout]    7:     0x5b1187d01b12 - std::sys::backtrace::BacktraceLock::print::h2395ccd2c84ba3aa
[INFO] [stdout]                                at /rustc/90b35a6239c3d8bdabc530a6a0816f7ff89a0aaf/library/std/src/sys/backtrace.rs:42:9
[INFO] [stdout]    8:     0x5b1187d0312a - std::panicking::default_hook::{{closure}}::he19d4c7230e07961
[INFO] [stdout]                                at /rustc/90b35a6239c3d8bdabc530a6a0816f7ff89a0aaf/library/std/src/panicking.rs:268:22
[INFO] [stdout]    9:     0x5b1187d02f34 - std::panicking::default_hook::hf614597d3c67bbdb
[INFO] [stdout]                                at /rustc/90b35a6239c3d8bdabc530a6a0816f7ff89a0aaf/library/std/src/panicking.rs:292:9
[INFO] [stdout]   10:     0x5b1187a6d9e9 - <alloc::boxed::Box<F,A> as core::ops::function::Fn<Args>>::call::h39b51ce4599c23d1
[INFO] [stdout]                                at /rustc/90b35a6239c3d8bdabc530a6a0816f7ff89a0aaf/library/alloc/src/boxed.rs:2468:9
[INFO] [stdout]   11:     0x5b1187a6d9e9 - test::test_main::{{closure}}::he977ae839a582784
[INFO] [stdout]                                at /rustc/90b35a6239c3d8bdabc530a6a0816f7ff89a0aaf/library/test/src/lib.rs:133:21
[INFO] [stdout]   12:     0x5b1187d037c8 - <alloc::boxed::Box<F,A> as core::ops::function::Fn<Args>>::call::h9455091b6b06f9fb
[INFO] [stdout]                                at /rustc/90b35a6239c3d8bdabc530a6a0816f7ff89a0aaf/library/alloc/src/boxed.rs:2468:9
[INFO] [stdout]   13:     0x5b1187d037c8 - std::panicking::rust_panic_with_hook::h8942133a8b252070
[INFO] [stdout]                                at /rustc/90b35a6239c3d8bdabc530a6a0816f7ff89a0aaf/library/std/src/panicking.rs:809:13
[INFO] [stdout]   14:     0x5b1187d0358a - std::panicking::begin_panic_handler::{{closure}}::hb5f5963570096b29
[INFO] [stdout]                                at /rustc/90b35a6239c3d8bdabc530a6a0816f7ff89a0aaf/library/std/src/panicking.rs:674:13
[INFO] [stdout]   15:     0x5b1187d021a9 - std::sys::backtrace::__rust_end_short_backtrace::h6208cedc1922feda
[INFO] [stdout]                                at /rustc/90b35a6239c3d8bdabc530a6a0816f7ff89a0aaf/library/std/src/sys/backtrace.rs:170:18
[INFO] [stdout]   16:     0x5b1187d0321c - rust_begin_unwind
[INFO] [stdout]                                at /rustc/90b35a6239c3d8bdabc530a6a0816f7ff89a0aaf/library/std/src/panicking.rs:665:5
[INFO] [stdout]   17:     0x5b1187a23130 - core::panicking::panic_fmt::h0c3082644d1bf418
[INFO] [stdout]                                at /rustc/90b35a6239c3d8bdabc530a6a0816f7ff89a0aaf/library/core/src/panicking.rs:74:14
[INFO] [stdout]   18:     0x5b1187a23534 - core::panicking::assert_failed_inner::h2ddf1fcc067fa858
[INFO] [stdout]   19:     0x5b1187a24bc4 - core::panicking::assert_failed::he582e7cede2c742b
[INFO] [stdout]                                at /rustc/90b35a6239c3d8bdabc530a6a0816f7ff89a0aaf/library/core/src/panicking.rs:367:5
[INFO] [stdout]   20:     0x5b1187a2fe1e - saturn::route::index::tests::test_index_not_ok::{{closure}}::h53022991d639cf0c
[INFO] [stdout]                                at /opt/rustwide/workdir/src/route/index.rs:27:9
[INFO] [stdout]   21:     0x5b1187a2ecf0 - <tokio::task::local::RunUntil<T> as core::future::future::Future>::poll::{{closure}}::{{closure}}::ha8d9870400fd84c3
[INFO] [stdout]                                at /opt/rustwide/cargo-home/registry/src/index.crates.io-6f17d22bba15001f/tokio-0.2.24/src/task/local.rs:528:65
[INFO] [stdout]   22:     0x5b1187a28763 - tokio::coop::with_budget::{{closure}}::hcf3e3795857728e6
[INFO] [stdout]                                at /opt/rustwide/cargo-home/registry/src/index.crates.io-6f17d22bba15001f/tokio-0.2.24/src/coop.rs:127:9
[INFO] [stdout]   23:     0x5b1187a327fa - std::thread::local::LocalKey<T>::try_with::hdf72abedb3f967d7
[INFO] [stdout]                                at /rustc/90b35a6239c3d8bdabc530a6a0816f7ff89a0aaf/library/std/src/thread/local.rs:283:12
[INFO] [stdout]   24:     0x5b1187a30fea - std::thread::local::LocalKey<T>::with::h3a4894676ff8d8ed
[INFO] [stdout]                                at /rustc/90b35a6239c3d8bdabc530a6a0816f7ff89a0aaf/library/std/src/thread/local.rs:260:9
[INFO] [stdout]   25:     0x5b1187a2e732 - tokio::coop::with_budget::hd20d3c9a4ebaaf2b
[INFO] [stdout]                                at /opt/rustwide/cargo-home/registry/src/index.crates.io-6f17d22bba15001f/tokio-0.2.24/src/coop.rs:120:5
[INFO] [stdout]   26:     0x5b1187a2e732 - tokio::coop::budget::h9b7441391b318e6d
[INFO] [stdout]                                at /opt/rustwide/cargo-home/registry/src/index.crates.io-6f17d22bba15001f/tokio-0.2.24/src/coop.rs:96:5
[INFO] [stdout]   27:     0x5b1187a2e732 - <tokio::task::local::RunUntil<T> as core::future::future::Future>::poll::{{closure}}::h2893fc6b7759ce7e
[INFO] [stdout]                                at /opt/rustwide/cargo-home/registry/src/index.crates.io-6f17d22bba15001f/tokio-0.2.24/src/task/local.rs:528:42
[INFO] [stdout]   28:     0x5b1187a33fcd - tokio::macros::scoped_tls::ScopedKey<T>::set::h0891804641a22f24
[INFO] [stdout]                                at /opt/rustwide/cargo-home/registry/src/index.crates.io-6f17d22bba15001f/tokio-0.2.24/src/macros/scoped_tls.rs:63:9
[INFO] [stdout]   29:     0x5b1187a289d7 - tokio::task::local::LocalSet::with::hb421212088f0ebfe
[INFO] [stdout]                                at /opt/rustwide/cargo-home/registry/src/index.crates.io-6f17d22bba15001f/tokio-0.2.24/src/task/local.rs:442:9
[INFO] [stdout]   30:     0x5b1187a2e5fa - <tokio::task::local::RunUntil<T> as core::future::future::Future>::poll::hcc781a7225ae6292
[INFO] [stdout]                                at /opt/rustwide/cargo-home/registry/src/index.crates.io-6f17d22bba15001f/tokio-0.2.24/src/task/local.rs:518:9
[INFO] [stdout]   31:     0x5b1187a2910c - tokio::task::local::LocalSet::run_until::{{closure}}::he70dfa833e941058
[INFO] [stdout]                                at /opt/rustwide/cargo-home/registry/src/index.crates.io-6f17d22bba15001f/tokio-0.2.24/src/task/local.rs:392:19
[INFO] [stdout]   32:     0x5b1187a2aa3f - tokio::runtime::basic_scheduler::BasicScheduler<P>::block_on::{{closure}}::{{closure}}::h8b748dcfb6301f4c
[INFO] [stdout]                                at /opt/rustwide/cargo-home/registry/src/index.crates.io-6f17d22bba15001f/tokio-0.2.24/src/runtime/basic_scheduler.rs:131:58
[INFO] [stdout]   33:     0x5b1187a28173 - tokio::coop::with_budget::{{closure}}::h9f97b31757d66451
[INFO] [stdout]                                at /opt/rustwide/cargo-home/registry/src/index.crates.io-6f17d22bba15001f/tokio-0.2.24/src/coop.rs:127:9
[INFO] [stdout]   34:     0x5b1187a3165a - std::thread::local::LocalKey<T>::try_with::h13c3736794dfe246
[INFO] [stdout]                                at /rustc/90b35a6239c3d8bdabc530a6a0816f7ff89a0aaf/library/std/src/thread/local.rs:283:12
[INFO] [stdout]   35:     0x5b1187a3112a - std::thread::local::LocalKey<T>::with::ha2f211f5b6ef573e
[INFO] [stdout]                                at /rustc/90b35a6239c3d8bdabc530a6a0816f7ff89a0aaf/library/std/src/thread/local.rs:260:9
[INFO] [stdout]   36:     0x5b1187a294d3 - tokio::coop::with_budget::h08ba54f6355cb45a
[INFO] [stdout]                                at /opt/rustwide/cargo-home/registry/src/index.crates.io-6f17d22bba15001f/tokio-0.2.24/src/coop.rs:120:5
[INFO] [stdout]   37:     0x5b1187a294d3 - tokio::coop::budget::h7a8c140e82b99eb2
[INFO] [stdout]                                at /opt/rustwide/cargo-home/registry/src/index.crates.io-6f17d22bba15001f/tokio-0.2.24/src/coop.rs:96:5
[INFO] [stdout]   38:     0x5b1187a294d3 - tokio::runtime::basic_scheduler::BasicScheduler<P>::block_on::{{closure}}::h1dcdfdac7e0ecbe3
[INFO] [stdout]                                at /opt/rustwide/cargo-home/registry/src/index.crates.io-6f17d22bba15001f/tokio-0.2.24/src/runtime/basic_scheduler.rs:131:35
[INFO] [stdout]   39:     0x5b1187a2b80b - tokio::runtime::basic_scheduler::enter::{{closure}}::he5290ebcf245b74b
[INFO] [stdout]                                at /opt/rustwide/cargo-home/registry/src/index.crates.io-6f17d22bba15001f/tokio-0.2.24/src/runtime/basic_scheduler.rs:213:29
[INFO] [stdout]   40:     0x5b1187a34327 - tokio::macros::scoped_tls::ScopedKey<T>::set::haedfe8c63916a8a8
[INFO] [stdout]                                at /opt/rustwide/cargo-home/registry/src/index.crates.io-6f17d22bba15001f/tokio-0.2.24/src/macros/scoped_tls.rs:63:9
[INFO] [stdout]   41:     0x5b1187a2b723 - tokio::runtime::basic_scheduler::enter::h9e5783e729159f7a
[INFO] [stdout]                                at /opt/rustwide/cargo-home/registry/src/index.crates.io-6f17d22bba15001f/tokio-0.2.24/src/runtime/basic_scheduler.rs:213:5
[INFO] [stdout]   42:     0x5b1187a2922a - tokio::runtime::basic_scheduler::BasicScheduler<P>::block_on::h9099beb7011d7ea4
[INFO] [stdout]                                at /opt/rustwide/cargo-home/registry/src/index.crates.io-6f17d22bba15001f/tokio-0.2.24/src/runtime/basic_scheduler.rs:123:9
[INFO] [stdout]   43:     0x5b1187a2c968 - tokio::runtime::Runtime::block_on::{{closure}}::h844b3f03137ff654
[INFO] [stdout]                                at /opt/rustwide/cargo-home/registry/src/index.crates.io-6f17d22bba15001f/tokio-0.2.24/src/runtime/mod.rs:444:34
[INFO] [stdout]   44:     0x5b1187a34887 - tokio::runtime::context::enter::h22d73dceb25afb43
[INFO] [stdout]                                at /opt/rustwide/cargo-home/registry/src/index.crates.io-6f17d22bba15001f/tokio-0.2.24/src/runtime/context.rs:72:5
[INFO] [stdout]   45:     0x5b1187a2c6d2 - tokio::runtime::handle::Handle::enter::h7b9d793995439b52
[INFO] [stdout]                                at /opt/rustwide/cargo-home/registry/src/index.crates.io-6f17d22bba15001f/tokio-0.2.24/src/runtime/handle.rs:76:9
[INFO] [stdout]   46:     0x5b1187a2c7f4 - tokio::runtime::Runtime::block_on::hf584b4a0fd91fb6e
[INFO] [stdout]                                at /opt/rustwide/cargo-home/registry/src/index.crates.io-6f17d22bba15001f/tokio-0.2.24/src/runtime/mod.rs:441:9
[INFO] [stdout]   47:     0x5b1187a28aa2 - tokio::task::local::LocalSet::block_on::hbb1456488500873e
[INFO] [stdout]                                at /opt/rustwide/cargo-home/registry/src/index.crates.io-6f17d22bba15001f/tokio-0.2.24/src/task/local.rs:353:9
[INFO] [stdout]   48:     0x5b1187a2f1da - actix_rt::runtime::Runtime::block_on::h54f08ce39e584866
[INFO] [stdout]                                at /opt/rustwide/cargo-home/registry/src/index.crates.io-6f17d22bba15001f/actix-rt-1.1.1/src/runtime.rs:89:9
[INFO] [stdout]   49:     0x5b1187a2ee85 - actix_rt::builder::SystemRunner::block_on::h2b7775690f3d9a4b
[INFO] [stdout]                                at /opt/rustwide/cargo-home/registry/src/index.crates.io-6f17d22bba15001f/actix-rt-1.1.1/src/builder.rs:187:19
[INFO] [stdout]   50:     0x5b1187a2fa9a - saturn::route::index::tests::test_index_not_ok::h2057293f0c1cfa19
[INFO] [stdout]                                at /opt/rustwide/workdir/src/route/index.rs:23:5
[INFO] [stdout]   51:     0x5b1187a2fa47 - saturn::route::index::tests::test_index_not_ok::{{closure}}::h92bb607057d7dd78
[INFO] [stdout]                                at /opt/rustwide/workdir/src/route/index.rs:24:33
[INFO] [stdout]   52:     0x5b1187a32b96 - core::ops::function::FnOnce::call_once::h3f9a8e20de1ca2c9
[INFO] [stdout]                                at /rustc/90b35a6239c3d8bdabc530a6a0816f7ff89a0aaf/library/core/src/ops/function.rs:250:5
[INFO] [stdout]   53:     0x5b1187a723ab - core::ops::function::FnOnce::call_once::h109cf8051a59b34e
[INFO] [stdout]                                at /rustc/90b35a6239c3d8bdabc530a6a0816f7ff89a0aaf/library/core/src/ops/function.rs:250:5
[INFO] [stdout]   54:     0x5b1187a723ab - test::__rust_begin_short_backtrace::hf4fff89d377446ba
[INFO] [stdout]                                at /rustc/90b35a6239c3d8bdabc530a6a0816f7ff89a0aaf/library/test/src/lib.rs:621:18
[INFO] [stdout]   55:     0x5b1187a71be7 - test::run_test_in_process::{{closure}}::h0e39181dd7ee5a43
[INFO] [stdout]                                at /rustc/90b35a6239c3d8bdabc530a6a0816f7ff89a0aaf/library/test/src/lib.rs:644:60
[INFO] [stdout]   56:     0x5b1187a71be7 - <core::panic::unwind_safe::AssertUnwindSafe<F> as core::ops::function::FnOnce<()>>::call_once::hc5a66a30f0bdfd1f
[INFO] [stdout]                                at /rustc/90b35a6239c3d8bdabc530a6a0816f7ff89a0aaf/library/core/src/panic/unwind_safe.rs:272:9
[INFO] [stdout]   57:     0x5b1187a71be7 - std::panicking::try::do_call::h873b7cf639554a5e
[INFO] [stdout]                                at /rustc/90b35a6239c3d8bdabc530a6a0816f7ff89a0aaf/library/std/src/panicking.rs:557:40
[INFO] [stdout]   58:     0x5b1187a71be7 - std::panicking::try::hdb19862fad9c8bd1
[INFO] [stdout]                                at /rustc/90b35a6239c3d8bdabc530a6a0816f7ff89a0aaf/library/std/src/panicking.rs:520:19
[INFO] [stdout]   59:     0x5b1187a71be7 - std::panic::catch_unwind::h281fe732d236d260
[INFO] [stdout]                                at /rustc/90b35a6239c3d8bdabc530a6a0816f7ff89a0aaf/library/std/src/panic.rs:358:14
[INFO] [stdout]   60:     0x5b1187a71be7 - test::run_test_in_process::h949b6df8457ed338
[INFO] [stdout]                                at /rustc/90b35a6239c3d8bdabc530a6a0816f7ff89a0aaf/library/test/src/lib.rs:644:27
[INFO] [stdout]   61:     0x5b1187a71be7 - test::run_test::{{closure}}::h52c556a6d4740e10
[INFO] [stdout]                                at /rustc/90b35a6239c3d8bdabc530a6a0816f7ff89a0aaf/library/test/src/lib.rs:565:43
[INFO] [stdout]   62:     0x5b1187a36ec4 - test::run_test::{{closure}}::h4237f6381c45ccb9
[INFO] [stdout]                                at /rustc/90b35a6239c3d8bdabc530a6a0816f7ff89a0aaf/library/test/src/lib.rs:595:41
[INFO] [stdout]   63:     0x5b1187a36ec4 - std::sys::backtrace::__rust_begin_short_backtrace::h505c97a579eca628
[INFO] [stdout]                                at /rustc/90b35a6239c3d8bdabc530a6a0816f7ff89a0aaf/library/std/src/sys/backtrace.rs:154:18
[INFO] [stdout]   64:     0x5b1187a3a58e - std::thread::Builder::spawn_unchecked_::{{closure}}::{{closure}}::h9e86b2e2bc107ea3
[INFO] [stdout]                                at /rustc/90b35a6239c3d8bdabc530a6a0816f7ff89a0aaf/library/std/src/thread/mod.rs:538:17
[INFO] [stdout]   65:     0x5b1187a3a58e - <core::panic::unwind_safe::AssertUnwindSafe<F> as core::ops::function::FnOnce<()>>::call_once::h8b06ddb275ff4a25
[INFO] [stdout]                                at /rustc/90b35a6239c3d8bdabc530a6a0816f7ff89a0aaf/library/core/src/panic/unwind_safe.rs:272:9
[INFO] [stdout]   66:     0x5b1187a3a58e - std::panicking::try::do_call::hb26ecd7cd9a9355d
[INFO] [stdout]                                at /rustc/90b35a6239c3d8bdabc530a6a0816f7ff89a0aaf/library/std/src/panicking.rs:557:40
[INFO] [stdout]   67:     0x5b1187a3a58e - std::panicking::try::h8ddeca9d705f9069
[INFO] [stdout]                                at /rustc/90b35a6239c3d8bdabc530a6a0816f7ff89a0aaf/library/std/src/panicking.rs:520:19
[INFO] [stdout]   68:     0x5b1187a3a58e - std::panic::catch_unwind::h49e1c33078844c46
[INFO] [stdout]                                at /rustc/90b35a6239c3d8bdabc530a6a0816f7ff89a0aaf/library/std/src/panic.rs:358:14
[INFO] [stdout]   69:     0x5b1187a3a58e - std::thread::Builder::spawn_unchecked_::{{closure}}::h6073db6ff56ad35d
[INFO] [stdout]                                at /rustc/90b35a6239c3d8bdabc530a6a0816f7ff89a0aaf/library/std/src/thread/mod.rs:537:30
[INFO] [stdout]   70:     0x5b1187a3a58e - core::ops::function::FnOnce::call_once{{vtable.shim}}::h2c5a5f3779c774f1
[INFO] [stdout]                                at /rustc/90b35a6239c3d8bdabc530a6a0816f7ff89a0aaf/library/core/src/ops/function.rs:250:5
[INFO] [stdout]   71:     0x5b1187d0757b - <alloc::boxed::Box<F,A> as core::ops::function::FnOnce<Args>>::call_once::hf75717d9f28faebf
[INFO] [stdout]                                at /rustc/90b35a6239c3d8bdabc530a6a0816f7ff89a0aaf/library/alloc/src/boxed.rs:2454:9
[INFO] [stdout]   72:     0x5b1187d0757b - <alloc::boxed::Box<F,A> as core::ops::function::FnOnce<Args>>::call_once::h7bd883a5f3c5f3c1
[INFO] [stdout]                                at /rustc/90b35a6239c3d8bdabc530a6a0816f7ff89a0aaf/library/alloc/src/boxed.rs:2454:9
[INFO] [stdout]   73:     0x5b1187d0757b - std::sys::pal::unix::thread::Thread::new::thread_start::hcc78f3943333fa94
[INFO] [stdout]                                at /rustc/90b35a6239c3d8bdabc530a6a0816f7ff89a0aaf/library/std/src/sys/pal/unix/thread.rs:105:17
[INFO] [stdout]   74:     0x75a6fa914ac3 - <unknown>
[INFO] [stdout]   75:     0x75a6fa9a5a04 - clone
[INFO] [stdout]   76:                0x0 - <unknown>
[INFO] [stdout] Panic in Arbiter thread.
[INFO] [stdout] 
[INFO] [stdout] 
[INFO] [stdout] failures:
[INFO] [stdout]     route::index::tests::test_index_not_ok
[INFO] [stdout] 
[INFO] [stdout] test result: FAILED. 2 passed; 1 failed; 0 ignored; 0 measured; 0 filtered out; finished in 0.11s
[INFO] [stdout] 
[INFO] [stderr] error: test failed, to rerun pass `--lib`
[INFO] running `Command { std: "docker" "inspect" "129f7f9460880d14c5f98416595d3aa48daaca82f7f87cb8a3961fe10a726273", kill_on_drop: false }`
[INFO] running `Command { std: "docker" "rm" "-f" "129f7f9460880d14c5f98416595d3aa48daaca82f7f87cb8a3961fe10a726273", kill_on_drop: false }`
[INFO] [stdout] 129f7f9460880d14c5f98416595d3aa48daaca82f7f87cb8a3961fe10a726273
