[INFO] cloning repository https://github.com/Tokeiya/ndjson_csv
[INFO] running `Command { std: "git" "-c" "credential.helper=" "-c" "credential.helper=/workspace/cargo-home/bin/git-credential-null" "clone" "--bare" "https://github.com/Tokeiya/ndjson_csv" "/workspace/cache/git-repos/https%3A%2F%2Fgithub.com%2FTokeiya%2Fndjson_csv", kill_on_drop: false }`
[INFO] [stderr] Cloning into bare repository '/workspace/cache/git-repos/https%3A%2F%2Fgithub.com%2FTokeiya%2Fndjson_csv'...
[INFO] running `Command { std: "git" "rev-parse" "HEAD", kill_on_drop: false }`
[INFO] [stdout] 0b27ce0230c9b7ed3561c5ec7125f8f1b16ef789
[INFO] testing Tokeiya/ndjson_csv against beta-2024-12-08 for beta-1.84.0-4-retry
[INFO] running `Command { std: "git" "clone" "/workspace/cache/git-repos/https%3A%2F%2Fgithub.com%2FTokeiya%2Fndjson_csv" "/workspace/builds/worker-4-tc2/source", kill_on_drop: false }`
[INFO] [stderr] Cloning into '/workspace/builds/worker-4-tc2/source'...
[INFO] [stderr] done.
[INFO] validating manifest of git repo https://github.com/Tokeiya/ndjson_csv on toolchain beta-2024-12-08
[INFO] running `Command { std: CARGO_HOME="/workspace/cargo-home" RUSTUP_HOME="/workspace/rustup-home" "/workspace/cargo-home/bin/cargo" "+beta-2024-12-08" "metadata" "--manifest-path" "Cargo.toml" "--no-deps", kill_on_drop: false }`
[INFO] started tweaking git repo https://github.com/Tokeiya/ndjson_csv
[INFO] finished tweaking git repo https://github.com/Tokeiya/ndjson_csv
[INFO] tweaked toml for git repo https://github.com/Tokeiya/ndjson_csv written to /workspace/builds/worker-4-tc2/source/Cargo.toml
[INFO] crate git repo https://github.com/Tokeiya/ndjson_csv already has a lockfile, it will not be regenerated
[INFO] running `Command { std: CARGO_HOME="/workspace/cargo-home" RUSTUP_HOME="/workspace/rustup-home" "/workspace/cargo-home/bin/cargo" "+beta-2024-12-08" "fetch" "--manifest-path" "Cargo.toml", kill_on_drop: false }`
[INFO] running `Command { std: "docker" "create" "-v" "/var/lib/crater-agent-workspace/builds/worker-4-tc2/target:/opt/rustwide/target:rw,Z" "-v" "/var/lib/crater-agent-workspace/builds/worker-4-tc2/source:/opt/rustwide/workdir:ro,Z" "-v" "/var/lib/crater-agent-workspace/cargo-home:/opt/rustwide/cargo-home:ro,Z" "-v" "/var/lib/crater-agent-workspace/rustup-home:/opt/rustwide/rustup-home:ro,Z" "-e" "SOURCE_DIR=/opt/rustwide/workdir" "-e" "CARGO_TARGET_DIR=/opt/rustwide/target" "-e" "CARGO_HOME=/opt/rustwide/cargo-home" "-e" "RUSTUP_HOME=/opt/rustwide/rustup-home" "-w" "/opt/rustwide/workdir" "-m" "1610612736" "--user" "0:0" "--network" "none" "ghcr.io/rust-lang/crates-build-env/linux@sha256:f3a9d4ad9d972b27faf3965f35b62e55ba32bbce8f20bc8fe909558a86702fde" "/opt/rustwide/cargo-home/bin/cargo" "+beta-2024-12-08" "metadata" "--no-deps" "--format-version=1", kill_on_drop: false }`
[INFO] [stdout] d26d54f0db37542aac5a091f916c01dd5f52cab6e6507067ecba5468bbe3b362
[INFO] running `Command { std: "docker" "start" "-a" "d26d54f0db37542aac5a091f916c01dd5f52cab6e6507067ecba5468bbe3b362", kill_on_drop: false }`
[INFO] running `Command { std: "docker" "inspect" "d26d54f0db37542aac5a091f916c01dd5f52cab6e6507067ecba5468bbe3b362", kill_on_drop: false }`
[INFO] running `Command { std: "docker" "rm" "-f" "d26d54f0db37542aac5a091f916c01dd5f52cab6e6507067ecba5468bbe3b362", kill_on_drop: false }`
[INFO] [stdout] d26d54f0db37542aac5a091f916c01dd5f52cab6e6507067ecba5468bbe3b362
[INFO] running `Command { std: "docker" "create" "-v" "/var/lib/crater-agent-workspace/builds/worker-4-tc2/target:/opt/rustwide/target:rw,Z" "-v" "/var/lib/crater-agent-workspace/builds/worker-4-tc2/source:/opt/rustwide/workdir:ro,Z" "-v" "/var/lib/crater-agent-workspace/cargo-home:/opt/rustwide/cargo-home:ro,Z" "-v" "/var/lib/crater-agent-workspace/rustup-home:/opt/rustwide/rustup-home:ro,Z" "-e" "SOURCE_DIR=/opt/rustwide/workdir" "-e" "CARGO_TARGET_DIR=/opt/rustwide/target" "-e" "CARGO_INCREMENTAL=0" "-e" "RUST_BACKTRACE=full" "-e" "RUSTFLAGS=--cap-lints=warn" "-e" "RUSTDOCFLAGS=--cap-lints=warn" "-e" "CARGO_HOME=/opt/rustwide/cargo-home" "-e" "RUSTUP_HOME=/opt/rustwide/rustup-home" "-w" "/opt/rustwide/workdir" "-m" "1610612736" "--user" "0:0" "--network" "none" "ghcr.io/rust-lang/crates-build-env/linux@sha256:f3a9d4ad9d972b27faf3965f35b62e55ba32bbce8f20bc8fe909558a86702fde" "/opt/rustwide/cargo-home/bin/cargo" "+beta-2024-12-08" "build" "--frozen" "--message-format=json", kill_on_drop: false }`
[INFO] [stdout] 725c0fee2a26ab3e2e5e054f3d27c1253e6717cb05f24fecaeb0f2c7efb8df89
[INFO] running `Command { std: "docker" "start" "-a" "725c0fee2a26ab3e2e5e054f3d27c1253e6717cb05f24fecaeb0f2c7efb8df89", kill_on_drop: false }`
[INFO] [stderr]    Compiling proc-macro2 v1.0.86
[INFO] [stderr]    Compiling unicode-ident v1.0.13
[INFO] [stderr]    Compiling libc v0.2.159
[INFO] [stderr]    Compiling autocfg v1.4.0
[INFO] [stderr]    Compiling byteorder v1.5.0
[INFO] [stderr]    Compiling cfg-if v1.0.0
[INFO] [stderr]    Compiling bytes v1.7.2
[INFO] [stderr]    Compiling thiserror v1.0.64
[INFO] [stderr]    Compiling memchr v2.7.4
[INFO] [stderr]    Compiling iana-time-zone v0.1.61
[INFO] [stderr]    Compiling num-traits v0.2.19
[INFO] [stderr]    Compiling combine v4.6.7
[INFO] [stderr]    Compiling quote v1.0.37
[INFO] [stderr]    Compiling syn v2.0.79
[INFO] [stderr]    Compiling getrandom v0.2.15
[INFO] [stderr]    Compiling rand_core v0.6.4
[INFO] [stderr]    Compiling chrono v0.4.38
[INFO] [stderr]    Compiling zerocopy-derive v0.7.35
[INFO] [stderr]    Compiling thiserror-impl v1.0.64
[INFO] [stderr]    Compiling zerocopy v0.7.35
[INFO] [stderr]    Compiling ppv-lite86 v0.2.20
[INFO] [stderr]    Compiling rand_chacha v0.3.1
[INFO] [stderr]    Compiling rand v0.8.5
[INFO] [stderr]    Compiling ndjson v0.1.0 (/opt/rustwide/workdir/ndjson)
[INFO] [stderr]    Compiling csv v0.1.0 (/opt/rustwide/workdir/csv)
[INFO] [stdout] warning: unused import: `std::fmt::Display`
[INFO] [stdout]  --> ndjson/src/log/categories.rs:1:5
[INFO] [stdout]   |
[INFO] [stdout] 1 | use std::fmt::Display;
[INFO] [stdout]   |     ^^^^^^^^^^^^^^^^^
[INFO] [stdout]   |
[INFO] [stdout]   = note: `#[warn(unused_imports)]` on by default
[INFO] [stdout] 
[INFO] [stdout] 
[INFO] [stdout] warning: unused import: `TimeZone`
[INFO] [stdout]  --> ndjson/src/log/local_time_stamper.rs:2:31
[INFO] [stdout]   |
[INFO] [stdout] 2 | use chrono::{DateTime, Local, TimeZone};
[INFO] [stdout]   |                               ^^^^^^^^
[INFO] [stdout] 
[INFO] [stdout] 
[INFO] [stdout] warning: unused import: `Local`
[INFO] [stdout]  --> ndjson/src/log/log_datum.rs:3:24
[INFO] [stdout]   |
[INFO] [stdout] 3 | use chrono::{DateTime, Local, TimeZone};
[INFO] [stdout]   |                        ^^^^^
[INFO] [stdout] 
[INFO] [stdout] 
[INFO] [stdout] warning: unused import: `Display`
[INFO] [stdout]  --> ndjson/src/log/log_datum.rs:4:23
[INFO] [stdout]   |
[INFO] [stdout] 4 | use std::fmt::{Debug, Display};
[INFO] [stdout]   |                       ^^^^^^^
[INFO] [stdout] 
[INFO] [stdout] 
[INFO] [stdout] warning: unused import: `Local`
[INFO] [stdout]  --> ndjson/src/log/time_stamper.rs:2:14
[INFO] [stdout]   |
[INFO] [stdout] 2 | use chrono::{Local, TimeZone};
[INFO] [stdout]   |              ^^^^^
[INFO] [stdout] 
[INFO] [stdout] 
[INFO] [stdout] warning: unused variable: `logger`
[INFO] [stdout]  --> ndjson/src/parser/boolean.rs:8:2
[INFO] [stdout]   |
[INFO] [stdout] 8 |     logger: Rc<RefCell<Vec<String>>>,
[INFO] [stdout]   |     ^^^^^^ help: if this is intentional, prefix it with an underscore: `_logger`
[INFO] [stdout]   |
[INFO] [stdout]   = note: `#[warn(unused_variables)]` on by default
[INFO] [stdout] 
[INFO] [stdout] 
[INFO] [stdout] warning: unused variable: `logger`
[INFO] [stdout]  --> ndjson/src/parser/null.rs:8:2
[INFO] [stdout]   |
[INFO] [stdout] 8 |     logger: Rc<RefCell<Vec<String>>>,
[INFO] [stdout]   |     ^^^^^^ help: if this is intentional, prefix it with an underscore: `_logger`
[INFO] [stdout] 
[INFO] [stdout] 
[INFO] [stderr]    Compiling playground v0.1.0 (/opt/rustwide/workdir/playground)
[INFO] [stdout] warning: fields `key` and `value` are never read
[INFO] [stdout]  --> playground/src/main.rs:3:2
[INFO] [stdout]   |
[INFO] [stdout] 2 | struct Foo {
[INFO] [stdout]   |        --- fields in this struct
[INFO] [stdout] 3 |     key: i32,
[INFO] [stdout]   |     ^^^
[INFO] [stdout] 4 |     value: String,
[INFO] [stdout]   |     ^^^^^
[INFO] [stdout]   |
[INFO] [stdout]   = note: `Foo` has a derived impl for the trait `Debug`, but this is intentionally ignored during dead code analysis
[INFO] [stdout]   = note: `#[warn(dead_code)]` on by default
[INFO] [stdout] 
[INFO] [stdout] 
[INFO] [stderr]     Finished `dev` profile [unoptimized + debuginfo] target(s) in 24.21s
[INFO] running `Command { std: "docker" "inspect" "725c0fee2a26ab3e2e5e054f3d27c1253e6717cb05f24fecaeb0f2c7efb8df89", kill_on_drop: false }`
[INFO] running `Command { std: "docker" "rm" "-f" "725c0fee2a26ab3e2e5e054f3d27c1253e6717cb05f24fecaeb0f2c7efb8df89", kill_on_drop: false }`
[INFO] [stdout] 725c0fee2a26ab3e2e5e054f3d27c1253e6717cb05f24fecaeb0f2c7efb8df89
[INFO] running `Command { std: "docker" "create" "-v" "/var/lib/crater-agent-workspace/builds/worker-4-tc2/target:/opt/rustwide/target:rw,Z" "-v" "/var/lib/crater-agent-workspace/builds/worker-4-tc2/source:/opt/rustwide/workdir:ro,Z" "-v" "/var/lib/crater-agent-workspace/cargo-home:/opt/rustwide/cargo-home:ro,Z" "-v" "/var/lib/crater-agent-workspace/rustup-home:/opt/rustwide/rustup-home:ro,Z" "-e" "SOURCE_DIR=/opt/rustwide/workdir" "-e" "CARGO_TARGET_DIR=/opt/rustwide/target" "-e" "CARGO_INCREMENTAL=0" "-e" "RUST_BACKTRACE=full" "-e" "RUSTFLAGS=--cap-lints=warn" "-e" "RUSTDOCFLAGS=--cap-lints=warn" "-e" "CARGO_HOME=/opt/rustwide/cargo-home" "-e" "RUSTUP_HOME=/opt/rustwide/rustup-home" "-w" "/opt/rustwide/workdir" "-m" "1610612736" "--user" "0:0" "--network" "none" "ghcr.io/rust-lang/crates-build-env/linux@sha256:f3a9d4ad9d972b27faf3965f35b62e55ba32bbce8f20bc8fe909558a86702fde" "/opt/rustwide/cargo-home/bin/cargo" "+beta-2024-12-08" "test" "--frozen" "--no-run" "--message-format=json", kill_on_drop: false }`
[INFO] [stdout] ecec94baeaa8c5f265171a510fb637385d430ae51ffe4c5133cc6a7c139b1413
[INFO] running `Command { std: "docker" "start" "-a" "ecec94baeaa8c5f265171a510fb637385d430ae51ffe4c5133cc6a7c139b1413", kill_on_drop: false }`
[INFO] [stderr]    Compiling syn v2.0.79
[INFO] [stderr]    Compiling mockall_derive v0.13.0
[INFO] [stderr]    Compiling predicates-core v1.0.8
[INFO] [stderr]    Compiling termtree v0.4.1
[INFO] [stderr]    Compiling anstyle v1.0.8
[INFO] [stderr]    Compiling fragile v2.0.0
[INFO] [stderr]    Compiling downcast v0.11.0
[INFO] [stderr]    Compiling csv v0.1.0 (/opt/rustwide/workdir/csv)
[INFO] [stderr]    Compiling predicates-tree v1.0.11
[INFO] [stderr]    Compiling predicates v3.1.2
[INFO] [stderr]    Compiling thiserror-impl v1.0.64
[INFO] [stderr]    Compiling zerocopy-derive v0.7.35
[INFO] [stderr]    Compiling zerocopy v0.7.35
[INFO] [stderr]    Compiling thiserror v1.0.64
[INFO] [stderr]    Compiling ndjson v0.1.0 (/opt/rustwide/workdir/ndjson)
[INFO] [stdout] warning: unused import: `std::fmt::Display`
[INFO] [stdout]  --> ndjson/src/log/categories.rs:1:5
[INFO] [stdout]   |
[INFO] [stdout] 1 | use std::fmt::Display;
[INFO] [stdout]   |     ^^^^^^^^^^^^^^^^^
[INFO] [stdout]   |
[INFO] [stdout]   = note: `#[warn(unused_imports)]` on by default
[INFO] [stdout] 
[INFO] [stdout] 
[INFO] [stdout] warning: unused import: `TimeZone`
[INFO] [stdout]  --> ndjson/src/log/local_time_stamper.rs:2:31
[INFO] [stdout]   |
[INFO] [stdout] 2 | use chrono::{DateTime, Local, TimeZone};
[INFO] [stdout]   |                               ^^^^^^^^
[INFO] [stdout] 
[INFO] [stdout] 
[INFO] [stdout] warning: unused import: `Local`
[INFO] [stdout]  --> ndjson/src/log/log_datum.rs:3:24
[INFO] [stdout]   |
[INFO] [stdout] 3 | use chrono::{DateTime, Local, TimeZone};
[INFO] [stdout]   |                        ^^^^^
[INFO] [stdout] 
[INFO] [stdout] 
[INFO] [stdout] warning: unused import: `Display`
[INFO] [stdout]  --> ndjson/src/log/log_datum.rs:4:23
[INFO] [stdout]   |
[INFO] [stdout] 4 | use std::fmt::{Debug, Display};
[INFO] [stdout]   |                       ^^^^^^^
[INFO] [stdout] 
[INFO] [stdout] 
[INFO] [stdout] warning: unused import: `Local`
[INFO] [stdout]  --> ndjson/src/log/time_stamper.rs:2:14
[INFO] [stdout]   |
[INFO] [stdout] 2 | use chrono::{Local, TimeZone};
[INFO] [stdout]   |              ^^^^^
[INFO] [stdout] 
[INFO] [stdout] 
[INFO] [stdout] warning: unused variable: `logger`
[INFO] [stdout]  --> ndjson/src/parser/boolean.rs:8:2
[INFO] [stdout]   |
[INFO] [stdout] 8 |     logger: Rc<RefCell<Vec<String>>>,
[INFO] [stdout]   |     ^^^^^^ help: if this is intentional, prefix it with an underscore: `_logger`
[INFO] [stdout]   |
[INFO] [stdout]   = note: `#[warn(unused_variables)]` on by default
[INFO] [stdout] 
[INFO] [stdout] 
[INFO] [stdout] warning: unused variable: `logger`
[INFO] [stdout]  --> ndjson/src/parser/null.rs:8:2
[INFO] [stdout]   |
[INFO] [stdout] 8 |     logger: Rc<RefCell<Vec<String>>>,
[INFO] [stdout]   |     ^^^^^^ help: if this is intentional, prefix it with an underscore: `_logger`
[INFO] [stdout] 
[INFO] [stdout] 
[INFO] [stderr]    Compiling ppv-lite86 v0.2.20
[INFO] [stderr]    Compiling rand_chacha v0.3.1
[INFO] [stderr]    Compiling rand v0.8.5
[INFO] [stderr]    Compiling mockall v0.13.0
[INFO] [stdout] warning: unused import: `std::fmt::Display`
[INFO] [stdout]  --> ndjson/src/log/categories.rs:1:5
[INFO] [stdout]   |
[INFO] [stdout] 1 | use std::fmt::Display;
[INFO] [stdout]   |     ^^^^^^^^^^^^^^^^^
[INFO] [stdout]   |
[INFO] [stdout]   = note: `#[warn(unused_imports)]` on by default
[INFO] [stdout] 
[INFO] [stdout] 
[INFO] [stdout] warning: unused import: `std::fmt::Debug`
[INFO] [stdout]   --> ndjson/src/log/categories.rs:16:6
[INFO] [stdout]    |
[INFO] [stdout] 16 |     use std::fmt::Debug;
[INFO] [stdout]    |         ^^^^^^^^^^^^^^^
[INFO] [stdout] 
[INFO] [stdout] 
[INFO] [stdout] warning: unused import: `TimeZone`
[INFO] [stdout]  --> ndjson/src/log/local_time_stamper.rs:2:31
[INFO] [stdout]   |
[INFO] [stdout] 2 | use chrono::{DateTime, Local, TimeZone};
[INFO] [stdout]   |                               ^^^^^^^^
[INFO] [stdout] 
[INFO] [stdout] 
[INFO] [stdout] warning: unused import: `Local`
[INFO] [stdout]  --> ndjson/src/log/log_datum.rs:3:24
[INFO] [stdout]   |
[INFO] [stdout] 3 | use chrono::{DateTime, Local, TimeZone};
[INFO] [stdout]   |                        ^^^^^
[INFO] [stdout] 
[INFO] [stdout] 
[INFO] [stdout] warning: unused import: `Display`
[INFO] [stdout]  --> ndjson/src/log/log_datum.rs:4:23
[INFO] [stdout]   |
[INFO] [stdout] 4 | use std::fmt::{Debug, Display};
[INFO] [stdout]   |                       ^^^^^^^
[INFO] [stdout] 
[INFO] [stdout] 
[INFO] [stdout] warning: unused import: `Categories`
[INFO] [stdout]   --> ndjson/src/log/log_datum.rs:48:28
[INFO] [stdout]    |
[INFO] [stdout] 48 |     use crate::log::prelude::{Categories, LogDatum};
[INFO] [stdout]    |                               ^^^^^^^^^^
[INFO] [stdout] 
[INFO] [stdout] 
[INFO] [stdout] warning: unused imports: `BorrowMut` and `Borrow`
[INFO] [stdout]   --> ndjson/src/log/log_datum.rs:52:20
[INFO] [stdout]    |
[INFO] [stdout] 52 |     use std::borrow::{Borrow, BorrowMut};
[INFO] [stdout]    |                       ^^^^^^  ^^^^^^^^^
[INFO] [stdout] 
[INFO] [stdout] 
[INFO] [stdout] warning: unused import: `Local`
[INFO] [stdout]  --> ndjson/src/log/time_stamper.rs:2:14
[INFO] [stdout]   |
[INFO] [stdout] 2 | use chrono::{Local, TimeZone};
[INFO] [stdout]   |              ^^^^^
[INFO] [stdout] 
[INFO] [stdout] 
[INFO] [stdout] warning: unused variable: `logger`
[INFO] [stdout]  --> ndjson/src/parser/boolean.rs:8:2
[INFO] [stdout]   |
[INFO] [stdout] 8 |     logger: Rc<RefCell<Vec<String>>>,
[INFO] [stdout]   |     ^^^^^^ help: if this is intentional, prefix it with an underscore: `_logger`
[INFO] [stdout]   |
[INFO] [stdout]   = note: `#[warn(unused_variables)]` on by default
[INFO] [stdout] 
[INFO] [stdout] 
[INFO] [stdout] warning: unused variable: `logger`
[INFO] [stdout]  --> ndjson/src/parser/null.rs:8:2
[INFO] [stdout]   |
[INFO] [stdout] 8 |     logger: Rc<RefCell<Vec<String>>>,
[INFO] [stdout]   |     ^^^^^^ help: if this is intentional, prefix it with an underscore: `_logger`
[INFO] [stdout] 
[INFO] [stdout] 
[INFO] [stdout] warning: unused import: `crate::log::time_stamper::TimeStamper`
[INFO] [stdout]   --> ndjson/src/log/log_datum.rs:50:6
[INFO] [stdout]    |
[INFO] [stdout] 50 |     use crate::log::time_stamper::TimeStamper;
[INFO] [stdout]    |         ^^^^^^^^^^^^^^^^^^^^^^^^^^^^^^^^^^^^^
[INFO] [stdout] 
[INFO] [stdout] 
[INFO] [stdout] warning: value assigned to `a` is never read
[INFO] [stdout]   --> ndjson/src/log/categories.rs:27:11
[INFO] [stdout]    |
[INFO] [stdout] 27 |         let mut a = Categories::Error;
[INFO] [stdout]    |                 ^
[INFO] [stdout]    |
[INFO] [stdout]    = help: maybe it is overwritten before being read?
[INFO] [stdout]    = note: `#[warn(unused_assignments)]` on by default
[INFO] [stdout] 
[INFO] [stdout] 
[INFO] [stdout] warning: unused variable: `average`
[INFO] [stdout]   --> ndjson/src/log/local_time_stamper.rs:31:7
[INFO] [stdout]    |
[INFO] [stdout] 31 |         let average = accum / 100;
[INFO] [stdout]    |             ^^^^^^^ help: if this is intentional, prefix it with an underscore: `_average`
[INFO] [stdout] 
[INFO] [stdout] 
[INFO] [stderr]    Compiling playground v0.1.0 (/opt/rustwide/workdir/playground)
[INFO] [stdout] warning: fields `key` and `value` are never read
[INFO] [stdout]  --> playground/src/main.rs:3:2
[INFO] [stdout]   |
[INFO] [stdout] 2 | struct Foo {
[INFO] [stdout]   |        --- fields in this struct
[INFO] [stdout] 3 |     key: i32,
[INFO] [stdout]   |     ^^^
[INFO] [stdout] 4 |     value: String,
[INFO] [stdout]   |     ^^^^^
[INFO] [stdout]   |
[INFO] [stdout]   = note: `Foo` has a derived impl for the trait `Debug`, but this is intentionally ignored during dead code analysis
[INFO] [stdout]   = note: `#[warn(dead_code)]` on by default
[INFO] [stdout] 
[INFO] [stdout] 
[INFO] [stderr]     Finished `test` profile [unoptimized + debuginfo] target(s) in 22.99s
[INFO] running `Command { std: "docker" "inspect" "ecec94baeaa8c5f265171a510fb637385d430ae51ffe4c5133cc6a7c139b1413", kill_on_drop: false }`
[INFO] running `Command { std: "docker" "rm" "-f" "ecec94baeaa8c5f265171a510fb637385d430ae51ffe4c5133cc6a7c139b1413", kill_on_drop: false }`
[INFO] [stdout] ecec94baeaa8c5f265171a510fb637385d430ae51ffe4c5133cc6a7c139b1413
[INFO] running `Command { std: "docker" "create" "-v" "/var/lib/crater-agent-workspace/builds/worker-4-tc2/target:/opt/rustwide/target:rw,Z" "-v" "/var/lib/crater-agent-workspace/builds/worker-4-tc2/source:/opt/rustwide/workdir:ro,Z" "-v" "/var/lib/crater-agent-workspace/cargo-home:/opt/rustwide/cargo-home:ro,Z" "-v" "/var/lib/crater-agent-workspace/rustup-home:/opt/rustwide/rustup-home:ro,Z" "-e" "SOURCE_DIR=/opt/rustwide/workdir" "-e" "CARGO_TARGET_DIR=/opt/rustwide/target" "-e" "CARGO_INCREMENTAL=0" "-e" "RUST_BACKTRACE=full" "-e" "RUSTFLAGS=--cap-lints=warn" "-e" "RUSTDOCFLAGS=--cap-lints=warn" "-e" "CARGO_HOME=/opt/rustwide/cargo-home" "-e" "RUSTUP_HOME=/opt/rustwide/rustup-home" "-w" "/opt/rustwide/workdir" "-m" "1610612736" "--user" "0:0" "--network" "none" "ghcr.io/rust-lang/crates-build-env/linux@sha256:f3a9d4ad9d972b27faf3965f35b62e55ba32bbce8f20bc8fe909558a86702fde" "/opt/rustwide/cargo-home/bin/cargo" "+beta-2024-12-08" "test" "--frozen", kill_on_drop: false }`
[INFO] [stdout] 8196a7415f926f4f508b8045db004f8cb8e11aba3af493a017589fb27349793b
[INFO] running `Command { std: "docker" "start" "-a" "8196a7415f926f4f508b8045db004f8cb8e11aba3af493a017589fb27349793b", kill_on_drop: false }`
[INFO] [stderr] warning: unused import: `std::fmt::Display`
[INFO] [stderr]  --> ndjson/src/log/categories.rs:1:5
[INFO] [stderr]   |
[INFO] [stderr] 1 | use std::fmt::Display;
[INFO] [stderr]   |     ^^^^^^^^^^^^^^^^^
[INFO] [stderr]   |
[INFO] [stderr]   = note: `#[warn(unused_imports)]` on by default
[INFO] [stderr] 
[INFO] [stderr] warning: unused import: `TimeZone`
[INFO] [stderr]  --> ndjson/src/log/local_time_stamper.rs:2:31
[INFO] [stderr]   |
[INFO] [stderr] 2 | use chrono::{DateTime, Local, TimeZone};
[INFO] [stderr]   |                               ^^^^^^^^
[INFO] [stderr] 
[INFO] [stderr] warning: unused import: `Local`
[INFO] [stderr]  --> ndjson/src/log/log_datum.rs:3:24
[INFO] [stderr]   |
[INFO] [stderr] 3 | use chrono::{DateTime, Local, TimeZone};
[INFO] [stderr]   |                        ^^^^^
[INFO] [stderr] 
[INFO] [stderr] warning: unused import: `Display`
[INFO] [stderr]  --> ndjson/src/log/log_datum.rs:4:23
[INFO] [stderr]   |
[INFO] [stderr] 4 | use std::fmt::{Debug, Display};
[INFO] [stderr]   |                       ^^^^^^^
[INFO] [stderr] 
[INFO] [stderr] warning: unused import: `Local`
[INFO] [stderr]  --> ndjson/src/log/time_stamper.rs:2:14
[INFO] [stderr]   |
[INFO] [stderr] 2 | use chrono::{Local, TimeZone};
[INFO] [stderr]   |              ^^^^^
[INFO] [stderr] 
[INFO] [stderr] warning: unused variable: `logger`
[INFO] [stderr]  --> ndjson/src/parser/boolean.rs:8:2
[INFO] [stderr]   |
[INFO] [stderr] 8 |     logger: Rc<RefCell<Vec<String>>>,
[INFO] [stderr]   |     ^^^^^^ help: if this is intentional, prefix it with an underscore: `_logger`
[INFO] [stderr]   |
[INFO] [stderr]   = note: `#[warn(unused_variables)]` on by default
[INFO] [stderr] 
[INFO] [stderr] warning: unused variable: `logger`
[INFO] [stderr]  --> ndjson/src/parser/null.rs:8:2
[INFO] [stderr]   |
[INFO] [stderr] 8 |     logger: Rc<RefCell<Vec<String>>>,
[INFO] [stderr]   |     ^^^^^^ help: if this is intentional, prefix it with an underscore: `_logger`
[INFO] [stderr] 
[INFO] [stderr] warning: unused import: `std::fmt::Debug`
[INFO] [stderr]   --> ndjson/src/log/categories.rs:16:6
[INFO] [stderr]    |
[INFO] [stderr] 16 |     use std::fmt::Debug;
[INFO] [stderr]    |         ^^^^^^^^^^^^^^^
[INFO] [stderr] 
[INFO] [stderr] warning: unused import: `Categories`
[INFO] [stderr]   --> ndjson/src/log/log_datum.rs:48:28
[INFO] [stderr]    |
[INFO] [stderr] 48 |     use crate::log::prelude::{Categories, LogDatum};
[INFO] [stderr]    |                               ^^^^^^^^^^
[INFO] [stderr] 
[INFO] [stderr] warning: unused imports: `BorrowMut` and `Borrow`
[INFO] [stderr]   --> ndjson/src/log/log_datum.rs:52:20
[INFO] [stderr]    |
[INFO] [stderr] 52 |     use std::borrow::{Borrow, BorrowMut};
[INFO] [stderr]    |                       ^^^^^^  ^^^^^^^^^
[INFO] [stderr] 
[INFO] [stderr] warning: unused import: `crate::log::time_stamper::TimeStamper`
[INFO] [stderr]   --> ndjson/src/log/log_datum.rs:50:6
[INFO] [stderr]    |
[INFO] [stderr] 50 |     use crate::log::time_stamper::TimeStamper;
[INFO] [stderr]    |         ^^^^^^^^^^^^^^^^^^^^^^^^^^^^^^^^^^^^^
[INFO] [stderr] 
[INFO] [stderr] warning: value assigned to `a` is never read
[INFO] [stderr]   --> ndjson/src/log/categories.rs:27:11
[INFO] [stderr]    |
[INFO] [stderr] 27 |         let mut a = Categories::Error;
[INFO] [stderr]    |                 ^
[INFO] [stderr]    |
[INFO] [stderr]    = help: maybe it is overwritten before being read?
[INFO] [stderr]    = note: `#[warn(unused_assignments)]` on by default
[INFO] [stderr] 
[INFO] [stderr] warning: unused variable: `average`
[INFO] [stderr]   --> ndjson/src/log/local_time_stamper.rs:31:7
[INFO] [stderr]    |
[INFO] [stderr] 31 |         let average = accum / 100;
[INFO] [stderr]    |             ^^^^^^^ help: if this is intentional, prefix it with an underscore: `_average`
[INFO] [stderr] 
[INFO] [stderr] warning: `ndjson` (lib) generated 7 warnings (run `cargo fix --lib -p ndjson` to apply 5 suggestions)
[INFO] [stderr] warning: `ndjson` (lib test) generated 13 warnings (7 duplicates) (run `cargo fix --lib -p ndjson --tests` to apply 3 suggestions)
[INFO] [stderr] warning: fields `key` and `value` are never read
[INFO] [stderr]  --> playground/src/main.rs:3:2
[INFO] [stderr]   |
[INFO] [stderr] 2 | struct Foo {
[INFO] [stderr]   |        --- fields in this struct
[INFO] [stderr] 3 |     key: i32,
[INFO] [stderr]   |     ^^^
[INFO] [stderr] 4 |     value: String,
[INFO] [stderr]   |     ^^^^^
[INFO] [stderr]   |
[INFO] [stderr]   = note: `Foo` has a derived impl for the trait `Debug`, but this is intentionally ignored during dead code analysis
[INFO] [stderr]   = note: `#[warn(dead_code)]` on by default
[INFO] [stderr] 
[INFO] [stderr] warning: `playground` (bin "playground" test) generated 1 warning
[INFO] [stderr]     Finished `test` profile [unoptimized + debuginfo] target(s) in 0.06s
[INFO] [stderr]      Running unittests src/lib.rs (/opt/rustwide/target/debug/deps/csv-b942ff15bb6699a7)
[INFO] [stdout] 
[INFO] [stdout] running 0 tests
[INFO] [stdout] 
[INFO] [stdout] test result: ok. 0 passed; 0 failed; 0 ignored; 0 measured; 0 filtered out; finished in 0.00s
[INFO] [stdout] 
[INFO] [stderr]      Running unittests src/lib.rs (/opt/rustwide/target/debug/deps/ndjson-ffb34dca1cb20e91)
[INFO] [stdout] 
[INFO] [stdout] running 89 tests
[INFO] [stdout] test data_node::string_token::tests::test_char ... ok
[INFO] [stdout] test data_node::string_token::tests::test_string ... ok
[INFO] [stdout] test data_node::string_tokenizer::test::complex ... ok
[INFO] [stdout] test data_node::string_tokenizer::test::invalid_next ... ok
[INFO] [stdout] test data_node::string_tokenizer::test::next_normal ... ok
[INFO] [stdout] test data_node::string_tokenizer::test::new ... ok
[INFO] [stdout] test data_node::string_tokenizer::test::is_unescaped ... ok
[INFO] [stdout] test data_node::string_tokenizer::test::next_escape ... ok
[INFO] [stdout] test data_node::string_tokenizer::test::next_unicode ... ok
[INFO] [stdout] test data_node::string_tokenizer::test::surrogate_pair_next ... ok
[INFO] [stdout] test log::categories::tests::clone ... ok
[INFO] [stdout] test log::categories::tests::copy ... ok
[INFO] [stdout] test log::local_time_stamper::test::time_stamp ... ok
[INFO] [stdout] test log::log_datum::tests::category ... ok
[INFO] [stdout] test log::log_datum::tests::message ... ok
[INFO] [stdout] test log::log_datum::tests::debug ... ok
[INFO] [stdout] test log::log_datum::tests::new ... ok
[INFO] [stdout] test parser::array::test::array ... ok
[INFO] [stdout] test parser::array::test::following ... ok
[INFO] [stdout] test parser::array::test::contents ... ok
[INFO] [stdout] test parser::array::test::first ... ok
[INFO] [stdout] test parser::array::test::err ... ok
[INFO] [stdout] test parser::boolean::test::boolean ... ok
[INFO] [stdout] test parser::boolean::test::invalid ... ok
[INFO] [stdout] test parser::array::test::empty_array ... ok
[INFO] [stdout] test parser::null::test::invalid ... ok
[INFO] [stdout] test parser::null::test::null ... ok
[INFO] [stdout] test log::categories::tests::debug ... ok
[INFO] [stdout] test parser::object::test::contents ... ok
[INFO] [stdout] test parser::number::test::exponent ... ok
[INFO] [stdout] test parser::number::test::fraction ... ok
[INFO] [stdout] test parser::number::test::integer ... ok
[INFO] [stdout] test parser::object::test::element ... ok
[INFO] [stdout] test parser::object::test::empty ... ok
[INFO] [stdout] test parser::object::test::object ... ok
[INFO] [stdout] test parser::object::test::single_object ... ok
[INFO] [stdout] test parser::string::test::escaped ... ok
[INFO] [stdout] test parser::string::test::string ... ok
[INFO] [stdout] test parser::object::test::following ... ok
[INFO] [stdout] test parser::object::test::invalid ... ok
[INFO] [stdout] test parser::value::test::complex ... ok
[INFO] [stdout] test parser::string::test::unescaped ... ok
[INFO] [stdout] test parser::value::test::empty_array ... ok
[INFO] [stdout] test parser::value::test::integer ... ok
[INFO] [stdout] test parser::value::test::boolean ... ok
[INFO] [stdout] test parser::value::test::array ... ok
[INFO] [stdout] test parser::value::test::float ... ok
[INFO] [stdout] test parser::number::test::number ... ok
[INFO] [stdout] test parser::value::test::null ... ok
[INFO] [stdout] test parser::value::test::ws ... ok
[INFO] [stdout] test parser::value::test::object ... ok
[INFO] [stdout] test parser::value::test::parent ... ok
[INFO] [stdout] test parser::value::test::string ... ok
[INFO] [stdout] test syntax_node::breadth_first_iterator::test::breadth_first_iterator ... ok
[INFO] [stdout] test syntax_node::char_continuous_counter::tests::new ... ok
[INFO] [stdout] test syntax_node::depth_first_iterator::test::depth_first_iterator ... ok
[INFO] [stdout] test syntax_node::full_qualified_name::tests::elements ... ok
[INFO] [stdout] test syntax_node::full_qualified_name::tests::eq ... ok
[INFO] [stdout] test syntax_node::full_qualified_name::tests::from ... ok
[INFO] [stdout] test syntax_node::full_qualified_name::tests::iter ... ok
[INFO] [stdout] test syntax_node::full_qualified_name::tests::text_expression ... ok
[INFO] [stdout] test syntax_node::identity::test::clone ... ok
[INFO] [stdout] test syntax_node::identity::test::str_from ... ok
[INFO] [stdout] test syntax_node::identity::test::usize_from ... ok
[INFO] [stdout] test syntax_node::node::test::arr_children ... ok
[INFO] [stdout] test syntax_node::node::test::breadth ... ok
[INFO] [stdout] test syntax_node::node::test::complex_children ... ok
[INFO] [stdout] test syntax_node::breadth_first_iterator::test::from_vecdeque ... ok
[INFO] [stdout] test syntax_node::node::test::depth ... ok
[INFO] [stdout] test syntax_node::char_continuous_counter::tests::count_test ... ok
[INFO] [stdout] test syntax_node::depth_first_iterator::test::from ... ok
[INFO] [stdout] test syntax_node::identity::test::debug ... ok
[INFO] [stdout] test syntax_node::identity::test::eq ... ok
[INFO] [stdout] test syntax_node::node::test::terminal_expression ... ok
[INFO] [stdout] test syntax_node::node::test::set_identity ... ok
[INFO] [stdout] test syntax_node::node::test::set_parent ... ok
[INFO] [stdout] test syntax_node::non_terminal_node::test::object_new ... ok
[INFO] [stdout] test syntax_node::node::test::new ... ok
[INFO] [stdout] test syntax_node::node::test::obj_children ... ok
[INFO] [stdout] test syntax_node::node::test::full_qualified_name ... ok
[INFO] [stdout] test syntax_node::object_identity::test::from_str ... ok
[INFO] [stdout] test syntax_node::node::test::winnow_children ... ok
[INFO] [stdout] test syntax_node::object_identity::test::try_from ... ok
[INFO] [stdout] test syntax_node::non_terminal_node::test::array_new ... ok
[INFO] [stdout] test syntax_node::non_terminal_node::test::value ... ok
[INFO] [stdout] test syntax_node::single_iterator::test::new ... ok
[INFO] [stdout] test syntax_node::object_identity::test::eq ... ok
[INFO] [stdout] test syntax_node::single_iterator::test::next ... ok
[INFO] [stderr] error: test failed, to rerun pass `-p ndjson --lib`
[INFO] [stdout] test log::log_datum::tests::time_stamp ... FAILED
[INFO] [stdout] 
[INFO] [stdout] failures:
[INFO] [stdout] 
[INFO] [stdout] ---- log::log_datum::tests::time_stamp stdout ----
[INFO] [stdout] thread 'log::log_datum::tests::time_stamp' panicked at ndjson/src/log/log_datum.rs:90:9:
[INFO] [stdout] assertion `left == right` failed
[INFO] [stdout]   left: 10
[INFO] [stdout]  right: 5
[INFO] [stdout] stack backtrace:
[INFO] [stdout]    0:     0x636ec99ae1ca - std::backtrace_rs::backtrace::libunwind::trace::h8810477743020387
[INFO] [stdout]                                at /rustc/202008a1b8de96d2e5b6bc02d379db03a877d34d/library/std/src/../../backtrace/src/backtrace/libunwind.rs:116:5
[INFO] [stdout]    1:     0x636ec99ae1ca - std::backtrace_rs::backtrace::trace_unsynchronized::h3aa55355dd6c54a6
[INFO] [stdout]                                at /rustc/202008a1b8de96d2e5b6bc02d379db03a877d34d/library/std/src/../../backtrace/src/backtrace/mod.rs:66:5
[INFO] [stdout]    2:     0x636ec99ae1ca - std::sys::backtrace::_print_fmt::h8588b0f62410823f
[INFO] [stdout]                                at /rustc/202008a1b8de96d2e5b6bc02d379db03a877d34d/library/std/src/sys/backtrace.rs:66:9
[INFO] [stdout]    3:     0x636ec99ae1ca - <std::sys::backtrace::BacktraceLock::print::DisplayBacktrace as core::fmt::Display>::fmt::h98c26ac25ffe89bb
[INFO] [stdout]                                at /rustc/202008a1b8de96d2e5b6bc02d379db03a877d34d/library/std/src/sys/backtrace.rs:39:26
[INFO] [stdout]    4:     0x636ec99d40e3 - core::fmt::rt::Argument::fmt::hf95377f4aebd453b
[INFO] [stdout]                                at /rustc/202008a1b8de96d2e5b6bc02d379db03a877d34d/library/core/src/fmt/rt.rs:177:76
[INFO] [stdout]    5:     0x636ec99d40e3 - core::fmt::write::h0dd5f6e2238c7982
[INFO] [stdout]                                at /rustc/202008a1b8de96d2e5b6bc02d379db03a877d34d/library/core/src/fmt/mod.rs:1189:21
[INFO] [stdout]    6:     0x636ec99ab1a3 - std::io::Write::write_fmt::h03bb0ca26e6faf8c
[INFO] [stdout]                                at /rustc/202008a1b8de96d2e5b6bc02d379db03a877d34d/library/std/src/io/mod.rs:1884:15
[INFO] [stdout]    7:     0x636ec99ae012 - std::sys::backtrace::BacktraceLock::print::h5c19c1c038ee186d
[INFO] [stdout]                                at /rustc/202008a1b8de96d2e5b6bc02d379db03a877d34d/library/std/src/sys/backtrace.rs:42:9
[INFO] [stdout]    8:     0x636ec99af64d - std::panicking::default_hook::{{closure}}::h77172f079a1fcb13
[INFO] [stdout]                                at /rustc/202008a1b8de96d2e5b6bc02d379db03a877d34d/library/std/src/panicking.rs:268:22
[INFO] [stdout]    9:     0x636ec99af457 - std::panicking::default_hook::he5f8e3b203ccddba
[INFO] [stdout]                                at /rustc/202008a1b8de96d2e5b6bc02d379db03a877d34d/library/std/src/panicking.rs:292:9
[INFO] [stdout]   10:     0x636ec9943ff7 - <alloc::boxed::Box<F,A> as core::ops::function::Fn<Args>>::call::h7a3c7b4a1ae77f2f
[INFO] [stdout]                                at /rustc/202008a1b8de96d2e5b6bc02d379db03a877d34d/library/alloc/src/boxed.rs:1986:9
[INFO] [stdout]   11:     0x636ec9943ff7 - test::test_main::{{closure}}::hf0d3b69ae9b353d1
[INFO] [stdout]                                at /rustc/202008a1b8de96d2e5b6bc02d379db03a877d34d/library/test/src/lib.rs:134:21
[INFO] [stdout]   12:     0x636ec99afcf8 - <alloc::boxed::Box<F,A> as core::ops::function::Fn<Args>>::call::h6332e82e7b189abd
[INFO] [stdout]                                at /rustc/202008a1b8de96d2e5b6bc02d379db03a877d34d/library/alloc/src/boxed.rs:1986:9
[INFO] [stdout]   13:     0x636ec99afcf8 - std::panicking::rust_panic_with_hook::h53863d4e9018df39
[INFO] [stdout]                                at /rustc/202008a1b8de96d2e5b6bc02d379db03a877d34d/library/std/src/panicking.rs:809:13
[INFO] [stdout]   14:     0x636ec99afaba - std::panicking::begin_panic_handler::{{closure}}::h67280e6fa0757873
[INFO] [stdout]                                at /rustc/202008a1b8de96d2e5b6bc02d379db03a877d34d/library/std/src/panicking.rs:674:13
[INFO] [stdout]   15:     0x636ec99ae6a9 - std::sys::backtrace::__rust_end_short_backtrace::h1dac3f54d6fbbeb2
[INFO] [stdout]                                at /rustc/202008a1b8de96d2e5b6bc02d379db03a877d34d/library/std/src/sys/backtrace.rs:170:18
[INFO] [stdout]   16:     0x636ec99af74c - rust_begin_unwind
[INFO] [stdout]                                at /rustc/202008a1b8de96d2e5b6bc02d379db03a877d34d/library/std/src/panicking.rs:665:5
[INFO] [stdout]   17:     0x636ec9851c30 - core::panicking::panic_fmt::h6792bd1b2bf01041
[INFO] [stdout]                                at /rustc/202008a1b8de96d2e5b6bc02d379db03a877d34d/library/core/src/panicking.rs:76:14
[INFO] [stdout]   18:     0x636ec9851ffb - core::panicking::assert_failed_inner::hf2c17e6d30928787
[INFO] [stdout]   19:     0x636ec994f4b6 - core::panicking::assert_failed::h9f6594efb9f248c2
[INFO] [stdout]                                at /rustc/202008a1b8de96d2e5b6bc02d379db03a877d34d/library/core/src/panicking.rs:373:5
[INFO] [stdout]   20:     0x636ec98c5c0e - ndjson::log::log_datum::tests::time_stamp::h3b76cbb5f274e87f
[INFO] [stdout]                                at /opt/rustwide/workdir/ndjson/src/log/log_datum.rs:90:3
[INFO] [stdout]   21:     0x636ec98c5a77 - ndjson::log::log_datum::tests::time_stamp::{{closure}}::hc78b808f9e6bd788
[INFO] [stdout]                                at /opt/rustwide/workdir/ndjson/src/log/log_datum.rs:82:17
[INFO] [stdout]   22:     0x636ec98ae766 - core::ops::function::FnOnce::call_once::h6aa715866e8af8f1
[INFO] [stdout]                                at /rustc/202008a1b8de96d2e5b6bc02d379db03a877d34d/library/core/src/ops/function.rs:250:5
[INFO] [stdout]   23:     0x636ec9948b1b - core::ops::function::FnOnce::call_once::h871bf86719ec9aa4
[INFO] [stdout]                                at /rustc/202008a1b8de96d2e5b6bc02d379db03a877d34d/library/core/src/ops/function.rs:250:5
[INFO] [stdout]   24:     0x636ec9948b1b - test::__rust_begin_short_backtrace::h2167df1e2b7d76fd
[INFO] [stdout]                                at /rustc/202008a1b8de96d2e5b6bc02d379db03a877d34d/library/test/src/lib.rs:632:18
[INFO] [stdout]   25:     0x636ec9948508 - test::run_test_in_process::{{closure}}::h15d92f75a3adfb79
[INFO] [stdout]                                at /rustc/202008a1b8de96d2e5b6bc02d379db03a877d34d/library/test/src/lib.rs:655:60
[INFO] [stdout]   26:     0x636ec9948508 - <core::panic::unwind_safe::AssertUnwindSafe<F> as core::ops::function::FnOnce<()>>::call_once::hb6c8955835a8dbbb
[INFO] [stdout]                                at /rustc/202008a1b8de96d2e5b6bc02d379db03a877d34d/library/core/src/panic/unwind_safe.rs:272:9
[INFO] [stdout]   27:     0x636ec9948508 - std::panicking::try::do_call::hc79d0fc888a0bd30
[INFO] [stdout]                                at /rustc/202008a1b8de96d2e5b6bc02d379db03a877d34d/library/std/src/panicking.rs:557:40
[INFO] [stdout]   28:     0x636ec9948508 - std::panicking::try::hb8a7878e3a8589d6
[INFO] [stdout]                                at /rustc/202008a1b8de96d2e5b6bc02d379db03a877d34d/library/std/src/panicking.rs:520:19
[INFO] [stdout]   29:     0x636ec9948508 - std::panic::catch_unwind::hb8e4600ff0ff5cfa
[INFO] [stdout]                                at /rustc/202008a1b8de96d2e5b6bc02d379db03a877d34d/library/std/src/panic.rs:358:14
[INFO] [stdout]   30:     0x636ec9948508 - test::run_test_in_process::hc2900b0b18688dd6
[INFO] [stdout]                                at /rustc/202008a1b8de96d2e5b6bc02d379db03a877d34d/library/test/src/lib.rs:655:27
[INFO] [stdout]   31:     0x636ec9948508 - test::run_test::{{closure}}::hac2a9cb07be3d48d
[INFO] [stdout]                                at /rustc/202008a1b8de96d2e5b6bc02d379db03a877d34d/library/test/src/lib.rs:576:43
[INFO] [stdout]   32:     0x636ec990bfaa - test::run_test::{{closure}}::h4a5b729e66a38cd8
[INFO] [stdout]                                at /rustc/202008a1b8de96d2e5b6bc02d379db03a877d34d/library/test/src/lib.rs:606:41
[INFO] [stdout]   33:     0x636ec990bfaa - std::sys::backtrace::__rust_begin_short_backtrace::h0496fb742492f573
[INFO] [stdout]                                at /rustc/202008a1b8de96d2e5b6bc02d379db03a877d34d/library/std/src/sys/backtrace.rs:154:18
[INFO] [stdout]   34:     0x636ec990f924 - std::thread::Builder::spawn_unchecked_::{{closure}}::{{closure}}::hbb6d257c550a54bd
[INFO] [stdout]                                at /rustc/202008a1b8de96d2e5b6bc02d379db03a877d34d/library/std/src/thread/mod.rs:561:17
[INFO] [stdout]   35:     0x636ec990f924 - <core::panic::unwind_safe::AssertUnwindSafe<F> as core::ops::function::FnOnce<()>>::call_once::h46696fe4a6832328
[INFO] [stdout]                                at /rustc/202008a1b8de96d2e5b6bc02d379db03a877d34d/library/core/src/panic/unwind_safe.rs:272:9
[INFO] [stdout]   36:     0x636ec990f924 - std::panicking::try::do_call::h2625a51b667bfb64
[INFO] [stdout]                                at /rustc/202008a1b8de96d2e5b6bc02d379db03a877d34d/library/std/src/panicking.rs:557:40
[INFO] [stdout]   37:     0x636ec990f924 - std::panicking::try::hb956a59a1973aa4c
[INFO] [stdout]                                at /rustc/202008a1b8de96d2e5b6bc02d379db03a877d34d/library/std/src/panicking.rs:520:19
[INFO] [stdout]   38:     0x636ec990f924 - std::panic::catch_unwind::h64f3b9d1067ef6a0
[INFO] [stdout]                                at /rustc/202008a1b8de96d2e5b6bc02d379db03a877d34d/library/std/src/panic.rs:358:14
[INFO] [stdout]   39:     0x636ec990f924 - std::thread::Builder::spawn_unchecked_::{{closure}}::h42b2841295b6c0b2
[INFO] [stdout]                                at /rustc/202008a1b8de96d2e5b6bc02d379db03a877d34d/library/std/src/thread/mod.rs:559:30
[INFO] [stdout]   40:     0x636ec990f924 - core::ops::function::FnOnce::call_once{{vtable.shim}}::h6127de71b8124639
[INFO] [stdout]                                at /rustc/202008a1b8de96d2e5b6bc02d379db03a877d34d/library/core/src/ops/function.rs:250:5
[INFO] [stdout]   41:     0x636ec99b3f1b - <alloc::boxed::Box<F,A> as core::ops::function::FnOnce<Args>>::call_once::h42f0ba71002a1b2c
[INFO] [stdout]                                at /rustc/202008a1b8de96d2e5b6bc02d379db03a877d34d/library/alloc/src/boxed.rs:1972:9
[INFO] [stdout]   42:     0x636ec99b3f1b - <alloc::boxed::Box<F,A> as core::ops::function::FnOnce<Args>>::call_once::had9e47d7a3dcecb8
[INFO] [stdout]                                at /rustc/202008a1b8de96d2e5b6bc02d379db03a877d34d/library/alloc/src/boxed.rs:1972:9
[INFO] [stdout]   43:     0x636ec99b3f1b - std::sys::pal::unix::thread::Thread::new::thread_start::h48cf765408f6f5f2
[INFO] [stdout]                                at /rustc/202008a1b8de96d2e5b6bc02d379db03a877d34d/library/std/src/sys/pal/unix/thread.rs:105:17
[INFO] [stdout]   44:     0x7256d5b51ac3 - <unknown>
[INFO] [stdout]   45:     0x7256d5be2a04 - clone
[INFO] [stdout]   46:                0x0 - <unknown>
[INFO] [stdout] 
[INFO] [stdout] 
[INFO] [stdout] failures:
[INFO] [stdout]     log::log_datum::tests::time_stamp
[INFO] [stdout] 
[INFO] [stdout] test result: FAILED. 88 passed; 1 failed; 0 ignored; 0 measured; 0 filtered out; finished in 0.07s
[INFO] [stdout] 
[INFO] running `Command { std: "docker" "inspect" "8196a7415f926f4f508b8045db004f8cb8e11aba3af493a017589fb27349793b", kill_on_drop: false }`
[INFO] running `Command { std: "docker" "rm" "-f" "8196a7415f926f4f508b8045db004f8cb8e11aba3af493a017589fb27349793b", kill_on_drop: false }`
[INFO] [stdout] 8196a7415f926f4f508b8045db004f8cb8e11aba3af493a017589fb27349793b
