[INFO] cloning repository https://github.com/TimTom2016/leptos_color
[INFO] running `Command { std: "git" "-c" "credential.helper=" "-c" "credential.helper=/workspace/cargo-home/bin/git-credential-null" "clone" "--bare" "https://github.com/TimTom2016/leptos_color" "/workspace/cache/git-repos/https%3A%2F%2Fgithub.com%2FTimTom2016%2Fleptos_color", kill_on_drop: false }`
[INFO] [stderr] Cloning into bare repository '/workspace/cache/git-repos/https%3A%2F%2Fgithub.com%2FTimTom2016%2Fleptos_color'...
[INFO] running `Command { std: "git" "rev-parse" "HEAD", kill_on_drop: false }`
[INFO] [stdout] bf98533c79860bc208da65a475aab83e68679ffb
[INFO] testing TimTom2016/leptos_color against beta-2024-12-08 for beta-1.84.0-4-retry
[INFO] running `Command { std: "git" "clone" "/workspace/cache/git-repos/https%3A%2F%2Fgithub.com%2FTimTom2016%2Fleptos_color" "/workspace/builds/worker-2-tc2/source", kill_on_drop: false }`
[INFO] [stderr] Cloning into '/workspace/builds/worker-2-tc2/source'...
[INFO] [stderr] done.
[INFO] validating manifest of git repo https://github.com/TimTom2016/leptos_color on toolchain beta-2024-12-08
[INFO] running `Command { std: CARGO_HOME="/workspace/cargo-home" RUSTUP_HOME="/workspace/rustup-home" "/workspace/cargo-home/bin/cargo" "+beta-2024-12-08" "metadata" "--manifest-path" "Cargo.toml" "--no-deps", kill_on_drop: false }`
[INFO] started tweaking git repo https://github.com/TimTom2016/leptos_color
[INFO] finished tweaking git repo https://github.com/TimTom2016/leptos_color
[INFO] tweaked toml for git repo https://github.com/TimTom2016/leptos_color written to /workspace/builds/worker-2-tc2/source/Cargo.toml
[INFO] crate git repo https://github.com/TimTom2016/leptos_color already has a lockfile, it will not be regenerated
[INFO] running `Command { std: CARGO_HOME="/workspace/cargo-home" RUSTUP_HOME="/workspace/rustup-home" "/workspace/cargo-home/bin/cargo" "+beta-2024-12-08" "fetch" "--manifest-path" "Cargo.toml", kill_on_drop: false }`
[INFO] running `Command { std: "docker" "create" "-v" "/var/lib/crater-agent-workspace/builds/worker-2-tc2/target:/opt/rustwide/target:rw,Z" "-v" "/var/lib/crater-agent-workspace/builds/worker-2-tc2/source:/opt/rustwide/workdir:ro,Z" "-v" "/var/lib/crater-agent-workspace/cargo-home:/opt/rustwide/cargo-home:ro,Z" "-v" "/var/lib/crater-agent-workspace/rustup-home:/opt/rustwide/rustup-home:ro,Z" "-e" "SOURCE_DIR=/opt/rustwide/workdir" "-e" "CARGO_TARGET_DIR=/opt/rustwide/target" "-e" "CARGO_HOME=/opt/rustwide/cargo-home" "-e" "RUSTUP_HOME=/opt/rustwide/rustup-home" "-w" "/opt/rustwide/workdir" "-m" "1610612736" "--user" "0:0" "--network" "none" "ghcr.io/rust-lang/crates-build-env/linux@sha256:f3a9d4ad9d972b27faf3965f35b62e55ba32bbce8f20bc8fe909558a86702fde" "/opt/rustwide/cargo-home/bin/cargo" "+beta-2024-12-08" "metadata" "--no-deps" "--format-version=1", kill_on_drop: false }`
[INFO] [stdout] 1f7e5ce84e4a2a6ca796b5d67158eec5d324333f72cb73a6255e61e622d2593d
[INFO] running `Command { std: "docker" "start" "-a" "1f7e5ce84e4a2a6ca796b5d67158eec5d324333f72cb73a6255e61e622d2593d", kill_on_drop: false }`
[INFO] running `Command { std: "docker" "inspect" "1f7e5ce84e4a2a6ca796b5d67158eec5d324333f72cb73a6255e61e622d2593d", kill_on_drop: false }`
[INFO] running `Command { std: "docker" "rm" "-f" "1f7e5ce84e4a2a6ca796b5d67158eec5d324333f72cb73a6255e61e622d2593d", kill_on_drop: false }`
[INFO] [stdout] 1f7e5ce84e4a2a6ca796b5d67158eec5d324333f72cb73a6255e61e622d2593d
[INFO] running `Command { std: "docker" "create" "-v" "/var/lib/crater-agent-workspace/builds/worker-2-tc2/target:/opt/rustwide/target:rw,Z" "-v" "/var/lib/crater-agent-workspace/builds/worker-2-tc2/source:/opt/rustwide/workdir:ro,Z" "-v" "/var/lib/crater-agent-workspace/cargo-home:/opt/rustwide/cargo-home:ro,Z" "-v" "/var/lib/crater-agent-workspace/rustup-home:/opt/rustwide/rustup-home:ro,Z" "-e" "SOURCE_DIR=/opt/rustwide/workdir" "-e" "CARGO_TARGET_DIR=/opt/rustwide/target" "-e" "CARGO_INCREMENTAL=0" "-e" "RUST_BACKTRACE=full" "-e" "RUSTFLAGS=--cap-lints=warn" "-e" "RUSTDOCFLAGS=--cap-lints=warn" "-e" "CARGO_HOME=/opt/rustwide/cargo-home" "-e" "RUSTUP_HOME=/opt/rustwide/rustup-home" "-w" "/opt/rustwide/workdir" "-m" "1610612736" "--user" "0:0" "--network" "none" "ghcr.io/rust-lang/crates-build-env/linux@sha256:f3a9d4ad9d972b27faf3965f35b62e55ba32bbce8f20bc8fe909558a86702fde" "/opt/rustwide/cargo-home/bin/cargo" "+beta-2024-12-08" "build" "--frozen" "--message-format=json", kill_on_drop: false }`
[INFO] [stdout] c8061372ad952d8bc4cb9c194825415f4dad96e0787aeb78283f01cc5d1743cc
[INFO] running `Command { std: "docker" "start" "-a" "c8061372ad952d8bc4cb9c194825415f4dad96e0787aeb78283f01cc5d1743cc", kill_on_drop: false }`
[INFO] [stderr]    Compiling proc-macro2 v1.0.86
[INFO] [stderr]    Compiling unicode-ident v1.0.13
[INFO] [stderr]    Compiling serde v1.0.210
[INFO] [stderr]    Compiling once_cell v1.20.1
[INFO] [stderr]    Compiling wasm-bindgen-shared v0.2.93
[INFO] [stderr]    Compiling memchr v2.7.4
[INFO] [stderr]    Compiling version_check v0.9.5
[INFO] [stderr]    Compiling log v0.4.22
[INFO] [stderr]    Compiling bumpalo v3.16.0
[INFO] [stderr]    Compiling autocfg v1.4.0
[INFO] [stderr]    Compiling wasm-bindgen v0.2.93
[INFO] [stderr]    Compiling thiserror v1.0.64
[INFO] [stderr]    Compiling smallvec v1.13.2
[INFO] [stderr]    Compiling libc v0.2.159
[INFO] [stderr]    Compiling hashbrown v0.14.5
[INFO] [stderr]    Compiling futures-core v0.3.30
[INFO] [stderr]    Compiling equivalent v1.0.1
[INFO] [stderr]    Compiling futures-sink v0.3.30
[INFO] [stderr]    Compiling pin-project-lite v0.2.14
[INFO] [stderr]    Compiling serde_json v1.0.128
[INFO] [stderr]    Compiling parking_lot_core v0.9.10
[INFO] [stderr]    Compiling itoa v1.0.11
[INFO] [stderr]    Compiling futures-channel v0.3.30
[INFO] [stderr]    Compiling unicode-segmentation v1.12.0
[INFO] [stderr]    Compiling fnv v1.0.7
[INFO] [stderr]    Compiling ryu v1.0.18
[INFO] [stderr]    Compiling futures-io v0.3.30
[INFO] [stderr]    Compiling unicode-xid v0.2.6
[INFO] [stderr]    Compiling pin-utils v0.1.0
[INFO] [stderr]    Compiling proc-macro-error-attr v1.0.4
[INFO] [stderr]    Compiling scopeguard v1.2.0
[INFO] [stderr]    Compiling futures-task v0.3.30
[INFO] [stderr]    Compiling proc-macro-error v1.0.4
[INFO] [stderr]    Compiling tinyvec_macros v0.1.1
[INFO] [stderr]    Compiling proc-macro2-diagnostics v0.10.1
[INFO] [stderr]    Compiling percent-encoding v2.3.1
[INFO] [stderr]    Compiling xxhash-rust v0.8.12
[INFO] [stderr]    Compiling tinyvec v1.8.0
[INFO] [stderr]    Compiling slotmap v1.0.7
[INFO] [stderr]    Compiling tracing-core v0.1.32
[INFO] [stderr]    Compiling half v2.4.1
[INFO] [stderr]    Compiling paste v1.0.15
[INFO] [stderr]    Compiling slab v0.4.9
[INFO] [stderr]    Compiling lock_api v0.4.12
[INFO] [stderr]    Compiling ciborium-io v0.2.2
[INFO] [stderr]    Compiling unicode-bidi v0.3.15
[INFO] [stderr]    Compiling bytes v1.7.2
[INFO] [stderr]    Compiling yansi v1.0.1
[INFO] [stderr]    Compiling indexmap v2.5.0
[INFO] [stderr]    Compiling convert_case v0.6.0
[INFO] [stderr]    Compiling camino v1.1.9
[INFO] [stderr]    Compiling anyhow v1.0.89
[INFO] [stderr]    Compiling ciborium-ll v0.2.2
[INFO] [stderr]    Compiling form_urlencoded v1.2.1
[INFO] [stderr]    Compiling collection_literals v1.0.1
[INFO] [stderr]    Compiling prettyplease v0.2.22
[INFO] [stderr]    Compiling winnow v0.6.20
[INFO] [stderr]    Compiling interpolator v0.5.0
[INFO] [stderr]    Compiling either v1.13.0
[INFO] [stderr]    Compiling same-file v1.0.6
[INFO] [stderr]    Compiling utf8-width v0.1.7
[INFO] [stderr]    Compiling html-escape v0.2.13
[INFO] [stderr]    Compiling quote v1.0.37
[INFO] [stderr]    Compiling getrandom v0.2.15
[INFO] [stderr]    Compiling walkdir v2.5.0
[INFO] [stderr]    Compiling dashmap v5.5.3
[INFO] [stderr]    Compiling itertools v0.12.1
[INFO] [stderr]    Compiling http v1.1.0
[INFO] [stderr]    Compiling syn v2.0.79
[INFO] [stderr]    Compiling proc-macro-utils v0.8.0
[INFO] [stderr]    Compiling proc-macro-utils v0.10.0
[INFO] [stderr]    Compiling unicode-normalization v0.1.24
[INFO] [stderr]    Compiling parking_lot v0.12.3
[INFO] [stderr]    Compiling const_format_proc_macros v0.2.33
[INFO] [stderr]    Compiling proc-macro-error-attr2 v2.0.0
[INFO] [stderr]    Compiling aho-corasick v1.1.3
[INFO] [stderr]    Compiling send_wrapper v0.6.0
[INFO] [stderr]    Compiling minimal-lexical v0.2.1
[INFO] [stderr]    Compiling lazy_static v1.5.0
[INFO] [stderr]    Compiling rustc-hash v1.1.0
[INFO] [stderr]    Compiling regex-syntax v0.8.5
[INFO] [stderr]    Compiling base64 v0.22.1
[INFO] [stderr]    Compiling self_cell v1.0.4
[INFO] [stderr]    Compiling siphasher v0.3.11
[INFO] [stderr]    Compiling manyhow-macros v0.10.4
[INFO] [stderr]    Compiling idna v0.5.0
[INFO] [stderr]    Compiling proc-macro-error2 v2.0.1
[INFO] [stderr]    Compiling nom v7.1.3
[INFO] [stderr]    Compiling uuid v1.10.0
[INFO] [stderr]    Compiling rand_core v0.6.4
[INFO] [stderr]    Compiling pathdiff v0.2.1
[INFO] [stderr]    Compiling ident_case v1.0.1
[INFO] [stderr]    Compiling strsim v0.11.1
[INFO] [stderr]    Compiling dyn_std v0.3.3
[INFO] [stderr]    Compiling phf_shared v0.11.2
[INFO] [stderr]    Compiling rand v0.8.5
[INFO] [stderr]    Compiling inventory v0.3.15
[INFO] [stderr]    Compiling drain_filter_polyfill v0.1.3
[INFO] [stderr]    Compiling pad-adapter v0.1.1
[INFO] [stderr]    Compiling leptos-use v0.13.5
[INFO] [stderr]    Compiling url v2.5.2
[INFO] [stderr]    Compiling const_format v0.2.33
[INFO] [stderr]    Compiling phf_generator v0.11.2
[INFO] [stderr]    Compiling regex-automata v0.4.8
[INFO] [stderr]    Compiling wasm-bindgen-backend v0.2.93
[INFO] [stderr]    Compiling server_fn_macro v0.6.15
[INFO] [stderr]    Compiling manyhow v0.10.4
[INFO] [stderr]    Compiling darling_core v0.20.10
[INFO] [stderr]    Compiling serde_derive v1.0.210
[INFO] [stderr]    Compiling thiserror-impl v1.0.64
[INFO] [stderr]    Compiling futures-macro v0.3.30
[INFO] [stderr]    Compiling pin-project-internal v1.1.5
[INFO] [stderr]    Compiling quote-use-macros v0.8.4
[INFO] [stderr]    Compiling tracing-attributes v0.1.27
[INFO] [stderr]    Compiling syn_derive v0.1.8
[INFO] [stderr]    Compiling derive-where v1.2.7
[INFO] [stderr]    Compiling typed-builder-macro v0.18.2
[INFO] [stderr]    Compiling async-recursion v1.1.1
[INFO] [stderr]    Compiling dyn_derive v0.3.4
[INFO] [stderr]    Compiling server_fn_macro_default v0.6.15
[INFO] [stderr]    Compiling phf_macros v0.11.2
[INFO] [stderr]    Compiling regex v1.11.0
[INFO] [stderr]    Compiling wasm-bindgen-macro-support v0.2.93
[INFO] [stderr]    Compiling quote-use v0.8.4
[INFO] [stderr]    Compiling attribute-derive-macro v0.9.2
[INFO] [stderr]    Compiling futures-util v0.3.30
[INFO] [stderr]    Compiling pin-project v1.1.5
[INFO] [stderr]    Compiling typed-builder v0.18.2
[INFO] [stderr]    Compiling phf v0.11.2
[INFO] [stderr]    Compiling darling_macro v0.20.10
[INFO] [stderr]    Compiling csscolorparser v0.7.0
[INFO] [stderr]    Compiling wasm-bindgen-macro v0.2.93
[INFO] [stderr]    Compiling tracing v0.1.40
[INFO] [stderr]    Compiling rstml v0.11.2
[INFO] [stderr]    Compiling attribute-derive v0.9.2
[INFO] [stderr]    Compiling darling v0.20.10
[INFO] [stderr]    Compiling default-struct-builder v0.5.0
[INFO] [stderr]    Compiling js-sys v0.3.70
[INFO] [stderr]    Compiling futures-executor v0.3.30
[INFO] [stderr]    Compiling futures v0.3.30
[INFO] [stderr]    Compiling leptos_hot_reload v0.6.15
[INFO] [stderr]    Compiling serde_spanned v0.6.8
[INFO] [stderr]    Compiling toml_datetime v0.6.8
[INFO] [stderr]    Compiling ciborium v0.2.2
[INFO] [stderr]    Compiling serde_qs v0.12.0
[INFO] [stderr]    Compiling oco_ref v0.1.1
[INFO] [stderr]    Compiling toml_edit v0.22.22
[INFO] [stderr]    Compiling web-sys v0.3.70
[INFO] [stderr]    Compiling wasm-bindgen-futures v0.4.43
[INFO] [stderr]    Compiling serde-wasm-bindgen v0.6.5
[INFO] [stderr]    Compiling leptos_macro v0.6.15
[INFO] [stderr]    Compiling leptos_reactive v0.6.15
[INFO] [stderr]    Compiling toml v0.8.19
[INFO] [stderr]    Compiling config v0.14.0
[INFO] [stderr]    Compiling leptos_config v0.6.15
[INFO] [stderr]    Compiling gloo-utils v0.2.0
[INFO] [stderr]    Compiling floating-ui-utils v0.1.2
[INFO] [stderr]    Compiling gloo-net v0.6.0
[INFO] [stderr]    Compiling floating-ui-core v0.1.2
[INFO] [stderr]    Compiling floating-ui-dom v0.1.2
[INFO] [stderr]    Compiling wasm-streams v0.4.1
[INFO] [stderr]    Compiling server_fn v0.6.15
[INFO] [stderr]    Compiling leptos_dom v0.6.15
[INFO] [stderr]    Compiling leptos_server v0.6.15
[INFO] [stderr]    Compiling leptos v0.6.15
[INFO] [stderr]    Compiling floating-ui-leptos v0.1.2
[INFO] [stderr]    Compiling leptos_color v0.6.14 (/opt/rustwide/workdir)
[INFO] [stdout] warning: unused import: `csscolorparser::Color`
[INFO] [stdout]  --> src/components/alpha.rs:1:5
[INFO] [stdout]   |
[INFO] [stdout] 1 | use csscolorparser::Color;
[INFO] [stdout]   |     ^^^^^^^^^^^^^^^^^^^^^
[INFO] [stdout]   |
[INFO] [stdout]   = note: `#[warn(unused_imports)]` on by default
[INFO] [stdout] 
[INFO] [stdout] 
[INFO] [stdout] warning: unused import: `leptos::logging::warn`
[INFO] [stdout]  --> src/components/alpha.rs:2:5
[INFO] [stdout]   |
[INFO] [stdout] 2 | use leptos::logging::warn;
[INFO] [stdout]   |     ^^^^^^^^^^^^^^^^^^^^^
[INFO] [stdout] 
[INFO] [stdout] 
[INFO] [stdout] warning: unused imports: `Alignment`, `AutoPlacementOptions`, `AutoPlacement`, `AutoUpdateOptions`, `DetectOverflowOptions`, `Padding`, `ShiftOptions`, and `Shift`
[INFO] [stdout]  --> src/components/color_input.rs:4:19
[INFO] [stdout]   |
[INFO] [stdout] 4 |     use_floating, Alignment, AutoPlacement, AutoPlacementOptions, AutoUpdateOptions,
[INFO] [stdout]   |                   ^^^^^^^^^  ^^^^^^^^^^^^^  ^^^^^^^^^^^^^^^^^^^^  ^^^^^^^^^^^^^^^^^
[INFO] [stdout] 5 |     DetectOverflowOptions, Flip, FlipOptions, IntoReference, MiddlewareVec, Offset, OffsetOptions,
[INFO] [stdout]   |     ^^^^^^^^^^^^^^^^^^^^^
[INFO] [stdout] 6 |     Padding, Placement, Shift, ShiftOptions, UseFloatingOptions, UseFloatingReturn,
[INFO] [stdout]   |     ^^^^^^^             ^^^^^  ^^^^^^^^^^^^
[INFO] [stdout] 
[INFO] [stdout] 
[INFO] [stdout] warning: unused import: `leptos::logging::warn`
[INFO] [stdout]  --> src/components/color_picker.rs:7:5
[INFO] [stdout]   |
[INFO] [stdout] 7 | use leptos::logging::warn;
[INFO] [stdout]   |     ^^^^^^^^^^^^^^^^^^^^^
[INFO] [stdout] 
[INFO] [stdout] 
[INFO] [stdout] warning: unused import: `csscolorparser::Color`
[INFO] [stdout]  --> src/components/hue.rs:1:5
[INFO] [stdout]   |
[INFO] [stdout] 1 | use csscolorparser::Color;
[INFO] [stdout]   |     ^^^^^^^^^^^^^^^^^^^^^
[INFO] [stdout] 
[INFO] [stdout] 
[INFO] [stdout] warning: unused import: `leptos::logging::warn`
[INFO] [stdout]  --> src/components/hue.rs:2:5
[INFO] [stdout]   |
[INFO] [stdout] 2 | use leptos::logging::warn;
[INFO] [stdout]   |     ^^^^^^^^^^^^^^^^^^^^^
[INFO] [stdout] 
[INFO] [stdout] 
[INFO] [stdout] warning: unused import: `csscolorparser::Color`
[INFO] [stdout]  --> src/components/saturation.rs:1:5
[INFO] [stdout]   |
[INFO] [stdout] 1 | use csscolorparser::Color;
[INFO] [stdout]   |     ^^^^^^^^^^^^^^^^^^^^^
[INFO] [stdout] 
[INFO] [stdout] 
[INFO] [stdout] warning: unused import: `leptos::logging::warn`
[INFO] [stdout]  --> src/components/saturation.rs:2:5
[INFO] [stdout]   |
[INFO] [stdout] 2 | use leptos::logging::warn;
[INFO] [stdout]   |     ^^^^^^^^^^^^^^^^^^^^^
[INFO] [stdout] 
[INFO] [stdout] 
[INFO] [stdout] warning: unused import: `leptos::*`
[INFO] [stdout]  --> src/mount_style.rs:2:5
[INFO] [stdout]   |
[INFO] [stdout] 2 | use leptos::*;
[INFO] [stdout]   |     ^^^^^^^^^
[INFO] [stdout] 
[INFO] [stdout] 
[INFO] [stdout] warning: unused variable: `ref_div`
[INFO] [stdout]   --> src/components/alpha.rs:62:10
[INFO] [stdout]    |
[INFO] [stdout] 62 |     let (ref_div, handle_start) = use_position(UsePositionProps {
[INFO] [stdout]    |          ^^^^^^^ help: if this is intentional, prefix it with an underscore: `_ref_div`
[INFO] [stdout]    |
[INFO] [stdout]    = note: `#[warn(unused_variables)]` on by default
[INFO] [stdout] 
[INFO] [stdout] 
[INFO] [stdout] warning: unused variable: `hue`
[INFO] [stdout]   --> src/components/color_picker.rs:72:10
[INFO] [stdout]    |
[INFO] [stdout] 72 |     let (hue, set_hue) = use_css_var_with_options(
[INFO] [stdout]    |          ^^^ help: if this is intentional, prefix it with an underscore: `_hue`
[INFO] [stdout] 
[INFO] [stdout] 
[INFO] [stdout] warning: unused variable: `rgba`
[INFO] [stdout]    --> src/components/color_picker.rs:121:10
[INFO] [stdout]     |
[INFO] [stdout] 121 |     let (rgba, set_rgba) = use_css_var_with_options(
[INFO] [stdout]     |          ^^^^ help: if this is intentional, prefix it with an underscore: `_rgba`
[INFO] [stdout] 
[INFO] [stdout] 
[INFO] [stdout] warning: unused variable: `hue_pointer`
[INFO] [stdout]    --> src/components/color_picker.rs:129:10
[INFO] [stdout]     |
[INFO] [stdout] 129 |     let (hue_pointer, set_hue_pointer) = use_css_var_with_options(
[INFO] [stdout]     |          ^^^^^^^^^^^ help: if this is intentional, prefix it with an underscore: `_hue_pointer`
[INFO] [stdout] 
[INFO] [stdout] 
[INFO] [stdout] warning: unused variable: `alpha_pointer`
[INFO] [stdout]    --> src/components/color_picker.rs:137:10
[INFO] [stdout]     |
[INFO] [stdout] 137 |     let (alpha_pointer, set_alpha_pointer) = use_css_var_with_options(
[INFO] [stdout]     |          ^^^^^^^^^^^^^ help: if this is intentional, prefix it with an underscore: `_alpha_pointer`
[INFO] [stdout] 
[INFO] [stdout] 
[INFO] [stdout] warning: unused variable: `saturation_pointer_top`
[INFO] [stdout]    --> src/components/color_picker.rs:145:10
[INFO] [stdout]     |
[INFO] [stdout] 145 |     let (saturation_pointer_top, set_saturation_pointer_top) = use_css_var_with_options(
[INFO] [stdout]     |          ^^^^^^^^^^^^^^^^^^^^^^ help: if this is intentional, prefix it with an underscore: `_saturation_pointer_top`
[INFO] [stdout] 
[INFO] [stdout] 
[INFO] [stdout] warning: unused variable: `saturation_pointer_left`
[INFO] [stdout]    --> src/components/color_picker.rs:153:10
[INFO] [stdout]     |
[INFO] [stdout] 153 |     let (saturation_pointer_left, set_saturation_pointer_left) = use_css_var_with_options(
[INFO] [stdout]     |          ^^^^^^^^^^^^^^^^^^^^^^^ help: if this is intentional, prefix it with an underscore: `_saturation_pointer_left`
[INFO] [stdout] 
[INFO] [stdout] 
[INFO] [stdout] warning: unused variable: `ref_div`
[INFO] [stdout]   --> src/components/hue.rs:62:10
[INFO] [stdout]    |
[INFO] [stdout] 62 |     let (ref_div, handle_start) = use_position(UsePositionProps {
[INFO] [stdout]    |          ^^^^^^^ help: if this is intentional, prefix it with an underscore: `_ref_div`
[INFO] [stdout] 
[INFO] [stdout] 
[INFO] [stdout] warning: unused variable: `ref_div`
[INFO] [stdout]   --> src/components/saturation.rs:73:10
[INFO] [stdout]    |
[INFO] [stdout] 73 |     let (ref_div, handle_start) = use_position(UsePositionProps {
[INFO] [stdout]    |          ^^^^^^^ help: if this is intentional, prefix it with an underscore: `_ref_div`
[INFO] [stdout] 
[INFO] [stdout] 
[INFO] [stdout] warning: structure field `inputBackground` should have a snake case name
[INFO] [stdout]   --> src/theme.rs:10:5
[INFO] [stdout]    |
[INFO] [stdout] 10 |     inputBackground: Color,
[INFO] [stdout]    |     ^^^^^^^^^^^^^^^ help: convert the identifier to snake case: `input_background`
[INFO] [stdout]    |
[INFO] [stdout]    = note: `#[warn(non_snake_case)]` on by default
[INFO] [stdout] 
[INFO] [stdout] 
[INFO] [stdout] warning: structure field `borderColor` should have a snake case name
[INFO] [stdout]   --> src/theme.rs:14:5
[INFO] [stdout]    |
[INFO] [stdout] 14 |     borderColor: Color,
[INFO] [stdout]    |     ^^^^^^^^^^^ help: convert the identifier to snake case: `border_color`
[INFO] [stdout] 
[INFO] [stdout] 
[INFO] [stdout] warning: structure field `borderRadius` should have a snake case name
[INFO] [stdout]   --> src/theme.rs:16:5
[INFO] [stdout]    |
[INFO] [stdout] 16 |     borderRadius: String,
[INFO] [stdout]    |     ^^^^^^^^^^^^ help: convert the identifier to snake case: `border_radius`
[INFO] [stdout] 
[INFO] [stdout] 
[INFO] [stdout] warning: structure field `boxShadow` should have a snake case name
[INFO] [stdout]   --> src/theme.rs:18:5
[INFO] [stdout]    |
[INFO] [stdout] 18 |     boxShadow: String,
[INFO] [stdout]    |     ^^^^^^^^^ help: convert the identifier to snake case: `box_shadow`
[INFO] [stdout] 
[INFO] [stdout] 
[INFO] [stderr]     Finished `dev` profile [unoptimized + debuginfo] target(s) in 1m 29s
[INFO] running `Command { std: "docker" "inspect" "c8061372ad952d8bc4cb9c194825415f4dad96e0787aeb78283f01cc5d1743cc", kill_on_drop: false }`
[INFO] running `Command { std: "docker" "rm" "-f" "c8061372ad952d8bc4cb9c194825415f4dad96e0787aeb78283f01cc5d1743cc", kill_on_drop: false }`
[INFO] [stdout] c8061372ad952d8bc4cb9c194825415f4dad96e0787aeb78283f01cc5d1743cc
[INFO] running `Command { std: "docker" "create" "-v" "/var/lib/crater-agent-workspace/builds/worker-2-tc2/target:/opt/rustwide/target:rw,Z" "-v" "/var/lib/crater-agent-workspace/builds/worker-2-tc2/source:/opt/rustwide/workdir:ro,Z" "-v" "/var/lib/crater-agent-workspace/cargo-home:/opt/rustwide/cargo-home:ro,Z" "-v" "/var/lib/crater-agent-workspace/rustup-home:/opt/rustwide/rustup-home:ro,Z" "-e" "SOURCE_DIR=/opt/rustwide/workdir" "-e" "CARGO_TARGET_DIR=/opt/rustwide/target" "-e" "CARGO_INCREMENTAL=0" "-e" "RUST_BACKTRACE=full" "-e" "RUSTFLAGS=--cap-lints=warn" "-e" "RUSTDOCFLAGS=--cap-lints=warn" "-e" "CARGO_HOME=/opt/rustwide/cargo-home" "-e" "RUSTUP_HOME=/opt/rustwide/rustup-home" "-w" "/opt/rustwide/workdir" "-m" "1610612736" "--user" "0:0" "--network" "none" "ghcr.io/rust-lang/crates-build-env/linux@sha256:f3a9d4ad9d972b27faf3965f35b62e55ba32bbce8f20bc8fe909558a86702fde" "/opt/rustwide/cargo-home/bin/cargo" "+beta-2024-12-08" "test" "--frozen" "--no-run" "--message-format=json", kill_on_drop: false }`
[INFO] [stdout] 61a5db678e9c065c8f4a1370297f29fa93980eebccdb9803472062d39a3da2f4
[INFO] running `Command { std: "docker" "start" "-a" "61a5db678e9c065c8f4a1370297f29fa93980eebccdb9803472062d39a3da2f4", kill_on_drop: false }`
[INFO] [stdout] warning: unused import: `csscolorparser::Color`
[INFO] [stdout]  --> src/components/alpha.rs:1:5
[INFO] [stdout]   |
[INFO] [stdout] 1 | use csscolorparser::Color;
[INFO] [stdout]   |     ^^^^^^^^^^^^^^^^^^^^^
[INFO] [stdout]   |
[INFO] [stdout]   = note: `#[warn(unused_imports)]` on by default
[INFO] [stdout] 
[INFO] [stdout] 
[INFO] [stdout] warning: unused import: `leptos::logging::warn`
[INFO] [stdout]  --> src/components/alpha.rs:2:5
[INFO] [stdout]   |
[INFO] [stdout] 2 | use leptos::logging::warn;
[INFO] [stdout]   |     ^^^^^^^^^^^^^^^^^^^^^
[INFO] [stdout] 
[INFO] [stdout] 
[INFO] [stderr]    Compiling leptos_color v0.6.14 (/opt/rustwide/workdir)
[INFO] [stdout] warning: unused imports: `Alignment`, `AutoPlacementOptions`, `AutoPlacement`, `AutoUpdateOptions`, `DetectOverflowOptions`, `Padding`, `ShiftOptions`, and `Shift`
[INFO] [stdout]  --> src/components/color_input.rs:4:19
[INFO] [stdout]   |
[INFO] [stdout] 4 |     use_floating, Alignment, AutoPlacement, AutoPlacementOptions, AutoUpdateOptions,
[INFO] [stdout]   |                   ^^^^^^^^^  ^^^^^^^^^^^^^  ^^^^^^^^^^^^^^^^^^^^  ^^^^^^^^^^^^^^^^^
[INFO] [stdout] 5 |     DetectOverflowOptions, Flip, FlipOptions, IntoReference, MiddlewareVec, Offset, OffsetOptions,
[INFO] [stdout]   |     ^^^^^^^^^^^^^^^^^^^^^
[INFO] [stdout] 6 |     Padding, Placement, Shift, ShiftOptions, UseFloatingOptions, UseFloatingReturn,
[INFO] [stdout]   |     ^^^^^^^             ^^^^^  ^^^^^^^^^^^^
[INFO] [stdout] 
[INFO] [stdout] 
[INFO] [stdout] warning: unused import: `leptos::logging::warn`
[INFO] [stdout]  --> src/components/color_picker.rs:7:5
[INFO] [stdout]   |
[INFO] [stdout] 7 | use leptos::logging::warn;
[INFO] [stdout]   |     ^^^^^^^^^^^^^^^^^^^^^
[INFO] [stdout] 
[INFO] [stdout] 
[INFO] [stdout] warning: unused import: `csscolorparser::Color`
[INFO] [stdout]  --> src/components/hue.rs:1:5
[INFO] [stdout]   |
[INFO] [stdout] 1 | use csscolorparser::Color;
[INFO] [stdout]   |     ^^^^^^^^^^^^^^^^^^^^^
[INFO] [stdout] 
[INFO] [stdout] 
[INFO] [stdout] warning: unused import: `leptos::logging::warn`
[INFO] [stdout]  --> src/components/hue.rs:2:5
[INFO] [stdout]   |
[INFO] [stdout] 2 | use leptos::logging::warn;
[INFO] [stdout]   |     ^^^^^^^^^^^^^^^^^^^^^
[INFO] [stdout] 
[INFO] [stdout] 
[INFO] [stdout] warning: unused import: `csscolorparser::Color`
[INFO] [stdout]  --> src/components/saturation.rs:1:5
[INFO] [stdout]   |
[INFO] [stdout] 1 | use csscolorparser::Color;
[INFO] [stdout]   |     ^^^^^^^^^^^^^^^^^^^^^
[INFO] [stdout] 
[INFO] [stdout] 
[INFO] [stdout] warning: unused import: `leptos::logging::warn`
[INFO] [stdout]  --> src/components/saturation.rs:2:5
[INFO] [stdout]   |
[INFO] [stdout] 2 | use leptos::logging::warn;
[INFO] [stdout]   |     ^^^^^^^^^^^^^^^^^^^^^
[INFO] [stdout] 
[INFO] [stdout] 
[INFO] [stdout] warning: unused import: `leptos::*`
[INFO] [stdout]  --> src/mount_style.rs:2:5
[INFO] [stdout]   |
[INFO] [stdout] 2 | use leptos::*;
[INFO] [stdout]   |     ^^^^^^^^^
[INFO] [stdout] 
[INFO] [stdout] 
[INFO] [stdout] warning: unused variable: `ref_div`
[INFO] [stdout]   --> src/components/alpha.rs:62:10
[INFO] [stdout]    |
[INFO] [stdout] 62 |     let (ref_div, handle_start) = use_position(UsePositionProps {
[INFO] [stdout]    |          ^^^^^^^ help: if this is intentional, prefix it with an underscore: `_ref_div`
[INFO] [stdout]    |
[INFO] [stdout]    = note: `#[warn(unused_variables)]` on by default
[INFO] [stdout] 
[INFO] [stdout] 
[INFO] [stdout] warning: unused variable: `hue`
[INFO] [stdout]   --> src/components/color_picker.rs:72:10
[INFO] [stdout]    |
[INFO] [stdout] 72 |     let (hue, set_hue) = use_css_var_with_options(
[INFO] [stdout]    |          ^^^ help: if this is intentional, prefix it with an underscore: `_hue`
[INFO] [stdout] 
[INFO] [stdout] 
[INFO] [stdout] warning: unused variable: `rgba`
[INFO] [stdout]    --> src/components/color_picker.rs:121:10
[INFO] [stdout]     |
[INFO] [stdout] 121 |     let (rgba, set_rgba) = use_css_var_with_options(
[INFO] [stdout]     |          ^^^^ help: if this is intentional, prefix it with an underscore: `_rgba`
[INFO] [stdout] 
[INFO] [stdout] 
[INFO] [stdout] warning: unused variable: `hue_pointer`
[INFO] [stdout]    --> src/components/color_picker.rs:129:10
[INFO] [stdout]     |
[INFO] [stdout] 129 |     let (hue_pointer, set_hue_pointer) = use_css_var_with_options(
[INFO] [stdout]     |          ^^^^^^^^^^^ help: if this is intentional, prefix it with an underscore: `_hue_pointer`
[INFO] [stdout] 
[INFO] [stdout] 
[INFO] [stdout] warning: unused variable: `alpha_pointer`
[INFO] [stdout]    --> src/components/color_picker.rs:137:10
[INFO] [stdout]     |
[INFO] [stdout] 137 |     let (alpha_pointer, set_alpha_pointer) = use_css_var_with_options(
[INFO] [stdout]     |          ^^^^^^^^^^^^^ help: if this is intentional, prefix it with an underscore: `_alpha_pointer`
[INFO] [stdout] 
[INFO] [stdout] 
[INFO] [stdout] warning: unused variable: `saturation_pointer_top`
[INFO] [stdout]    --> src/components/color_picker.rs:145:10
[INFO] [stdout]     |
[INFO] [stdout] 145 |     let (saturation_pointer_top, set_saturation_pointer_top) = use_css_var_with_options(
[INFO] [stdout]     |          ^^^^^^^^^^^^^^^^^^^^^^ help: if this is intentional, prefix it with an underscore: `_saturation_pointer_top`
[INFO] [stdout] 
[INFO] [stdout] 
[INFO] [stdout] warning: unused variable: `saturation_pointer_left`
[INFO] [stdout]    --> src/components/color_picker.rs:153:10
[INFO] [stdout]     |
[INFO] [stdout] 153 |     let (saturation_pointer_left, set_saturation_pointer_left) = use_css_var_with_options(
[INFO] [stdout]     |          ^^^^^^^^^^^^^^^^^^^^^^^ help: if this is intentional, prefix it with an underscore: `_saturation_pointer_left`
[INFO] [stdout] 
[INFO] [stdout] 
[INFO] [stdout] warning: unused variable: `ref_div`
[INFO] [stdout]   --> src/components/hue.rs:62:10
[INFO] [stdout]    |
[INFO] [stdout] 62 |     let (ref_div, handle_start) = use_position(UsePositionProps {
[INFO] [stdout]    |          ^^^^^^^ help: if this is intentional, prefix it with an underscore: `_ref_div`
[INFO] [stdout] 
[INFO] [stdout] 
[INFO] [stdout] warning: unused variable: `ref_div`
[INFO] [stdout]   --> src/components/saturation.rs:73:10
[INFO] [stdout]    |
[INFO] [stdout] 73 |     let (ref_div, handle_start) = use_position(UsePositionProps {
[INFO] [stdout]    |          ^^^^^^^ help: if this is intentional, prefix it with an underscore: `_ref_div`
[INFO] [stdout] 
[INFO] [stdout] 
[INFO] [stdout] warning: structure field `inputBackground` should have a snake case name
[INFO] [stdout]   --> src/theme.rs:10:5
[INFO] [stdout]    |
[INFO] [stdout] 10 |     inputBackground: Color,
[INFO] [stdout]    |     ^^^^^^^^^^^^^^^ help: convert the identifier to snake case: `input_background`
[INFO] [stdout]    |
[INFO] [stdout]    = note: `#[warn(non_snake_case)]` on by default
[INFO] [stdout] 
[INFO] [stdout] 
[INFO] [stdout] warning: structure field `borderColor` should have a snake case name
[INFO] [stdout]   --> src/theme.rs:14:5
[INFO] [stdout]    |
[INFO] [stdout] 14 |     borderColor: Color,
[INFO] [stdout]    |     ^^^^^^^^^^^ help: convert the identifier to snake case: `border_color`
[INFO] [stdout] 
[INFO] [stdout] 
[INFO] [stdout] warning: structure field `borderRadius` should have a snake case name
[INFO] [stdout]   --> src/theme.rs:16:5
[INFO] [stdout]    |
[INFO] [stdout] 16 |     borderRadius: String,
[INFO] [stdout]    |     ^^^^^^^^^^^^ help: convert the identifier to snake case: `border_radius`
[INFO] [stdout] 
[INFO] [stdout] 
[INFO] [stdout] warning: structure field `boxShadow` should have a snake case name
[INFO] [stdout]   --> src/theme.rs:18:5
[INFO] [stdout]    |
[INFO] [stdout] 18 |     boxShadow: String,
[INFO] [stdout]    |     ^^^^^^^^^ help: convert the identifier to snake case: `box_shadow`
[INFO] [stdout] 
[INFO] [stdout] 
[INFO] [stdout] warning: unused import: `csscolorparser::Color`
[INFO] [stdout]  --> src/components/alpha.rs:1:5
[INFO] [stdout]   |
[INFO] [stdout] 1 | use csscolorparser::Color;
[INFO] [stdout]   |     ^^^^^^^^^^^^^^^^^^^^^
[INFO] [stdout]   |
[INFO] [stdout]   = note: `#[warn(unused_imports)]` on by default
[INFO] [stdout] 
[INFO] [stdout] 
[INFO] [stdout] warning: unused import: `leptos::logging::warn`
[INFO] [stdout]  --> src/components/alpha.rs:2:5
[INFO] [stdout]   |
[INFO] [stdout] 2 | use leptos::logging::warn;
[INFO] [stdout]   |     ^^^^^^^^^^^^^^^^^^^^^
[INFO] [stdout] 
[INFO] [stdout] 
[INFO] [stdout] warning: unused imports: `Alignment`, `AutoPlacementOptions`, `AutoPlacement`, `AutoUpdateOptions`, `DetectOverflowOptions`, `Padding`, `ShiftOptions`, and `Shift`
[INFO] [stdout]  --> src/components/color_input.rs:4:19
[INFO] [stdout]   |
[INFO] [stdout] 4 |     use_floating, Alignment, AutoPlacement, AutoPlacementOptions, AutoUpdateOptions,
[INFO] [stdout]   |                   ^^^^^^^^^  ^^^^^^^^^^^^^  ^^^^^^^^^^^^^^^^^^^^  ^^^^^^^^^^^^^^^^^
[INFO] [stdout] 5 |     DetectOverflowOptions, Flip, FlipOptions, IntoReference, MiddlewareVec, Offset, OffsetOptions,
[INFO] [stdout]   |     ^^^^^^^^^^^^^^^^^^^^^
[INFO] [stdout] 6 |     Padding, Placement, Shift, ShiftOptions, UseFloatingOptions, UseFloatingReturn,
[INFO] [stdout]   |     ^^^^^^^             ^^^^^  ^^^^^^^^^^^^
[INFO] [stdout] 
[INFO] [stdout] 
[INFO] [stdout] warning: unused import: `leptos::logging::warn`
[INFO] [stdout]  --> src/components/color_picker.rs:7:5
[INFO] [stdout]   |
[INFO] [stdout] 7 | use leptos::logging::warn;
[INFO] [stdout]   |     ^^^^^^^^^^^^^^^^^^^^^
[INFO] [stdout] 
[INFO] [stdout] 
[INFO] [stdout] warning: unused import: `csscolorparser::Color`
[INFO] [stdout]  --> src/components/hue.rs:1:5
[INFO] [stdout]   |
[INFO] [stdout] 1 | use csscolorparser::Color;
[INFO] [stdout]   |     ^^^^^^^^^^^^^^^^^^^^^
[INFO] [stdout] 
[INFO] [stdout] 
[INFO] [stdout] warning: unused import: `leptos::logging::warn`
[INFO] [stdout]  --> src/components/hue.rs:2:5
[INFO] [stdout]   |
[INFO] [stdout] 2 | use leptos::logging::warn;
[INFO] [stdout]   |     ^^^^^^^^^^^^^^^^^^^^^
[INFO] [stdout] 
[INFO] [stdout] 
[INFO] [stdout] warning: unused import: `csscolorparser::Color`
[INFO] [stdout]  --> src/components/saturation.rs:1:5
[INFO] [stdout]   |
[INFO] [stdout] 1 | use csscolorparser::Color;
[INFO] [stdout]   |     ^^^^^^^^^^^^^^^^^^^^^
[INFO] [stdout] 
[INFO] [stdout] 
[INFO] [stdout] warning: unused import: `leptos::logging::warn`
[INFO] [stdout]  --> src/components/saturation.rs:2:5
[INFO] [stdout]   |
[INFO] [stdout] 2 | use leptos::logging::warn;
[INFO] [stdout]   |     ^^^^^^^^^^^^^^^^^^^^^
[INFO] [stdout] 
[INFO] [stdout] 
[INFO] [stdout] warning: unused import: `leptos::*`
[INFO] [stdout]  --> src/mount_style.rs:2:5
[INFO] [stdout]   |
[INFO] [stdout] 2 | use leptos::*;
[INFO] [stdout]   |     ^^^^^^^^^
[INFO] [stdout] 
[INFO] [stdout] 
[INFO] [stdout] warning: unused variable: `ref_div`
[INFO] [stdout]   --> src/components/alpha.rs:62:10
[INFO] [stdout]    |
[INFO] [stdout] 62 |     let (ref_div, handle_start) = use_position(UsePositionProps {
[INFO] [stdout]    |          ^^^^^^^ help: if this is intentional, prefix it with an underscore: `_ref_div`
[INFO] [stdout]    |
[INFO] [stdout]    = note: `#[warn(unused_variables)]` on by default
[INFO] [stdout] 
[INFO] [stdout] 
[INFO] [stdout] warning: unused variable: `hue`
[INFO] [stdout]   --> src/components/color_picker.rs:72:10
[INFO] [stdout]    |
[INFO] [stdout] 72 |     let (hue, set_hue) = use_css_var_with_options(
[INFO] [stdout]    |          ^^^ help: if this is intentional, prefix it with an underscore: `_hue`
[INFO] [stdout] 
[INFO] [stdout] 
[INFO] [stdout] warning: unused variable: `rgba`
[INFO] [stdout]    --> src/components/color_picker.rs:121:10
[INFO] [stdout]     |
[INFO] [stdout] 121 |     let (rgba, set_rgba) = use_css_var_with_options(
[INFO] [stdout]     |          ^^^^ help: if this is intentional, prefix it with an underscore: `_rgba`
[INFO] [stdout] 
[INFO] [stdout] 
[INFO] [stdout] warning: unused variable: `hue_pointer`
[INFO] [stdout]    --> src/components/color_picker.rs:129:10
[INFO] [stdout]     |
[INFO] [stdout] 129 |     let (hue_pointer, set_hue_pointer) = use_css_var_with_options(
[INFO] [stdout]     |          ^^^^^^^^^^^ help: if this is intentional, prefix it with an underscore: `_hue_pointer`
[INFO] [stdout] 
[INFO] [stdout] 
[INFO] [stdout] warning: unused variable: `alpha_pointer`
[INFO] [stdout]    --> src/components/color_picker.rs:137:10
[INFO] [stdout]     |
[INFO] [stdout] 137 |     let (alpha_pointer, set_alpha_pointer) = use_css_var_with_options(
[INFO] [stdout]     |          ^^^^^^^^^^^^^ help: if this is intentional, prefix it with an underscore: `_alpha_pointer`
[INFO] [stdout] 
[INFO] [stdout] 
[INFO] [stdout] warning: unused variable: `saturation_pointer_top`
[INFO] [stdout]    --> src/components/color_picker.rs:145:10
[INFO] [stdout]     |
[INFO] [stdout] 145 |     let (saturation_pointer_top, set_saturation_pointer_top) = use_css_var_with_options(
[INFO] [stdout]     |          ^^^^^^^^^^^^^^^^^^^^^^ help: if this is intentional, prefix it with an underscore: `_saturation_pointer_top`
[INFO] [stdout] 
[INFO] [stdout] 
[INFO] [stdout] warning: unused variable: `saturation_pointer_left`
[INFO] [stdout]    --> src/components/color_picker.rs:153:10
[INFO] [stdout]     |
[INFO] [stdout] 153 |     let (saturation_pointer_left, set_saturation_pointer_left) = use_css_var_with_options(
[INFO] [stdout]     |          ^^^^^^^^^^^^^^^^^^^^^^^ help: if this is intentional, prefix it with an underscore: `_saturation_pointer_left`
[INFO] [stdout] 
[INFO] [stdout] 
[INFO] [stdout] warning: unused variable: `ref_div`
[INFO] [stdout]   --> src/components/hue.rs:62:10
[INFO] [stdout]    |
[INFO] [stdout] 62 |     let (ref_div, handle_start) = use_position(UsePositionProps {
[INFO] [stdout]    |          ^^^^^^^ help: if this is intentional, prefix it with an underscore: `_ref_div`
[INFO] [stdout] 
[INFO] [stdout] 
[INFO] [stdout] warning: unused variable: `ref_div`
[INFO] [stdout]   --> src/components/saturation.rs:73:10
[INFO] [stdout]    |
[INFO] [stdout] 73 |     let (ref_div, handle_start) = use_position(UsePositionProps {
[INFO] [stdout]    |          ^^^^^^^ help: if this is intentional, prefix it with an underscore: `_ref_div`
[INFO] [stdout] 
[INFO] [stdout] 
[INFO] [stdout] warning: structure field `inputBackground` should have a snake case name
[INFO] [stdout]   --> src/theme.rs:10:5
[INFO] [stdout]    |
[INFO] [stdout] 10 |     inputBackground: Color,
[INFO] [stdout]    |     ^^^^^^^^^^^^^^^ help: convert the identifier to snake case: `input_background`
[INFO] [stdout]    |
[INFO] [stdout]    = note: `#[warn(non_snake_case)]` on by default
[INFO] [stdout] 
[INFO] [stdout] 
[INFO] [stdout] warning: structure field `borderColor` should have a snake case name
[INFO] [stdout]   --> src/theme.rs:14:5
[INFO] [stdout]    |
[INFO] [stdout] 14 |     borderColor: Color,
[INFO] [stdout]    |     ^^^^^^^^^^^ help: convert the identifier to snake case: `border_color`
[INFO] [stdout] 
[INFO] [stdout] 
[INFO] [stdout] warning: structure field `borderRadius` should have a snake case name
[INFO] [stdout]   --> src/theme.rs:16:5
[INFO] [stdout]    |
[INFO] [stdout] 16 |     borderRadius: String,
[INFO] [stdout]    |     ^^^^^^^^^^^^ help: convert the identifier to snake case: `border_radius`
[INFO] [stdout] 
[INFO] [stdout] 
[INFO] [stdout] warning: structure field `boxShadow` should have a snake case name
[INFO] [stdout]   --> src/theme.rs:18:5
[INFO] [stdout]    |
[INFO] [stdout] 18 |     boxShadow: String,
[INFO] [stdout]    |     ^^^^^^^^^ help: convert the identifier to snake case: `box_shadow`
[INFO] [stdout] 
[INFO] [stdout] 
[INFO] [stderr]     Finished `test` profile [unoptimized + debuginfo] target(s) in 1.36s
[INFO] running `Command { std: "docker" "inspect" "61a5db678e9c065c8f4a1370297f29fa93980eebccdb9803472062d39a3da2f4", kill_on_drop: false }`
[INFO] running `Command { std: "docker" "rm" "-f" "61a5db678e9c065c8f4a1370297f29fa93980eebccdb9803472062d39a3da2f4", kill_on_drop: false }`
[INFO] [stdout] 61a5db678e9c065c8f4a1370297f29fa93980eebccdb9803472062d39a3da2f4
[INFO] running `Command { std: "docker" "create" "-v" "/var/lib/crater-agent-workspace/builds/worker-2-tc2/target:/opt/rustwide/target:rw,Z" "-v" "/var/lib/crater-agent-workspace/builds/worker-2-tc2/source:/opt/rustwide/workdir:ro,Z" "-v" "/var/lib/crater-agent-workspace/cargo-home:/opt/rustwide/cargo-home:ro,Z" "-v" "/var/lib/crater-agent-workspace/rustup-home:/opt/rustwide/rustup-home:ro,Z" "-e" "SOURCE_DIR=/opt/rustwide/workdir" "-e" "CARGO_TARGET_DIR=/opt/rustwide/target" "-e" "CARGO_INCREMENTAL=0" "-e" "RUST_BACKTRACE=full" "-e" "RUSTFLAGS=--cap-lints=warn" "-e" "RUSTDOCFLAGS=--cap-lints=warn" "-e" "CARGO_HOME=/opt/rustwide/cargo-home" "-e" "RUSTUP_HOME=/opt/rustwide/rustup-home" "-w" "/opt/rustwide/workdir" "-m" "1610612736" "--user" "0:0" "--network" "none" "ghcr.io/rust-lang/crates-build-env/linux@sha256:f3a9d4ad9d972b27faf3965f35b62e55ba32bbce8f20bc8fe909558a86702fde" "/opt/rustwide/cargo-home/bin/cargo" "+beta-2024-12-08" "test" "--frozen", kill_on_drop: false }`
[INFO] [stdout] ef88f7a552a9b34bc17b193ad725ea24d5e710d9675e878538b0a7e76505f13a
[INFO] running `Command { std: "docker" "start" "-a" "ef88f7a552a9b34bc17b193ad725ea24d5e710d9675e878538b0a7e76505f13a", kill_on_drop: false }`
[INFO] [stderr] warning: unused import: `csscolorparser::Color`
[INFO] [stderr]  --> src/components/alpha.rs:1:5
[INFO] [stderr]   |
[INFO] [stderr] 1 | use csscolorparser::Color;
[INFO] [stderr]   |     ^^^^^^^^^^^^^^^^^^^^^
[INFO] [stderr]   |
[INFO] [stderr]   = note: `#[warn(unused_imports)]` on by default
[INFO] [stderr] 
[INFO] [stderr] warning: unused import: `leptos::logging::warn`
[INFO] [stderr]  --> src/components/alpha.rs:2:5
[INFO] [stderr]   |
[INFO] [stderr] 2 | use leptos::logging::warn;
[INFO] [stderr]   |     ^^^^^^^^^^^^^^^^^^^^^
[INFO] [stderr] 
[INFO] [stderr] warning: unused imports: `Alignment`, `AutoPlacementOptions`, `AutoPlacement`, `AutoUpdateOptions`, `DetectOverflowOptions`, `Padding`, `ShiftOptions`, and `Shift`
[INFO] [stderr]  --> src/components/color_input.rs:4:19
[INFO] [stderr]   |
[INFO] [stderr] 4 |     use_floating, Alignment, AutoPlacement, AutoPlacementOptions, AutoUpdateOptions,
[INFO] [stderr]   |                   ^^^^^^^^^  ^^^^^^^^^^^^^  ^^^^^^^^^^^^^^^^^^^^  ^^^^^^^^^^^^^^^^^
[INFO] [stderr] 5 |     DetectOverflowOptions, Flip, FlipOptions, IntoReference, MiddlewareVec, Offset, OffsetOptions,
[INFO] [stderr]   |     ^^^^^^^^^^^^^^^^^^^^^
[INFO] [stderr] 6 |     Padding, Placement, Shift, ShiftOptions, UseFloatingOptions, UseFloatingReturn,
[INFO] [stderr]   |     ^^^^^^^             ^^^^^  ^^^^^^^^^^^^
[INFO] [stderr] 
[INFO] [stderr] warning: unused import: `leptos::logging::warn`
[INFO] [stderr]  --> src/components/color_picker.rs:7:5
[INFO] [stderr]   |
[INFO] [stderr] 7 | use leptos::logging::warn;
[INFO] [stderr]   |     ^^^^^^^^^^^^^^^^^^^^^
[INFO] [stderr] 
[INFO] [stderr] warning: unused import: `csscolorparser::Color`
[INFO] [stderr]  --> src/components/hue.rs:1:5
[INFO] [stderr]   |
[INFO] [stderr] 1 | use csscolorparser::Color;
[INFO] [stderr]   |     ^^^^^^^^^^^^^^^^^^^^^
[INFO] [stderr] 
[INFO] [stderr] warning: unused import: `leptos::logging::warn`
[INFO] [stderr]  --> src/components/hue.rs:2:5
[INFO] [stderr]   |
[INFO] [stderr] 2 | use leptos::logging::warn;
[INFO] [stderr]   |     ^^^^^^^^^^^^^^^^^^^^^
[INFO] [stderr] 
[INFO] [stderr] warning: unused import: `csscolorparser::Color`
[INFO] [stderr]  --> src/components/saturation.rs:1:5
[INFO] [stderr]   |
[INFO] [stderr] 1 | use csscolorparser::Color;
[INFO] [stderr]   |     ^^^^^^^^^^^^^^^^^^^^^
[INFO] [stderr] 
[INFO] [stderr] warning: unused import: `leptos::logging::warn`
[INFO] [stderr]  --> src/components/saturation.rs:2:5
[INFO] [stderr]   |
[INFO] [stderr] 2 | use leptos::logging::warn;
[INFO] [stderr]   |     ^^^^^^^^^^^^^^^^^^^^^
[INFO] [stderr] 
[INFO] [stderr] warning: unused import: `leptos::*`
[INFO] [stderr]  --> src/mount_style.rs:2:5
[INFO] [stderr]   |
[INFO] [stderr] 2 | use leptos::*;
[INFO] [stderr]   |     ^^^^^^^^^
[INFO] [stderr] 
[INFO] [stderr] warning: unused variable: `ref_div`
[INFO] [stderr]   --> src/components/alpha.rs:62:10
[INFO] [stderr]    |
[INFO] [stderr] 62 |     let (ref_div, handle_start) = use_position(UsePositionProps {
[INFO] [stderr]    |          ^^^^^^^ help: if this is intentional, prefix it with an underscore: `_ref_div`
[INFO] [stderr]    |
[INFO] [stderr]    = note: `#[warn(unused_variables)]` on by default
[INFO] [stderr] 
[INFO] [stderr] warning: unused variable: `hue`
[INFO] [stderr]   --> src/components/color_picker.rs:72:10
[INFO] [stderr]    |
[INFO] [stderr] 72 |     let (hue, set_hue) = use_css_var_with_options(
[INFO] [stderr]    |          ^^^ help: if this is intentional, prefix it with an underscore: `_hue`
[INFO] [stderr] 
[INFO] [stderr] warning: unused variable: `rgba`
[INFO] [stderr]    --> src/components/color_picker.rs:121:10
[INFO] [stderr]     |
[INFO] [stderr] 121 |     let (rgba, set_rgba) = use_css_var_with_options(
[INFO] [stderr]     |          ^^^^ help: if this is intentional, prefix it with an underscore: `_rgba`
[INFO] [stderr] 
[INFO] [stderr] warning: unused variable: `hue_pointer`
[INFO] [stderr]    --> src/components/color_picker.rs:129:10
[INFO] [stderr]     |
[INFO] [stderr] 129 |     let (hue_pointer, set_hue_pointer) = use_css_var_with_options(
[INFO] [stderr]     |          ^^^^^^^^^^^ help: if this is intentional, prefix it with an underscore: `_hue_pointer`
[INFO] [stderr] 
[INFO] [stderr] warning: unused variable: `alpha_pointer`
[INFO] [stderr]    --> src/components/color_picker.rs:137:10
[INFO] [stderr]     |
[INFO] [stderr] 137 |     let (alpha_pointer, set_alpha_pointer) = use_css_var_with_options(
[INFO] [stderr]     |          ^^^^^^^^^^^^^ help: if this is intentional, prefix it with an underscore: `_alpha_pointer`
[INFO] [stderr] 
[INFO] [stderr] warning: unused variable: `saturation_pointer_top`
[INFO] [stderr]    --> src/components/color_picker.rs:145:10
[INFO] [stderr]     |
[INFO] [stderr] 145 |     let (saturation_pointer_top, set_saturation_pointer_top) = use_css_var_with_options(
[INFO] [stderr]     |          ^^^^^^^^^^^^^^^^^^^^^^ help: if this is intentional, prefix it with an underscore: `_saturation_pointer_top`
[INFO] [stderr] 
[INFO] [stderr] warning: unused variable: `saturation_pointer_left`
[INFO] [stderr]    --> src/components/color_picker.rs:153:10
[INFO] [stderr]     |
[INFO] [stderr] 153 |     let (saturation_pointer_left, set_saturation_pointer_left) = use_css_var_with_options(
[INFO] [stderr]     |          ^^^^^^^^^^^^^^^^^^^^^^^ help: if this is intentional, prefix it with an underscore: `_saturation_pointer_left`
[INFO] [stderr] 
[INFO] [stderr] warning: unused variable: `ref_div`
[INFO] [stderr]   --> src/components/hue.rs:62:10
[INFO] [stderr]    |
[INFO] [stderr] 62 |     let (ref_div, handle_start) = use_position(UsePositionProps {
[INFO] [stderr]    |          ^^^^^^^ help: if this is intentional, prefix it with an underscore: `_ref_div`
[INFO] [stderr] 
[INFO] [stderr] warning: unused variable: `ref_div`
[INFO] [stderr]   --> src/components/saturation.rs:73:10
[INFO] [stderr]    |
[INFO] [stderr] 73 |     let (ref_div, handle_start) = use_position(UsePositionProps {
[INFO] [stderr]    |          ^^^^^^^ help: if this is intentional, prefix it with an underscore: `_ref_div`
[INFO] [stderr] 
[INFO] [stderr] warning: structure field `inputBackground` should have a snake case name
[INFO] [stderr]   --> src/theme.rs:10:5
[INFO] [stderr]    |
[INFO] [stderr] 10 |     inputBackground: Color,
[INFO] [stderr]    |     ^^^^^^^^^^^^^^^ help: convert the identifier to snake case: `input_background`
[INFO] [stderr]    |
[INFO] [stderr]    = note: `#[warn(non_snake_case)]` on by default
[INFO] [stderr] 
[INFO] [stderr] warning: structure field `borderColor` should have a snake case name
[INFO] [stderr]   --> src/theme.rs:14:5
[INFO] [stderr]    |
[INFO] [stderr] 14 |     borderColor: Color,
[INFO] [stderr]    |     ^^^^^^^^^^^ help: convert the identifier to snake case: `border_color`
[INFO] [stderr] 
[INFO] [stderr] warning: structure field `borderRadius` should have a snake case name
[INFO] [stderr]   --> src/theme.rs:16:5
[INFO] [stderr]    |
[INFO] [stderr] 16 |     borderRadius: String,
[INFO] [stderr]    |     ^^^^^^^^^^^^ help: convert the identifier to snake case: `border_radius`
[INFO] [stderr] 
[INFO] [stderr] warning: structure field `boxShadow` should have a snake case name
[INFO] [stderr]   --> src/theme.rs:18:5
[INFO] [stderr]    |
[INFO] [stderr] 18 |     boxShadow: String,
[INFO] [stderr]    |     ^^^^^^^^^ help: convert the identifier to snake case: `box_shadow`
[INFO] [stderr] 
[INFO] [stderr] warning: `leptos_color` (lib) generated 22 warnings (run `cargo fix --lib -p leptos_color` to apply 9 suggestions)
[INFO] [stderr] warning: `leptos_color` (lib test) generated 22 warnings (22 duplicates)
[INFO] [stderr]     Finished `test` profile [unoptimized + debuginfo] target(s) in 0.23s
[INFO] [stdout] 
[INFO] [stderr]      Running unittests src/lib.rs (/opt/rustwide/target/debug/deps/leptos_color-f50522013a0b32f4)
[INFO] [stdout] running 0 tests
[INFO] [stderr]    Doc-tests leptos_color
[INFO] [stdout] 
[INFO] [stdout] test result: ok. 0 passed; 0 failed; 0 ignored; 0 measured; 0 filtered out; finished in 0.00s
[INFO] [stdout] 
[INFO] [stdout] 
[INFO] [stdout] running 22 tests
[INFO] [stdout] test src/components/alpha.rs - components::alpha::Alpha (line 37) ... FAILED
[INFO] [stdout] test src/components/hue.rs - components::hue::Hue (line 36) ... FAILED
[INFO] [stdout] test src/components/color_input.rs - components::color_input::ColorInputProps (line 94) ... FAILED
[INFO] [stdout] test src/components/color_picker.rs - components::color_picker::ColorPicker (line 42) ... FAILED
[INFO] [stdout] test src/components/alpha.rs - components::alpha::__Alpha (line 37) ... FAILED
[INFO] [stdout] test src/components/color_picker.rs - components::color_picker::__ColorPicker (line 42) ... FAILED
[INFO] [stdout] test src/theme.rs - theme::Theme::custom (line 80) ... FAILED
[INFO] [stdout] test src/hooks/use_position.rs - hooks::use_position::use_position (line 35) ... FAILED
[INFO] [stdout] test src/theme.rs - theme::Theme::light (line 36) ... FAILED
[INFO] [stdout] test src/components/hue.rs - components::hue::__Hue (line 36) ... FAILED
[INFO] [stdout] test src/components/color_input.rs - components::color_input::__ColorInput (line 38) ... FAILED
[INFO] [stdout] test src/theme.rs - theme::Theme::dark (line 53) ... FAILED
[INFO] [stdout] test src/components/saturation.rs - components::saturation::SaturationProps (line 89) ... FAILED
[INFO] [stdout] test src/components/saturation.rs - components::saturation::Saturation (line 37) ... FAILED
[INFO] [stdout] test src/components/saturation.rs - components::saturation::__Saturation (line 37) ... FAILED
[INFO] [stdout] test src/components/alpha.rs - components::alpha::AlphaProps (line 86) ... FAILED
[INFO] [stdout] test src/components/color_picker.rs - components::color_picker::ColorPickerProps (line 95) ... FAILED
[INFO] [stdout] test src/components/color_input.rs - components::color_input::ColorInput (line 38) ... FAILED
[INFO] [stdout] test src/components/hue.rs - components::hue::HueProps (line 84) ... FAILED
[INFO] [stdout] test src/theme.rs - theme::Theme::to_style (line 154) ... FAILED
[INFO] [stdout] test src/theme.rs - theme::Theme::default (line 27) ... FAILED
[INFO] [stdout] test src/hooks/use_position.rs - hooks::use_position::use_position (line 55) ... FAILED
[INFO] [stdout] 
[INFO] [stdout] failures:
[INFO] [stdout] 
[INFO] [stdout] ---- src/components/alpha.rs - components::alpha::Alpha (line 37) stdout ----
[INFO] [stdout] error[E0425]: cannot find value `Alpha` in this scope
[INFO] [stdout]   --> src/components/alpha.rs:45:10
[INFO] [stdout]    |
[INFO] [stdout] 10 |         <Alpha
[INFO] [stdout]    |          ^^^^^
[INFO] [stdout]    |
[INFO] [stdout] help: a local variable with a similar name exists
[INFO] [stdout]    |
[INFO] [stdout] 10 |         <alpha
[INFO] [stdout]    |          ~~~~~
[INFO] [stdout] help: consider importing this function
[INFO] [stdout]    |
[INFO] [stdout] 2  + use leptos_color::components::alpha::Alpha;
[INFO] [stdout]    |
[INFO] [stdout] 
[INFO] [stdout] error: aborting due to 1 previous error
[INFO] [stdout] 
[INFO] [stdout] For more information about this error, try `rustc --explain E0425`.
[INFO] [stdout] Couldn't compile the test.
[INFO] [stdout] ---- src/components/hue.rs - components::hue::Hue (line 36) stdout ----
[INFO] [stdout] error[E0425]: cannot find value `Hue` in this scope
[INFO] [stdout]   --> src/components/hue.rs:44:10
[INFO] [stdout]    |
[INFO] [stdout] 10 |         <Hue
[INFO] [stdout]    |          ^^^
[INFO] [stdout]    |
[INFO] [stdout] help: a local variable with a similar name exists
[INFO] [stdout]    |
[INFO] [stdout] 10 |         <hue
[INFO] [stdout]    |          ~~~
[INFO] [stdout] help: consider importing this function
[INFO] [stdout]    |
[INFO] [stdout] 2  + use leptos_color::components::hue::Hue;
[INFO] [stdout]    |
[INFO] [stdout] 
[INFO] [stdout] error: aborting due to 1 previous error
[INFO] [stdout] 
[INFO] [stdout] For more information about this error, try `rustc --explain E0425`.
[INFO] [stdout] Couldn't compile the test.
[INFO] [stdout] ---- src/components/color_input.rs - components::color_input::ColorInputProps (line 94) stdout ----
[INFO] [stdout] error[E0425]: cannot find value `ColorInput` in this scope
[INFO] [stdout]   --> src/components/color_input.rs:103:10
[INFO] [stdout]    |
[INFO] [stdout] 11 |         <ColorInput
[INFO] [stdout]    |          ^^^^^^^^^^ not found in this scope
[INFO] [stdout]    |
[INFO] [stdout] help: consider importing this function
[INFO] [stdout]    |
[INFO] [stdout] 2  + use leptos_color::components::color_input::ColorInput;
[INFO] [stdout]    |
[INFO] [stdout] 
[INFO] [stdout] error: aborting due to 1 previous error
[INFO] [stdout] 
[INFO] [stdout] For more information about this error, try `rustc --explain E0425`.
[INFO] [stdout] Couldn't compile the test.
[INFO] [stdout] ---- src/components/color_picker.rs - components::color_picker::ColorPicker (line 42) stdout ----
[INFO] [stdout] error[E0425]: cannot find value `ColorPicker` in this scope
[INFO] [stdout]   --> src/components/color_picker.rs:51:10
[INFO] [stdout]    |
[INFO] [stdout] 11 |         <ColorPicker
[INFO] [stdout]    |          ^^^^^^^^^^^ not found in this scope
[INFO] [stdout]    |
[INFO] [stdout] help: consider importing this function
[INFO] [stdout]    |
[INFO] [stdout] 2  + use leptos_color::components::color_picker::ColorPicker;
[INFO] [stdout]    |
[INFO] [stdout] 
[INFO] [stdout] error: aborting due to 1 previous error
[INFO] [stdout] 
[INFO] [stdout] For more information about this error, try `rustc --explain E0425`.
[INFO] [stdout] Couldn't compile the test.
[INFO] [stdout] ---- src/components/alpha.rs - components::alpha::__Alpha (line 37) stdout ----
[INFO] [stdout] error[E0425]: cannot find value `Alpha` in this scope
[INFO] [stdout]   --> src/components/alpha.rs:45:10
[INFO] [stdout]    |
[INFO] [stdout] 10 |         <Alpha
[INFO] [stdout]    |          ^^^^^
[INFO] [stdout]    |
[INFO] [stdout] help: a local variable with a similar name exists
[INFO] [stdout]    |
[INFO] [stdout] 10 |         <alpha
[INFO] [stdout]    |          ~~~~~
[INFO] [stdout] help: consider importing this function
[INFO] [stdout]    |
[INFO] [stdout] 2  + use leptos_color::components::alpha::Alpha;
[INFO] [stdout]    |
[INFO] [stdout] 
[INFO] [stdout] error: aborting due to 1 previous error
[INFO] [stdout] 
[INFO] [stdout] For more information about this error, try `rustc --explain E0425`.
[INFO] [stdout] Couldn't compile the test.
[INFO] [stdout] ---- src/components/color_picker.rs - components::color_picker::__ColorPicker (line 42) stdout ----
[INFO] [stdout] error[E0425]: cannot find value `ColorPicker` in this scope
[INFO] [stdout]   --> src/components/color_picker.rs:51:10
[INFO] [stdout]    |
[INFO] [stdout] 11 |         <ColorPicker
[INFO] [stdout]    |          ^^^^^^^^^^^ not found in this scope
[INFO] [stdout]    |
[INFO] [stdout] help: consider importing this function
[INFO] [stdout]    |
[INFO] [stdout] 2  + use leptos_color::components::color_picker::ColorPicker;
[INFO] [stdout]    |
[INFO] [stdout] 
[INFO] [stdout] error: aborting due to 1 previous error
[INFO] [stdout] 
[INFO] [stdout] For more information about this error, try `rustc --explain E0425`.
[INFO] [stdout] Couldn't compile the test.
[INFO] [stdout] ---- src/theme.rs - theme::Theme::custom (line 80) stdout ----
[INFO] [stdout] error[E0433]: failed to resolve: use of undeclared type `Theme`
[INFO] [stdout]  --> src/theme.rs:83:20
[INFO] [stdout]   |
[INFO] [stdout] 5 | let custom_theme = Theme::custom(
[INFO] [stdout]   |                    ^^^^^ use of undeclared type `Theme`
[INFO] [stdout]   |
[INFO] [stdout] help: consider importing this struct
[INFO] [stdout]   |
[INFO] [stdout] 2 + use leptos_color::theme::Theme;
[INFO] [stdout]   |
[INFO] [stdout] 
[INFO] [stdout] error: aborting due to 1 previous error
[INFO] [stdout] 
[INFO] [stdout] For more information about this error, try `rustc --explain E0433`.
[INFO] [stdout] Couldn't compile the test.
[INFO] [stdout] ---- src/hooks/use_position.rs - hooks::use_position::use_position (line 35) stdout ----
[INFO] [stdout] error[E0412]: cannot find type `Callback` in this scope
[INFO] [stdout]  --> src/hooks/use_position.rs:38:18
[INFO] [stdout]   |
[INFO] [stdout] 5 |     pub on_move: Callback<(f64, f64), ()>,
[INFO] [stdout]   |                  ^^^^^^^^ not found in this scope
[INFO] [stdout]   |
[INFO] [stdout] help: consider importing this struct
[INFO] [stdout]   |
[INFO] [stdout] 2 + use leptos::Callback;
[INFO] [stdout]   |
[INFO] [stdout] 
[INFO] [stdout] error: aborting due to 1 previous error
[INFO] [stdout] 
[INFO] [stdout] For more information about this error, try `rustc --explain E0412`.
[INFO] [stdout] Couldn't compile the test.
[INFO] [stdout] ---- src/theme.rs - theme::Theme::light (line 36) stdout ----
[INFO] [stdout] error[E0433]: failed to resolve: use of undeclared type `Theme`
[INFO] [stdout]  --> src/theme.rs:37:19
[INFO] [stdout]   |
[INFO] [stdout] 3 | let light_theme = Theme::light();
[INFO] [stdout]   |                   ^^^^^ use of undeclared type `Theme`
[INFO] [stdout]   |
[INFO] [stdout] help: consider importing this struct
[INFO] [stdout]   |
[INFO] [stdout] 2 + use leptos_color::theme::Theme;
[INFO] [stdout]   |
[INFO] [stdout] 
[INFO] [stdout] error: aborting due to 1 previous error
[INFO] [stdout] 
[INFO] [stdout] For more information about this error, try `rustc --explain E0433`.
[INFO] [stdout] Couldn't compile the test.
[INFO] [stdout] ---- src/components/hue.rs - components::hue::__Hue (line 36) stdout ----
[INFO] [stdout] error[E0425]: cannot find value `Hue` in this scope
[INFO] [stdout]   --> src/components/hue.rs:44:10
[INFO] [stdout]    |
[INFO] [stdout] 10 |         <Hue
[INFO] [stdout]    |          ^^^
[INFO] [stdout]    |
[INFO] [stdout] help: a local variable with a similar name exists
[INFO] [stdout]    |
[INFO] [stdout] 10 |         <hue
[INFO] [stdout]    |          ~~~
[INFO] [stdout] help: consider importing this function
[INFO] [stdout]    |
[INFO] [stdout] 2  + use leptos_color::components::hue::Hue;
[INFO] [stdout]    |
[INFO] [stdout] 
[INFO] [stdout] error: aborting due to 1 previous error
[INFO] [stdout] 
[INFO] [stdout] For more information about this error, try `rustc --explain E0425`.
[INFO] [stdout] Couldn't compile the test.
[INFO] [stdout] ---- src/components/color_input.rs - components::color_input::__ColorInput (line 38) stdout ----
[INFO] [stdout] error[E0425]: cannot find value `ColorInput` in this scope
[INFO] [stdout]   --> src/components/color_input.rs:47:10
[INFO] [stdout]    |
[INFO] [stdout] 11 |         <ColorInput
[INFO] [stdout]    |          ^^^^^^^^^^ not found in this scope
[INFO] [stdout]    |
[INFO] [stdout] help: consider importing this function
[INFO] [stdout]    |
[INFO] [stdout] 2  + use leptos_color::components::color_input::ColorInput;
[INFO] [stdout]    |
[INFO] [stdout] 
[INFO] [stdout] error: aborting due to 1 previous error
[INFO] [stdout] 
[INFO] [stdout] For more information about this error, try `rustc --explain E0425`.
[INFO] [stdout] Couldn't compile the test.
[INFO] [stdout] ---- src/theme.rs - theme::Theme::dark (line 53) stdout ----
[INFO] [stdout] error[E0433]: failed to resolve: use of undeclared type `Theme`
[INFO] [stdout]  --> src/theme.rs:54:18
[INFO] [stdout]   |
[INFO] [stdout] 3 | let dark_theme = Theme::dark();
[INFO] [stdout]   |                  ^^^^^ use of undeclared type `Theme`
[INFO] [stdout]   |
[INFO] [stdout] help: consider importing this struct
[INFO] [stdout]   |
[INFO] [stdout] 2 + use leptos_color::theme::Theme;
[INFO] [stdout]   |
[INFO] [stdout] 
[INFO] [stdout] error: aborting due to 1 previous error
[INFO] [stdout] 
[INFO] [stdout] For more information about this error, try `rustc --explain E0433`.
[INFO] [stdout] Couldn't compile the test.
[INFO] [stdout] ---- src/components/saturation.rs - components::saturation::SaturationProps (line 89) stdout ----
[INFO] [stdout] error[E0425]: cannot find value `Saturation` in this scope
[INFO] [stdout]   --> src/components/saturation.rs:98:10
[INFO] [stdout]    |
[INFO] [stdout] 11 |         <Saturation
[INFO] [stdout]    |          ^^^^^^^^^^
[INFO] [stdout]    |
[INFO] [stdout] help: a local variable with a similar name exists (notice the capitalization difference)
[INFO] [stdout]    |
[INFO] [stdout] 11 |         <saturation
[INFO] [stdout]    |          ~~~~~~~~~~
[INFO] [stdout] help: consider importing this function
[INFO] [stdout]    |
[INFO] [stdout] 2  + use leptos_color::components::saturation::Saturation;
[INFO] [stdout]    |
[INFO] [stdout] 
[INFO] [stdout] error: aborting due to 1 previous error
[INFO] [stdout] 
[INFO] [stdout] For more information about this error, try `rustc --explain E0425`.
[INFO] [stdout] Couldn't compile the test.
[INFO] [stdout] ---- src/components/saturation.rs - components::saturation::Saturation (line 37) stdout ----
[INFO] [stdout] error[E0425]: cannot find value `Saturation` in this scope
[INFO] [stdout]   --> src/components/saturation.rs:46:10
[INFO] [stdout]    |
[INFO] [stdout] 11 |         <Saturation
[INFO] [stdout]    |          ^^^^^^^^^^
[INFO] [stdout]    |
[INFO] [stdout] help: a local variable with a similar name exists (notice the capitalization difference)
[INFO] [stdout]    |
[INFO] [stdout] 11 |         <saturation
[INFO] [stdout]    |          ~~~~~~~~~~
[INFO] [stdout] help: consider importing this function
[INFO] [stdout]    |
[INFO] [stdout] 2  + use leptos_color::components::saturation::Saturation;
[INFO] [stdout]    |
[INFO] [stdout] 
[INFO] [stdout] error: aborting due to 1 previous error
[INFO] [stdout] 
[INFO] [stdout] For more information about this error, try `rustc --explain E0425`.
[INFO] [stdout] Couldn't compile the test.
[INFO] [stdout] ---- src/components/saturation.rs - components::saturation::__Saturation (line 37) stdout ----
[INFO] [stdout] error[E0425]: cannot find value `Saturation` in this scope
[INFO] [stdout]   --> src/components/saturation.rs:46:10
[INFO] [stdout]    |
[INFO] [stdout] 11 |         <Saturation
[INFO] [stdout]    |          ^^^^^^^^^^
[INFO] [stdout]    |
[INFO] [stdout] help: a local variable with a similar name exists (notice the capitalization difference)
[INFO] [stdout]    |
[INFO] [stdout] 11 |         <saturation
[INFO] [stdout]    |          ~~~~~~~~~~
[INFO] [stdout] help: consider importing this function
[INFO] [stdout]    |
[INFO] [stdout] 2  + use leptos_color::components::saturation::Saturation;
[INFO] [stdout]    |
[INFO] [stdout] 
[INFO] [stdout] error: aborting due to 1 previous error
[INFO] [stdout] 
[INFO] [stdout] For more information about this error, try `rustc --explain E0425`.
[INFO] [stdout] Couldn't compile the test.
[INFO] [stdout] ---- src/components/alpha.rs - components::alpha::AlphaProps (line 86) stdout ----
[INFO] [stdout] error[E0425]: cannot find value `Alpha` in this scope
[INFO] [stdout]   --> src/components/alpha.rs:94:10
[INFO] [stdout]    |
[INFO] [stdout] 10 |         <Alpha
[INFO] [stdout]    |          ^^^^^
[INFO] [stdout]    |
[INFO] [stdout] help: a local variable with a similar name exists
[INFO] [stdout]    |
[INFO] [stdout] 10 |         <alpha
[INFO] [stdout]    |          ~~~~~
[INFO] [stdout] help: consider importing this function
[INFO] [stdout]    |
[INFO] [stdout] 2  + use leptos_color::components::alpha::Alpha;
[INFO] [stdout]    |
[INFO] [stdout] 
[INFO] [stdout] error: aborting due to 1 previous error
[INFO] [stdout] 
[INFO] [stdout] For more information about this error, try `rustc --explain E0425`.
[INFO] [stdout] Couldn't compile the test.
[INFO] [stdout] ---- src/components/color_picker.rs - components::color_picker::ColorPickerProps (line 95) stdout ----
[INFO] [stdout] error[E0425]: cannot find value `ColorPicker` in this scope
[INFO] [stdout]   --> src/components/color_picker.rs:104:10
[INFO] [stdout]    |
[INFO] [stdout] 11 |         <ColorPicker
[INFO] [stdout]    |          ^^^^^^^^^^^ not found in this scope
[INFO] [stdout]    |
[INFO] [stdout] help: consider importing this function
[INFO] [stdout]    |
[INFO] [stdout] 2  + use leptos_color::components::color_picker::ColorPicker;
[INFO] [stdout]    |
[INFO] [stdout] 
[INFO] [stdout] error: aborting due to 1 previous error
[INFO] [stdout] 
[INFO] [stdout] For more information about this error, try `rustc --explain E0425`.
[INFO] [stdout] Couldn't compile the test.
[INFO] [stdout] ---- src/components/color_input.rs - components::color_input::ColorInput (line 38) stdout ----
[INFO] [stdout] error[E0425]: cannot find value `ColorInput` in this scope
[INFO] [stdout]   --> src/components/color_input.rs:47:10
[INFO] [stdout]    |
[INFO] [stdout] 11 |         <ColorInput
[INFO] [stdout]    |          ^^^^^^^^^^ not found in this scope
[INFO] [stdout]    |
[INFO] [stdout] help: consider importing this function
[INFO] [stdout]    |
[INFO] [stdout] 2  + use leptos_color::components::color_input::ColorInput;
[INFO] [stdout]    |
[INFO] [stdout] 
[INFO] [stdout] error: aborting due to 1 previous error
[INFO] [stdout] 
[INFO] [stdout] For more information about this error, try `rustc --explain E0425`.
[INFO] [stdout] Couldn't compile the test.
[INFO] [stdout] ---- src/components/hue.rs - components::hue::HueProps (line 84) stdout ----
[INFO] [stdout] error[E0425]: cannot find value `Hue` in this scope
[INFO] [stdout]   --> src/components/hue.rs:92:10
[INFO] [stdout]    |
[INFO] [stdout] 10 |         <Hue
[INFO] [stdout]    |          ^^^
[INFO] [stdout]    |
[INFO] [stdout] help: a local variable with a similar name exists
[INFO] [stdout]    |
[INFO] [stdout] 10 |         <hue
[INFO] [stdout]    |          ~~~
[INFO] [stdout] help: consider importing this function
[INFO] [stdout]    |
[INFO] [stdout] 2  + use leptos_color::components::hue::Hue;
[INFO] [stdout]    |
[INFO] [stdout] 
[INFO] [stdout] error: aborting due to 1 previous error
[INFO] [stdout] 
[INFO] [stdout] For more information about this error, try `rustc --explain E0425`.
[INFO] [stdout] Couldn't compile the test.
[INFO] [stdout] ---- src/theme.rs - theme::Theme::to_style (line 154) stdout ----
[INFO] [stdout] error[E0433]: failed to resolve: use of undeclared type `Theme`
[INFO] [stdout]  --> src/theme.rs:155:13
[INFO] [stdout]   |
[INFO] [stdout] 3 | let theme = Theme::default();
[INFO] [stdout]   |             ^^^^^ use of undeclared type `Theme`
[INFO] [stdout]   |
[INFO] [stdout] help: consider importing this struct
[INFO] [stdout]   |
[INFO] [stdout] 2 + use leptos_color::theme::Theme;
[INFO] [stdout]   |
[INFO] [stdout] 
[INFO] [stdout] error: aborting due to 1 previous error
[INFO] [stdout] 
[INFO] [stdout] For more information about this error, try `rustc --explain E0433`.
[INFO] [stdout] Couldn't compile the test.
[INFO] [stdout] ---- src/theme.rs - theme::Theme::default (line 27) stdout ----
[INFO] [stdout] error[E0433]: failed to resolve: use of undeclared type `Theme`
[INFO] [stdout]  --> src/theme.rs:28:13
[INFO] [stdout]   |
[INFO] [stdout] 3 | let theme = Theme::default();
[INFO] [stdout]   |             ^^^^^ use of undeclared type `Theme`
[INFO] [stdout]   |
[INFO] [stdout] help: consider importing this struct
[INFO] [stdout]   |
[INFO] [stdout] 2 + use leptos_color::theme::Theme;
[INFO] [stdout]   |
[INFO] [stdout] 
[INFO] [stdout] error: aborting due to 1 previous error
[INFO] [stdout] 
[INFO] [stdout] For more information about this error, try `rustc --explain E0433`.
[INFO] [stdout] Couldn't compile the test.
[INFO] [stdout] ---- src/hooks/use_position.rs - hooks::use_position::use_position (line 55) stdout ----
[INFO] [stdout] error[E0422]: cannot find struct, variant or union type `UsePositionProps` in this scope
[INFO] [stdout]   --> src/hooks/use_position.rs:62:17
[INFO] [stdout]    |
[INFO] [stdout] 9  |     let props = UsePositionProps {
[INFO] [stdout]    |                 ^^^^^^^^^^^^^^^^
[INFO] [stdout]    |
[INFO] [stdout]   ::: /opt/rustwide/cargo-home/registry/src/index.crates.io-6f17d22bba15001f/leptos-0.6.15/src/transition.rs:69:1
[INFO] [stdout]    |
[INFO] [stdout] 69 | #[component(transparent)]
[INFO] [stdout]    | ------------------------- similarly named struct `TransitionProps` defined here
[INFO] [stdout]    |
[INFO] [stdout] help: a struct with a similar name exists
[INFO] [stdout]    |
[INFO] [stdout] 9  |     let props = TransitionProps {
[INFO] [stdout]    |                 ~~~~~~~~~~~~~~~
[INFO] [stdout] help: consider importing this struct
[INFO] [stdout]    |
[INFO] [stdout] 2  + use leptos_color::hooks::use_position::UsePositionProps;
[INFO] [stdout]    |
[INFO] [stdout] 
[INFO] [stdout] error[E0425]: cannot find function `use_position` in this scope
[INFO] [stdout]   --> src/hooks/use_position.rs:66:35
[INFO] [stdout]    |
[INFO] [stdout] 13 |     let (ref_div, handle_start) = use_position(props);
[INFO] [stdout]    |                                   ^^^^^^^^^^^^
[INFO] [stdout]    |
[INFO] [stdout] help: a local variable with a similar name exists
[INFO] [stdout]    |
[INFO] [stdout] 13 |     let (ref_div, handle_start) = set_position(props);
[INFO] [stdout]    |                                   ~~~~~~~~~~~~
[INFO] [stdout] help: consider importing this function
[INFO] [stdout]    |
[INFO] [stdout] 2  + use leptos_color::hooks::use_position::use_position;
[INFO] [stdout]    |
[INFO] [stdout] 
[INFO] [stdout] error: aborting due to 2 previous errors
[INFO] [stdout] 
[INFO] [stdout] Some errors have detailed explanations: E0422, E0425.
[INFO] [stdout] For more information about an error, try `rustc --explain E0422`.
[INFO] [stdout] Couldn't compile the test.
[INFO] [stdout] 
[INFO] [stdout] failures:
[INFO] [stdout]     src/components/alpha.rs - components::alpha::Alpha (line 37)
[INFO] [stdout]     src/components/alpha.rs - components::alpha::AlphaProps (line 86)
[INFO] [stdout]     src/components/alpha.rs - components::alpha::__Alpha (line 37)
[INFO] [stdout]     src/components/color_input.rs - components::color_input::ColorInput (line 38)
[INFO] [stdout]     src/components/color_input.rs - components::color_input::ColorInputProps (line 94)
[INFO] [stdout]     src/components/color_input.rs - components::color_input::__ColorInput (line 38)
[INFO] [stdout]     src/components/color_picker.rs - components::color_picker::ColorPicker (line 42)
[INFO] [stdout]     src/components/color_picker.rs - components::color_picker::ColorPickerProps (line 95)
[INFO] [stdout]     src/components/color_picker.rs - components::color_picker::__ColorPicker (line 42)
[INFO] [stdout]     src/components/hue.rs - components::hue::Hue (line 36)
[INFO] [stdout]     src/components/hue.rs - components::hue::HueProps (line 84)
[INFO] [stdout]     src/components/hue.rs - components::hue::__Hue (line 36)
[INFO] [stdout]     src/components/saturation.rs - components::saturation::Saturation (line 37)
[INFO] [stdout]     src/components/saturation.rs - components::saturation::SaturationProps (line 89)
[INFO] [stdout]     src/components/saturation.rs - components::saturation::__Saturation (line 37)
[INFO] [stdout]     src/hooks/use_position.rs - hooks::use_position::use_position (line 35)
[INFO] [stdout]     src/hooks/use_position.rs - hooks::use_position::use_position (line 55)
[INFO] [stdout]     src/theme.rs - theme::Theme::custom (line 80)
[INFO] [stdout]     src/theme.rs - theme::Theme::dark (line 53)
[INFO] [stdout]     src/theme.rs - theme::Theme::default (line 27)
[INFO] [stdout]     src/theme.rs - theme::Theme::light (line 36)
[INFO] [stdout]     src/theme.rs - theme::Theme::to_style (line 154)
[INFO] [stdout] 
[INFO] [stdout] test result: FAILED. 0 passed; 22 failed; 0 ignored; 0 measured; 0 filtered out; finished in 1.20s
[INFO] [stdout] 
[INFO] [stderr] error: doctest failed, to rerun pass `--doc`
[INFO] running `Command { std: "docker" "inspect" "ef88f7a552a9b34bc17b193ad725ea24d5e710d9675e878538b0a7e76505f13a", kill_on_drop: false }`
[INFO] running `Command { std: "docker" "rm" "-f" "ef88f7a552a9b34bc17b193ad725ea24d5e710d9675e878538b0a7e76505f13a", kill_on_drop: false }`
[INFO] [stdout] ef88f7a552a9b34bc17b193ad725ea24d5e710d9675e878538b0a7e76505f13a
