[INFO] cloning repository https://github.com/TiboX2021/One-Sided-Crossing-Minimization
[INFO] running `Command { std: "git" "-c" "credential.helper=" "-c" "credential.helper=/workspace/cargo-home/bin/git-credential-null" "clone" "--bare" "https://github.com/TiboX2021/One-Sided-Crossing-Minimization" "/workspace/cache/git-repos/https%3A%2F%2Fgithub.com%2FTiboX2021%2FOne-Sided-Crossing-Minimization", kill_on_drop: false }`
[INFO] [stderr] Cloning into bare repository '/workspace/cache/git-repos/https%3A%2F%2Fgithub.com%2FTiboX2021%2FOne-Sided-Crossing-Minimization'...
[INFO] running `Command { std: "git" "rev-parse" "HEAD", kill_on_drop: false }`
[INFO] [stdout] 9613919c5f83fe0c9c37daa8bcdb558406d25080
[INFO] testing TiboX2021/One-Sided-Crossing-Minimization against 1.83.0 for beta-1.84.0-4-retry
[INFO] running `Command { std: "git" "clone" "/workspace/cache/git-repos/https%3A%2F%2Fgithub.com%2FTiboX2021%2FOne-Sided-Crossing-Minimization" "/workspace/builds/worker-0-tc1/source", kill_on_drop: false }`
[INFO] [stderr] Cloning into '/workspace/builds/worker-0-tc1/source'...
[INFO] [stderr] done.
[INFO] validating manifest of git repo https://github.com/TiboX2021/One-Sided-Crossing-Minimization on toolchain 1.83.0
[INFO] running `Command { std: CARGO_HOME="/workspace/cargo-home" RUSTUP_HOME="/workspace/rustup-home" "/workspace/cargo-home/bin/cargo" "+1.83.0" "metadata" "--manifest-path" "Cargo.toml" "--no-deps", kill_on_drop: false }`
[INFO] started tweaking git repo https://github.com/TiboX2021/One-Sided-Crossing-Minimization
[INFO] finished tweaking git repo https://github.com/TiboX2021/One-Sided-Crossing-Minimization
[INFO] tweaked toml for git repo https://github.com/TiboX2021/One-Sided-Crossing-Minimization written to /workspace/builds/worker-0-tc1/source/Cargo.toml
[INFO] crate git repo https://github.com/TiboX2021/One-Sided-Crossing-Minimization already has a lockfile, it will not be regenerated
[INFO] running `Command { std: CARGO_HOME="/workspace/cargo-home" RUSTUP_HOME="/workspace/rustup-home" "/workspace/cargo-home/bin/cargo" "+1.83.0" "fetch" "--manifest-path" "Cargo.toml", kill_on_drop: false }`
[INFO] [stderr]     Updating crates.io index
[INFO] [stderr]  Downloading crates ...
[INFO] [stderr]   Downloaded plotters-cairo v0.5.0
[INFO] running `Command { std: "docker" "create" "-v" "/var/lib/crater-agent-workspace/builds/worker-0-tc1/target:/opt/rustwide/target:rw,Z" "-v" "/var/lib/crater-agent-workspace/builds/worker-0-tc1/source:/opt/rustwide/workdir:ro,Z" "-v" "/var/lib/crater-agent-workspace/cargo-home:/opt/rustwide/cargo-home:ro,Z" "-v" "/var/lib/crater-agent-workspace/rustup-home:/opt/rustwide/rustup-home:ro,Z" "-e" "SOURCE_DIR=/opt/rustwide/workdir" "-e" "CARGO_TARGET_DIR=/opt/rustwide/target" "-e" "CARGO_HOME=/opt/rustwide/cargo-home" "-e" "RUSTUP_HOME=/opt/rustwide/rustup-home" "-w" "/opt/rustwide/workdir" "-m" "1610612736" "--user" "0:0" "--network" "none" "ghcr.io/rust-lang/crates-build-env/linux@sha256:f3a9d4ad9d972b27faf3965f35b62e55ba32bbce8f20bc8fe909558a86702fde" "/opt/rustwide/cargo-home/bin/cargo" "+1.83.0" "metadata" "--no-deps" "--format-version=1", kill_on_drop: false }`
[INFO] [stdout] 3ca47d7cf1bb179095dc6e8f70314d44bc6c574fd79ca8fb041fec124804dc68
[INFO] running `Command { std: "docker" "start" "-a" "3ca47d7cf1bb179095dc6e8f70314d44bc6c574fd79ca8fb041fec124804dc68", kill_on_drop: false }`
[INFO] running `Command { std: "docker" "inspect" "3ca47d7cf1bb179095dc6e8f70314d44bc6c574fd79ca8fb041fec124804dc68", kill_on_drop: false }`
[INFO] running `Command { std: "docker" "rm" "-f" "3ca47d7cf1bb179095dc6e8f70314d44bc6c574fd79ca8fb041fec124804dc68", kill_on_drop: false }`
[INFO] [stdout] 3ca47d7cf1bb179095dc6e8f70314d44bc6c574fd79ca8fb041fec124804dc68
[INFO] running `Command { std: "docker" "create" "-v" "/var/lib/crater-agent-workspace/builds/worker-0-tc1/target:/opt/rustwide/target:rw,Z" "-v" "/var/lib/crater-agent-workspace/builds/worker-0-tc1/source:/opt/rustwide/workdir:ro,Z" "-v" "/var/lib/crater-agent-workspace/cargo-home:/opt/rustwide/cargo-home:ro,Z" "-v" "/var/lib/crater-agent-workspace/rustup-home:/opt/rustwide/rustup-home:ro,Z" "-e" "SOURCE_DIR=/opt/rustwide/workdir" "-e" "CARGO_TARGET_DIR=/opt/rustwide/target" "-e" "CARGO_INCREMENTAL=0" "-e" "RUST_BACKTRACE=full" "-e" "RUSTFLAGS=--cap-lints=warn" "-e" "RUSTDOCFLAGS=--cap-lints=warn" "-e" "CARGO_HOME=/opt/rustwide/cargo-home" "-e" "RUSTUP_HOME=/opt/rustwide/rustup-home" "-w" "/opt/rustwide/workdir" "-m" "1610612736" "--user" "0:0" "--network" "none" "ghcr.io/rust-lang/crates-build-env/linux@sha256:f3a9d4ad9d972b27faf3965f35b62e55ba32bbce8f20bc8fe909558a86702fde" "/opt/rustwide/cargo-home/bin/cargo" "+1.83.0" "build" "--frozen" "--message-format=json", kill_on_drop: false }`
[INFO] [stdout] 1a1a6f7ce424e8796fefec42705289fd67bbeb58a12f1e72b2849c87ed1518a0
[INFO] running `Command { std: "docker" "start" "-a" "1a1a6f7ce424e8796fefec42705289fd67bbeb58a12f1e72b2849c87ed1518a0", kill_on_drop: false }`
[INFO] [stderr]    Compiling winnow v0.5.37
[INFO] [stderr]    Compiling serde v1.0.196
[INFO] [stderr]    Compiling hashbrown v0.14.3
[INFO] [stderr]    Compiling equivalent v1.0.1
[INFO] [stderr]    Compiling target-lexicon v0.12.13
[INFO] [stderr]    Compiling smallvec v1.13.1
[INFO] [stderr]    Compiling heck v0.4.1
[INFO] [stderr]    Compiling version-compare v0.1.1
[INFO] [stderr]    Compiling pkg-config v0.3.29
[INFO] [stderr]    Compiling autocfg v1.1.0
[INFO] [stderr]    Compiling proc-macro2 v1.0.78
[INFO] [stderr]    Compiling unicode-ident v1.0.12
[INFO] [stderr]    Compiling libc v0.2.153
[INFO] [stderr]    Compiling version_check v0.9.4
[INFO] [stderr]    Compiling once_cell v1.19.0
[INFO] [stderr]    Compiling syn v1.0.109
[INFO] [stderr]    Compiling futures-core v0.3.30
[INFO] [stderr]    Compiling pin-utils v0.1.0
[INFO] [stderr]    Compiling futures-task v0.3.30
[INFO] [stderr]    Compiling pin-project-lite v0.2.13
[INFO] [stderr]    Compiling thiserror v1.0.56
[INFO] [stderr]    Compiling futures-channel v0.3.30
[INFO] [stderr]    Compiling memchr v2.7.1
[INFO] [stderr]    Compiling bitflags v2.4.2
[INFO] [stderr]    Compiling cfg-if v1.0.0
[INFO] [stderr]    Compiling slab v0.4.9
[INFO] [stderr]    Compiling num-traits v0.2.17
[INFO] [stderr]    Compiling simd-adler32 v0.3.7
[INFO] [stderr]    Compiling crc32fast v1.3.2
[INFO] [stderr]    Compiling proc-macro-error-attr v1.0.4
[INFO] [stderr]    Compiling proc-macro-error v1.0.4
[INFO] [stderr]    Compiling gio v0.18.4
[INFO] [stderr]    Compiling semver v1.0.21
[INFO] [stderr]    Compiling utf8parse v0.2.1
[INFO] [stderr]    Compiling adler v1.0.2
[INFO] [stderr]    Compiling anstyle-parse v0.2.3
[INFO] [stderr]    Compiling quote v1.0.35
[INFO] [stderr]    Compiling miniz_oxide v0.7.2
[INFO] [stderr]    Compiling colorchoice v1.0.0
[INFO] [stderr]    Compiling futures-io v0.3.30
[INFO] [stderr]    Compiling syn v2.0.48
[INFO] [stderr]    Compiling indexmap v2.2.2
[INFO] [stderr]    Compiling anstyle-query v1.0.2
[INFO] [stderr]    Compiling cfg-expr v0.15.6
[INFO] [stderr]    Compiling anstyle v1.0.5
[INFO] [stderr]    Compiling fdeflate v0.3.4
[INFO] [stderr]    Compiling ahash v0.8.9
[INFO] [stderr]    Compiling color_quant v1.1.0
[INFO] [stderr]    Compiling anstream v0.6.11
[INFO] [stderr]    Compiling strsim v0.11.0
[INFO] [stderr]    Compiling plotters-backend v0.3.5
[INFO] [stderr]    Compiling flate2 v1.0.28
[INFO] [stderr]    Compiling bitflags v1.3.2
[INFO] [stderr]    Compiling clap_lex v0.7.0
[INFO] [stderr]    Compiling getrandom v0.2.12
[INFO] [stderr]    Compiling rustc_version v0.4.0
[INFO] [stderr]    Compiling memoffset v0.9.0
[INFO] [stderr]    Compiling weezl v0.1.8
[INFO] [stderr]    Compiling clap_builder v4.5.2
[INFO] [stderr]    Compiling jpeg-decoder v0.3.1
[INFO] [stderr]    Compiling zerocopy v0.7.32
[INFO] [stderr]    Compiling anyhow v1.0.79
[INFO] [stderr]    Compiling byteorder v1.5.0
[INFO] [stderr]    Compiling bytemuck v1.14.1
[INFO] [stderr]    Compiling png v0.17.11
[INFO] [stderr]    Compiling ordered-float v4.2.0
[INFO] [stderr]    Compiling field-offset v0.3.6
[INFO] [stderr]    Compiling gif v0.12.0
[INFO] [stderr]    Compiling plotters v0.3.5
[INFO] [stderr]    Compiling ocm-parser v0.1.0 (/opt/rustwide/workdir/ocm-parser)
[INFO] [stderr]    Compiling image v0.24.8
[INFO] [stderr]    Compiling toml_datetime v0.6.3
[INFO] [stderr]    Compiling serde_spanned v0.6.5
[INFO] [stderr]    Compiling toml_edit v0.20.2
[INFO] [stderr]    Compiling toml_edit v0.19.15
[INFO] [stderr]    Compiling plotters-bitmap v0.3.3
[INFO] [stderr]    Compiling futures-macro v0.3.30
[INFO] [stderr]    Compiling thiserror-impl v1.0.56
[INFO] [stderr]    Compiling clap_derive v4.5.3
[INFO] [stderr]    Compiling proc-macro-crate v1.3.1
[INFO] [stderr]    Compiling gtk4-macros v0.7.2
[INFO] [stderr]    Compiling toml v0.8.2
[INFO] [stderr]    Compiling proc-macro-crate v2.0.2
[INFO] [stderr]    Compiling futures-util v0.3.30
[INFO] [stderr]    Compiling system-deps v6.2.0
[INFO] [stderr]    Compiling glib-macros v0.18.5
[INFO] [stderr]    Compiling clap v4.5.3
[INFO] [stderr]    Compiling glib-sys v0.18.1
[INFO] [stderr]    Compiling gobject-sys v0.18.0
[INFO] [stderr]    Compiling gio-sys v0.18.1
[INFO] [stderr]    Compiling cairo-sys-rs v0.18.2
[INFO] [stderr]    Compiling pango-sys v0.18.0
[INFO] [stderr]    Compiling gdk-pixbuf-sys v0.18.0
[INFO] [stderr]    Compiling graphene-sys v0.18.1
[INFO] [stderr]    Compiling gdk4-sys v0.7.2
[INFO] [stderr]    Compiling gsk4-sys v0.7.3
[INFO] [stderr]    Compiling gtk4-sys v0.7.3
[INFO] [stderr]    Compiling ocm-solver v0.1.0 (/opt/rustwide/workdir/ocm-solver)
[INFO] [stderr]    Compiling ocm-plotter v0.1.0 (/opt/rustwide/workdir/ocm-plotter)
[INFO] [stderr]    Compiling ocm-cli v0.1.0 (/opt/rustwide/workdir/ocm-cli)
[INFO] [stderr]    Compiling futures-executor v0.3.30
[INFO] [stderr]    Compiling glib v0.18.5
[INFO] [stderr]    Compiling cairo-rs v0.18.5
[INFO] [stderr]    Compiling graphene-rs v0.18.1
[INFO] [stderr]    Compiling plotters-cairo v0.5.0
[INFO] [stderr]    Compiling gdk-pixbuf v0.18.5
[INFO] [stderr]    Compiling pango v0.18.3
[INFO] [stderr]    Compiling gdk4 v0.7.3
[INFO] [stderr]    Compiling gsk4 v0.7.3
[INFO] [stderr]    Compiling gtk4 v0.7.3
[INFO] [stderr]    Compiling ocm-gtk v0.1.0 (/opt/rustwide/workdir/ocm-gtk)
[INFO] [stderr]     Finished `dev` profile [unoptimized + debuginfo] target(s) in 2m 16s
[INFO] running `Command { std: "docker" "inspect" "1a1a6f7ce424e8796fefec42705289fd67bbeb58a12f1e72b2849c87ed1518a0", kill_on_drop: false }`
[INFO] running `Command { std: "docker" "rm" "-f" "1a1a6f7ce424e8796fefec42705289fd67bbeb58a12f1e72b2849c87ed1518a0", kill_on_drop: false }`
[INFO] [stdout] 1a1a6f7ce424e8796fefec42705289fd67bbeb58a12f1e72b2849c87ed1518a0
[INFO] running `Command { std: "docker" "create" "-v" "/var/lib/crater-agent-workspace/builds/worker-0-tc1/target:/opt/rustwide/target:rw,Z" "-v" "/var/lib/crater-agent-workspace/builds/worker-0-tc1/source:/opt/rustwide/workdir:ro,Z" "-v" "/var/lib/crater-agent-workspace/cargo-home:/opt/rustwide/cargo-home:ro,Z" "-v" "/var/lib/crater-agent-workspace/rustup-home:/opt/rustwide/rustup-home:ro,Z" "-e" "SOURCE_DIR=/opt/rustwide/workdir" "-e" "CARGO_TARGET_DIR=/opt/rustwide/target" "-e" "CARGO_INCREMENTAL=0" "-e" "RUST_BACKTRACE=full" "-e" "RUSTFLAGS=--cap-lints=warn" "-e" "RUSTDOCFLAGS=--cap-lints=warn" "-e" "CARGO_HOME=/opt/rustwide/cargo-home" "-e" "RUSTUP_HOME=/opt/rustwide/rustup-home" "-w" "/opt/rustwide/workdir" "-m" "1610612736" "--user" "0:0" "--network" "none" "ghcr.io/rust-lang/crates-build-env/linux@sha256:f3a9d4ad9d972b27faf3965f35b62e55ba32bbce8f20bc8fe909558a86702fde" "/opt/rustwide/cargo-home/bin/cargo" "+1.83.0" "test" "--frozen" "--no-run" "--message-format=json", kill_on_drop: false }`
[INFO] [stdout] ccea7418c0d1af950e12cb1cf2ab214b234c14c9ad979521f82ebdfb73ad25c3
[INFO] running `Command { std: "docker" "start" "-a" "ccea7418c0d1af950e12cb1cf2ab214b234c14c9ad979521f82ebdfb73ad25c3", kill_on_drop: false }`
[INFO] [stderr]    Compiling crossbeam-utils v0.8.19
[INFO] [stderr]    Compiling rayon-core v1.12.1
[INFO] [stderr]    Compiling same-file v1.0.6
[INFO] [stderr]    Compiling either v1.10.0
[INFO] [stderr]    Compiling ocm-plotter v0.1.0 (/opt/rustwide/workdir/ocm-plotter)
[INFO] [stderr]    Compiling ocm-parser v0.1.0 (/opt/rustwide/workdir/ocm-parser)
[INFO] [stderr]    Compiling ocm-cli v0.1.0 (/opt/rustwide/workdir/ocm-cli)
[INFO] [stderr]    Compiling ocm-gtk v0.1.0 (/opt/rustwide/workdir/ocm-gtk)
[INFO] [stderr]    Compiling walkdir v2.5.0
[INFO] [stderr]    Compiling crossbeam-epoch v0.9.18
[INFO] [stderr]    Compiling crossbeam-deque v0.8.5
[INFO] [stderr]    Compiling rayon v1.10.0
[INFO] [stderr]    Compiling ocm-solver v0.1.0 (/opt/rustwide/workdir/ocm-solver)
[INFO] [stderr]     Finished `test` profile [unoptimized + debuginfo] target(s) in 7.59s
[INFO] running `Command { std: "docker" "inspect" "ccea7418c0d1af950e12cb1cf2ab214b234c14c9ad979521f82ebdfb73ad25c3", kill_on_drop: false }`
[INFO] running `Command { std: "docker" "rm" "-f" "ccea7418c0d1af950e12cb1cf2ab214b234c14c9ad979521f82ebdfb73ad25c3", kill_on_drop: false }`
[INFO] [stdout] ccea7418c0d1af950e12cb1cf2ab214b234c14c9ad979521f82ebdfb73ad25c3
[INFO] running `Command { std: "docker" "create" "-v" "/var/lib/crater-agent-workspace/builds/worker-0-tc1/target:/opt/rustwide/target:rw,Z" "-v" "/var/lib/crater-agent-workspace/builds/worker-0-tc1/source:/opt/rustwide/workdir:ro,Z" "-v" "/var/lib/crater-agent-workspace/cargo-home:/opt/rustwide/cargo-home:ro,Z" "-v" "/var/lib/crater-agent-workspace/rustup-home:/opt/rustwide/rustup-home:ro,Z" "-e" "SOURCE_DIR=/opt/rustwide/workdir" "-e" "CARGO_TARGET_DIR=/opt/rustwide/target" "-e" "CARGO_INCREMENTAL=0" "-e" "RUST_BACKTRACE=full" "-e" "RUSTFLAGS=--cap-lints=warn" "-e" "RUSTDOCFLAGS=--cap-lints=warn" "-e" "CARGO_HOME=/opt/rustwide/cargo-home" "-e" "RUSTUP_HOME=/opt/rustwide/rustup-home" "-w" "/opt/rustwide/workdir" "-m" "1610612736" "--user" "0:0" "--network" "none" "ghcr.io/rust-lang/crates-build-env/linux@sha256:f3a9d4ad9d972b27faf3965f35b62e55ba32bbce8f20bc8fe909558a86702fde" "/opt/rustwide/cargo-home/bin/cargo" "+1.83.0" "test" "--frozen", kill_on_drop: false }`
[INFO] [stdout] 3af4004442bf48eab479eb361d0c4314e12c6a7ed7cb0a2979c4be736858dc4e
[INFO] running `Command { std: "docker" "start" "-a" "3af4004442bf48eab479eb361d0c4314e12c6a7ed7cb0a2979c4be736858dc4e", kill_on_drop: false }`
[INFO] [stderr]     Finished `test` profile [unoptimized + debuginfo] target(s) in 0.16s
[INFO] [stderr]      Running unittests src/main.rs (/opt/rustwide/target/debug/deps/ocm_cli-8ef898730d71d851)
[INFO] [stdout] 
[INFO] [stdout] running 0 tests
[INFO] [stdout] 
[INFO] [stderr]      Running unittests src/main.rs (/opt/rustwide/target/debug/deps/ocm_gtk-dae5c61256da4064)
[INFO] [stdout] test result: ok. 0 passed; 0 failed; 0 ignored; 0 measured; 0 filtered out; finished in 0.00s
[INFO] [stdout] 
[INFO] [stdout] 
[INFO] [stdout] running 0 tests
[INFO] [stdout] 
[INFO] [stdout] test result: ok. 0 passed; 0 failed; 0 ignored; 0 measured; 0 filtered out; finished in 0.00s
[INFO] [stdout] 
[INFO] [stderr]      Running unittests src/lib.rs (/opt/rustwide/target/debug/deps/ocm_parser-0802a7ed81ea4769)
[INFO] [stdout] 
[INFO] [stdout] running 0 tests
[INFO] [stdout] 
[INFO] [stdout] test result: ok. 0 passed; 0 failed; 0 ignored; 0 measured; 0 filtered out; finished in 0.00s
[INFO] [stdout] 
[INFO] [stderr]      Running unittests src/lib.rs (/opt/rustwide/target/debug/deps/ocm_plotter-1fe2f68f8fcae4c5)
[INFO] [stdout] 
[INFO] [stdout] running 0 tests
[INFO] [stdout] 
[INFO] [stdout] test result: ok. 0 passed; 0 failed; 0 ignored; 0 measured; 0 filtered out; finished in 0.00s
[INFO] [stdout] 
[INFO] [stderr]      Running unittests src/lib.rs (/opt/rustwide/target/debug/deps/ocm_solver-64cccde1149437aa)
[INFO] [stdout] 
[INFO] [stdout] running 2 tests
[INFO] [stdout] test tests::it_works ... ok
[INFO] [stdout] test crossings::tests::benchmark_crossings ... FAILED
[INFO] [stdout] 
[INFO] [stdout] failures:
[INFO] [stdout] 
[INFO] [stdout] ---- crossings::tests::benchmark_crossings stdout ----
[INFO] [stdout] Benchmarking crossings...
[INFO] [stdout] thread 'crossings::tests::benchmark_crossings' panicked at ocm-solver/src/crossings.rs:119:63:
[INFO] [stdout] called `Result::unwrap()` on an `Err` value: Os { code: 30, kind: ReadOnlyFilesystem, message: "Read-only file system" }
[INFO] [stdout] stack backtrace:
[INFO] [stdout]    0:     0x5be6cd3232ba - std::backtrace_rs::backtrace::libunwind::trace::h5a5b8284f2d0c266
[INFO] [stdout]                                at /rustc/90b35a6239c3d8bdabc530a6a0816f7ff89a0aaf/library/std/src/../../backtrace/src/backtrace/libunwind.rs:116:5
[INFO] [stdout]    1:     0x5be6cd3232ba - std::backtrace_rs::backtrace::trace_unsynchronized::h76d4f1c9b0b875e3
[INFO] [stdout]                                at /rustc/90b35a6239c3d8bdabc530a6a0816f7ff89a0aaf/library/std/src/../../backtrace/src/backtrace/mod.rs:66:5
[INFO] [stdout]    2:     0x5be6cd3232ba - std::sys::backtrace::_print_fmt::hc4546b8364a537c6
[INFO] [stdout]                                at /rustc/90b35a6239c3d8bdabc530a6a0816f7ff89a0aaf/library/std/src/sys/backtrace.rs:66:9
[INFO] [stdout]    3:     0x5be6cd3232ba - <std::sys::backtrace::BacktraceLock::print::DisplayBacktrace as core::fmt::Display>::fmt::h5b6bd5631a6d1f6b
[INFO] [stdout]                                at /rustc/90b35a6239c3d8bdabc530a6a0816f7ff89a0aaf/library/std/src/sys/backtrace.rs:39:26
[INFO] [stdout]    4:     0x5be6cd349693 - core::fmt::rt::Argument::fmt::h270f6602a2b96f62
[INFO] [stdout]                                at /rustc/90b35a6239c3d8bdabc530a6a0816f7ff89a0aaf/library/core/src/fmt/rt.rs:177:76
[INFO] [stdout]    5:     0x5be6cd349693 - core::fmt::write::h7550c97b06c86515
[INFO] [stdout]                                at /rustc/90b35a6239c3d8bdabc530a6a0816f7ff89a0aaf/library/core/src/fmt/mod.rs:1186:21
[INFO] [stdout]    6:     0x5be6cd320273 - std::io::Write::write_fmt::h509ff860e5956e5e
[INFO] [stdout]                                at /rustc/90b35a6239c3d8bdabc530a6a0816f7ff89a0aaf/library/std/src/io/mod.rs:1839:15
[INFO] [stdout]    7:     0x5be6cd323102 - std::sys::backtrace::BacktraceLock::print::h2395ccd2c84ba3aa
[INFO] [stdout]                                at /rustc/90b35a6239c3d8bdabc530a6a0816f7ff89a0aaf/library/std/src/sys/backtrace.rs:42:9
[INFO] [stdout]    8:     0x5be6cd32471a - std::panicking::default_hook::{{closure}}::he19d4c7230e07961
[INFO] [stdout]                                at /rustc/90b35a6239c3d8bdabc530a6a0816f7ff89a0aaf/library/std/src/panicking.rs:268:22
[INFO] [stdout]    9:     0x5be6cd324524 - std::panicking::default_hook::hf614597d3c67bbdb
[INFO] [stdout]                                at /rustc/90b35a6239c3d8bdabc530a6a0816f7ff89a0aaf/library/std/src/panicking.rs:292:9
[INFO] [stdout]   10:     0x5be6cd2a5969 - <alloc::boxed::Box<F,A> as core::ops::function::Fn<Args>>::call::h39b51ce4599c23d1
[INFO] [stdout]                                at /rustc/90b35a6239c3d8bdabc530a6a0816f7ff89a0aaf/library/alloc/src/boxed.rs:2468:9
[INFO] [stdout]   11:     0x5be6cd2a5969 - test::test_main::{{closure}}::he977ae839a582784
[INFO] [stdout]                                at /rustc/90b35a6239c3d8bdabc530a6a0816f7ff89a0aaf/library/test/src/lib.rs:133:21
[INFO] [stdout]   12:     0x5be6cd324db8 - <alloc::boxed::Box<F,A> as core::ops::function::Fn<Args>>::call::h9455091b6b06f9fb
[INFO] [stdout]                                at /rustc/90b35a6239c3d8bdabc530a6a0816f7ff89a0aaf/library/alloc/src/boxed.rs:2468:9
[INFO] [stdout]   13:     0x5be6cd324db8 - std::panicking::rust_panic_with_hook::h8942133a8b252070
[INFO] [stdout]                                at /rustc/90b35a6239c3d8bdabc530a6a0816f7ff89a0aaf/library/std/src/panicking.rs:809:13
[INFO] [stdout]   14:     0x5be6cd324b7a - std::panicking::begin_panic_handler::{{closure}}::hb5f5963570096b29
[INFO] [stdout]                                at /rustc/90b35a6239c3d8bdabc530a6a0816f7ff89a0aaf/library/std/src/panicking.rs:674:13
[INFO] [stdout]   15:     0x5be6cd323799 - std::sys::backtrace::__rust_end_short_backtrace::h6208cedc1922feda
[INFO] [stdout]                                at /rustc/90b35a6239c3d8bdabc530a6a0816f7ff89a0aaf/library/std/src/sys/backtrace.rs:170:18
[INFO] [stdout]   16:     0x5be6cd32480c - rust_begin_unwind
[INFO] [stdout]                                at /rustc/90b35a6239c3d8bdabc530a6a0816f7ff89a0aaf/library/std/src/panicking.rs:665:5
[INFO] [stdout]   17:     0x5be6cd257b30 - core::panicking::panic_fmt::h0c3082644d1bf418
[INFO] [stdout]                                at /rustc/90b35a6239c3d8bdabc530a6a0816f7ff89a0aaf/library/core/src/panicking.rs:74:14
[INFO] [stdout]   18:     0x5be6cd257f76 - core::result::unwrap_failed::hd20b4aa073bda1e2
[INFO] [stdout]                                at /rustc/90b35a6239c3d8bdabc530a6a0816f7ff89a0aaf/library/core/src/result.rs:1700:5
[INFO] [stdout]   19:     0x5be6cd268b5a - core::result::Result<T,E>::unwrap::hcb667f4ede9267c7
[INFO] [stdout]                                at /rustc/90b35a6239c3d8bdabc530a6a0816f7ff89a0aaf/library/core/src/result.rs:1104:23
[INFO] [stdout]   20:     0x5be6cd268b5a - ocm_solver::crossings::tests::benchmark_crossings::hbf88286a7e61f84e
[INFO] [stdout]                                at /opt/rustwide/workdir/ocm-solver/src/crossings.rs:119:20
[INFO] [stdout]   21:     0x5be6cd268927 - ocm_solver::crossings::tests::benchmark_crossings::{{closure}}::h4ba429da921b8c90
[INFO] [stdout]                                at /opt/rustwide/workdir/ocm-solver/src/crossings.rs:105:29
[INFO] [stdout]   22:     0x5be6cd265476 - core::ops::function::FnOnce::call_once::h30389602cffe42c8
[INFO] [stdout]                                at /rustc/90b35a6239c3d8bdabc530a6a0816f7ff89a0aaf/library/core/src/ops/function.rs:250:5
[INFO] [stdout]   23:     0x5be6cd2aa32b - core::ops::function::FnOnce::call_once::h109cf8051a59b34e
[INFO] [stdout]                                at /rustc/90b35a6239c3d8bdabc530a6a0816f7ff89a0aaf/library/core/src/ops/function.rs:250:5
[INFO] [stdout]   24:     0x5be6cd2aa32b - test::__rust_begin_short_backtrace::hf4fff89d377446ba
[INFO] [stdout]                                at /rustc/90b35a6239c3d8bdabc530a6a0816f7ff89a0aaf/library/test/src/lib.rs:621:18
[INFO] [stdout]   25:     0x5be6cd2a9b67 - test::run_test_in_process::{{closure}}::h0e39181dd7ee5a43
[INFO] [stdout]                                at /rustc/90b35a6239c3d8bdabc530a6a0816f7ff89a0aaf/library/test/src/lib.rs:644:60
[INFO] [stdout]   26:     0x5be6cd2a9b67 - <core::panic::unwind_safe::AssertUnwindSafe<F> as core::ops::function::FnOnce<()>>::call_once::hc5a66a30f0bdfd1f
[INFO] [stdout]                                at /rustc/90b35a6239c3d8bdabc530a6a0816f7ff89a0aaf/library/core/src/panic/unwind_safe.rs:272:9
[INFO] [stdout]   27:     0x5be6cd2a9b67 - std::panicking::try::do_call::h873b7cf639554a5e
[INFO] [stdout]                                at /rustc/90b35a6239c3d8bdabc530a6a0816f7ff89a0aaf/library/std/src/panicking.rs:557:40
[INFO] [stdout]   28:     0x5be6cd2a9b67 - std::panicking::try::hdb19862fad9c8bd1
[INFO] [stdout]                                at /rustc/90b35a6239c3d8bdabc530a6a0816f7ff89a0aaf/library/std/src/panicking.rs:520:19
[INFO] [stdout]   29:     0x5be6cd2a9b67 - std::panic::catch_unwind::h281fe732d236d260
[INFO] [stdout]                                at /rustc/90b35a6239c3d8bdabc530a6a0816f7ff89a0aaf/library/std/src/panic.rs:358:14
[INFO] [stdout]   30:     0x5be6cd2a9b67 - test::run_test_in_process::h949b6df8457ed338
[INFO] [stdout]                                at /rustc/90b35a6239c3d8bdabc530a6a0816f7ff89a0aaf/library/test/src/lib.rs:644:27
[INFO] [stdout]   31:     0x5be6cd2a9b67 - test::run_test::{{closure}}::h52c556a6d4740e10
[INFO] [stdout]                                at /rustc/90b35a6239c3d8bdabc530a6a0816f7ff89a0aaf/library/test/src/lib.rs:565:43
[INFO] [stdout]   32:     0x5be6cd26ee44 - test::run_test::{{closure}}::h4237f6381c45ccb9
[INFO] [stdout]                                at /rustc/90b35a6239c3d8bdabc530a6a0816f7ff89a0aaf/library/test/src/lib.rs:595:41
[INFO] [stdout]   33:     0x5be6cd26ee44 - std::sys::backtrace::__rust_begin_short_backtrace::h505c97a579eca628
[INFO] [stdout]                                at /rustc/90b35a6239c3d8bdabc530a6a0816f7ff89a0aaf/library/std/src/sys/backtrace.rs:154:18
[INFO] [stdout]   34:     0x5be6cd27250e - std::thread::Builder::spawn_unchecked_::{{closure}}::{{closure}}::h9e86b2e2bc107ea3
[INFO] [stdout]                                at /rustc/90b35a6239c3d8bdabc530a6a0816f7ff89a0aaf/library/std/src/thread/mod.rs:538:17
[INFO] [stdout]   35:     0x5be6cd27250e - <core::panic::unwind_safe::AssertUnwindSafe<F> as core::ops::function::FnOnce<()>>::call_once::h8b06ddb275ff4a25
[INFO] [stdout]                                at /rustc/90b35a6239c3d8bdabc530a6a0816f7ff89a0aaf/library/core/src/panic/unwind_safe.rs:272:9
[INFO] [stdout]   36:     0x5be6cd27250e - std::panicking::try::do_call::hb26ecd7cd9a9355d
[INFO] [stdout]                                at /rustc/90b35a6239c3d8bdabc530a6a0816f7ff89a0aaf/library/std/src/panicking.rs:557:40
[INFO] [stdout]   37:     0x5be6cd27250e - std::panicking::try::h8ddeca9d705f9069
[INFO] [stdout]                                at /rustc/90b35a6239c3d8bdabc530a6a0816f7ff89a0aaf/library/std/src/panicking.rs:520:19
[INFO] [stdout]   38:     0x5be6cd27250e - std::panic::catch_unwind::h49e1c33078844c46
[INFO] [stdout]                                at /rustc/90b35a6239c3d8bdabc530a6a0816f7ff89a0aaf/library/std/src/panic.rs:358:14
[INFO] [stdout]   39:     0x5be6cd27250e - std::thread::Builder::spawn_unchecked_::{{closure}}::h6073db6ff56ad35d
[INFO] [stdout]                                at /rustc/90b35a6239c3d8bdabc530a6a0816f7ff89a0aaf/library/std/src/thread/mod.rs:537:30
[INFO] [stdout]   40:     0x5be6cd27250e - core::ops::function::FnOnce::call_once{{vtable.shim}}::h2c5a5f3779c774f1
[INFO] [stdout]                                at /rustc/90b35a6239c3d8bdabc530a6a0816f7ff89a0aaf/library/core/src/ops/function.rs:250:5
[INFO] [stdout]   41:     0x5be6cd32941b - <alloc::boxed::Box<F,A> as core::ops::function::FnOnce<Args>>::call_once::hf75717d9f28faebf
[INFO] [stdout]                                at /rustc/90b35a6239c3d8bdabc530a6a0816f7ff89a0aaf/library/alloc/src/boxed.rs:2454:9
[INFO] [stdout]   42:     0x5be6cd32941b - <alloc::boxed::Box<F,A> as core::ops::function::FnOnce<Args>>::call_once::h7bd883a5f3c5f3c1
[INFO] [stdout]                                at /rustc/90b35a6239c3d8bdabc530a6a0816f7ff89a0aaf/library/alloc/src/boxed.rs:2454:9
[INFO] [stdout]   43:     0x5be6cd32941b - std::sys::pal::unix::thread::Thread::new::thread_start::hcc78f3943333fa94
[INFO] [stdout]                                at /rustc/90b35a6239c3d8bdabc530a6a0816f7ff89a0aaf/library/std/src/sys/pal/unix/thread.rs:105:17
[INFO] [stdout]   44:     0x79ab631cdac3 - <unknown>
[INFO] [stdout]   45:     0x79ab6325ea04 - clone
[INFO] [stdout]   46:                0x0 - <unknown>
[INFO] [stdout] 
[INFO] [stdout] 
[INFO] [stdout] failures:
[INFO] [stdout]     crossings::tests::benchmark_crossings
[INFO] [stdout] 
[INFO] [stdout] test result: FAILED. 1 passed; 1 failed; 0 ignored; 0 measured; 0 filtered out; finished in 0.06s
[INFO] [stdout] 
[INFO] [stderr] error: test failed, to rerun pass `-p ocm-solver --lib`
[INFO] running `Command { std: "docker" "inspect" "3af4004442bf48eab479eb361d0c4314e12c6a7ed7cb0a2979c4be736858dc4e", kill_on_drop: false }`
[INFO] running `Command { std: "docker" "rm" "-f" "3af4004442bf48eab479eb361d0c4314e12c6a7ed7cb0a2979c4be736858dc4e", kill_on_drop: false }`
[INFO] [stdout] 3af4004442bf48eab479eb361d0c4314e12c6a7ed7cb0a2979c4be736858dc4e
