[INFO] cloning repository https://github.com/Thomas-Mewily/typed_index
[INFO] running `Command { std: "git" "-c" "credential.helper=" "-c" "credential.helper=/workspace/cargo-home/bin/git-credential-null" "clone" "--bare" "https://github.com/Thomas-Mewily/typed_index" "/workspace/cache/git-repos/https%3A%2F%2Fgithub.com%2FThomas-Mewily%2Ftyped_index", kill_on_drop: false }`
[INFO] [stderr] Cloning into bare repository '/workspace/cache/git-repos/https%3A%2F%2Fgithub.com%2FThomas-Mewily%2Ftyped_index'...
[INFO] running `Command { std: "git" "rev-parse" "HEAD", kill_on_drop: false }`
[INFO] [stdout] 6af4abcab774632809e813ff649149c5809babf9
[INFO] testing Thomas-Mewily/typed_index against 1.83.0 for beta-1.84.0-4-retry
[INFO] running `Command { std: "git" "clone" "/workspace/cache/git-repos/https%3A%2F%2Fgithub.com%2FThomas-Mewily%2Ftyped_index" "/workspace/builds/worker-2-tc1/source", kill_on_drop: false }`
[INFO] [stderr] Cloning into '/workspace/builds/worker-2-tc1/source'...
[INFO] [stderr] done.
[INFO] validating manifest of git repo https://github.com/Thomas-Mewily/typed_index on toolchain 1.83.0
[INFO] running `Command { std: CARGO_HOME="/workspace/cargo-home" RUSTUP_HOME="/workspace/rustup-home" "/workspace/cargo-home/bin/cargo" "+1.83.0" "metadata" "--manifest-path" "Cargo.toml" "--no-deps", kill_on_drop: false }`
[INFO] started tweaking git repo https://github.com/Thomas-Mewily/typed_index
[INFO] finished tweaking git repo https://github.com/Thomas-Mewily/typed_index
[INFO] tweaked toml for git repo https://github.com/Thomas-Mewily/typed_index written to /workspace/builds/worker-2-tc1/source/Cargo.toml
[INFO] crate git repo https://github.com/Thomas-Mewily/typed_index already has a lockfile, it will not be regenerated
[INFO] running `Command { std: CARGO_HOME="/workspace/cargo-home" RUSTUP_HOME="/workspace/rustup-home" "/workspace/cargo-home/bin/cargo" "+1.83.0" "fetch" "--manifest-path" "Cargo.toml", kill_on_drop: false }`
[INFO] [stderr]     Blocking waiting for file lock on package cache
[INFO] running `Command { std: "docker" "create" "-v" "/var/lib/crater-agent-workspace/builds/worker-2-tc1/target:/opt/rustwide/target:rw,Z" "-v" "/var/lib/crater-agent-workspace/builds/worker-2-tc1/source:/opt/rustwide/workdir:ro,Z" "-v" "/var/lib/crater-agent-workspace/cargo-home:/opt/rustwide/cargo-home:ro,Z" "-v" "/var/lib/crater-agent-workspace/rustup-home:/opt/rustwide/rustup-home:ro,Z" "-e" "SOURCE_DIR=/opt/rustwide/workdir" "-e" "CARGO_TARGET_DIR=/opt/rustwide/target" "-e" "CARGO_HOME=/opt/rustwide/cargo-home" "-e" "RUSTUP_HOME=/opt/rustwide/rustup-home" "-w" "/opt/rustwide/workdir" "-m" "1610612736" "--user" "0:0" "--network" "none" "ghcr.io/rust-lang/crates-build-env/linux@sha256:f3a9d4ad9d972b27faf3965f35b62e55ba32bbce8f20bc8fe909558a86702fde" "/opt/rustwide/cargo-home/bin/cargo" "+1.83.0" "metadata" "--no-deps" "--format-version=1", kill_on_drop: false }`
[INFO] [stdout] 659a358137b72df6aed3c42b41bfade8953d5d7da3a8bea08528d221b66176ef
[INFO] running `Command { std: "docker" "start" "-a" "659a358137b72df6aed3c42b41bfade8953d5d7da3a8bea08528d221b66176ef", kill_on_drop: false }`
[INFO] running `Command { std: "docker" "inspect" "659a358137b72df6aed3c42b41bfade8953d5d7da3a8bea08528d221b66176ef", kill_on_drop: false }`
[INFO] running `Command { std: "docker" "rm" "-f" "659a358137b72df6aed3c42b41bfade8953d5d7da3a8bea08528d221b66176ef", kill_on_drop: false }`
[INFO] [stdout] 659a358137b72df6aed3c42b41bfade8953d5d7da3a8bea08528d221b66176ef
[INFO] running `Command { std: "docker" "create" "-v" "/var/lib/crater-agent-workspace/builds/worker-2-tc1/target:/opt/rustwide/target:rw,Z" "-v" "/var/lib/crater-agent-workspace/builds/worker-2-tc1/source:/opt/rustwide/workdir:ro,Z" "-v" "/var/lib/crater-agent-workspace/cargo-home:/opt/rustwide/cargo-home:ro,Z" "-v" "/var/lib/crater-agent-workspace/rustup-home:/opt/rustwide/rustup-home:ro,Z" "-e" "SOURCE_DIR=/opt/rustwide/workdir" "-e" "CARGO_TARGET_DIR=/opt/rustwide/target" "-e" "CARGO_INCREMENTAL=0" "-e" "RUST_BACKTRACE=full" "-e" "RUSTFLAGS=--cap-lints=warn" "-e" "RUSTDOCFLAGS=--cap-lints=warn" "-e" "CARGO_HOME=/opt/rustwide/cargo-home" "-e" "RUSTUP_HOME=/opt/rustwide/rustup-home" "-w" "/opt/rustwide/workdir" "-m" "1610612736" "--user" "0:0" "--network" "none" "ghcr.io/rust-lang/crates-build-env/linux@sha256:f3a9d4ad9d972b27faf3965f35b62e55ba32bbce8f20bc8fe909558a86702fde" "/opt/rustwide/cargo-home/bin/cargo" "+1.83.0" "build" "--frozen" "--message-format=json", kill_on_drop: false }`
[INFO] [stdout] f1c4481e024d1ab77ab94d9c3286f7bd3f3cc9da6bd471295f285ca1378fd971
[INFO] running `Command { std: "docker" "start" "-a" "f1c4481e024d1ab77ab94d9c3286f7bd3f3cc9da6bd471295f285ca1378fd971", kill_on_drop: false }`
[INFO] [stderr]    Compiling typed_index v0.1.0 (/opt/rustwide/workdir)
[INFO] [stderr]     Finished `dev` profile [unoptimized + debuginfo] target(s) in 0.10s
[INFO] running `Command { std: "docker" "inspect" "f1c4481e024d1ab77ab94d9c3286f7bd3f3cc9da6bd471295f285ca1378fd971", kill_on_drop: false }`
[INFO] running `Command { std: "docker" "rm" "-f" "f1c4481e024d1ab77ab94d9c3286f7bd3f3cc9da6bd471295f285ca1378fd971", kill_on_drop: false }`
[INFO] [stdout] f1c4481e024d1ab77ab94d9c3286f7bd3f3cc9da6bd471295f285ca1378fd971
[INFO] running `Command { std: "docker" "create" "-v" "/var/lib/crater-agent-workspace/builds/worker-2-tc1/target:/opt/rustwide/target:rw,Z" "-v" "/var/lib/crater-agent-workspace/builds/worker-2-tc1/source:/opt/rustwide/workdir:ro,Z" "-v" "/var/lib/crater-agent-workspace/cargo-home:/opt/rustwide/cargo-home:ro,Z" "-v" "/var/lib/crater-agent-workspace/rustup-home:/opt/rustwide/rustup-home:ro,Z" "-e" "SOURCE_DIR=/opt/rustwide/workdir" "-e" "CARGO_TARGET_DIR=/opt/rustwide/target" "-e" "CARGO_INCREMENTAL=0" "-e" "RUST_BACKTRACE=full" "-e" "RUSTFLAGS=--cap-lints=warn" "-e" "RUSTDOCFLAGS=--cap-lints=warn" "-e" "CARGO_HOME=/opt/rustwide/cargo-home" "-e" "RUSTUP_HOME=/opt/rustwide/rustup-home" "-w" "/opt/rustwide/workdir" "-m" "1610612736" "--user" "0:0" "--network" "none" "ghcr.io/rust-lang/crates-build-env/linux@sha256:f3a9d4ad9d972b27faf3965f35b62e55ba32bbce8f20bc8fe909558a86702fde" "/opt/rustwide/cargo-home/bin/cargo" "+1.83.0" "test" "--frozen" "--no-run" "--message-format=json", kill_on_drop: false }`
[INFO] [stdout] a04fff296fc8981516cac9cf57a6305fb1a49e634a27f007a846138af5c3da1c
[INFO] running `Command { std: "docker" "start" "-a" "a04fff296fc8981516cac9cf57a6305fb1a49e634a27f007a846138af5c3da1c", kill_on_drop: false }`
[INFO] [stderr]    Compiling typed_index v0.1.0 (/opt/rustwide/workdir)
[INFO] [stderr]     Finished `test` profile [unoptimized + debuginfo] target(s) in 0.50s
[INFO] running `Command { std: "docker" "inspect" "a04fff296fc8981516cac9cf57a6305fb1a49e634a27f007a846138af5c3da1c", kill_on_drop: false }`
[INFO] running `Command { std: "docker" "rm" "-f" "a04fff296fc8981516cac9cf57a6305fb1a49e634a27f007a846138af5c3da1c", kill_on_drop: false }`
[INFO] [stdout] a04fff296fc8981516cac9cf57a6305fb1a49e634a27f007a846138af5c3da1c
[INFO] running `Command { std: "docker" "create" "-v" "/var/lib/crater-agent-workspace/builds/worker-2-tc1/target:/opt/rustwide/target:rw,Z" "-v" "/var/lib/crater-agent-workspace/builds/worker-2-tc1/source:/opt/rustwide/workdir:ro,Z" "-v" "/var/lib/crater-agent-workspace/cargo-home:/opt/rustwide/cargo-home:ro,Z" "-v" "/var/lib/crater-agent-workspace/rustup-home:/opt/rustwide/rustup-home:ro,Z" "-e" "SOURCE_DIR=/opt/rustwide/workdir" "-e" "CARGO_TARGET_DIR=/opt/rustwide/target" "-e" "CARGO_INCREMENTAL=0" "-e" "RUST_BACKTRACE=full" "-e" "RUSTFLAGS=--cap-lints=warn" "-e" "RUSTDOCFLAGS=--cap-lints=warn" "-e" "CARGO_HOME=/opt/rustwide/cargo-home" "-e" "RUSTUP_HOME=/opt/rustwide/rustup-home" "-w" "/opt/rustwide/workdir" "-m" "1610612736" "--user" "0:0" "--network" "none" "ghcr.io/rust-lang/crates-build-env/linux@sha256:f3a9d4ad9d972b27faf3965f35b62e55ba32bbce8f20bc8fe909558a86702fde" "/opt/rustwide/cargo-home/bin/cargo" "+1.83.0" "test" "--frozen", kill_on_drop: false }`
[INFO] [stdout] b1f18945930b92bff06f6ea5cde1fc920cf8276866bdd4c26693b67f1fba7465
[INFO] running `Command { std: "docker" "start" "-a" "b1f18945930b92bff06f6ea5cde1fc920cf8276866bdd4c26693b67f1fba7465", kill_on_drop: false }`
[INFO] [stderr]     Finished `test` profile [unoptimized + debuginfo] target(s) in 0.01s
[INFO] [stderr]      Running unittests src/lib.rs (/opt/rustwide/target/debug/deps/typed_index-89989eda0c950dcf)
[INFO] [stdout] 
[INFO] [stdout] running 1 test
[INFO] [stdout] test tests::test_int_and_bool ... ok
[INFO] [stdout] 
[INFO] [stdout] test result: ok. 1 passed; 0 failed; 0 ignored; 0 measured; 0 filtered out; finished in 0.00s
[INFO] [stdout] 
[INFO] [stderr]    Doc-tests typed_index
[INFO] [stdout] 
[INFO] [stdout] running 2 tests
[INFO] [stdout] test src/lib.rs - (line 5) ... FAILED
[INFO] [stdout] test src/lib.rs - IndexTo (line 74) ... FAILED
[INFO] [stdout] 
[INFO] [stdout] failures:
[INFO] [stdout] 
[INFO] [stdout] ---- src/lib.rs - (line 5) stdout ----
[INFO] [stdout] error[E0119]: conflicting implementations of trait `Index<_>` for type `IntAndBool`
[INFO] [stdout]   --> src/lib.rs:29:1
[INFO] [stdout]    |
[INFO] [stdout] 21 | impl Index<IntegerIdx> for IntAndBool
[INFO] [stdout]    | ------------------------------------- first implementation here
[INFO] [stdout] ...
[INFO] [stdout] 27 | impl Index<BooleanIdx> for IntAndBool
[INFO] [stdout]    | ^^^^^^^^^^^^^^^^^^^^^^^^^^^^^^^^^^^^^ conflicting implementation for `IntAndBool`
[INFO] [stdout] 
[INFO] [stdout] error: aborting due to 1 previous error
[INFO] [stdout] 
[INFO] [stdout] For more information about this error, try `rustc --explain E0119`.
[INFO] [stdout] Couldn't compile the test.
[INFO] [stdout] ---- src/lib.rs - IndexTo (line 74) stdout ----
[INFO] [stdout] error[E0119]: conflicting implementations of trait `Index<_>` for type `IntAndBool`
[INFO] [stdout]   --> src/lib.rs:98:1
[INFO] [stdout]    |
[INFO] [stdout] 21 | impl Index<IntegerIdx> for IntAndBool
[INFO] [stdout]    | ------------------------------------- first implementation here
[INFO] [stdout] ...
[INFO] [stdout] 27 | impl Index<BooleanIdx> for IntAndBool
[INFO] [stdout]    | ^^^^^^^^^^^^^^^^^^^^^^^^^^^^^^^^^^^^^ conflicting implementation for `IntAndBool`
[INFO] [stdout] 
[INFO] [stdout] error: aborting due to 1 previous error
[INFO] [stdout] 
[INFO] [stdout] For more information about this error, try `rustc --explain E0119`.
[INFO] [stdout] Couldn't compile the test.
[INFO] [stdout] 
[INFO] [stdout] failures:
[INFO] [stdout]     src/lib.rs - (line 5)
[INFO] [stdout]     src/lib.rs - IndexTo (line 74)
[INFO] [stdout] 
[INFO] [stdout] test result: FAILED. 0 passed; 2 failed; 0 ignored; 0 measured; 0 filtered out; finished in 0.17s
[INFO] [stdout] 
[INFO] [stderr] error: doctest failed, to rerun pass `--doc`
[INFO] running `Command { std: "docker" "inspect" "b1f18945930b92bff06f6ea5cde1fc920cf8276866bdd4c26693b67f1fba7465", kill_on_drop: false }`
[INFO] running `Command { std: "docker" "rm" "-f" "b1f18945930b92bff06f6ea5cde1fc920cf8276866bdd4c26693b67f1fba7465", kill_on_drop: false }`
[INFO] [stdout] b1f18945930b92bff06f6ea5cde1fc920cf8276866bdd4c26693b67f1fba7465
