[INFO] cloning repository https://github.com/TheNumerus/steam-api-client
[INFO] running `Command { std: "git" "-c" "credential.helper=" "-c" "credential.helper=/workspace/cargo-home/bin/git-credential-null" "clone" "--bare" "https://github.com/TheNumerus/steam-api-client" "/workspace/cache/git-repos/https%3A%2F%2Fgithub.com%2FTheNumerus%2Fsteam-api-client", kill_on_drop: false }`
[INFO] [stderr] Cloning into bare repository '/workspace/cache/git-repos/https%3A%2F%2Fgithub.com%2FTheNumerus%2Fsteam-api-client'...
[INFO] running `Command { std: "git" "rev-parse" "HEAD", kill_on_drop: false }`
[INFO] [stdout] e594c635c2c64555c2184a8b51c0a13e02ebf872
[INFO] testing TheNumerus/steam-api-client against 1.83.0 for beta-1.84.0-4-retry
[INFO] running `Command { std: "git" "clone" "/workspace/cache/git-repos/https%3A%2F%2Fgithub.com%2FTheNumerus%2Fsteam-api-client" "/workspace/builds/worker-6-tc1/source", kill_on_drop: false }`
[INFO] [stderr] Cloning into '/workspace/builds/worker-6-tc1/source'...
[INFO] [stderr] done.
[INFO] validating manifest of git repo https://github.com/TheNumerus/steam-api-client on toolchain 1.83.0
[INFO] running `Command { std: CARGO_HOME="/workspace/cargo-home" RUSTUP_HOME="/workspace/rustup-home" "/workspace/cargo-home/bin/cargo" "+1.83.0" "metadata" "--manifest-path" "Cargo.toml" "--no-deps", kill_on_drop: false }`
[INFO] started tweaking git repo https://github.com/TheNumerus/steam-api-client
[INFO] finished tweaking git repo https://github.com/TheNumerus/steam-api-client
[INFO] tweaked toml for git repo https://github.com/TheNumerus/steam-api-client written to /workspace/builds/worker-6-tc1/source/Cargo.toml
[INFO] crate git repo https://github.com/TheNumerus/steam-api-client already has a lockfile, it will not be regenerated
[INFO] running `Command { std: CARGO_HOME="/workspace/cargo-home" RUSTUP_HOME="/workspace/rustup-home" "/workspace/cargo-home/bin/cargo" "+1.83.0" "fetch" "--manifest-path" "Cargo.toml", kill_on_drop: false }`
[INFO] [stderr]  Downloading crates ...
[INFO] [stderr]   Downloaded openssl v0.10.49
[INFO] [stderr]   Downloaded openssl-sys v0.9.84
[INFO] running `Command { std: "docker" "create" "-v" "/var/lib/crater-agent-workspace/builds/worker-6-tc1/target:/opt/rustwide/target:rw,Z" "-v" "/var/lib/crater-agent-workspace/builds/worker-6-tc1/source:/opt/rustwide/workdir:ro,Z" "-v" "/var/lib/crater-agent-workspace/cargo-home:/opt/rustwide/cargo-home:ro,Z" "-v" "/var/lib/crater-agent-workspace/rustup-home:/opt/rustwide/rustup-home:ro,Z" "-e" "SOURCE_DIR=/opt/rustwide/workdir" "-e" "CARGO_TARGET_DIR=/opt/rustwide/target" "-e" "CARGO_HOME=/opt/rustwide/cargo-home" "-e" "RUSTUP_HOME=/opt/rustwide/rustup-home" "-w" "/opt/rustwide/workdir" "-m" "1610612736" "--user" "0:0" "--network" "none" "ghcr.io/rust-lang/crates-build-env/linux@sha256:f3a9d4ad9d972b27faf3965f35b62e55ba32bbce8f20bc8fe909558a86702fde" "/opt/rustwide/cargo-home/bin/cargo" "+1.83.0" "metadata" "--no-deps" "--format-version=1", kill_on_drop: false }`
[INFO] [stdout] 070e1960148c60477944fd68d322ac1cbc500f6d6d440f16b4a260abdf9a3855
[INFO] running `Command { std: "docker" "start" "-a" "070e1960148c60477944fd68d322ac1cbc500f6d6d440f16b4a260abdf9a3855", kill_on_drop: false }`
[INFO] running `Command { std: "docker" "inspect" "070e1960148c60477944fd68d322ac1cbc500f6d6d440f16b4a260abdf9a3855", kill_on_drop: false }`
[INFO] running `Command { std: "docker" "rm" "-f" "070e1960148c60477944fd68d322ac1cbc500f6d6d440f16b4a260abdf9a3855", kill_on_drop: false }`
[INFO] [stdout] 070e1960148c60477944fd68d322ac1cbc500f6d6d440f16b4a260abdf9a3855
[INFO] running `Command { std: "docker" "create" "-v" "/var/lib/crater-agent-workspace/builds/worker-6-tc1/target:/opt/rustwide/target:rw,Z" "-v" "/var/lib/crater-agent-workspace/builds/worker-6-tc1/source:/opt/rustwide/workdir:ro,Z" "-v" "/var/lib/crater-agent-workspace/cargo-home:/opt/rustwide/cargo-home:ro,Z" "-v" "/var/lib/crater-agent-workspace/rustup-home:/opt/rustwide/rustup-home:ro,Z" "-e" "SOURCE_DIR=/opt/rustwide/workdir" "-e" "CARGO_TARGET_DIR=/opt/rustwide/target" "-e" "CARGO_INCREMENTAL=0" "-e" "RUST_BACKTRACE=full" "-e" "RUSTFLAGS=--cap-lints=warn" "-e" "RUSTDOCFLAGS=--cap-lints=warn" "-e" "CARGO_HOME=/opt/rustwide/cargo-home" "-e" "RUSTUP_HOME=/opt/rustwide/rustup-home" "-w" "/opt/rustwide/workdir" "-m" "1610612736" "--user" "0:0" "--network" "none" "ghcr.io/rust-lang/crates-build-env/linux@sha256:f3a9d4ad9d972b27faf3965f35b62e55ba32bbce8f20bc8fe909558a86702fde" "/opt/rustwide/cargo-home/bin/cargo" "+1.83.0" "build" "--frozen" "--message-format=json", kill_on_drop: false }`
[INFO] [stdout] 1e5ab0ed7ffd6d488e850193a77be5e38a6272613cc67a447a432e9090d15376
[INFO] running `Command { std: "docker" "start" "-a" "1e5ab0ed7ffd6d488e850193a77be5e38a6272613cc67a447a432e9090d15376", kill_on_drop: false }`
[INFO] [stderr]    Compiling proc-macro2 v1.0.56
[INFO] [stderr]    Compiling quote v1.0.26
[INFO] [stderr]    Compiling unicode-ident v1.0.8
[INFO] [stderr]    Compiling libc v0.2.141
[INFO] [stderr]    Compiling syn v1.0.109
[INFO] [stderr]    Compiling futures-core v0.3.28
[INFO] [stderr]    Compiling once_cell v1.17.1
[INFO] [stderr]    Compiling parking_lot_core v0.9.7
[INFO] [stderr]    Compiling cc v1.0.79
[INFO] [stderr]    Compiling pkg-config v0.3.26
[INFO] [stderr]    Compiling lock_api v0.4.9
[INFO] [stderr]    Compiling slab v0.4.8
[INFO] [stderr]    Compiling bytes v1.4.0
[INFO] [stderr]    Compiling futures-sink v0.3.28
[INFO] [stderr]    Compiling futures-channel v0.3.28
[INFO] [stderr]    Compiling futures-task v0.3.28
[INFO] [stderr]    Compiling smallvec v1.10.0
[INFO] [stderr]    Compiling tokio v1.27.0
[INFO] [stderr]    Compiling itoa v1.0.6
[INFO] [stderr]    Compiling futures-util v0.3.28
[INFO] [stderr]    Compiling tracing-core v0.1.30
[INFO] [stderr]    Compiling futures-io v0.3.28
[INFO] [stderr]    Compiling indexmap v1.9.3
[INFO] [stderr]    Compiling serde_derive v1.0.159
[INFO] [stderr]    Compiling openssl v0.10.49
[INFO] [stderr]    Compiling foreign-types-shared v0.1.1
[INFO] [stderr]    Compiling foreign-types v0.3.2
[INFO] [stderr]    Compiling serde v1.0.159
[INFO] [stderr]    Compiling native-tls v0.2.11
[INFO] [stderr]    Compiling tinyvec_macros v0.1.1
[INFO] [stderr]    Compiling hashbrown v0.12.3
[INFO] [stderr]    Compiling openssl-probe v0.1.5
[INFO] [stderr]    Compiling http v0.2.9
[INFO] [stderr]    Compiling tinyvec v1.6.0
[INFO] [stderr]    Compiling try-lock v0.2.4
[INFO] [stderr]    Compiling want v0.3.0
[INFO] [stderr]    Compiling httpdate v1.0.2
[INFO] [stderr]    Compiling serde_json v1.0.95
[INFO] [stderr]    Compiling tower-service v0.3.2
[INFO] [stderr]    Compiling ryu v1.0.13
[INFO] [stderr]    Compiling unicode-bidi v0.3.13
[INFO] [stderr]    Compiling thiserror v1.0.40
[INFO] [stderr]    Compiling encoding_rs v0.8.32
[INFO] [stderr]    Compiling ipnet v2.7.2
[INFO] [stderr]    Compiling mime v0.3.17
[INFO] [stderr]    Compiling base64 v0.21.0
[INFO] [stderr]    Compiling dotenv v0.15.0
[INFO] [stderr]    Compiling syn v2.0.13
[INFO] [stderr]    Compiling socket2 v0.4.9
[INFO] [stderr]    Compiling num_cpus v1.15.0
[INFO] [stderr]    Compiling openssl-sys v0.9.84
[INFO] [stderr]    Compiling signal-hook-registry v1.4.1
[INFO] [stderr]    Compiling mio v0.8.6
[INFO] [stderr]    Compiling parking_lot v0.12.1
[INFO] [stderr]    Compiling unicode-normalization v0.1.22
[INFO] [stderr]    Compiling http-body v0.4.5
[INFO] [stderr]    Compiling idna v0.3.0
[INFO] [stderr]    Compiling url v2.3.1
[INFO] [stderr]    Compiling futures-macro v0.3.28
[INFO] [stderr]    Compiling tokio-macros v2.0.0
[INFO] [stderr]    Compiling openssl-macros v0.1.1
[INFO] [stderr]    Compiling thiserror-impl v1.0.40
[INFO] [stderr]    Compiling tracing-attributes v0.1.23
[INFO] [stderr]    Compiling pin-project-internal v1.0.12
[INFO] [stderr]    Compiling pin-project v1.0.12
[INFO] [stderr]    Compiling tracing v0.1.37
[INFO] [stderr]    Compiling tracing-futures v0.2.5
[INFO] [stderr]    Compiling futures-executor v0.3.28
[INFO] [stderr]    Compiling futures v0.3.28
[INFO] [stderr]    Compiling tokio-util v0.7.7
[INFO] [stderr]    Compiling tokio-native-tls v0.3.1
[INFO] [stderr]    Compiling h2 v0.3.16
[INFO] [stderr]    Compiling serde_urlencoded v0.7.1
[INFO] [stderr]    Compiling hyper v0.14.25
[INFO] [stderr]    Compiling hyper-tls v0.5.0
[INFO] [stderr]    Compiling reqwest v0.11.16
[INFO] [stderr]    Compiling steam-api-client v0.2.0 (/opt/rustwide/workdir)
[INFO] [stderr]     Finished `dev` profile [unoptimized + debuginfo] target(s) in 44.87s
[INFO] running `Command { std: "docker" "inspect" "1e5ab0ed7ffd6d488e850193a77be5e38a6272613cc67a447a432e9090d15376", kill_on_drop: false }`
[INFO] running `Command { std: "docker" "rm" "-f" "1e5ab0ed7ffd6d488e850193a77be5e38a6272613cc67a447a432e9090d15376", kill_on_drop: false }`
[INFO] [stdout] 1e5ab0ed7ffd6d488e850193a77be5e38a6272613cc67a447a432e9090d15376
[INFO] running `Command { std: "docker" "create" "-v" "/var/lib/crater-agent-workspace/builds/worker-6-tc1/target:/opt/rustwide/target:rw,Z" "-v" "/var/lib/crater-agent-workspace/builds/worker-6-tc1/source:/opt/rustwide/workdir:ro,Z" "-v" "/var/lib/crater-agent-workspace/cargo-home:/opt/rustwide/cargo-home:ro,Z" "-v" "/var/lib/crater-agent-workspace/rustup-home:/opt/rustwide/rustup-home:ro,Z" "-e" "SOURCE_DIR=/opt/rustwide/workdir" "-e" "CARGO_TARGET_DIR=/opt/rustwide/target" "-e" "CARGO_INCREMENTAL=0" "-e" "RUST_BACKTRACE=full" "-e" "RUSTFLAGS=--cap-lints=warn" "-e" "RUSTDOCFLAGS=--cap-lints=warn" "-e" "CARGO_HOME=/opt/rustwide/cargo-home" "-e" "RUSTUP_HOME=/opt/rustwide/rustup-home" "-w" "/opt/rustwide/workdir" "-m" "1610612736" "--user" "0:0" "--network" "none" "ghcr.io/rust-lang/crates-build-env/linux@sha256:f3a9d4ad9d972b27faf3965f35b62e55ba32bbce8f20bc8fe909558a86702fde" "/opt/rustwide/cargo-home/bin/cargo" "+1.83.0" "test" "--frozen" "--no-run" "--message-format=json", kill_on_drop: false }`
[INFO] [stdout] 08014531af1b28c6f596ff95376670f9e7e359960fc947f405173a84203bb3fb
[INFO] running `Command { std: "docker" "start" "-a" "08014531af1b28c6f596ff95376670f9e7e359960fc947f405173a84203bb3fb", kill_on_drop: false }`
[INFO] [stderr]    Compiling tokio v1.27.0
[INFO] [stderr]    Compiling syn v2.0.13
[INFO] [stderr]    Compiling tokio-macros v2.0.0
[INFO] [stderr]    Compiling futures-macro v0.3.28
[INFO] [stderr]    Compiling openssl-macros v0.1.1
[INFO] [stderr]    Compiling serde_derive v1.0.159
[INFO] [stderr]    Compiling thiserror-impl v1.0.40
[INFO] [stderr]    Compiling async-stream-impl v0.3.5
[INFO] [stderr]    Compiling openssl v0.10.49
[INFO] [stderr]    Compiling async-stream v0.3.5
[INFO] [stderr]    Compiling futures-util v0.3.28
[INFO] [stderr]    Compiling thiserror v1.0.40
[INFO] [stderr]    Compiling native-tls v0.2.11
[INFO] [stderr]    Compiling serde v1.0.159
[INFO] [stderr]    Compiling futures-executor v0.3.28
[INFO] [stderr]    Compiling futures v0.3.28
[INFO] [stderr]    Compiling tokio-util v0.7.7
[INFO] [stderr]    Compiling tokio-native-tls v0.3.1
[INFO] [stderr]    Compiling tokio-stream v0.1.14
[INFO] [stderr]    Compiling tokio-test v0.4.2
[INFO] [stderr]    Compiling h2 v0.3.16
[INFO] [stderr]    Compiling serde_json v1.0.95
[INFO] [stderr]    Compiling serde_urlencoded v0.7.1
[INFO] [stderr]    Compiling hyper v0.14.25
[INFO] [stderr]    Compiling hyper-tls v0.5.0
[INFO] [stderr]    Compiling reqwest v0.11.16
[INFO] [stderr]    Compiling steam-api-client v0.2.0 (/opt/rustwide/workdir)
[INFO] [stderr]     Finished `test` profile [unoptimized + debuginfo] target(s) in 30.75s
[INFO] running `Command { std: "docker" "inspect" "08014531af1b28c6f596ff95376670f9e7e359960fc947f405173a84203bb3fb", kill_on_drop: false }`
[INFO] running `Command { std: "docker" "rm" "-f" "08014531af1b28c6f596ff95376670f9e7e359960fc947f405173a84203bb3fb", kill_on_drop: false }`
[INFO] [stdout] 08014531af1b28c6f596ff95376670f9e7e359960fc947f405173a84203bb3fb
[INFO] running `Command { std: "docker" "create" "-v" "/var/lib/crater-agent-workspace/builds/worker-6-tc1/target:/opt/rustwide/target:rw,Z" "-v" "/var/lib/crater-agent-workspace/builds/worker-6-tc1/source:/opt/rustwide/workdir:ro,Z" "-v" "/var/lib/crater-agent-workspace/cargo-home:/opt/rustwide/cargo-home:ro,Z" "-v" "/var/lib/crater-agent-workspace/rustup-home:/opt/rustwide/rustup-home:ro,Z" "-e" "SOURCE_DIR=/opt/rustwide/workdir" "-e" "CARGO_TARGET_DIR=/opt/rustwide/target" "-e" "CARGO_INCREMENTAL=0" "-e" "RUST_BACKTRACE=full" "-e" "RUSTFLAGS=--cap-lints=warn" "-e" "RUSTDOCFLAGS=--cap-lints=warn" "-e" "CARGO_HOME=/opt/rustwide/cargo-home" "-e" "RUSTUP_HOME=/opt/rustwide/rustup-home" "-w" "/opt/rustwide/workdir" "-m" "1610612736" "--user" "0:0" "--network" "none" "ghcr.io/rust-lang/crates-build-env/linux@sha256:f3a9d4ad9d972b27faf3965f35b62e55ba32bbce8f20bc8fe909558a86702fde" "/opt/rustwide/cargo-home/bin/cargo" "+1.83.0" "test" "--frozen", kill_on_drop: false }`
[INFO] [stdout] 322d2c5db2be13bd7bdb6e96faffa6c691b7d2092719cc4ed5fca44aebdc614c
[INFO] running `Command { std: "docker" "start" "-a" "322d2c5db2be13bd7bdb6e96faffa6c691b7d2092719cc4ed5fca44aebdc614c", kill_on_drop: false }`
[INFO] [stderr]     Finished `test` profile [unoptimized + debuginfo] target(s) in 0.14s
[INFO] [stderr]      Running unittests src/lib.rs (/opt/rustwide/target/debug/deps/steam_api_client-cf48d32adb810321)
[INFO] [stderr]    Doc-tests steam_api_client
[INFO] [stdout] 
[INFO] [stdout] running 0 tests
[INFO] [stdout] 
[INFO] [stdout] test result: ok. 0 passed; 0 failed; 0 ignored; 0 measured; 0 filtered out; finished in 0.00s
[INFO] [stdout] 
[INFO] [stdout] 
[INFO] [stdout] running 11 tests
[INFO] [stdout] test src/steam_client.rs - steam_client::SteamClient::get_game_library_capsule (line 514) ... FAILED
[INFO] [stdout] test src/steam_client.rs - steam_client::SteamClient::get_schema_for_game (line 346) ... FAILED
[INFO] [stdout] test src/steam_client.rs - steam_client::SteamClient::get_achievement_rarity (line 226) ... FAILED
[INFO] [stdout] test src/steam_client.rs - steam_client::SteamClient::get_profile_pic (line 463) ... FAILED
[INFO] [stdout] test src/steam_client.rs - steam_client::SteamClient::get_game_small_capsule (line 491) ... FAILED
[INFO] [stdout] test src/steam_client.rs - steam_client::SteamClient::get_player_info (line 182) ... ok
[INFO] [stdout] test src/steam_client.rs - steam_client::SteamClient::validate_api_key (line 443) ... ok
[INFO] [stdout] test src/steam_client.rs - steam_client::SteamClient::get_recent_games (line 397) ... ok
[INFO] [stdout] test src/steam_client.rs - steam_client::SteamClient::get_owned_games (line 58) ... ok
[INFO] [stdout] test src/steam_client.rs - steam_client::SteamClient::get_achievements_for_game (line 114) ... ok
[INFO] [stdout] test src/steam_client.rs - steam_client::SteamClient::resolve_vanity_url (line 282) ... ok
[INFO] [stdout] 
[INFO] [stdout] failures:
[INFO] [stdout] 
[INFO] [stdout] ---- src/steam_client.rs - steam_client::SteamClient::get_game_library_capsule (line 514) stdout ----
[INFO] [stdout] error: linking with `cc` failed: exit status: 1
[INFO] [stdout]   |
[INFO] [stdout]   = note: LC_ALL="C" PATH="/opt/rustwide/rustup-home/toolchains/1.83.0-x86_64-unknown-linux-gnu/lib/rustlib/x86_64-unknown-linux-gnu/bin:/opt/rustwide/cargo-home/bin:/usr/local/sbin:/usr/local/bin:/usr/sbin:/usr/bin:/sbin:/bin" VSLANG="1033" "cc" "-m64" "/tmp/rustcerna8W/symbols.o" "/tmp/rustdoctesthyxizP/rust_out.rust_out.cb03291d53e4e161-cgu.0.rcgu.o" "/tmp/rustdoctesthyxizP/rust_out.1s7umcihpz0t7nkz1uc2ifee9.rcgu.o" "-Wl,--as-needed" "-Wl,-Bstatic" "/opt/rustwide/target/debug/deps/libtokio_test-a3509eeb564e5233.rlib" "/opt/rustwide/target/debug/deps/libtokio_stream-5f6fd34ba82efe2c.rlib" "/opt/rustwide/target/debug/deps/libsteam_api_client-cd366f11769cd5eb.rlib" "/opt/rustwide/target/debug/deps/libtracing_futures-340b08a3dd68a531.rlib" "/opt/rustwide/target/debug/deps/libpin_project-2866924fce59b397.rlib" "/opt/rustwide/target/debug/deps/libthiserror-e3adf8813175032f.rlib" "/opt/rustwide/target/debug/deps/libreqwest-67388766abf0bb80.rlib" "/opt/rustwide/target/debug/deps/libhyper_tls-ecd0a90c7ea4b33d.rlib" "/opt/rustwide/target/debug/deps/libserde_urlencoded-5594740611a178dd.rlib" "/opt/rustwide/target/debug/deps/libbase64-dac0d9ecf356a27f.rlib" "/opt/rustwide/target/debug/deps/libipnet-eabe9b888ffa7dc9.rlib" "/opt/rustwide/target/debug/deps/libtokio_native_tls-9c80e61d5549d04e.rlib" "/opt/rustwide/target/debug/deps/libmime-566b615028bbb9d4.rlib" "/opt/rustwide/target/debug/deps/libencoding_rs-77b869be0f5864ba.rlib" "/opt/rustwide/target/debug/deps/libserde_json-fc3b3d0392e31a1c.rlib" "/opt/rustwide/target/debug/deps/libryu-6c4568d3bf80b506.rlib" "/opt/rustwide/target/debug/deps/libnative_tls-c1d8adde28b8be6f.rlib" "/opt/rustwide/target/debug/deps/libopenssl_probe-111dcb0b3b714b0f.rlib" "/opt/rustwide/target/debug/deps/libopenssl-6081aa4c0a5ebcef.rlib" "/opt/rustwide/target/debug/deps/libbitflags-d3511f9afe014f87.rlib" "/opt/rustwide/target/debug/deps/libforeign_types-504d8dbdd27ff197.rlib" "/opt/rustwide/target/debug/deps/libforeign_types_shared-f6b6a54f87ce1292.rlib" "/opt/rustwide/target/debug/deps/libopenssl_sys-f5fbc3f142f2200a.rlib" "/opt/rustwide/target/debug/deps/libhyper-008b7000ff438a92.rlib" "/opt/rustwide/target/debug/deps/libwant-4857feac43a5cf39.rlib" "/opt/rustwide/target/debug/deps/libtry_lock-81d714ce15cc998f.rlib" "/opt/rustwide/target/debug/deps/libhttparse-2de3bd6857c7610a.rlib" "/opt/rustwide/target/debug/deps/libh2-6cf4c9805809dcb8.rlib" "/opt/rustwide/target/debug/deps/libindexmap-1f2a9e5366ffc056.rlib" "/opt/rustwide/target/debug/deps/libhashbrown-f7f97c562b093c36.rlib" "/opt/rustwide/target/debug/deps/libtokio_util-77f93ee886f8e9cd.rlib" "/opt/rustwide/target/debug/deps/libtower_service-368ccdc980bf098e.rlib" "/opt/rustwide/target/debug/deps/libtracing-f5afb5288ffa7e86.rlib" "/opt/rustwide/target/debug/deps/libtracing_core-13fdfecc9b75d5a8.rlib" "/opt/rustwide/target/debug/deps/libonce_cell-884224d18d097b70.rlib" "/opt/rustwide/target/debug/deps/libfutures_util-9eb2f925dec4f8cd.rlib" "/opt/rustwide/target/debug/deps/libmemchr-2cf4fc732d907b26.rlib" "/opt/rustwide/target/debug/deps/libfutures_io-41ce575f44a08b58.rlib" "/opt/rustwide/target/debug/deps/libslab-714e1e49288fbc92.rlib" "/opt/rustwide/target/debug/deps/libfutures_channel-e1674f543777cd24.rlib" "/opt/rustwide/target/debug/deps/libfutures_sink-255b69769edac13c.rlib" "/opt/rustwide/target/debug/deps/libfutures_task-28be2c781d5bd114.rlib" "/opt/rustwide/target/debug/deps/libpin_utils-6bd6355de79f98af.rlib" "/opt/rustwide/target/debug/deps/libtokio-fbe2f42b64076286.rlib" "/opt/rustwide/target/debug/deps/libsignal_hook_registry-79768562b6c6aa40.rlib" "/opt/rustwide/target/debug/deps/libnum_cpus-6b0196b70e1dda86.rlib" "/opt/rustwide/target/debug/deps/libsocket2-dd98ca5bab030324.rlib" "/opt/rustwide/target/debug/deps/libmio-d445eb6cacc3ca7e.rlib" "/opt/rustwide/target/debug/deps/libparking_lot-8eaf6e8440efb7a4.rlib" "/opt/rustwide/target/debug/deps/libparking_lot_core-4683ad4c8aece7f8.rlib" "/opt/rustwide/target/debug/deps/liblibc-f4e50323bf3d47d4.rlib" "/opt/rustwide/target/debug/deps/libsmallvec-cd773ba0201f69da.rlib" "/opt/rustwide/target/debug/deps/liblock_api-f2a06d9a88c3a6ef.rlib" "/opt/rustwide/target/debug/deps/libscopeguard-158c5911326f9fbb.rlib" "/opt/rustwide/target/debug/deps/libhttp_body-4c96542618c40cce.rlib" "/opt/rustwide/target/debug/deps/libpin_project_lite-814a617e2c2a5066.rlib" "/opt/rustwide/target/debug/deps/liblog-f3514ff446486473.rlib" "/opt/rustwide/target/debug/deps/libcfg_if-8217498f8667ada9.rlib" "/opt/rustwide/target/debug/deps/libfutures_core-e42c5b1795093a69.rlib" "/opt/rustwide/target/debug/deps/liburl-dde40874ed615413.rlib" "/opt/rustwide/target/debug/deps/libidna-4ca86039a8dbc75f.rlib" "/opt/rustwide/target/debug/deps/libunicode_normalization-7630faec0d28c0b3.rlib" "/opt/rustwide/target/debug/deps/libtinyvec-0d2d3862f05941a5.rlib" "/opt/rustwide/target/debug/deps/libtinyvec_macros-bb1333ecdeeba2ad.rlib" "/opt/rustwide/target/debug/deps/libunicode_bidi-3a4adb8928996e00.rlib" "/opt/rustwide/target/debug/deps/libform_urlencoded-48ad815baade9818.rlib" "/opt/rustwide/target/debug/deps/libpercent_encoding-407cdd71e16df74c.rlib" "/opt/rustwide/target/debug/deps/libhttp-0713b8a7f4f45e05.rlib" "/opt/rustwide/target/debug/deps/libitoa-b40c1f3dc6b1cd38.rlib" "/opt/rustwide/target/debug/deps/libbytes-decb9e4ea0f91257.rlib" "/opt/rustwide/target/debug/deps/libfnv-b4bd047f342dff07.rlib" "/opt/rustwide/target/debug/deps/libserde-c5c768cfb31a2ed5.rlib" "/opt/rustwide/rustup-home/toolchains/1.83.0-x86_64-unknown-linux-gnu/lib/rustlib/x86_64-unknown-linux-gnu/lib/libstd-ca74a2d9c5166d9f.rlib" "/opt/rustwide/rustup-home/toolchains/1.83.0-x86_64-unknown-linux-gnu/lib/rustlib/x86_64-unknown-linux-gnu/lib/libpanic_unwind-e31ab23316ed5080.rlib" "/opt/rustwide/rustup-home/toolchains/1.83.0-x86_64-unknown-linux-gnu/lib/rustlib/x86_64-unknown-linux-gnu/lib/libobject-27dc4aa955912662.rlib" "/opt/rustwide/rustup-home/toolchains/1.83.0-x86_64-unknown-linux-gnu/lib/rustlib/x86_64-unknown-linux-gnu/lib/libmemchr-bd0d6cccce077b99.rlib" "/opt/rustwide/rustup-home/toolchains/1.83.0-x86_64-unknown-linux-gnu/lib/rustlib/x86_64-unknown-linux-gnu/lib/libaddr2line-8d001680935b5e3c.rlib" "/opt/rustwide/rustup-home/toolchains/1.83.0-x86_64-unknown-linux-gnu/lib/rustlib/x86_64-unknown-linux-gnu/lib/libgimli-ba8ce71964f984f4.rlib" "/opt/rustwide/rustup-home/toolchains/1.83.0-x86_64-unknown-linux-gnu/lib/rustlib/x86_64-unknown-linux-gnu/lib/librustc_demangle-99a73526abcec14b.rlib" "/opt/rustwide/rustup-home/toolchains/1.83.0-x86_64-unknown-linux-gnu/lib/rustlib/x86_64-unknown-linux-gnu/lib/libstd_detect-63ac0d22cff92579.rlib" "/opt/rustwide/rustup-home/toolchains/1.83.0-x86_64-unknown-linux-gnu/lib/rustlib/x86_64-unknown-linux-gnu/lib/libhashbrown-9057355c92c922d5.rlib" "/opt/rustwide/rustup-home/toolchains/1.83.0-x86_64-unknown-linux-gnu/lib/rustlib/x86_64-unknown-linux-gnu/lib/librustc_std_workspace_alloc-358be9bc1f6bab04.rlib" "/opt/rustwide/rustup-home/toolchains/1.83.0-x86_64-unknown-linux-gnu/lib/rustlib/x86_64-unknown-linux-gnu/lib/libminiz_oxide-aca15549d5bff974.rlib" "/opt/rustwide/rustup-home/toolchains/1.83.0-x86_64-unknown-linux-gnu/lib/rustlib/x86_64-unknown-linux-gnu/lib/libadler-8251d2cef7072448.rlib" "/opt/rustwide/rustup-home/toolchains/1.83.0-x86_64-unknown-linux-gnu/lib/rustlib/x86_64-unknown-linux-gnu/lib/libunwind-7d50b86011c66411.rlib" "/opt/rustwide/rustup-home/toolchains/1.83.0-x86_64-unknown-linux-gnu/lib/rustlib/x86_64-unknown-linux-gnu/lib/libcfg_if-51ea098fce5006bf.rlib" "/opt/rustwide/rustup-home/toolchains/1.83.0-x86_64-unknown-linux-gnu/lib/rustlib/x86_64-unknown-linux-gnu/lib/liblibc-5a14e0d0b712e731.rlib" "/opt/rustwide/rustup-home/toolchains/1.83.0-x86_64-unknown-linux-gnu/lib/rustlib/x86_64-unknown-linux-gnu/lib/liballoc-8b83dbf3a7b8f999.rlib" "/opt/rustwide/rustup-home/toolchains/1.83.0-x86_64-unknown-linux-gnu/lib/rustlib/x86_64-unknown-linux-gnu/lib/librustc_std_workspace_core-c6fd227bdc7b39ff.rlib" "/opt/rustwide/rustup-home/toolchains/1.83.0-x86_64-unknown-linux-gnu/lib/rustlib/x86_64-unknown-linux-gnu/lib/libcore-959d3389fa3da8a5.rlib" "/opt/rustwide/rustup-home/toolchains/1.83.0-x86_64-unknown-linux-gnu/lib/rustlib/x86_64-unknown-linux-gnu/lib/libcompiler_builtins-abe05db089cc2c62.rlib" "-Wl,-Bdynamic" "-lssl" "-lcrypto" "-lgcc_s" "-lutil" "-lrt" "-lpthread" "-lm" "-ldl" "-lc" "-Wl,--eh-frame-hdr" "-Wl,-z,noexecstack" "-L" "/opt/rustwide/rustup-home/toolchains/1.83.0-x86_64-unknown-linux-gnu/lib/rustlib/x86_64-unknown-linux-gnu/lib" "-o" "/tmp/rustdoctesthyxizP/rust_out" "-Wl,--gc-sections" "-pie" "-Wl,-z,relro,-z,now" "-nodefaultlibs"
[INFO] [stdout]   = note: collect2: fatal error: ld terminated with signal 9 [Killed]
[INFO] [stdout]           compilation terminated.
[INFO] [stdout]           
[INFO] [stdout] 
[INFO] [stdout] error: aborting due to 1 previous error
[INFO] [stdout] 
[INFO] [stdout] Couldn't compile the test.
[INFO] [stdout] ---- src/steam_client.rs - steam_client::SteamClient::get_schema_for_game (line 346) stdout ----
[INFO] [stdout] error: linking with `cc` failed: exit status: 1
[INFO] [stdout]   |
[INFO] [stdout]   = note: LC_ALL="C" PATH="/opt/rustwide/rustup-home/toolchains/1.83.0-x86_64-unknown-linux-gnu/lib/rustlib/x86_64-unknown-linux-gnu/bin:/opt/rustwide/cargo-home/bin:/usr/local/sbin:/usr/local/bin:/usr/sbin:/usr/bin:/sbin:/bin" VSLANG="1033" "cc" "-m64" "/tmp/rustcePe4ib/symbols.o" "/tmp/rustdoctestazZfLp/rust_out.rust_out.cb03291d53e4e161-cgu.0.rcgu.o" "/tmp/rustdoctestazZfLp/rust_out.1s7umcihpz0t7nkz1uc2ifee9.rcgu.o" "-Wl,--as-needed" "-Wl,-Bstatic" "/opt/rustwide/target/debug/deps/libtokio_test-a3509eeb564e5233.rlib" "/opt/rustwide/target/debug/deps/libtokio_stream-5f6fd34ba82efe2c.rlib" "/opt/rustwide/target/debug/deps/libsteam_api_client-cd366f11769cd5eb.rlib" "/opt/rustwide/target/debug/deps/libtracing_futures-340b08a3dd68a531.rlib" "/opt/rustwide/target/debug/deps/libpin_project-2866924fce59b397.rlib" "/opt/rustwide/target/debug/deps/libthiserror-e3adf8813175032f.rlib" "/opt/rustwide/target/debug/deps/libreqwest-67388766abf0bb80.rlib" "/opt/rustwide/target/debug/deps/libhyper_tls-ecd0a90c7ea4b33d.rlib" "/opt/rustwide/target/debug/deps/libserde_urlencoded-5594740611a178dd.rlib" "/opt/rustwide/target/debug/deps/libbase64-dac0d9ecf356a27f.rlib" "/opt/rustwide/target/debug/deps/libipnet-eabe9b888ffa7dc9.rlib" "/opt/rustwide/target/debug/deps/libtokio_native_tls-9c80e61d5549d04e.rlib" "/opt/rustwide/target/debug/deps/libmime-566b615028bbb9d4.rlib" "/opt/rustwide/target/debug/deps/libencoding_rs-77b869be0f5864ba.rlib" "/opt/rustwide/target/debug/deps/libserde_json-fc3b3d0392e31a1c.rlib" "/opt/rustwide/target/debug/deps/libryu-6c4568d3bf80b506.rlib" "/opt/rustwide/target/debug/deps/libnative_tls-c1d8adde28b8be6f.rlib" "/opt/rustwide/target/debug/deps/libopenssl_probe-111dcb0b3b714b0f.rlib" "/opt/rustwide/target/debug/deps/libopenssl-6081aa4c0a5ebcef.rlib" "/opt/rustwide/target/debug/deps/libbitflags-d3511f9afe014f87.rlib" "/opt/rustwide/target/debug/deps/libforeign_types-504d8dbdd27ff197.rlib" "/opt/rustwide/target/debug/deps/libforeign_types_shared-f6b6a54f87ce1292.rlib" "/opt/rustwide/target/debug/deps/libopenssl_sys-f5fbc3f142f2200a.rlib" "/opt/rustwide/target/debug/deps/libhyper-008b7000ff438a92.rlib" "/opt/rustwide/target/debug/deps/libwant-4857feac43a5cf39.rlib" "/opt/rustwide/target/debug/deps/libtry_lock-81d714ce15cc998f.rlib" "/opt/rustwide/target/debug/deps/libhttparse-2de3bd6857c7610a.rlib" "/opt/rustwide/target/debug/deps/libh2-6cf4c9805809dcb8.rlib" "/opt/rustwide/target/debug/deps/libindexmap-1f2a9e5366ffc056.rlib" "/opt/rustwide/target/debug/deps/libhashbrown-f7f97c562b093c36.rlib" "/opt/rustwide/target/debug/deps/libtokio_util-77f93ee886f8e9cd.rlib" "/opt/rustwide/target/debug/deps/libtower_service-368ccdc980bf098e.rlib" "/opt/rustwide/target/debug/deps/libtracing-f5afb5288ffa7e86.rlib" "/opt/rustwide/target/debug/deps/libtracing_core-13fdfecc9b75d5a8.rlib" "/opt/rustwide/target/debug/deps/libonce_cell-884224d18d097b70.rlib" "/opt/rustwide/target/debug/deps/libfutures_util-9eb2f925dec4f8cd.rlib" "/opt/rustwide/target/debug/deps/libmemchr-2cf4fc732d907b26.rlib" "/opt/rustwide/target/debug/deps/libfutures_io-41ce575f44a08b58.rlib" "/opt/rustwide/target/debug/deps/libslab-714e1e49288fbc92.rlib" "/opt/rustwide/target/debug/deps/libfutures_channel-e1674f543777cd24.rlib" "/opt/rustwide/target/debug/deps/libfutures_sink-255b69769edac13c.rlib" "/opt/rustwide/target/debug/deps/libfutures_task-28be2c781d5bd114.rlib" "/opt/rustwide/target/debug/deps/libpin_utils-6bd6355de79f98af.rlib" "/opt/rustwide/target/debug/deps/libtokio-fbe2f42b64076286.rlib" "/opt/rustwide/target/debug/deps/libsignal_hook_registry-79768562b6c6aa40.rlib" "/opt/rustwide/target/debug/deps/libnum_cpus-6b0196b70e1dda86.rlib" "/opt/rustwide/target/debug/deps/libsocket2-dd98ca5bab030324.rlib" "/opt/rustwide/target/debug/deps/libmio-d445eb6cacc3ca7e.rlib" "/opt/rustwide/target/debug/deps/libparking_lot-8eaf6e8440efb7a4.rlib" "/opt/rustwide/target/debug/deps/libparking_lot_core-4683ad4c8aece7f8.rlib" "/opt/rustwide/target/debug/deps/liblibc-f4e50323bf3d47d4.rlib" "/opt/rustwide/target/debug/deps/libsmallvec-cd773ba0201f69da.rlib" "/opt/rustwide/target/debug/deps/liblock_api-f2a06d9a88c3a6ef.rlib" "/opt/rustwide/target/debug/deps/libscopeguard-158c5911326f9fbb.rlib" "/opt/rustwide/target/debug/deps/libhttp_body-4c96542618c40cce.rlib" "/opt/rustwide/target/debug/deps/libpin_project_lite-814a617e2c2a5066.rlib" "/opt/rustwide/target/debug/deps/liblog-f3514ff446486473.rlib" "/opt/rustwide/target/debug/deps/libcfg_if-8217498f8667ada9.rlib" "/opt/rustwide/target/debug/deps/libfutures_core-e42c5b1795093a69.rlib" "/opt/rustwide/target/debug/deps/liburl-dde40874ed615413.rlib" "/opt/rustwide/target/debug/deps/libidna-4ca86039a8dbc75f.rlib" "/opt/rustwide/target/debug/deps/libunicode_normalization-7630faec0d28c0b3.rlib" "/opt/rustwide/target/debug/deps/libtinyvec-0d2d3862f05941a5.rlib" "/opt/rustwide/target/debug/deps/libtinyvec_macros-bb1333ecdeeba2ad.rlib" "/opt/rustwide/target/debug/deps/libunicode_bidi-3a4adb8928996e00.rlib" "/opt/rustwide/target/debug/deps/libform_urlencoded-48ad815baade9818.rlib" "/opt/rustwide/target/debug/deps/libpercent_encoding-407cdd71e16df74c.rlib" "/opt/rustwide/target/debug/deps/libhttp-0713b8a7f4f45e05.rlib" "/opt/rustwide/target/debug/deps/libitoa-b40c1f3dc6b1cd38.rlib" "/opt/rustwide/target/debug/deps/libbytes-decb9e4ea0f91257.rlib" "/opt/rustwide/target/debug/deps/libfnv-b4bd047f342dff07.rlib" "/opt/rustwide/target/debug/deps/libserde-c5c768cfb31a2ed5.rlib" "/opt/rustwide/rustup-home/toolchains/1.83.0-x86_64-unknown-linux-gnu/lib/rustlib/x86_64-unknown-linux-gnu/lib/libstd-ca74a2d9c5166d9f.rlib" "/opt/rustwide/rustup-home/toolchains/1.83.0-x86_64-unknown-linux-gnu/lib/rustlib/x86_64-unknown-linux-gnu/lib/libpanic_unwind-e31ab23316ed5080.rlib" "/opt/rustwide/rustup-home/toolchains/1.83.0-x86_64-unknown-linux-gnu/lib/rustlib/x86_64-unknown-linux-gnu/lib/libobject-27dc4aa955912662.rlib" "/opt/rustwide/rustup-home/toolchains/1.83.0-x86_64-unknown-linux-gnu/lib/rustlib/x86_64-unknown-linux-gnu/lib/libmemchr-bd0d6cccce077b99.rlib" "/opt/rustwide/rustup-home/toolchains/1.83.0-x86_64-unknown-linux-gnu/lib/rustlib/x86_64-unknown-linux-gnu/lib/libaddr2line-8d001680935b5e3c.rlib" "/opt/rustwide/rustup-home/toolchains/1.83.0-x86_64-unknown-linux-gnu/lib/rustlib/x86_64-unknown-linux-gnu/lib/libgimli-ba8ce71964f984f4.rlib" "/opt/rustwide/rustup-home/toolchains/1.83.0-x86_64-unknown-linux-gnu/lib/rustlib/x86_64-unknown-linux-gnu/lib/librustc_demangle-99a73526abcec14b.rlib" "/opt/rustwide/rustup-home/toolchains/1.83.0-x86_64-unknown-linux-gnu/lib/rustlib/x86_64-unknown-linux-gnu/lib/libstd_detect-63ac0d22cff92579.rlib" "/opt/rustwide/rustup-home/toolchains/1.83.0-x86_64-unknown-linux-gnu/lib/rustlib/x86_64-unknown-linux-gnu/lib/libhashbrown-9057355c92c922d5.rlib" "/opt/rustwide/rustup-home/toolchains/1.83.0-x86_64-unknown-linux-gnu/lib/rustlib/x86_64-unknown-linux-gnu/lib/librustc_std_workspace_alloc-358be9bc1f6bab04.rlib" "/opt/rustwide/rustup-home/toolchains/1.83.0-x86_64-unknown-linux-gnu/lib/rustlib/x86_64-unknown-linux-gnu/lib/libminiz_oxide-aca15549d5bff974.rlib" "/opt/rustwide/rustup-home/toolchains/1.83.0-x86_64-unknown-linux-gnu/lib/rustlib/x86_64-unknown-linux-gnu/lib/libadler-8251d2cef7072448.rlib" "/opt/rustwide/rustup-home/toolchains/1.83.0-x86_64-unknown-linux-gnu/lib/rustlib/x86_64-unknown-linux-gnu/lib/libunwind-7d50b86011c66411.rlib" "/opt/rustwide/rustup-home/toolchains/1.83.0-x86_64-unknown-linux-gnu/lib/rustlib/x86_64-unknown-linux-gnu/lib/libcfg_if-51ea098fce5006bf.rlib" "/opt/rustwide/rustup-home/toolchains/1.83.0-x86_64-unknown-linux-gnu/lib/rustlib/x86_64-unknown-linux-gnu/lib/liblibc-5a14e0d0b712e731.rlib" "/opt/rustwide/rustup-home/toolchains/1.83.0-x86_64-unknown-linux-gnu/lib/rustlib/x86_64-unknown-linux-gnu/lib/liballoc-8b83dbf3a7b8f999.rlib" "/opt/rustwide/rustup-home/toolchains/1.83.0-x86_64-unknown-linux-gnu/lib/rustlib/x86_64-unknown-linux-gnu/lib/librustc_std_workspace_core-c6fd227bdc7b39ff.rlib" "/opt/rustwide/rustup-home/toolchains/1.83.0-x86_64-unknown-linux-gnu/lib/rustlib/x86_64-unknown-linux-gnu/lib/libcore-959d3389fa3da8a5.rlib" "/opt/rustwide/rustup-home/toolchains/1.83.0-x86_64-unknown-linux-gnu/lib/rustlib/x86_64-unknown-linux-gnu/lib/libcompiler_builtins-abe05db089cc2c62.rlib" "-Wl,-Bdynamic" "-lssl" "-lcrypto" "-lgcc_s" "-lutil" "-lrt" "-lpthread" "-lm" "-ldl" "-lc" "-Wl,--eh-frame-hdr" "-Wl,-z,noexecstack" "-L" "/opt/rustwide/rustup-home/toolchains/1.83.0-x86_64-unknown-linux-gnu/lib/rustlib/x86_64-unknown-linux-gnu/lib" "-o" "/tmp/rustdoctestazZfLp/rust_out" "-Wl,--gc-sections" "-pie" "-Wl,-z,relro,-z,now" "-nodefaultlibs"
[INFO] [stdout]   = note: collect2: fatal error: ld terminated with signal 9 [Killed]
[INFO] [stdout]           compilation terminated.
[INFO] [stdout]           
[INFO] [stdout] 
[INFO] [stdout] error: aborting due to 1 previous error
[INFO] [stdout] 
[INFO] [stdout] Couldn't compile the test.
[INFO] [stdout] ---- src/steam_client.rs - steam_client::SteamClient::get_achievement_rarity (line 226) stdout ----
[INFO] [stdout] error: linking with `cc` failed: exit status: 1
[INFO] [stdout]   |
[INFO] [stdout]   = note: LC_ALL="C" PATH="/opt/rustwide/rustup-home/toolchains/1.83.0-x86_64-unknown-linux-gnu/lib/rustlib/x86_64-unknown-linux-gnu/bin:/opt/rustwide/cargo-home/bin:/usr/local/sbin:/usr/local/bin:/usr/sbin:/usr/bin:/sbin:/bin" VSLANG="1033" "cc" "-m64" "/tmp/rustcZyC6VS/symbols.o" "/tmp/rustdoctestQGNDHs/rust_out.rust_out.cb03291d53e4e161-cgu.0.rcgu.o" "/tmp/rustdoctestQGNDHs/rust_out.1s7umcihpz0t7nkz1uc2ifee9.rcgu.o" "-Wl,--as-needed" "-Wl,-Bstatic" "/opt/rustwide/target/debug/deps/libtokio_test-a3509eeb564e5233.rlib" "/opt/rustwide/target/debug/deps/libtokio_stream-5f6fd34ba82efe2c.rlib" "/opt/rustwide/target/debug/deps/libsteam_api_client-cd366f11769cd5eb.rlib" "/opt/rustwide/target/debug/deps/libtracing_futures-340b08a3dd68a531.rlib" "/opt/rustwide/target/debug/deps/libpin_project-2866924fce59b397.rlib" "/opt/rustwide/target/debug/deps/libthiserror-e3adf8813175032f.rlib" "/opt/rustwide/target/debug/deps/libreqwest-67388766abf0bb80.rlib" "/opt/rustwide/target/debug/deps/libhyper_tls-ecd0a90c7ea4b33d.rlib" "/opt/rustwide/target/debug/deps/libserde_urlencoded-5594740611a178dd.rlib" "/opt/rustwide/target/debug/deps/libbase64-dac0d9ecf356a27f.rlib" "/opt/rustwide/target/debug/deps/libipnet-eabe9b888ffa7dc9.rlib" "/opt/rustwide/target/debug/deps/libtokio_native_tls-9c80e61d5549d04e.rlib" "/opt/rustwide/target/debug/deps/libmime-566b615028bbb9d4.rlib" "/opt/rustwide/target/debug/deps/libencoding_rs-77b869be0f5864ba.rlib" "/opt/rustwide/target/debug/deps/libserde_json-fc3b3d0392e31a1c.rlib" "/opt/rustwide/target/debug/deps/libryu-6c4568d3bf80b506.rlib" "/opt/rustwide/target/debug/deps/libnative_tls-c1d8adde28b8be6f.rlib" "/opt/rustwide/target/debug/deps/libopenssl_probe-111dcb0b3b714b0f.rlib" "/opt/rustwide/target/debug/deps/libopenssl-6081aa4c0a5ebcef.rlib" "/opt/rustwide/target/debug/deps/libbitflags-d3511f9afe014f87.rlib" "/opt/rustwide/target/debug/deps/libforeign_types-504d8dbdd27ff197.rlib" "/opt/rustwide/target/debug/deps/libforeign_types_shared-f6b6a54f87ce1292.rlib" "/opt/rustwide/target/debug/deps/libopenssl_sys-f5fbc3f142f2200a.rlib" "/opt/rustwide/target/debug/deps/libhyper-008b7000ff438a92.rlib" "/opt/rustwide/target/debug/deps/libwant-4857feac43a5cf39.rlib" "/opt/rustwide/target/debug/deps/libtry_lock-81d714ce15cc998f.rlib" "/opt/rustwide/target/debug/deps/libhttparse-2de3bd6857c7610a.rlib" "/opt/rustwide/target/debug/deps/libh2-6cf4c9805809dcb8.rlib" "/opt/rustwide/target/debug/deps/libindexmap-1f2a9e5366ffc056.rlib" "/opt/rustwide/target/debug/deps/libhashbrown-f7f97c562b093c36.rlib" "/opt/rustwide/target/debug/deps/libtokio_util-77f93ee886f8e9cd.rlib" "/opt/rustwide/target/debug/deps/libtower_service-368ccdc980bf098e.rlib" "/opt/rustwide/target/debug/deps/libtracing-f5afb5288ffa7e86.rlib" "/opt/rustwide/target/debug/deps/libtracing_core-13fdfecc9b75d5a8.rlib" "/opt/rustwide/target/debug/deps/libonce_cell-884224d18d097b70.rlib" "/opt/rustwide/target/debug/deps/libfutures_util-9eb2f925dec4f8cd.rlib" "/opt/rustwide/target/debug/deps/libmemchr-2cf4fc732d907b26.rlib" "/opt/rustwide/target/debug/deps/libfutures_io-41ce575f44a08b58.rlib" "/opt/rustwide/target/debug/deps/libslab-714e1e49288fbc92.rlib" "/opt/rustwide/target/debug/deps/libfutures_channel-e1674f543777cd24.rlib" "/opt/rustwide/target/debug/deps/libfutures_sink-255b69769edac13c.rlib" "/opt/rustwide/target/debug/deps/libfutures_task-28be2c781d5bd114.rlib" "/opt/rustwide/target/debug/deps/libpin_utils-6bd6355de79f98af.rlib" "/opt/rustwide/target/debug/deps/libtokio-fbe2f42b64076286.rlib" "/opt/rustwide/target/debug/deps/libsignal_hook_registry-79768562b6c6aa40.rlib" "/opt/rustwide/target/debug/deps/libnum_cpus-6b0196b70e1dda86.rlib" "/opt/rustwide/target/debug/deps/libsocket2-dd98ca5bab030324.rlib" "/opt/rustwide/target/debug/deps/libmio-d445eb6cacc3ca7e.rlib" "/opt/rustwide/target/debug/deps/libparking_lot-8eaf6e8440efb7a4.rlib" "/opt/rustwide/target/debug/deps/libparking_lot_core-4683ad4c8aece7f8.rlib" "/opt/rustwide/target/debug/deps/liblibc-f4e50323bf3d47d4.rlib" "/opt/rustwide/target/debug/deps/libsmallvec-cd773ba0201f69da.rlib" "/opt/rustwide/target/debug/deps/liblock_api-f2a06d9a88c3a6ef.rlib" "/opt/rustwide/target/debug/deps/libscopeguard-158c5911326f9fbb.rlib" "/opt/rustwide/target/debug/deps/libhttp_body-4c96542618c40cce.rlib" "/opt/rustwide/target/debug/deps/libpin_project_lite-814a617e2c2a5066.rlib" "/opt/rustwide/target/debug/deps/liblog-f3514ff446486473.rlib" "/opt/rustwide/target/debug/deps/libcfg_if-8217498f8667ada9.rlib" "/opt/rustwide/target/debug/deps/libfutures_core-e42c5b1795093a69.rlib" "/opt/rustwide/target/debug/deps/liburl-dde40874ed615413.rlib" "/opt/rustwide/target/debug/deps/libidna-4ca86039a8dbc75f.rlib" "/opt/rustwide/target/debug/deps/libunicode_normalization-7630faec0d28c0b3.rlib" "/opt/rustwide/target/debug/deps/libtinyvec-0d2d3862f05941a5.rlib" "/opt/rustwide/target/debug/deps/libtinyvec_macros-bb1333ecdeeba2ad.rlib" "/opt/rustwide/target/debug/deps/libunicode_bidi-3a4adb8928996e00.rlib" "/opt/rustwide/target/debug/deps/libform_urlencoded-48ad815baade9818.rlib" "/opt/rustwide/target/debug/deps/libpercent_encoding-407cdd71e16df74c.rlib" "/opt/rustwide/target/debug/deps/libhttp-0713b8a7f4f45e05.rlib" "/opt/rustwide/target/debug/deps/libitoa-b40c1f3dc6b1cd38.rlib" "/opt/rustwide/target/debug/deps/libbytes-decb9e4ea0f91257.rlib" "/opt/rustwide/target/debug/deps/libfnv-b4bd047f342dff07.rlib" "/opt/rustwide/target/debug/deps/libserde-c5c768cfb31a2ed5.rlib" "/opt/rustwide/rustup-home/toolchains/1.83.0-x86_64-unknown-linux-gnu/lib/rustlib/x86_64-unknown-linux-gnu/lib/libstd-ca74a2d9c5166d9f.rlib" "/opt/rustwide/rustup-home/toolchains/1.83.0-x86_64-unknown-linux-gnu/lib/rustlib/x86_64-unknown-linux-gnu/lib/libpanic_unwind-e31ab23316ed5080.rlib" "/opt/rustwide/rustup-home/toolchains/1.83.0-x86_64-unknown-linux-gnu/lib/rustlib/x86_64-unknown-linux-gnu/lib/libobject-27dc4aa955912662.rlib" "/opt/rustwide/rustup-home/toolchains/1.83.0-x86_64-unknown-linux-gnu/lib/rustlib/x86_64-unknown-linux-gnu/lib/libmemchr-bd0d6cccce077b99.rlib" "/opt/rustwide/rustup-home/toolchains/1.83.0-x86_64-unknown-linux-gnu/lib/rustlib/x86_64-unknown-linux-gnu/lib/libaddr2line-8d001680935b5e3c.rlib" "/opt/rustwide/rustup-home/toolchains/1.83.0-x86_64-unknown-linux-gnu/lib/rustlib/x86_64-unknown-linux-gnu/lib/libgimli-ba8ce71964f984f4.rlib" "/opt/rustwide/rustup-home/toolchains/1.83.0-x86_64-unknown-linux-gnu/lib/rustlib/x86_64-unknown-linux-gnu/lib/librustc_demangle-99a73526abcec14b.rlib" "/opt/rustwide/rustup-home/toolchains/1.83.0-x86_64-unknown-linux-gnu/lib/rustlib/x86_64-unknown-linux-gnu/lib/libstd_detect-63ac0d22cff92579.rlib" "/opt/rustwide/rustup-home/toolchains/1.83.0-x86_64-unknown-linux-gnu/lib/rustlib/x86_64-unknown-linux-gnu/lib/libhashbrown-9057355c92c922d5.rlib" "/opt/rustwide/rustup-home/toolchains/1.83.0-x86_64-unknown-linux-gnu/lib/rustlib/x86_64-unknown-linux-gnu/lib/librustc_std_workspace_alloc-358be9bc1f6bab04.rlib" "/opt/rustwide/rustup-home/toolchains/1.83.0-x86_64-unknown-linux-gnu/lib/rustlib/x86_64-unknown-linux-gnu/lib/libminiz_oxide-aca15549d5bff974.rlib" "/opt/rustwide/rustup-home/toolchains/1.83.0-x86_64-unknown-linux-gnu/lib/rustlib/x86_64-unknown-linux-gnu/lib/libadler-8251d2cef7072448.rlib" "/opt/rustwide/rustup-home/toolchains/1.83.0-x86_64-unknown-linux-gnu/lib/rustlib/x86_64-unknown-linux-gnu/lib/libunwind-7d50b86011c66411.rlib" "/opt/rustwide/rustup-home/toolchains/1.83.0-x86_64-unknown-linux-gnu/lib/rustlib/x86_64-unknown-linux-gnu/lib/libcfg_if-51ea098fce5006bf.rlib" "/opt/rustwide/rustup-home/toolchains/1.83.0-x86_64-unknown-linux-gnu/lib/rustlib/x86_64-unknown-linux-gnu/lib/liblibc-5a14e0d0b712e731.rlib" "/opt/rustwide/rustup-home/toolchains/1.83.0-x86_64-unknown-linux-gnu/lib/rustlib/x86_64-unknown-linux-gnu/lib/liballoc-8b83dbf3a7b8f999.rlib" "/opt/rustwide/rustup-home/toolchains/1.83.0-x86_64-unknown-linux-gnu/lib/rustlib/x86_64-unknown-linux-gnu/lib/librustc_std_workspace_core-c6fd227bdc7b39ff.rlib" "/opt/rustwide/rustup-home/toolchains/1.83.0-x86_64-unknown-linux-gnu/lib/rustlib/x86_64-unknown-linux-gnu/lib/libcore-959d3389fa3da8a5.rlib" "/opt/rustwide/rustup-home/toolchains/1.83.0-x86_64-unknown-linux-gnu/lib/rustlib/x86_64-unknown-linux-gnu/lib/libcompiler_builtins-abe05db089cc2c62.rlib" "-Wl,-Bdynamic" "-lssl" "-lcrypto" "-lgcc_s" "-lutil" "-lrt" "-lpthread" "-lm" "-ldl" "-lc" "-Wl,--eh-frame-hdr" "-Wl,-z,noexecstack" "-L" "/opt/rustwide/rustup-home/toolchains/1.83.0-x86_64-unknown-linux-gnu/lib/rustlib/x86_64-unknown-linux-gnu/lib" "-o" "/tmp/rustdoctestQGNDHs/rust_out" "-Wl,--gc-sections" "-pie" "-Wl,-z,relro,-z,now" "-nodefaultlibs"
[INFO] [stdout]   = note: collect2: fatal error: ld terminated with signal 9 [Killed]
[INFO] [stdout]           compilation terminated.
[INFO] [stdout]           
[INFO] [stdout] 
[INFO] [stdout] error: aborting due to 1 previous error
[INFO] [stdout] 
[INFO] [stdout] Couldn't compile the test.
[INFO] [stdout] ---- src/steam_client.rs - steam_client::SteamClient::get_profile_pic (line 463) stdout ----
[INFO] [stdout] error: linking with `cc` failed: exit status: 1
[INFO] [stdout]   |
[INFO] [stdout]   = note: LC_ALL="C" PATH="/opt/rustwide/rustup-home/toolchains/1.83.0-x86_64-unknown-linux-gnu/lib/rustlib/x86_64-unknown-linux-gnu/bin:/opt/rustwide/cargo-home/bin:/usr/local/sbin:/usr/local/bin:/usr/sbin:/usr/bin:/sbin:/bin" VSLANG="1033" "cc" "-m64" "/tmp/rustcoO9nGf/symbols.o" "/tmp/rustdoctestWX9vRj/rust_out.rust_out.cb03291d53e4e161-cgu.0.rcgu.o" "/tmp/rustdoctestWX9vRj/rust_out.1s7umcihpz0t7nkz1uc2ifee9.rcgu.o" "-Wl,--as-needed" "-Wl,-Bstatic" "/opt/rustwide/target/debug/deps/libtokio_test-a3509eeb564e5233.rlib" "/opt/rustwide/target/debug/deps/libtokio_stream-5f6fd34ba82efe2c.rlib" "/opt/rustwide/target/debug/deps/libsteam_api_client-cd366f11769cd5eb.rlib" "/opt/rustwide/target/debug/deps/libtracing_futures-340b08a3dd68a531.rlib" "/opt/rustwide/target/debug/deps/libpin_project-2866924fce59b397.rlib" "/opt/rustwide/target/debug/deps/libthiserror-e3adf8813175032f.rlib" "/opt/rustwide/target/debug/deps/libreqwest-67388766abf0bb80.rlib" "/opt/rustwide/target/debug/deps/libhyper_tls-ecd0a90c7ea4b33d.rlib" "/opt/rustwide/target/debug/deps/libserde_urlencoded-5594740611a178dd.rlib" "/opt/rustwide/target/debug/deps/libbase64-dac0d9ecf356a27f.rlib" "/opt/rustwide/target/debug/deps/libipnet-eabe9b888ffa7dc9.rlib" "/opt/rustwide/target/debug/deps/libtokio_native_tls-9c80e61d5549d04e.rlib" "/opt/rustwide/target/debug/deps/libmime-566b615028bbb9d4.rlib" "/opt/rustwide/target/debug/deps/libencoding_rs-77b869be0f5864ba.rlib" "/opt/rustwide/target/debug/deps/libserde_json-fc3b3d0392e31a1c.rlib" "/opt/rustwide/target/debug/deps/libryu-6c4568d3bf80b506.rlib" "/opt/rustwide/target/debug/deps/libnative_tls-c1d8adde28b8be6f.rlib" "/opt/rustwide/target/debug/deps/libopenssl_probe-111dcb0b3b714b0f.rlib" "/opt/rustwide/target/debug/deps/libopenssl-6081aa4c0a5ebcef.rlib" "/opt/rustwide/target/debug/deps/libbitflags-d3511f9afe014f87.rlib" "/opt/rustwide/target/debug/deps/libforeign_types-504d8dbdd27ff197.rlib" "/opt/rustwide/target/debug/deps/libforeign_types_shared-f6b6a54f87ce1292.rlib" "/opt/rustwide/target/debug/deps/libopenssl_sys-f5fbc3f142f2200a.rlib" "/opt/rustwide/target/debug/deps/libhyper-008b7000ff438a92.rlib" "/opt/rustwide/target/debug/deps/libwant-4857feac43a5cf39.rlib" "/opt/rustwide/target/debug/deps/libtry_lock-81d714ce15cc998f.rlib" "/opt/rustwide/target/debug/deps/libhttparse-2de3bd6857c7610a.rlib" "/opt/rustwide/target/debug/deps/libh2-6cf4c9805809dcb8.rlib" "/opt/rustwide/target/debug/deps/libindexmap-1f2a9e5366ffc056.rlib" "/opt/rustwide/target/debug/deps/libhashbrown-f7f97c562b093c36.rlib" "/opt/rustwide/target/debug/deps/libtokio_util-77f93ee886f8e9cd.rlib" "/opt/rustwide/target/debug/deps/libtower_service-368ccdc980bf098e.rlib" "/opt/rustwide/target/debug/deps/libtracing-f5afb5288ffa7e86.rlib" "/opt/rustwide/target/debug/deps/libtracing_core-13fdfecc9b75d5a8.rlib" "/opt/rustwide/target/debug/deps/libonce_cell-884224d18d097b70.rlib" "/opt/rustwide/target/debug/deps/libfutures_util-9eb2f925dec4f8cd.rlib" "/opt/rustwide/target/debug/deps/libmemchr-2cf4fc732d907b26.rlib" "/opt/rustwide/target/debug/deps/libfutures_io-41ce575f44a08b58.rlib" "/opt/rustwide/target/debug/deps/libslab-714e1e49288fbc92.rlib" "/opt/rustwide/target/debug/deps/libfutures_channel-e1674f543777cd24.rlib" "/opt/rustwide/target/debug/deps/libfutures_sink-255b69769edac13c.rlib" "/opt/rustwide/target/debug/deps/libfutures_task-28be2c781d5bd114.rlib" "/opt/rustwide/target/debug/deps/libpin_utils-6bd6355de79f98af.rlib" "/opt/rustwide/target/debug/deps/libtokio-fbe2f42b64076286.rlib" "/opt/rustwide/target/debug/deps/libsignal_hook_registry-79768562b6c6aa40.rlib" "/opt/rustwide/target/debug/deps/libnum_cpus-6b0196b70e1dda86.rlib" "/opt/rustwide/target/debug/deps/libsocket2-dd98ca5bab030324.rlib" "/opt/rustwide/target/debug/deps/libmio-d445eb6cacc3ca7e.rlib" "/opt/rustwide/target/debug/deps/libparking_lot-8eaf6e8440efb7a4.rlib" "/opt/rustwide/target/debug/deps/libparking_lot_core-4683ad4c8aece7f8.rlib" "/opt/rustwide/target/debug/deps/liblibc-f4e50323bf3d47d4.rlib" "/opt/rustwide/target/debug/deps/libsmallvec-cd773ba0201f69da.rlib" "/opt/rustwide/target/debug/deps/liblock_api-f2a06d9a88c3a6ef.rlib" "/opt/rustwide/target/debug/deps/libscopeguard-158c5911326f9fbb.rlib" "/opt/rustwide/target/debug/deps/libhttp_body-4c96542618c40cce.rlib" "/opt/rustwide/target/debug/deps/libpin_project_lite-814a617e2c2a5066.rlib" "/opt/rustwide/target/debug/deps/liblog-f3514ff446486473.rlib" "/opt/rustwide/target/debug/deps/libcfg_if-8217498f8667ada9.rlib" "/opt/rustwide/target/debug/deps/libfutures_core-e42c5b1795093a69.rlib" "/opt/rustwide/target/debug/deps/liburl-dde40874ed615413.rlib" "/opt/rustwide/target/debug/deps/libidna-4ca86039a8dbc75f.rlib" "/opt/rustwide/target/debug/deps/libunicode_normalization-7630faec0d28c0b3.rlib" "/opt/rustwide/target/debug/deps/libtinyvec-0d2d3862f05941a5.rlib" "/opt/rustwide/target/debug/deps/libtinyvec_macros-bb1333ecdeeba2ad.rlib" "/opt/rustwide/target/debug/deps/libunicode_bidi-3a4adb8928996e00.rlib" "/opt/rustwide/target/debug/deps/libform_urlencoded-48ad815baade9818.rlib" "/opt/rustwide/target/debug/deps/libpercent_encoding-407cdd71e16df74c.rlib" "/opt/rustwide/target/debug/deps/libhttp-0713b8a7f4f45e05.rlib" "/opt/rustwide/target/debug/deps/libitoa-b40c1f3dc6b1cd38.rlib" "/opt/rustwide/target/debug/deps/libbytes-decb9e4ea0f91257.rlib" "/opt/rustwide/target/debug/deps/libfnv-b4bd047f342dff07.rlib" "/opt/rustwide/target/debug/deps/libserde-c5c768cfb31a2ed5.rlib" "/opt/rustwide/rustup-home/toolchains/1.83.0-x86_64-unknown-linux-gnu/lib/rustlib/x86_64-unknown-linux-gnu/lib/libstd-ca74a2d9c5166d9f.rlib" "/opt/rustwide/rustup-home/toolchains/1.83.0-x86_64-unknown-linux-gnu/lib/rustlib/x86_64-unknown-linux-gnu/lib/libpanic_unwind-e31ab23316ed5080.rlib" "/opt/rustwide/rustup-home/toolchains/1.83.0-x86_64-unknown-linux-gnu/lib/rustlib/x86_64-unknown-linux-gnu/lib/libobject-27dc4aa955912662.rlib" "/opt/rustwide/rustup-home/toolchains/1.83.0-x86_64-unknown-linux-gnu/lib/rustlib/x86_64-unknown-linux-gnu/lib/libmemchr-bd0d6cccce077b99.rlib" "/opt/rustwide/rustup-home/toolchains/1.83.0-x86_64-unknown-linux-gnu/lib/rustlib/x86_64-unknown-linux-gnu/lib/libaddr2line-8d001680935b5e3c.rlib" "/opt/rustwide/rustup-home/toolchains/1.83.0-x86_64-unknown-linux-gnu/lib/rustlib/x86_64-unknown-linux-gnu/lib/libgimli-ba8ce71964f984f4.rlib" "/opt/rustwide/rustup-home/toolchains/1.83.0-x86_64-unknown-linux-gnu/lib/rustlib/x86_64-unknown-linux-gnu/lib/librustc_demangle-99a73526abcec14b.rlib" "/opt/rustwide/rustup-home/toolchains/1.83.0-x86_64-unknown-linux-gnu/lib/rustlib/x86_64-unknown-linux-gnu/lib/libstd_detect-63ac0d22cff92579.rlib" "/opt/rustwide/rustup-home/toolchains/1.83.0-x86_64-unknown-linux-gnu/lib/rustlib/x86_64-unknown-linux-gnu/lib/libhashbrown-9057355c92c922d5.rlib" "/opt/rustwide/rustup-home/toolchains/1.83.0-x86_64-unknown-linux-gnu/lib/rustlib/x86_64-unknown-linux-gnu/lib/librustc_std_workspace_alloc-358be9bc1f6bab04.rlib" "/opt/rustwide/rustup-home/toolchains/1.83.0-x86_64-unknown-linux-gnu/lib/rustlib/x86_64-unknown-linux-gnu/lib/libminiz_oxide-aca15549d5bff974.rlib" "/opt/rustwide/rustup-home/toolchains/1.83.0-x86_64-unknown-linux-gnu/lib/rustlib/x86_64-unknown-linux-gnu/lib/libadler-8251d2cef7072448.rlib" "/opt/rustwide/rustup-home/toolchains/1.83.0-x86_64-unknown-linux-gnu/lib/rustlib/x86_64-unknown-linux-gnu/lib/libunwind-7d50b86011c66411.rlib" "/opt/rustwide/rustup-home/toolchains/1.83.0-x86_64-unknown-linux-gnu/lib/rustlib/x86_64-unknown-linux-gnu/lib/libcfg_if-51ea098fce5006bf.rlib" "/opt/rustwide/rustup-home/toolchains/1.83.0-x86_64-unknown-linux-gnu/lib/rustlib/x86_64-unknown-linux-gnu/lib/liblibc-5a14e0d0b712e731.rlib" "/opt/rustwide/rustup-home/toolchains/1.83.0-x86_64-unknown-linux-gnu/lib/rustlib/x86_64-unknown-linux-gnu/lib/liballoc-8b83dbf3a7b8f999.rlib" "/opt/rustwide/rustup-home/toolchains/1.83.0-x86_64-unknown-linux-gnu/lib/rustlib/x86_64-unknown-linux-gnu/lib/librustc_std_workspace_core-c6fd227bdc7b39ff.rlib" "/opt/rustwide/rustup-home/toolchains/1.83.0-x86_64-unknown-linux-gnu/lib/rustlib/x86_64-unknown-linux-gnu/lib/libcore-959d3389fa3da8a5.rlib" "/opt/rustwide/rustup-home/toolchains/1.83.0-x86_64-unknown-linux-gnu/lib/rustlib/x86_64-unknown-linux-gnu/lib/libcompiler_builtins-abe05db089cc2c62.rlib" "-Wl,-Bdynamic" "-lssl" "-lcrypto" "-lgcc_s" "-lutil" "-lrt" "-lpthread" "-lm" "-ldl" "-lc" "-Wl,--eh-frame-hdr" "-Wl,-z,noexecstack" "-L" "/opt/rustwide/rustup-home/toolchains/1.83.0-x86_64-unknown-linux-gnu/lib/rustlib/x86_64-unknown-linux-gnu/lib" "-o" "/tmp/rustdoctestWX9vRj/rust_out" "-Wl,--gc-sections" "-pie" "-Wl,-z,relro,-z,now" "-nodefaultlibs"
[INFO] [stdout]   = note: collect2: fatal error: ld terminated with signal 9 [Killed]
[INFO] [stdout]           compilation terminated.
[INFO] [stdout]           
[INFO] [stdout] 
[INFO] [stdout] error: aborting due to 1 previous error
[INFO] [stdout] 
[INFO] [stdout] Couldn't compile the test.
[INFO] [stdout] ---- src/steam_client.rs - steam_client::SteamClient::get_game_small_capsule (line 491) stdout ----
[INFO] [stdout] error: linking with `cc` failed: exit status: 1
[INFO] [stdout]   |
[INFO] [stdout]   = note: LC_ALL="C" PATH="/opt/rustwide/rustup-home/toolchains/1.83.0-x86_64-unknown-linux-gnu/lib/rustlib/x86_64-unknown-linux-gnu/bin:/opt/rustwide/cargo-home/bin:/usr/local/sbin:/usr/local/bin:/usr/sbin:/usr/bin:/sbin:/bin" VSLANG="1033" "cc" "-m64" "/tmp/rustcuuiXs1/symbols.o" "/tmp/rustdoctestWm8Omy/rust_out.rust_out.cb03291d53e4e161-cgu.0.rcgu.o" "/tmp/rustdoctestWm8Omy/rust_out.1s7umcihpz0t7nkz1uc2ifee9.rcgu.o" "-Wl,--as-needed" "-Wl,-Bstatic" "/opt/rustwide/target/debug/deps/libtokio_test-a3509eeb564e5233.rlib" "/opt/rustwide/target/debug/deps/libtokio_stream-5f6fd34ba82efe2c.rlib" "/opt/rustwide/target/debug/deps/libsteam_api_client-cd366f11769cd5eb.rlib" "/opt/rustwide/target/debug/deps/libtracing_futures-340b08a3dd68a531.rlib" "/opt/rustwide/target/debug/deps/libpin_project-2866924fce59b397.rlib" "/opt/rustwide/target/debug/deps/libthiserror-e3adf8813175032f.rlib" "/opt/rustwide/target/debug/deps/libreqwest-67388766abf0bb80.rlib" "/opt/rustwide/target/debug/deps/libhyper_tls-ecd0a90c7ea4b33d.rlib" "/opt/rustwide/target/debug/deps/libserde_urlencoded-5594740611a178dd.rlib" "/opt/rustwide/target/debug/deps/libbase64-dac0d9ecf356a27f.rlib" "/opt/rustwide/target/debug/deps/libipnet-eabe9b888ffa7dc9.rlib" "/opt/rustwide/target/debug/deps/libtokio_native_tls-9c80e61d5549d04e.rlib" "/opt/rustwide/target/debug/deps/libmime-566b615028bbb9d4.rlib" "/opt/rustwide/target/debug/deps/libencoding_rs-77b869be0f5864ba.rlib" "/opt/rustwide/target/debug/deps/libserde_json-fc3b3d0392e31a1c.rlib" "/opt/rustwide/target/debug/deps/libryu-6c4568d3bf80b506.rlib" "/opt/rustwide/target/debug/deps/libnative_tls-c1d8adde28b8be6f.rlib" "/opt/rustwide/target/debug/deps/libopenssl_probe-111dcb0b3b714b0f.rlib" "/opt/rustwide/target/debug/deps/libopenssl-6081aa4c0a5ebcef.rlib" "/opt/rustwide/target/debug/deps/libbitflags-d3511f9afe014f87.rlib" "/opt/rustwide/target/debug/deps/libforeign_types-504d8dbdd27ff197.rlib" "/opt/rustwide/target/debug/deps/libforeign_types_shared-f6b6a54f87ce1292.rlib" "/opt/rustwide/target/debug/deps/libopenssl_sys-f5fbc3f142f2200a.rlib" "/opt/rustwide/target/debug/deps/libhyper-008b7000ff438a92.rlib" "/opt/rustwide/target/debug/deps/libwant-4857feac43a5cf39.rlib" "/opt/rustwide/target/debug/deps/libtry_lock-81d714ce15cc998f.rlib" "/opt/rustwide/target/debug/deps/libhttparse-2de3bd6857c7610a.rlib" "/opt/rustwide/target/debug/deps/libh2-6cf4c9805809dcb8.rlib" "/opt/rustwide/target/debug/deps/libindexmap-1f2a9e5366ffc056.rlib" "/opt/rustwide/target/debug/deps/libhashbrown-f7f97c562b093c36.rlib" "/opt/rustwide/target/debug/deps/libtokio_util-77f93ee886f8e9cd.rlib" "/opt/rustwide/target/debug/deps/libtower_service-368ccdc980bf098e.rlib" "/opt/rustwide/target/debug/deps/libtracing-f5afb5288ffa7e86.rlib" "/opt/rustwide/target/debug/deps/libtracing_core-13fdfecc9b75d5a8.rlib" "/opt/rustwide/target/debug/deps/libonce_cell-884224d18d097b70.rlib" "/opt/rustwide/target/debug/deps/libfutures_util-9eb2f925dec4f8cd.rlib" "/opt/rustwide/target/debug/deps/libmemchr-2cf4fc732d907b26.rlib" "/opt/rustwide/target/debug/deps/libfutures_io-41ce575f44a08b58.rlib" "/opt/rustwide/target/debug/deps/libslab-714e1e49288fbc92.rlib" "/opt/rustwide/target/debug/deps/libfutures_channel-e1674f543777cd24.rlib" "/opt/rustwide/target/debug/deps/libfutures_sink-255b69769edac13c.rlib" "/opt/rustwide/target/debug/deps/libfutures_task-28be2c781d5bd114.rlib" "/opt/rustwide/target/debug/deps/libpin_utils-6bd6355de79f98af.rlib" "/opt/rustwide/target/debug/deps/libtokio-fbe2f42b64076286.rlib" "/opt/rustwide/target/debug/deps/libsignal_hook_registry-79768562b6c6aa40.rlib" "/opt/rustwide/target/debug/deps/libnum_cpus-6b0196b70e1dda86.rlib" "/opt/rustwide/target/debug/deps/libsocket2-dd98ca5bab030324.rlib" "/opt/rustwide/target/debug/deps/libmio-d445eb6cacc3ca7e.rlib" "/opt/rustwide/target/debug/deps/libparking_lot-8eaf6e8440efb7a4.rlib" "/opt/rustwide/target/debug/deps/libparking_lot_core-4683ad4c8aece7f8.rlib" "/opt/rustwide/target/debug/deps/liblibc-f4e50323bf3d47d4.rlib" "/opt/rustwide/target/debug/deps/libsmallvec-cd773ba0201f69da.rlib" "/opt/rustwide/target/debug/deps/liblock_api-f2a06d9a88c3a6ef.rlib" "/opt/rustwide/target/debug/deps/libscopeguard-158c5911326f9fbb.rlib" "/opt/rustwide/target/debug/deps/libhttp_body-4c96542618c40cce.rlib" "/opt/rustwide/target/debug/deps/libpin_project_lite-814a617e2c2a5066.rlib" "/opt/rustwide/target/debug/deps/liblog-f3514ff446486473.rlib" "/opt/rustwide/target/debug/deps/libcfg_if-8217498f8667ada9.rlib" "/opt/rustwide/target/debug/deps/libfutures_core-e42c5b1795093a69.rlib" "/opt/rustwide/target/debug/deps/liburl-dde40874ed615413.rlib" "/opt/rustwide/target/debug/deps/libidna-4ca86039a8dbc75f.rlib" "/opt/rustwide/target/debug/deps/libunicode_normalization-7630faec0d28c0b3.rlib" "/opt/rustwide/target/debug/deps/libtinyvec-0d2d3862f05941a5.rlib" "/opt/rustwide/target/debug/deps/libtinyvec_macros-bb1333ecdeeba2ad.rlib" "/opt/rustwide/target/debug/deps/libunicode_bidi-3a4adb8928996e00.rlib" "/opt/rustwide/target/debug/deps/libform_urlencoded-48ad815baade9818.rlib" "/opt/rustwide/target/debug/deps/libpercent_encoding-407cdd71e16df74c.rlib" "/opt/rustwide/target/debug/deps/libhttp-0713b8a7f4f45e05.rlib" "/opt/rustwide/target/debug/deps/libitoa-b40c1f3dc6b1cd38.rlib" "/opt/rustwide/target/debug/deps/libbytes-decb9e4ea0f91257.rlib" "/opt/rustwide/target/debug/deps/libfnv-b4bd047f342dff07.rlib" "/opt/rustwide/target/debug/deps/libserde-c5c768cfb31a2ed5.rlib" "/opt/rustwide/rustup-home/toolchains/1.83.0-x86_64-unknown-linux-gnu/lib/rustlib/x86_64-unknown-linux-gnu/lib/libstd-ca74a2d9c5166d9f.rlib" "/opt/rustwide/rustup-home/toolchains/1.83.0-x86_64-unknown-linux-gnu/lib/rustlib/x86_64-unknown-linux-gnu/lib/libpanic_unwind-e31ab23316ed5080.rlib" "/opt/rustwide/rustup-home/toolchains/1.83.0-x86_64-unknown-linux-gnu/lib/rustlib/x86_64-unknown-linux-gnu/lib/libobject-27dc4aa955912662.rlib" "/opt/rustwide/rustup-home/toolchains/1.83.0-x86_64-unknown-linux-gnu/lib/rustlib/x86_64-unknown-linux-gnu/lib/libmemchr-bd0d6cccce077b99.rlib" "/opt/rustwide/rustup-home/toolchains/1.83.0-x86_64-unknown-linux-gnu/lib/rustlib/x86_64-unknown-linux-gnu/lib/libaddr2line-8d001680935b5e3c.rlib" "/opt/rustwide/rustup-home/toolchains/1.83.0-x86_64-unknown-linux-gnu/lib/rustlib/x86_64-unknown-linux-gnu/lib/libgimli-ba8ce71964f984f4.rlib" "/opt/rustwide/rustup-home/toolchains/1.83.0-x86_64-unknown-linux-gnu/lib/rustlib/x86_64-unknown-linux-gnu/lib/librustc_demangle-99a73526abcec14b.rlib" "/opt/rustwide/rustup-home/toolchains/1.83.0-x86_64-unknown-linux-gnu/lib/rustlib/x86_64-unknown-linux-gnu/lib/libstd_detect-63ac0d22cff92579.rlib" "/opt/rustwide/rustup-home/toolchains/1.83.0-x86_64-unknown-linux-gnu/lib/rustlib/x86_64-unknown-linux-gnu/lib/libhashbrown-9057355c92c922d5.rlib" "/opt/rustwide/rustup-home/toolchains/1.83.0-x86_64-unknown-linux-gnu/lib/rustlib/x86_64-unknown-linux-gnu/lib/librustc_std_workspace_alloc-358be9bc1f6bab04.rlib" "/opt/rustwide/rustup-home/toolchains/1.83.0-x86_64-unknown-linux-gnu/lib/rustlib/x86_64-unknown-linux-gnu/lib/libminiz_oxide-aca15549d5bff974.rlib" "/opt/rustwide/rustup-home/toolchains/1.83.0-x86_64-unknown-linux-gnu/lib/rustlib/x86_64-unknown-linux-gnu/lib/libadler-8251d2cef7072448.rlib" "/opt/rustwide/rustup-home/toolchains/1.83.0-x86_64-unknown-linux-gnu/lib/rustlib/x86_64-unknown-linux-gnu/lib/libunwind-7d50b86011c66411.rlib" "/opt/rustwide/rustup-home/toolchains/1.83.0-x86_64-unknown-linux-gnu/lib/rustlib/x86_64-unknown-linux-gnu/lib/libcfg_if-51ea098fce5006bf.rlib" "/opt/rustwide/rustup-home/toolchains/1.83.0-x86_64-unknown-linux-gnu/lib/rustlib/x86_64-unknown-linux-gnu/lib/liblibc-5a14e0d0b712e731.rlib" "/opt/rustwide/rustup-home/toolchains/1.83.0-x86_64-unknown-linux-gnu/lib/rustlib/x86_64-unknown-linux-gnu/lib/liballoc-8b83dbf3a7b8f999.rlib" "/opt/rustwide/rustup-home/toolchains/1.83.0-x86_64-unknown-linux-gnu/lib/rustlib/x86_64-unknown-linux-gnu/lib/librustc_std_workspace_core-c6fd227bdc7b39ff.rlib" "/opt/rustwide/rustup-home/toolchains/1.83.0-x86_64-unknown-linux-gnu/lib/rustlib/x86_64-unknown-linux-gnu/lib/libcore-959d3389fa3da8a5.rlib" "/opt/rustwide/rustup-home/toolchains/1.83.0-x86_64-unknown-linux-gnu/lib/rustlib/x86_64-unknown-linux-gnu/lib/libcompiler_builtins-abe05db089cc2c62.rlib" "-Wl,-Bdynamic" "-lssl" "-lcrypto" "-lgcc_s" "-lutil" "-lrt" "-lpthread" "-lm" "-ldl" "-lc" "-Wl,--eh-frame-hdr" "-Wl,-z,noexecstack" "-L" "/opt/rustwide/rustup-home/toolchains/1.83.0-x86_64-unknown-linux-gnu/lib/rustlib/x86_64-unknown-linux-gnu/lib" "-o" "/tmp/rustdoctestWm8Omy/rust_out" "-Wl,--gc-sections" "-pie" "-Wl,-z,relro,-z,now" "-nodefaultlibs"
[INFO] [stdout]   = note: collect2: fatal error: ld terminated with signal 9 [Killed]
[INFO] [stdout]           compilation terminated.
[INFO] [stdout]           
[INFO] [stdout] 
[INFO] [stdout] error: aborting due to 1 previous error
[INFO] [stdout] 
[INFO] [stdout] Couldn't compile the test.
[INFO] [stdout] 
[INFO] [stdout] failures:
[INFO] [stdout]     src/steam_client.rs - steam_client::SteamClient::get_achievement_rarity (line 226)
[INFO] [stdout]     src/steam_client.rs - steam_client::SteamClient::get_game_library_capsule (line 514)
[INFO] [stdout]     src/steam_client.rs - steam_client::SteamClient::get_game_small_capsule (line 491)
[INFO] [stdout]     src/steam_client.rs - steam_client::SteamClient::get_profile_pic (line 463)
[INFO] [stdout]     src/steam_client.rs - steam_client::SteamClient::get_schema_for_game (line 346)
[INFO] [stdout] 
[INFO] [stdout] test result: FAILED. 6 passed; 5 failed; 0 ignored; 0 measured; 0 filtered out; finished in 11.31s
[INFO] [stdout] 
[INFO] [stderr] error: doctest failed, to rerun pass `--doc`
[INFO] running `Command { std: "docker" "inspect" "322d2c5db2be13bd7bdb6e96faffa6c691b7d2092719cc4ed5fca44aebdc614c", kill_on_drop: false }`
[INFO] running `Command { std: "docker" "rm" "-f" "322d2c5db2be13bd7bdb6e96faffa6c691b7d2092719cc4ed5fca44aebdc614c", kill_on_drop: false }`
[INFO] [stdout] 322d2c5db2be13bd7bdb6e96faffa6c691b7d2092719cc4ed5fca44aebdc614c
