[INFO] cloning repository https://github.com/TheGoodall/advent-of-code-2022
[INFO] running `Command { std: "git" "-c" "credential.helper=" "-c" "credential.helper=/workspace/cargo-home/bin/git-credential-null" "clone" "--bare" "https://github.com/TheGoodall/advent-of-code-2022" "/workspace/cache/git-repos/https%3A%2F%2Fgithub.com%2FTheGoodall%2Fadvent-of-code-2022", kill_on_drop: false }`
[INFO] [stderr] Cloning into bare repository '/workspace/cache/git-repos/https%3A%2F%2Fgithub.com%2FTheGoodall%2Fadvent-of-code-2022'...
[INFO] running `Command { std: "git" "rev-parse" "HEAD", kill_on_drop: false }`
[INFO] [stdout] dce7ef30004c07c3df91dd4b4a6f88bc27df74a0
[INFO] testing TheGoodall/advent-of-code-2022 against 1.83.0 for beta-1.84.0-4-retry
[INFO] running `Command { std: "git" "clone" "/workspace/cache/git-repos/https%3A%2F%2Fgithub.com%2FTheGoodall%2Fadvent-of-code-2022" "/workspace/builds/worker-3-tc1/source", kill_on_drop: false }`
[INFO] [stderr] Cloning into '/workspace/builds/worker-3-tc1/source'...
[INFO] [stderr] done.
[INFO] validating manifest of git repo https://github.com/TheGoodall/advent-of-code-2022 on toolchain 1.83.0
[INFO] running `Command { std: CARGO_HOME="/workspace/cargo-home" RUSTUP_HOME="/workspace/rustup-home" "/workspace/cargo-home/bin/cargo" "+1.83.0" "metadata" "--manifest-path" "Cargo.toml" "--no-deps", kill_on_drop: false }`
[INFO] started tweaking git repo https://github.com/TheGoodall/advent-of-code-2022
[INFO] finished tweaking git repo https://github.com/TheGoodall/advent-of-code-2022
[INFO] tweaked toml for git repo https://github.com/TheGoodall/advent-of-code-2022 written to /workspace/builds/worker-3-tc1/source/Cargo.toml
[INFO] crate git repo https://github.com/TheGoodall/advent-of-code-2022 already has a lockfile, it will not be regenerated
[INFO] running `Command { std: CARGO_HOME="/workspace/cargo-home" RUSTUP_HOME="/workspace/rustup-home" "/workspace/cargo-home/bin/cargo" "+1.83.0" "fetch" "--manifest-path" "Cargo.toml", kill_on_drop: false }`
[INFO] running `Command { std: "docker" "create" "-v" "/var/lib/crater-agent-workspace/builds/worker-3-tc1/target:/opt/rustwide/target:rw,Z" "-v" "/var/lib/crater-agent-workspace/builds/worker-3-tc1/source:/opt/rustwide/workdir:ro,Z" "-v" "/var/lib/crater-agent-workspace/cargo-home:/opt/rustwide/cargo-home:ro,Z" "-v" "/var/lib/crater-agent-workspace/rustup-home:/opt/rustwide/rustup-home:ro,Z" "-e" "SOURCE_DIR=/opt/rustwide/workdir" "-e" "CARGO_TARGET_DIR=/opt/rustwide/target" "-e" "CARGO_HOME=/opt/rustwide/cargo-home" "-e" "RUSTUP_HOME=/opt/rustwide/rustup-home" "-w" "/opt/rustwide/workdir" "-m" "1610612736" "--user" "0:0" "--network" "none" "ghcr.io/rust-lang/crates-build-env/linux@sha256:f3a9d4ad9d972b27faf3965f35b62e55ba32bbce8f20bc8fe909558a86702fde" "/opt/rustwide/cargo-home/bin/cargo" "+1.83.0" "metadata" "--no-deps" "--format-version=1", kill_on_drop: false }`
[INFO] [stdout] 4d62afd57783984e48e718ad71a281b1f7b874c21ea9c1737903b9362a564002
[INFO] running `Command { std: "docker" "start" "-a" "4d62afd57783984e48e718ad71a281b1f7b874c21ea9c1737903b9362a564002", kill_on_drop: false }`
[INFO] running `Command { std: "docker" "inspect" "4d62afd57783984e48e718ad71a281b1f7b874c21ea9c1737903b9362a564002", kill_on_drop: false }`
[INFO] running `Command { std: "docker" "rm" "-f" "4d62afd57783984e48e718ad71a281b1f7b874c21ea9c1737903b9362a564002", kill_on_drop: false }`
[INFO] [stdout] 4d62afd57783984e48e718ad71a281b1f7b874c21ea9c1737903b9362a564002
[INFO] running `Command { std: "docker" "create" "-v" "/var/lib/crater-agent-workspace/builds/worker-3-tc1/target:/opt/rustwide/target:rw,Z" "-v" "/var/lib/crater-agent-workspace/builds/worker-3-tc1/source:/opt/rustwide/workdir:ro,Z" "-v" "/var/lib/crater-agent-workspace/cargo-home:/opt/rustwide/cargo-home:ro,Z" "-v" "/var/lib/crater-agent-workspace/rustup-home:/opt/rustwide/rustup-home:ro,Z" "-e" "SOURCE_DIR=/opt/rustwide/workdir" "-e" "CARGO_TARGET_DIR=/opt/rustwide/target" "-e" "CARGO_INCREMENTAL=0" "-e" "RUST_BACKTRACE=full" "-e" "RUSTFLAGS=--cap-lints=warn" "-e" "RUSTDOCFLAGS=--cap-lints=warn" "-e" "CARGO_HOME=/opt/rustwide/cargo-home" "-e" "RUSTUP_HOME=/opt/rustwide/rustup-home" "-w" "/opt/rustwide/workdir" "-m" "1610612736" "--user" "0:0" "--network" "none" "ghcr.io/rust-lang/crates-build-env/linux@sha256:f3a9d4ad9d972b27faf3965f35b62e55ba32bbce8f20bc8fe909558a86702fde" "/opt/rustwide/cargo-home/bin/cargo" "+1.83.0" "build" "--frozen" "--message-format=json", kill_on_drop: false }`
[INFO] [stdout] 8e6ce502e1edab984cb174a2521d05aa800e99f6119e1b70938918b399281549
[INFO] running `Command { std: "docker" "start" "-a" "8e6ce502e1edab984cb174a2521d05aa800e99f6119e1b70938918b399281549", kill_on_drop: false }`
[INFO] [stderr]    Compiling memchr v2.5.0
[INFO] [stderr]    Compiling minimal-lexical v0.2.1
[INFO] [stderr]    Compiling either v1.8.0
[INFO] [stderr]    Compiling lazy_static v1.4.0
[INFO] [stderr]    Compiling itertools v0.10.5
[INFO] [stderr]    Compiling nom v7.1.3
[INFO] [stderr]    Compiling advent-of-code-2022 v0.1.0 (/opt/rustwide/workdir)
[INFO] [stdout] warning: unused imports: `branch::alt`, `combinator::map_res`, `sequence::tuple`, `tag`, and `take_while_m_n`
[INFO] [stdout]  --> src/day7.rs:2:5
[INFO] [stdout]   |
[INFO] [stdout] 2 |     branch::alt,
[INFO] [stdout]   |     ^^^^^^^^^^^
[INFO] [stdout] 3 |     bytes::complete::{tag, take_while_m_n},
[INFO] [stdout]   |                       ^^^  ^^^^^^^^^^^^^^
[INFO] [stdout] 4 |     combinator::map_res,
[INFO] [stdout]   |     ^^^^^^^^^^^^^^^^^^^
[INFO] [stdout] 5 |     sequence::tuple,
[INFO] [stdout]   |     ^^^^^^^^^^^^^^^
[INFO] [stdout]   |
[INFO] [stdout]   = note: `#[warn(unused_imports)]` on by default
[INFO] [stdout] 
[INFO] [stdout] 
[INFO] [stdout] warning: unused variable: `input`
[INFO] [stdout]   --> src/day7.rs:54:12
[INFO] [stdout]    |
[INFO] [stdout] 54 | fn command(input: &str) -> IResult<&str, Command> {
[INFO] [stdout]    |            ^^^^^ help: if this is intentional, prefix it with an underscore: `_input`
[INFO] [stdout]    |
[INFO] [stdout]    = note: `#[warn(unused_variables)]` on by default
[INFO] [stdout] 
[INFO] [stdout] 
[INFO] [stdout] warning: unused variable: `input`
[INFO] [stdout]   --> src/day7.rs:58:14
[INFO] [stdout]    |
[INFO] [stdout] 58 | fn directory(input: &str) -> IResult<&str, Directory> {
[INFO] [stdout]    |              ^^^^^ help: if this is intentional, prefix it with an underscore: `_input`
[INFO] [stdout] 
[INFO] [stdout] 
[INFO] [stdout] warning: unused variable: `input`
[INFO] [stdout]   --> src/day7.rs:62:9
[INFO] [stdout]    |
[INFO] [stdout] 62 | fn file(input: &str) -> IResult<&str, File> {
[INFO] [stdout]    |         ^^^^^ help: if this is intentional, prefix it with an underscore: `_input`
[INFO] [stdout] 
[INFO] [stdout] 
[INFO] [stdout] warning: unused variable: `input`
[INFO] [stdout]   --> src/day7.rs:65:14
[INFO] [stdout]    |
[INFO] [stdout] 65 | fn parseLine(input: &str) -> IResult<&str, Line> {
[INFO] [stdout]    |              ^^^^^ help: if this is intentional, prefix it with an underscore: `_input`
[INFO] [stdout] 
[INFO] [stdout] 
[INFO] [stdout] warning: unused variable: `pwd`
[INFO] [stdout]   --> src/day7.rs:76:17
[INFO] [stdout]    |
[INFO] [stdout] 76 |             let pwd = state.0.last_mut();
[INFO] [stdout]    |                 ^^^ help: if this is intentional, prefix it with an underscore: `_pwd`
[INFO] [stdout] 
[INFO] [stdout] 
[INFO] [stdout] warning: unused variable: `input`
[INFO] [stdout]   --> src/day7.rs:89:16
[INFO] [stdout]    |
[INFO] [stdout] 89 | fn solve_part1(input: &Directory) -> u32 {
[INFO] [stdout]    |                ^^^^^ help: if this is intentional, prefix it with an underscore: `_input`
[INFO] [stdout] 
[INFO] [stdout] 
[INFO] [stdout] warning: variants `File` and `Directory` are never constructed
[INFO] [stdout]   --> src/day7.rs:13:5
[INFO] [stdout]    |
[INFO] [stdout] 12 | enum DirectoryItem {
[INFO] [stdout]    |      ------------- variants in this enum
[INFO] [stdout] 13 |     File(File),
[INFO] [stdout]    |     ^^^^
[INFO] [stdout] 14 |     Directory(Directory),
[INFO] [stdout]    |     ^^^^^^^^^
[INFO] [stdout]    |
[INFO] [stdout]    = note: `DirectoryItem` has derived impls for the traits `Debug` and `Clone`, but these are intentionally ignored during dead code analysis
[INFO] [stdout]    = note: `#[warn(dead_code)]` on by default
[INFO] [stdout] 
[INFO] [stdout] 
[INFO] [stdout] warning: method `get_size` is never used
[INFO] [stdout]   --> src/day7.rs:18:8
[INFO] [stdout]    |
[INFO] [stdout] 17 | impl DirectoryItem {
[INFO] [stdout]    | ------------------ method in this implementation
[INFO] [stdout] 18 |     fn get_size(&self) -> u32 {
[INFO] [stdout]    |        ^^^^^^^^
[INFO] [stdout] 
[INFO] [stdout] 
[INFO] [stdout] warning: methods `get_size` and `push` are never used
[INFO] [stdout]   --> src/day7.rs:30:8
[INFO] [stdout]    |
[INFO] [stdout] 29 | impl Directory {
[INFO] [stdout]    | -------------- methods in this implementation
[INFO] [stdout] 30 |     fn get_size(&self) -> u32 {
[INFO] [stdout]    |        ^^^^^^^^
[INFO] [stdout] ...
[INFO] [stdout] 34 |     fn push(&mut self, item: DirectoryItem) {
[INFO] [stdout]    |        ^^^^
[INFO] [stdout] 
[INFO] [stdout] 
[INFO] [stdout] warning: enum `Line` is never used
[INFO] [stdout]   --> src/day7.rs:44:6
[INFO] [stdout]    |
[INFO] [stdout] 44 | enum Line<'a> {
[INFO] [stdout]    |      ^^^^
[INFO] [stdout] 
[INFO] [stdout] 
[INFO] [stdout] warning: enum `Command` is never used
[INFO] [stdout]   --> src/day7.rs:49:6
[INFO] [stdout]    |
[INFO] [stdout] 49 | enum Command<'a> {
[INFO] [stdout]    |      ^^^^^^^
[INFO] [stdout] 
[INFO] [stdout] 
[INFO] [stdout] warning: function `command` is never used
[INFO] [stdout]   --> src/day7.rs:54:4
[INFO] [stdout]    |
[INFO] [stdout] 54 | fn command(input: &str) -> IResult<&str, Command> {
[INFO] [stdout]    |    ^^^^^^^
[INFO] [stdout] 
[INFO] [stdout] 
[INFO] [stdout] warning: function `directory` is never used
[INFO] [stdout]   --> src/day7.rs:58:4
[INFO] [stdout]    |
[INFO] [stdout] 58 | fn directory(input: &str) -> IResult<&str, Directory> {
[INFO] [stdout]    |    ^^^^^^^^^
[INFO] [stdout] 
[INFO] [stdout] 
[INFO] [stdout] warning: function `file` is never used
[INFO] [stdout]   --> src/day7.rs:62:4
[INFO] [stdout]    |
[INFO] [stdout] 62 | fn file(input: &str) -> IResult<&str, File> {
[INFO] [stdout]    |    ^^^^
[INFO] [stdout] 
[INFO] [stdout] 
[INFO] [stdout] warning: function `parseLine` is never used
[INFO] [stdout]   --> src/day7.rs:65:4
[INFO] [stdout]    |
[INFO] [stdout] 65 | fn parseLine(input: &str) -> IResult<&str, Line> {
[INFO] [stdout]    |    ^^^^^^^^^
[INFO] [stdout] 
[INFO] [stdout] 
[INFO] [stdout] warning: function `parseLine` should have a snake case name
[INFO] [stdout]   --> src/day7.rs:65:4
[INFO] [stdout]    |
[INFO] [stdout] 65 | fn parseLine(input: &str) -> IResult<&str, Line> {
[INFO] [stdout]    |    ^^^^^^^^^ help: convert the identifier to snake case: `parse_line`
[INFO] [stdout]    |
[INFO] [stdout]    = note: `#[warn(non_snake_case)]` on by default
[INFO] [stdout] 
[INFO] [stdout] 
[INFO] [stderr]     Finished `dev` profile [unoptimized + debuginfo] target(s) in 3.74s
[INFO] running `Command { std: "docker" "inspect" "8e6ce502e1edab984cb174a2521d05aa800e99f6119e1b70938918b399281549", kill_on_drop: false }`
[INFO] running `Command { std: "docker" "rm" "-f" "8e6ce502e1edab984cb174a2521d05aa800e99f6119e1b70938918b399281549", kill_on_drop: false }`
[INFO] [stdout] 8e6ce502e1edab984cb174a2521d05aa800e99f6119e1b70938918b399281549
[INFO] running `Command { std: "docker" "create" "-v" "/var/lib/crater-agent-workspace/builds/worker-3-tc1/target:/opt/rustwide/target:rw,Z" "-v" "/var/lib/crater-agent-workspace/builds/worker-3-tc1/source:/opt/rustwide/workdir:ro,Z" "-v" "/var/lib/crater-agent-workspace/cargo-home:/opt/rustwide/cargo-home:ro,Z" "-v" "/var/lib/crater-agent-workspace/rustup-home:/opt/rustwide/rustup-home:ro,Z" "-e" "SOURCE_DIR=/opt/rustwide/workdir" "-e" "CARGO_TARGET_DIR=/opt/rustwide/target" "-e" "CARGO_INCREMENTAL=0" "-e" "RUST_BACKTRACE=full" "-e" "RUSTFLAGS=--cap-lints=warn" "-e" "RUSTDOCFLAGS=--cap-lints=warn" "-e" "CARGO_HOME=/opt/rustwide/cargo-home" "-e" "RUSTUP_HOME=/opt/rustwide/rustup-home" "-w" "/opt/rustwide/workdir" "-m" "1610612736" "--user" "0:0" "--network" "none" "ghcr.io/rust-lang/crates-build-env/linux@sha256:f3a9d4ad9d972b27faf3965f35b62e55ba32bbce8f20bc8fe909558a86702fde" "/opt/rustwide/cargo-home/bin/cargo" "+1.83.0" "test" "--frozen" "--no-run" "--message-format=json", kill_on_drop: false }`
[INFO] [stdout] 7a4042d36f46d3337be13a1ab966c0bb7f9491ec3eaf0395c26905e7fd7caabf
[INFO] running `Command { std: "docker" "start" "-a" "7a4042d36f46d3337be13a1ab966c0bb7f9491ec3eaf0395c26905e7fd7caabf", kill_on_drop: false }`
[INFO] [stderr]    Compiling advent-of-code-2022 v0.1.0 (/opt/rustwide/workdir)
[INFO] [stdout] warning: unused imports: `branch::alt`, `combinator::map_res`, `sequence::tuple`, `tag`, and `take_while_m_n`
[INFO] [stdout]  --> src/day7.rs:2:5
[INFO] [stdout]   |
[INFO] [stdout] 2 |     branch::alt,
[INFO] [stdout]   |     ^^^^^^^^^^^
[INFO] [stdout] 3 |     bytes::complete::{tag, take_while_m_n},
[INFO] [stdout]   |                       ^^^  ^^^^^^^^^^^^^^
[INFO] [stdout] 4 |     combinator::map_res,
[INFO] [stdout]   |     ^^^^^^^^^^^^^^^^^^^
[INFO] [stdout] 5 |     sequence::tuple,
[INFO] [stdout]   |     ^^^^^^^^^^^^^^^
[INFO] [stdout]   |
[INFO] [stdout]   = note: `#[warn(unused_imports)]` on by default
[INFO] [stdout] 
[INFO] [stdout] 
[INFO] [stdout] warning: unused variable: `input`
[INFO] [stdout]   --> src/day7.rs:54:12
[INFO] [stdout]    |
[INFO] [stdout] 54 | fn command(input: &str) -> IResult<&str, Command> {
[INFO] [stdout]    |            ^^^^^ help: if this is intentional, prefix it with an underscore: `_input`
[INFO] [stdout]    |
[INFO] [stdout]    = note: `#[warn(unused_variables)]` on by default
[INFO] [stdout] 
[INFO] [stdout] 
[INFO] [stdout] warning: unused variable: `input`
[INFO] [stdout]   --> src/day7.rs:58:14
[INFO] [stdout]    |
[INFO] [stdout] 58 | fn directory(input: &str) -> IResult<&str, Directory> {
[INFO] [stdout]    |              ^^^^^ help: if this is intentional, prefix it with an underscore: `_input`
[INFO] [stdout] 
[INFO] [stdout] 
[INFO] [stdout] warning: unused variable: `input`
[INFO] [stdout]   --> src/day7.rs:62:9
[INFO] [stdout]    |
[INFO] [stdout] 62 | fn file(input: &str) -> IResult<&str, File> {
[INFO] [stdout]    |         ^^^^^ help: if this is intentional, prefix it with an underscore: `_input`
[INFO] [stdout] 
[INFO] [stdout] 
[INFO] [stdout] warning: unused variable: `input`
[INFO] [stdout]   --> src/day7.rs:65:14
[INFO] [stdout]    |
[INFO] [stdout] 65 | fn parseLine(input: &str) -> IResult<&str, Line> {
[INFO] [stdout]    |              ^^^^^ help: if this is intentional, prefix it with an underscore: `_input`
[INFO] [stdout] 
[INFO] [stdout] 
[INFO] [stdout] warning: unused variable: `pwd`
[INFO] [stdout]   --> src/day7.rs:76:17
[INFO] [stdout]    |
[INFO] [stdout] 76 |             let pwd = state.0.last_mut();
[INFO] [stdout]    |                 ^^^ help: if this is intentional, prefix it with an underscore: `_pwd`
[INFO] [stdout] 
[INFO] [stdout] 
[INFO] [stdout] warning: unused variable: `input`
[INFO] [stdout]   --> src/day7.rs:89:16
[INFO] [stdout]    |
[INFO] [stdout] 89 | fn solve_part1(input: &Directory) -> u32 {
[INFO] [stdout]    |                ^^^^^ help: if this is intentional, prefix it with an underscore: `_input`
[INFO] [stdout] 
[INFO] [stdout] 
[INFO] [stdout] warning: method `get_size` is never used
[INFO] [stdout]   --> src/day7.rs:18:8
[INFO] [stdout]    |
[INFO] [stdout] 17 | impl DirectoryItem {
[INFO] [stdout]    | ------------------ method in this implementation
[INFO] [stdout] 18 |     fn get_size(&self) -> u32 {
[INFO] [stdout]    |        ^^^^^^^^
[INFO] [stdout]    |
[INFO] [stdout]    = note: `#[warn(dead_code)]` on by default
[INFO] [stdout] 
[INFO] [stdout] 
[INFO] [stdout] warning: methods `get_size` and `push` are never used
[INFO] [stdout]   --> src/day7.rs:30:8
[INFO] [stdout]    |
[INFO] [stdout] 29 | impl Directory {
[INFO] [stdout]    | -------------- methods in this implementation
[INFO] [stdout] 30 |     fn get_size(&self) -> u32 {
[INFO] [stdout]    |        ^^^^^^^^
[INFO] [stdout] ...
[INFO] [stdout] 34 |     fn push(&mut self, item: DirectoryItem) {
[INFO] [stdout]    |        ^^^^
[INFO] [stdout] 
[INFO] [stdout] 
[INFO] [stdout] warning: enum `Line` is never used
[INFO] [stdout]   --> src/day7.rs:44:6
[INFO] [stdout]    |
[INFO] [stdout] 44 | enum Line<'a> {
[INFO] [stdout]    |      ^^^^
[INFO] [stdout] 
[INFO] [stdout] 
[INFO] [stdout] warning: enum `Command` is never used
[INFO] [stdout]   --> src/day7.rs:49:6
[INFO] [stdout]    |
[INFO] [stdout] 49 | enum Command<'a> {
[INFO] [stdout]    |      ^^^^^^^
[INFO] [stdout] 
[INFO] [stdout] 
[INFO] [stdout] warning: function `command` is never used
[INFO] [stdout]   --> src/day7.rs:54:4
[INFO] [stdout]    |
[INFO] [stdout] 54 | fn command(input: &str) -> IResult<&str, Command> {
[INFO] [stdout]    |    ^^^^^^^
[INFO] [stdout] 
[INFO] [stdout] 
[INFO] [stdout] warning: function `directory` is never used
[INFO] [stdout]   --> src/day7.rs:58:4
[INFO] [stdout]    |
[INFO] [stdout] 58 | fn directory(input: &str) -> IResult<&str, Directory> {
[INFO] [stdout]    |    ^^^^^^^^^
[INFO] [stdout] 
[INFO] [stdout] 
[INFO] [stdout] warning: function `file` is never used
[INFO] [stdout]   --> src/day7.rs:62:4
[INFO] [stdout]    |
[INFO] [stdout] 62 | fn file(input: &str) -> IResult<&str, File> {
[INFO] [stdout]    |    ^^^^
[INFO] [stdout] 
[INFO] [stdout] 
[INFO] [stdout] warning: function `parseLine` is never used
[INFO] [stdout]   --> src/day7.rs:65:4
[INFO] [stdout]    |
[INFO] [stdout] 65 | fn parseLine(input: &str) -> IResult<&str, Line> {
[INFO] [stdout]    |    ^^^^^^^^^
[INFO] [stdout] 
[INFO] [stdout] 
[INFO] [stdout] warning: function `parseLine` should have a snake case name
[INFO] [stdout]   --> src/day7.rs:65:4
[INFO] [stdout]    |
[INFO] [stdout] 65 | fn parseLine(input: &str) -> IResult<&str, Line> {
[INFO] [stdout]    |    ^^^^^^^^^ help: convert the identifier to snake case: `parse_line`
[INFO] [stdout]    |
[INFO] [stdout]    = note: `#[warn(non_snake_case)]` on by default
[INFO] [stdout] 
[INFO] [stdout] 
[INFO] [stderr]     Finished `test` profile [unoptimized + debuginfo] target(s) in 0.65s
[INFO] running `Command { std: "docker" "inspect" "7a4042d36f46d3337be13a1ab966c0bb7f9491ec3eaf0395c26905e7fd7caabf", kill_on_drop: false }`
[INFO] running `Command { std: "docker" "rm" "-f" "7a4042d36f46d3337be13a1ab966c0bb7f9491ec3eaf0395c26905e7fd7caabf", kill_on_drop: false }`
[INFO] [stdout] 7a4042d36f46d3337be13a1ab966c0bb7f9491ec3eaf0395c26905e7fd7caabf
[INFO] running `Command { std: "docker" "create" "-v" "/var/lib/crater-agent-workspace/builds/worker-3-tc1/target:/opt/rustwide/target:rw,Z" "-v" "/var/lib/crater-agent-workspace/builds/worker-3-tc1/source:/opt/rustwide/workdir:ro,Z" "-v" "/var/lib/crater-agent-workspace/cargo-home:/opt/rustwide/cargo-home:ro,Z" "-v" "/var/lib/crater-agent-workspace/rustup-home:/opt/rustwide/rustup-home:ro,Z" "-e" "SOURCE_DIR=/opt/rustwide/workdir" "-e" "CARGO_TARGET_DIR=/opt/rustwide/target" "-e" "CARGO_INCREMENTAL=0" "-e" "RUST_BACKTRACE=full" "-e" "RUSTFLAGS=--cap-lints=warn" "-e" "RUSTDOCFLAGS=--cap-lints=warn" "-e" "CARGO_HOME=/opt/rustwide/cargo-home" "-e" "RUSTUP_HOME=/opt/rustwide/rustup-home" "-w" "/opt/rustwide/workdir" "-m" "1610612736" "--user" "0:0" "--network" "none" "ghcr.io/rust-lang/crates-build-env/linux@sha256:f3a9d4ad9d972b27faf3965f35b62e55ba32bbce8f20bc8fe909558a86702fde" "/opt/rustwide/cargo-home/bin/cargo" "+1.83.0" "test" "--frozen", kill_on_drop: false }`
[INFO] [stdout] ec5e23ad6d7c9c4d2207e490f58085d4dae3fea89e2fb27843944f507f1b4f87
[INFO] running `Command { std: "docker" "start" "-a" "ec5e23ad6d7c9c4d2207e490f58085d4dae3fea89e2fb27843944f507f1b4f87", kill_on_drop: false }`
[INFO] [stderr] warning: unused imports: `branch::alt`, `combinator::map_res`, `sequence::tuple`, `tag`, and `take_while_m_n`
[INFO] [stderr]  --> src/day7.rs:2:5
[INFO] [stderr]   |
[INFO] [stderr] 2 |     branch::alt,
[INFO] [stderr]   |     ^^^^^^^^^^^
[INFO] [stderr] 3 |     bytes::complete::{tag, take_while_m_n},
[INFO] [stderr]   |                       ^^^  ^^^^^^^^^^^^^^
[INFO] [stderr] 4 |     combinator::map_res,
[INFO] [stderr]   |     ^^^^^^^^^^^^^^^^^^^
[INFO] [stderr] 5 |     sequence::tuple,
[INFO] [stderr]   |     ^^^^^^^^^^^^^^^
[INFO] [stderr]   |
[INFO] [stderr]   = note: `#[warn(unused_imports)]` on by default
[INFO] [stderr] 
[INFO] [stderr] warning: unused variable: `input`
[INFO] [stderr]   --> src/day7.rs:54:12
[INFO] [stderr]    |
[INFO] [stderr] 54 | fn command(input: &str) -> IResult<&str, Command> {
[INFO] [stderr]    |            ^^^^^ help: if this is intentional, prefix it with an underscore: `_input`
[INFO] [stderr]    |
[INFO] [stderr]    = note: `#[warn(unused_variables)]` on by default
[INFO] [stderr] 
[INFO] [stderr] warning: unused variable: `input`
[INFO] [stderr]   --> src/day7.rs:58:14
[INFO] [stderr]    |
[INFO] [stderr] 58 | fn directory(input: &str) -> IResult<&str, Directory> {
[INFO] [stderr]    |              ^^^^^ help: if this is intentional, prefix it with an underscore: `_input`
[INFO] [stderr] 
[INFO] [stderr] warning: unused variable: `input`
[INFO] [stderr]   --> src/day7.rs:62:9
[INFO] [stderr]    |
[INFO] [stderr] 62 | fn file(input: &str) -> IResult<&str, File> {
[INFO] [stderr]    |         ^^^^^ help: if this is intentional, prefix it with an underscore: `_input`
[INFO] [stderr] 
[INFO] [stderr] warning: unused variable: `input`
[INFO] [stderr]   --> src/day7.rs:65:14
[INFO] [stderr]    |
[INFO] [stdout] 
[INFO] [stderr] 65 | fn parseLine(input: &str) -> IResult<&str, Line> {
[INFO] [stdout] running 1 test
[INFO] [stderr]    |              ^^^^^ help: if this is intentional, prefix it with an underscore: `_input`
[INFO] [stderr] 
[INFO] [stderr] warning: unused variable: `pwd`
[INFO] [stderr]   --> src/day7.rs:76:17
[INFO] [stderr]    |
[INFO] [stderr] 76 |             let pwd = state.0.last_mut();
[INFO] [stderr]    |                 ^^^ help: if this is intentional, prefix it with an underscore: `_pwd`
[INFO] [stderr] 
[INFO] [stderr] warning: unused variable: `input`
[INFO] [stderr]   --> src/day7.rs:89:16
[INFO] [stderr]    |
[INFO] [stderr] 89 | fn solve_part1(input: &Directory) -> u32 {
[INFO] [stderr]    |                ^^^^^ help: if this is intentional, prefix it with an underscore: `_input`
[INFO] [stderr] 
[INFO] [stderr] warning: method `get_size` is never used
[INFO] [stderr]   --> src/day7.rs:18:8
[INFO] [stderr]    |
[INFO] [stderr] 17 | impl DirectoryItem {
[INFO] [stderr]    | ------------------ method in this implementation
[INFO] [stderr] 18 |     fn get_size(&self) -> u32 {
[INFO] [stderr]    |        ^^^^^^^^
[INFO] [stderr]    |
[INFO] [stderr]    = note: `#[warn(dead_code)]` on by default
[INFO] [stderr] 
[INFO] [stderr] warning: methods `get_size` and `push` are never used
[INFO] [stderr]   --> src/day7.rs:30:8
[INFO] [stderr]    |
[INFO] [stderr] 29 | impl Directory {
[INFO] [stderr]    | -------------- methods in this implementation
[INFO] [stderr] 30 |     fn get_size(&self) -> u32 {
[INFO] [stderr]    |        ^^^^^^^^
[INFO] [stderr] ...
[INFO] [stderr] 34 |     fn push(&mut self, item: DirectoryItem) {
[INFO] [stderr]    |        ^^^^
[INFO] [stderr] 
[INFO] [stderr] warning: enum `Line` is never used
[INFO] [stderr]   --> src/day7.rs:44:6
[INFO] [stderr]    |
[INFO] [stderr] 44 | enum Line<'a> {
[INFO] [stderr]    |      ^^^^
[INFO] [stderr] 
[INFO] [stderr] warning: enum `Command` is never used
[INFO] [stderr]   --> src/day7.rs:49:6
[INFO] [stderr]    |
[INFO] [stderr] 49 | enum Command<'a> {
[INFO] [stderr]    |      ^^^^^^^
[INFO] [stderr] 
[INFO] [stderr] warning: function `command` is never used
[INFO] [stderr]   --> src/day7.rs:54:4
[INFO] [stderr]    |
[INFO] [stderr] 54 | fn command(input: &str) -> IResult<&str, Command> {
[INFO] [stderr]    |    ^^^^^^^
[INFO] [stderr] 
[INFO] [stderr] warning: function `directory` is never used
[INFO] [stderr]   --> src/day7.rs:58:4
[INFO] [stderr]    |
[INFO] [stderr] 58 | fn directory(input: &str) -> IResult<&str, Directory> {
[INFO] [stderr]    |    ^^^^^^^^^
[INFO] [stderr] 
[INFO] [stderr] warning: function `file` is never used
[INFO] [stderr]   --> src/day7.rs:62:4
[INFO] [stderr]    |
[INFO] [stderr] 62 | fn file(input: &str) -> IResult<&str, File> {
[INFO] [stderr]    |    ^^^^
[INFO] [stderr] 
[INFO] [stderr] warning: function `parseLine` is never used
[INFO] [stderr]   --> src/day7.rs:65:4
[INFO] [stderr]    |
[INFO] [stderr] 65 | fn parseLine(input: &str) -> IResult<&str, Line> {
[INFO] [stderr]    |    ^^^^^^^^^
[INFO] [stderr] 
[INFO] [stderr] warning: function `parseLine` should have a snake case name
[INFO] [stderr]   --> src/day7.rs:65:4
[INFO] [stderr]    |
[INFO] [stderr] 65 | fn parseLine(input: &str) -> IResult<&str, Line> {
[INFO] [stderr]    |    ^^^^^^^^^ help: convert the identifier to snake case: `parse_line`
[INFO] [stderr]    |
[INFO] [stderr]    = note: `#[warn(non_snake_case)]` on by default
[INFO] [stderr] 
[INFO] [stderr] warning: `advent-of-code-2022` (bin "advent-of-code-2022" test) generated 16 warnings (run `cargo fix --bin "advent-of-code-2022" --tests` to apply 1 suggestion)
[INFO] [stderr]     Finished `test` profile [unoptimized + debuginfo] target(s) in 0.02s
[INFO] [stderr]      Running unittests src/main.rs (/opt/rustwide/target/debug/deps/advent_of_code_2022-cd992c08dd4054f1)
[INFO] [stdout] test day7::tests::test_input_generator ... FAILED
[INFO] [stdout] 
[INFO] [stdout] failures:
[INFO] [stdout] 
[INFO] [stdout] ---- day7::tests::test_input_generator stdout ----
[INFO] [stdout] [src/day7.rs:75:13] line = "$ ls"
[INFO] [stdout] [src/day7.rs:75:13] line = "dir a"
[INFO] [stdout] [src/day7.rs:75:13] line = "14848514 b.txt"
[INFO] [stdout] [src/day7.rs:75:13] line = "8504156 c.dat"
[INFO] [stdout] [src/day7.rs:75:13] line = "dir d"
[INFO] [stdout] [src/day7.rs:75:13] line = "$ cd a"
[INFO] [stdout] [src/day7.rs:75:13] line = "$ ls"
[INFO] [stdout] [src/day7.rs:75:13] line = "dir e"
[INFO] [stdout] [src/day7.rs:75:13] line = "29116 f"
[INFO] [stdout] [src/day7.rs:75:13] line = "2557 g"
[INFO] [stdout] [src/day7.rs:75:13] line = "62596 h.lst"
[INFO] [stdout] [src/day7.rs:75:13] line = "$ cd e"
[INFO] [stdout] [src/day7.rs:75:13] line = "$ ls"
[INFO] [stdout] [src/day7.rs:75:13] line = "584 i"
[INFO] [stdout] [src/day7.rs:75:13] line = "$ cd .."
[INFO] [stdout] [src/day7.rs:75:13] line = "$ cd .."
[INFO] [stdout] [src/day7.rs:75:13] line = "$ cd d"
[INFO] [stdout] [src/day7.rs:75:13] line = "$ ls"
[INFO] [stdout] [src/day7.rs:75:13] line = "4060174 j"
[INFO] [stdout] [src/day7.rs:75:13] line = "8033020 d.log"
[INFO] [stdout] [src/day7.rs:75:13] line = "5626152 d.ext"
[INFO] [stdout] [src/day7.rs:75:13] line = "7214296 k"
[INFO] [stdout] thread 'day7::tests::test_input_generator' panicked at src/day7.rs:114:9:
[INFO] [stdout] assertion `left == right` failed
[INFO] [stdout]   left: Directory([])
[INFO] [stdout]  right: Directory([Directory(Directory([Directory(Directory([File(File { size: 584 })])), File(File { size: 29116 }), File(File { size: 2557 }), File(File { size: 62596 })])), File(File { size: 14848514 }), File(File { size: 8504156 }), Directory(Directory([File(File { size: 4060174 })]))])
[INFO] [stdout] stack backtrace:
[INFO] [stdout]    0:     0x5ae906c03e4a - std::backtrace_rs::backtrace::libunwind::trace::h5a5b8284f2d0c266
[INFO] [stdout]                                at /rustc/90b35a6239c3d8bdabc530a6a0816f7ff89a0aaf/library/std/src/../../backtrace/src/backtrace/libunwind.rs:116:5
[INFO] [stdout]    1:     0x5ae906c03e4a - std::backtrace_rs::backtrace::trace_unsynchronized::h76d4f1c9b0b875e3
[INFO] [stdout]                                at /rustc/90b35a6239c3d8bdabc530a6a0816f7ff89a0aaf/library/std/src/../../backtrace/src/backtrace/mod.rs:66:5
[INFO] [stdout]    2:     0x5ae906c03e4a - std::sys::backtrace::_print_fmt::hc4546b8364a537c6
[INFO] [stdout]                                at /rustc/90b35a6239c3d8bdabc530a6a0816f7ff89a0aaf/library/std/src/sys/backtrace.rs:66:9
[INFO] [stdout]    3:     0x5ae906c03e4a - <std::sys::backtrace::BacktraceLock::print::DisplayBacktrace as core::fmt::Display>::fmt::h5b6bd5631a6d1f6b
[INFO] [stdout]                                at /rustc/90b35a6239c3d8bdabc530a6a0816f7ff89a0aaf/library/std/src/sys/backtrace.rs:39:26
[INFO] [stdout]    4:     0x5ae906c29263 - core::fmt::rt::Argument::fmt::h270f6602a2b96f62
[INFO] [stdout]                                at /rustc/90b35a6239c3d8bdabc530a6a0816f7ff89a0aaf/library/core/src/fmt/rt.rs:177:76
[INFO] [stdout]    5:     0x5ae906c29263 - core::fmt::write::h7550c97b06c86515
[INFO] [stdout]                                at /rustc/90b35a6239c3d8bdabc530a6a0816f7ff89a0aaf/library/core/src/fmt/mod.rs:1186:21
[INFO] [stdout]    6:     0x5ae906c01013 - std::io::Write::write_fmt::h509ff860e5956e5e
[INFO] [stdout]                                at /rustc/90b35a6239c3d8bdabc530a6a0816f7ff89a0aaf/library/std/src/io/mod.rs:1839:15
[INFO] [stdout]    7:     0x5ae906c03c92 - std::sys::backtrace::BacktraceLock::print::h2395ccd2c84ba3aa
[INFO] [stdout]                                at /rustc/90b35a6239c3d8bdabc530a6a0816f7ff89a0aaf/library/std/src/sys/backtrace.rs:42:9
[INFO] [stdout]    8:     0x5ae906c052aa - std::panicking::default_hook::{{closure}}::he19d4c7230e07961
[INFO] [stdout]                                at /rustc/90b35a6239c3d8bdabc530a6a0816f7ff89a0aaf/library/std/src/panicking.rs:268:22
[INFO] [stdout]    9:     0x5ae906c050b4 - std::panicking::default_hook::hf614597d3c67bbdb
[INFO] [stdout]                                at /rustc/90b35a6239c3d8bdabc530a6a0816f7ff89a0aaf/library/std/src/panicking.rs:292:9
[INFO] [stdout]   10:     0x5ae906bd01a9 - <alloc::boxed::Box<F,A> as core::ops::function::Fn<Args>>::call::h39b51ce4599c23d1
[INFO] [stdout]                                at /rustc/90b35a6239c3d8bdabc530a6a0816f7ff89a0aaf/library/alloc/src/boxed.rs:2468:9
[INFO] [stdout]   11:     0x5ae906bd01a9 - test::test_main::{{closure}}::he977ae839a582784
[INFO] [stdout]                                at /rustc/90b35a6239c3d8bdabc530a6a0816f7ff89a0aaf/library/test/src/lib.rs:133:21
[INFO] [stdout]   12:     0x5ae906c05948 - <alloc::boxed::Box<F,A> as core::ops::function::Fn<Args>>::call::h9455091b6b06f9fb
[INFO] [stdout]                                at /rustc/90b35a6239c3d8bdabc530a6a0816f7ff89a0aaf/library/alloc/src/boxed.rs:2468:9
[INFO] [stdout]   13:     0x5ae906c05948 - std::panicking::rust_panic_with_hook::h8942133a8b252070
[INFO] [stdout]                                at /rustc/90b35a6239c3d8bdabc530a6a0816f7ff89a0aaf/library/std/src/panicking.rs:809:13
[INFO] [stdout]   14:     0x5ae906c0570a - std::panicking::begin_panic_handler::{{closure}}::hb5f5963570096b29
[INFO] [stdout]                                at /rustc/90b35a6239c3d8bdabc530a6a0816f7ff89a0aaf/library/std/src/panicking.rs:674:13
[INFO] [stdout]   15:     0x5ae906c04329 - std::sys::backtrace::__rust_end_short_backtrace::h6208cedc1922feda
[INFO] [stdout]                                at /rustc/90b35a6239c3d8bdabc530a6a0816f7ff89a0aaf/library/std/src/sys/backtrace.rs:170:18
[INFO] [stdout]   16:     0x5ae906c0539c - rust_begin_unwind
[INFO] [stdout]                                at /rustc/90b35a6239c3d8bdabc530a6a0816f7ff89a0aaf/library/std/src/panicking.rs:665:5
[INFO] [stdout]   17:     0x5ae906b92a60 - core::panicking::panic_fmt::h0c3082644d1bf418
[INFO] [stdout]                                at /rustc/90b35a6239c3d8bdabc530a6a0816f7ff89a0aaf/library/core/src/panicking.rs:74:14
[INFO] [stdout]   18:     0x5ae906b92e2b - core::panicking::assert_failed_inner::h2ddf1fcc067fa858
[INFO] [stdout]   19:     0x5ae906b9513a - core::panicking::assert_failed::hd508e95d29a4ba3d
[INFO] [stdout]                                at /rustc/90b35a6239c3d8bdabc530a6a0816f7ff89a0aaf/library/core/src/panicking.rs:367:5
[INFO] [stdout]   20:     0x5ae906b97e37 - advent_of_code_2022::day7::tests::test_input_generator::ha1ca83240540e862
[INFO] [stdout]                                at /opt/rustwide/workdir/src/day7.rs:114:9
[INFO] [stdout]   21:     0x5ae906b97877 - advent_of_code_2022::day7::tests::test_input_generator::{{closure}}::hc968f470d3e89585
[INFO] [stdout]                                at /opt/rustwide/workdir/src/day7.rs:112:30
[INFO] [stdout]   22:     0x5ae906b93ce6 - core::ops::function::FnOnce::call_once::h16d52d06e4daa1f5
[INFO] [stdout]                                at /rustc/90b35a6239c3d8bdabc530a6a0816f7ff89a0aaf/library/core/src/ops/function.rs:250:5
[INFO] [stdout]   23:     0x5ae906bd4b6b - core::ops::function::FnOnce::call_once::h109cf8051a59b34e
[INFO] [stdout]                                at /rustc/90b35a6239c3d8bdabc530a6a0816f7ff89a0aaf/library/core/src/ops/function.rs:250:5
[INFO] [stdout]   24:     0x5ae906bd4b6b - test::__rust_begin_short_backtrace::hf4fff89d377446ba
[INFO] [stdout]                                at /rustc/90b35a6239c3d8bdabc530a6a0816f7ff89a0aaf/library/test/src/lib.rs:621:18
[INFO] [stdout]   25:     0x5ae906bd43a7 - test::run_test_in_process::{{closure}}::h0e39181dd7ee5a43
[INFO] [stdout]                                at /rustc/90b35a6239c3d8bdabc530a6a0816f7ff89a0aaf/library/test/src/lib.rs:644:60
[INFO] [stdout]   26:     0x5ae906bd43a7 - <core::panic::unwind_safe::AssertUnwindSafe<F> as core::ops::function::FnOnce<()>>::call_once::hc5a66a30f0bdfd1f
[INFO] [stdout]                                at /rustc/90b35a6239c3d8bdabc530a6a0816f7ff89a0aaf/library/core/src/panic/unwind_safe.rs:272:9
[INFO] [stdout]   27:     0x5ae906bd43a7 - std::panicking::try::do_call::h873b7cf639554a5e
[INFO] [stdout]                                at /rustc/90b35a6239c3d8bdabc530a6a0816f7ff89a0aaf/library/std/src/panicking.rs:557:40
[INFO] [stdout]   28:     0x5ae906bd43a7 - std::panicking::try::hdb19862fad9c8bd1
[INFO] [stdout]                                at /rustc/90b35a6239c3d8bdabc530a6a0816f7ff89a0aaf/library/std/src/panicking.rs:520:19
[INFO] [stdout]   29:     0x5ae906bd43a7 - std::panic::catch_unwind::h281fe732d236d260
[INFO] [stdout]                                at /rustc/90b35a6239c3d8bdabc530a6a0816f7ff89a0aaf/library/std/src/panic.rs:358:14
[INFO] [stdout]   30:     0x5ae906bd43a7 - test::run_test_in_process::h949b6df8457ed338
[INFO] [stdout]                                at /rustc/90b35a6239c3d8bdabc530a6a0816f7ff89a0aaf/library/test/src/lib.rs:644:27
[INFO] [stdout]   31:     0x5ae906bd43a7 - test::run_test::{{closure}}::h52c556a6d4740e10
[INFO] [stdout]                                at /rustc/90b35a6239c3d8bdabc530a6a0816f7ff89a0aaf/library/test/src/lib.rs:565:43
[INFO] [stdout]   32:     0x5ae906b99684 - test::run_test::{{closure}}::h4237f6381c45ccb9
[INFO] [stdout]                                at /rustc/90b35a6239c3d8bdabc530a6a0816f7ff89a0aaf/library/test/src/lib.rs:595:41
[INFO] [stdout]   33:     0x5ae906b99684 - std::sys::backtrace::__rust_begin_short_backtrace::h505c97a579eca628
[INFO] [stdout]                                at /rustc/90b35a6239c3d8bdabc530a6a0816f7ff89a0aaf/library/std/src/sys/backtrace.rs:154:18
[INFO] [stdout]   34:     0x5ae906b9cd4e - std::thread::Builder::spawn_unchecked_::{{closure}}::{{closure}}::h9e86b2e2bc107ea3
[INFO] [stdout]                                at /rustc/90b35a6239c3d8bdabc530a6a0816f7ff89a0aaf/library/std/src/thread/mod.rs:538:17
[INFO] [stdout]   35:     0x5ae906b9cd4e - <core::panic::unwind_safe::AssertUnwindSafe<F> as core::ops::function::FnOnce<()>>::call_once::h8b06ddb275ff4a25
[INFO] [stdout]                                at /rustc/90b35a6239c3d8bdabc530a6a0816f7ff89a0aaf/library/core/src/panic/unwind_safe.rs:272:9
[INFO] [stdout]   36:     0x5ae906b9cd4e - std::panicking::try::do_call::hb26ecd7cd9a9355d
[INFO] [stdout]                                at /rustc/90b35a6239c3d8bdabc530a6a0816f7ff89a0aaf/library/std/src/panicking.rs:557:40
[INFO] [stdout]   37:     0x5ae906b9cd4e - std::panicking::try::h8ddeca9d705f9069
[INFO] [stdout]                                at /rustc/90b35a6239c3d8bdabc530a6a0816f7ff89a0aaf/library/std/src/panicking.rs:520:19
[INFO] [stdout]   38:     0x5ae906b9cd4e - std::panic::catch_unwind::h49e1c33078844c46
[INFO] [stdout]                                at /rustc/90b35a6239c3d8bdabc530a6a0816f7ff89a0aaf/library/std/src/panic.rs:358:14
[INFO] [stdout]   39:     0x5ae906b9cd4e - std::thread::Builder::spawn_unchecked_::{{closure}}::h6073db6ff56ad35d
[INFO] [stdout]                                at /rustc/90b35a6239c3d8bdabc530a6a0816f7ff89a0aaf/library/std/src/thread/mod.rs:537:30
[INFO] [stdout]   40:     0x5ae906b9cd4e - core::ops::function::FnOnce::call_once{{vtable.shim}}::h2c5a5f3779c774f1
[INFO] [stdout]                                at /rustc/90b35a6239c3d8bdabc530a6a0816f7ff89a0aaf/library/core/src/ops/function.rs:250:5
[INFO] [stdout]   41:     0x5ae906c0969b - <alloc::boxed::Box<F,A> as core::ops::function::FnOnce<Args>>::call_once::hf75717d9f28faebf
[INFO] [stdout]                                at /rustc/90b35a6239c3d8bdabc530a6a0816f7ff89a0aaf/library/alloc/src/boxed.rs:2454:9
[INFO] [stdout]   42:     0x5ae906c0969b - <alloc::boxed::Box<F,A> as core::ops::function::FnOnce<Args>>::call_once::h7bd883a5f3c5f3c1
[INFO] [stdout]                                at /rustc/90b35a6239c3d8bdabc530a6a0816f7ff89a0aaf/library/alloc/src/boxed.rs:2454:9
[INFO] [stdout]   43:     0x5ae906c0969b - std::sys::pal::unix::thread::Thread::new::thread_start::hcc78f3943333fa94
[INFO] [stdout]                                at /rustc/90b35a6239c3d8bdabc530a6a0816f7ff89a0aaf/library/std/src/sys/pal/unix/thread.rs:105:17
[INFO] [stdout]   44:     0x7ba115090ac3 - <unknown>
[INFO] [stdout]   45:     0x7ba115121a04 - clone
[INFO] [stdout]   46:                0x0 - <unknown>
[INFO] [stdout] 
[INFO] [stdout] 
[INFO] [stdout] failures:
[INFO] [stdout]     day7::tests::test_input_generator
[INFO] [stdout] 
[INFO] [stdout] test result: FAILED. 0 passed; 1 failed; 0 ignored; 0 measured; 0 filtered out; finished in 0.04s
[INFO] [stdout] 
[INFO] [stderr] error: test failed, to rerun pass `--bin advent-of-code-2022`
[INFO] running `Command { std: "docker" "inspect" "ec5e23ad6d7c9c4d2207e490f58085d4dae3fea89e2fb27843944f507f1b4f87", kill_on_drop: false }`
[INFO] running `Command { std: "docker" "rm" "-f" "ec5e23ad6d7c9c4d2207e490f58085d4dae3fea89e2fb27843944f507f1b4f87", kill_on_drop: false }`
[INFO] [stdout] ec5e23ad6d7c9c4d2207e490f58085d4dae3fea89e2fb27843944f507f1b4f87
