[INFO] cloning repository https://github.com/TheAllen/Acadia
[INFO] running `Command { std: "git" "-c" "credential.helper=" "-c" "credential.helper=/workspace/cargo-home/bin/git-credential-null" "clone" "--bare" "https://github.com/TheAllen/Acadia" "/workspace/cache/git-repos/https%3A%2F%2Fgithub.com%2FTheAllen%2FAcadia", kill_on_drop: false }`
[INFO] [stderr] Cloning into bare repository '/workspace/cache/git-repos/https%3A%2F%2Fgithub.com%2FTheAllen%2FAcadia'...
[INFO] running `Command { std: "git" "rev-parse" "HEAD", kill_on_drop: false }`
[INFO] [stdout] 4fdd4d24b2ec5a50ca0ca37c430ab326a4137f9a
[INFO] testing TheAllen/Acadia against 1.83.0 for beta-1.84.0-4-retry
[INFO] running `Command { std: "git" "clone" "/workspace/cache/git-repos/https%3A%2F%2Fgithub.com%2FTheAllen%2FAcadia" "/workspace/builds/worker-5-tc1/source", kill_on_drop: false }`
[INFO] [stderr] Cloning into '/workspace/builds/worker-5-tc1/source'...
[INFO] [stderr] done.
[INFO] validating manifest of git repo https://github.com/TheAllen/Acadia on toolchain 1.83.0
[INFO] running `Command { std: CARGO_HOME="/workspace/cargo-home" RUSTUP_HOME="/workspace/rustup-home" "/workspace/cargo-home/bin/cargo" "+1.83.0" "metadata" "--manifest-path" "Cargo.toml" "--no-deps", kill_on_drop: false }`
[INFO] started tweaking git repo https://github.com/TheAllen/Acadia
[INFO] finished tweaking git repo https://github.com/TheAllen/Acadia
[INFO] tweaked toml for git repo https://github.com/TheAllen/Acadia written to /workspace/builds/worker-5-tc1/source/Cargo.toml
[INFO] crate git repo https://github.com/TheAllen/Acadia already has a lockfile, it will not be regenerated
[INFO] running `Command { std: CARGO_HOME="/workspace/cargo-home" RUSTUP_HOME="/workspace/rustup-home" "/workspace/cargo-home/bin/cargo" "+1.83.0" "fetch" "--manifest-path" "Cargo.toml", kill_on_drop: false }`
[INFO] running `Command { std: "docker" "create" "-v" "/var/lib/crater-agent-workspace/builds/worker-5-tc1/target:/opt/rustwide/target:rw,Z" "-v" "/var/lib/crater-agent-workspace/builds/worker-5-tc1/source:/opt/rustwide/workdir:ro,Z" "-v" "/var/lib/crater-agent-workspace/cargo-home:/opt/rustwide/cargo-home:ro,Z" "-v" "/var/lib/crater-agent-workspace/rustup-home:/opt/rustwide/rustup-home:ro,Z" "-e" "SOURCE_DIR=/opt/rustwide/workdir" "-e" "CARGO_TARGET_DIR=/opt/rustwide/target" "-e" "CARGO_HOME=/opt/rustwide/cargo-home" "-e" "RUSTUP_HOME=/opt/rustwide/rustup-home" "-w" "/opt/rustwide/workdir" "-m" "1610612736" "--user" "0:0" "--network" "none" "ghcr.io/rust-lang/crates-build-env/linux@sha256:f3a9d4ad9d972b27faf3965f35b62e55ba32bbce8f20bc8fe909558a86702fde" "/opt/rustwide/cargo-home/bin/cargo" "+1.83.0" "metadata" "--no-deps" "--format-version=1", kill_on_drop: false }`
[INFO] [stdout] 7ff34059c8946ae8d691f3a24a98d06715b1732893fc0444a8ee62fe78ceaec2
[INFO] running `Command { std: "docker" "start" "-a" "7ff34059c8946ae8d691f3a24a98d06715b1732893fc0444a8ee62fe78ceaec2", kill_on_drop: false }`
[INFO] running `Command { std: "docker" "inspect" "7ff34059c8946ae8d691f3a24a98d06715b1732893fc0444a8ee62fe78ceaec2", kill_on_drop: false }`
[INFO] running `Command { std: "docker" "rm" "-f" "7ff34059c8946ae8d691f3a24a98d06715b1732893fc0444a8ee62fe78ceaec2", kill_on_drop: false }`
[INFO] [stdout] 7ff34059c8946ae8d691f3a24a98d06715b1732893fc0444a8ee62fe78ceaec2
[INFO] running `Command { std: "docker" "create" "-v" "/var/lib/crater-agent-workspace/builds/worker-5-tc1/target:/opt/rustwide/target:rw,Z" "-v" "/var/lib/crater-agent-workspace/builds/worker-5-tc1/source:/opt/rustwide/workdir:ro,Z" "-v" "/var/lib/crater-agent-workspace/cargo-home:/opt/rustwide/cargo-home:ro,Z" "-v" "/var/lib/crater-agent-workspace/rustup-home:/opt/rustwide/rustup-home:ro,Z" "-e" "SOURCE_DIR=/opt/rustwide/workdir" "-e" "CARGO_TARGET_DIR=/opt/rustwide/target" "-e" "CARGO_INCREMENTAL=0" "-e" "RUST_BACKTRACE=full" "-e" "RUSTFLAGS=--cap-lints=warn" "-e" "RUSTDOCFLAGS=--cap-lints=warn" "-e" "CARGO_HOME=/opt/rustwide/cargo-home" "-e" "RUSTUP_HOME=/opt/rustwide/rustup-home" "-w" "/opt/rustwide/workdir" "-m" "1610612736" "--user" "0:0" "--network" "none" "ghcr.io/rust-lang/crates-build-env/linux@sha256:f3a9d4ad9d972b27faf3965f35b62e55ba32bbce8f20bc8fe909558a86702fde" "/opt/rustwide/cargo-home/bin/cargo" "+1.83.0" "build" "--frozen" "--message-format=json", kill_on_drop: false }`
[INFO] [stdout] 325735b18cece782c391cc125febb7db344bded85f4813c0d7bdbf76e401b1e7
[INFO] running `Command { std: "docker" "start" "-a" "325735b18cece782c391cc125febb7db344bded85f4813c0d7bdbf76e401b1e7", kill_on_drop: false }`
[INFO] [stderr]    Compiling proc-macro2 v1.0.84
[INFO] [stderr]    Compiling autocfg v1.3.0
[INFO] [stderr]    Compiling parking_lot_core v0.9.10
[INFO] [stderr]    Compiling smallvec v1.13.2
[INFO] [stderr]    Compiling bytes v1.6.0
[INFO] [stderr]    Compiling pin-project-lite v0.2.14
[INFO] [stderr]    Compiling vcpkg v0.2.15
[INFO] [stderr]    Compiling signal-hook-registry v1.4.2
[INFO] [stderr]    Compiling mio v0.8.11
[INFO] [stderr]    Compiling cc v1.0.97
[INFO] [stderr]    Compiling lock_api v0.4.12
[INFO] [stderr]    Compiling pkg-config v0.3.30
[INFO] [stderr]    Compiling itoa v1.0.11
[INFO] [stderr]    Compiling futures-core v0.3.30
[INFO] [stderr]    Compiling num_cpus v1.16.0
[INFO] [stderr]    Compiling socket2 v0.5.7
[INFO] [stderr]    Compiling fnv v1.0.7
[INFO] [stderr]    Compiling slab v0.4.9
[INFO] [stderr]    Compiling quote v1.0.36
[INFO] [stderr]    Compiling parking_lot v0.12.2
[INFO] [stderr]    Compiling syn v2.0.66
[INFO] [stderr]    Compiling http v1.1.0
[INFO] [stderr]    Compiling tracing-core v0.1.32
[INFO] [stderr]    Compiling futures-task v0.3.30
[INFO] [stderr]    Compiling openssl v0.10.64
[INFO] [stderr]    Compiling futures-sink v0.3.30
[INFO] [stderr]    Compiling hashbrown v0.14.5
[INFO] [stderr]    Compiling httparse v1.8.0
[INFO] [stderr]    Compiling foreign-types-shared v0.1.1
[INFO] [stderr]    Compiling equivalent v1.0.1
[INFO] [stderr]    Compiling pin-utils v0.1.0
[INFO] [stderr]    Compiling futures-util v0.3.30
[INFO] [stderr]    Compiling foreign-types v0.3.2
[INFO] [stderr]    Compiling native-tls v0.2.11
[INFO] [stderr]    Compiling openssl-sys v0.9.102
[INFO] [stderr]    Compiling tracing v0.1.40
[INFO] [stderr]    Compiling try-lock v0.2.5
[INFO] [stderr]    Compiling serde v1.0.202
[INFO] [stderr]    Compiling atomic-waker v1.1.2
[INFO] [stderr]    Compiling tinyvec_macros v0.1.1
[INFO] [stderr]    Compiling tinyvec v1.6.0
[INFO] [stderr]    Compiling want v0.3.1
[INFO] [stderr]    Compiling indexmap v2.2.6
[INFO] [stderr]    Compiling http-body v1.0.0
[INFO] [stderr]    Compiling futures-channel v0.3.30
[INFO] [stderr]    Compiling rustix v0.38.34
[INFO] [stderr]    Compiling percent-encoding v2.3.1
[INFO] [stderr]    Compiling tower-service v0.3.2
[INFO] [stderr]    Compiling signal-hook v0.3.17
[INFO] [stderr]    Compiling tower-layer v0.3.2
[INFO] [stderr]    Compiling openssl-probe v0.1.5
[INFO] [stderr]    Compiling form_urlencoded v1.2.1
[INFO] [stderr]    Compiling linux-raw-sys v0.4.14
[INFO] [stderr]    Compiling rustversion v1.0.17
[INFO] [stderr]    Compiling ryu v1.0.18
[INFO] [stderr]    Compiling unicode-bidi v0.3.15
[INFO] [stderr]    Compiling unicode-normalization v0.1.23
[INFO] [stderr]    Compiling serde_json v1.0.117
[INFO] [stderr]    Compiling thiserror v1.0.61
[INFO] [stderr]    Compiling http-body-util v0.1.1
[INFO] [stderr]    Compiling rustls-pki-types v1.7.0
[INFO] [stderr]    Compiling fastrand v2.1.0
[INFO] [stderr]    Compiling idna v0.5.0
[INFO] [stderr]    Compiling lazy_static v1.4.0
[INFO] [stderr]    Compiling base64 v0.22.1
[INFO] [stderr]    Compiling unicode-width v0.1.12
[INFO] [stderr]    Compiling signal-hook-mio v0.2.3
[INFO] [stderr]    Compiling console v0.15.8
[INFO] [stderr]    Compiling encoding_rs v0.8.34
[INFO] [stderr]    Compiling zeroize v1.8.1
[INFO] [stderr]    Compiling rustls-pemfile v2.1.2
[INFO] [stderr]    Compiling ipnet v2.9.0
[INFO] [stderr]    Compiling url v2.5.0
[INFO] [stderr]    Compiling shell-words v1.1.0
[INFO] [stderr]    Compiling mime v0.3.17
[INFO] [stderr]    Compiling heck v0.5.0
[INFO] [stderr]    Compiling sync_wrapper v0.1.2
[INFO] [stderr]    Compiling crossterm v0.27.0
[INFO] [stderr]    Compiling dotenv v0.15.0
[INFO] [stderr]    Compiling strum v0.26.2
[INFO] [stderr]    Compiling tempfile v3.10.1
[INFO] [stderr]    Compiling tokio-macros v2.2.0
[INFO] [stderr]    Compiling openssl-macros v0.1.1
[INFO] [stderr]    Compiling pin-project-internal v1.1.5
[INFO] [stderr]    Compiling serde_derive v1.0.202
[INFO] [stderr]    Compiling thiserror-impl v1.0.61
[INFO] [stderr]    Compiling async-trait v0.1.80
[INFO] [stderr]    Compiling strum_macros v0.26.4
[INFO] [stderr]    Compiling ai_function_proc_macro v0.1.0 (/opt/rustwide/workdir/ai_function_proc_macro)
[INFO] [stderr]    Compiling dialoguer v0.11.0
[INFO] [stderr]    Compiling tokio v1.37.0
[INFO] [stderr]    Compiling pin-project v1.1.5
[INFO] [stderr]    Compiling tokio-util v0.7.11
[INFO] [stderr]    Compiling tower v0.4.13
[INFO] [stderr]    Compiling tokio-native-tls v0.3.1
[INFO] [stderr]    Compiling h2 v0.4.5
[INFO] [stderr]    Compiling serde_urlencoded v0.7.1
[INFO] [stderr]    Compiling hyper v1.3.1
[INFO] [stderr]    Compiling hyper-util v0.1.3
[INFO] [stderr]    Compiling hyper-tls v0.6.0
[INFO] [stderr]    Compiling reqwest v0.12.4
[INFO] [stderr]    Compiling acadia v0.1.0 (/opt/rustwide/workdir)
[INFO] [stdout] warning: unused import: `dialoguer::Select`
[INFO] [stdout]  --> src/main.rs:4:5
[INFO] [stdout]   |
[INFO] [stdout] 4 | use dialoguer::Select;
[INFO] [stdout]   |     ^^^^^^^^^^^^^^^^^
[INFO] [stdout]   |
[INFO] [stdout]   = note: `#[warn(unused_imports)]` on by default
[INFO] [stdout] 
[INFO] [stdout] 
[INFO] [stdout] warning: unused import: `crossterm::style::Color`
[INFO] [stdout]  --> src/agents/base/agent_attributes.rs:1:5
[INFO] [stdout]   |
[INFO] [stdout] 1 | use crossterm::style::Color;
[INFO] [stdout]   |     ^^^^^^^^^^^^^^^^^^^^^^^
[INFO] [stdout] 
[INFO] [stdout] 
[INFO] [stdout] warning: unused import: `utils::command_line::LogMessage`
[INFO] [stdout]  --> src/agents/base/agent_attributes.rs:3:44
[INFO] [stdout]   |
[INFO] [stdout] 3 | use crate::{models::general::llm::Message, utils::command_line::LogMessage};
[INFO] [stdout]   |                                            ^^^^^^^^^^^^^^^^^^^^^^^^^^^^^^^
[INFO] [stdout] 
[INFO] [stdout] 
[INFO] [stdout] warning: unused import: `thread`
[INFO] [stdout]  --> src/agents/base/development_workflow.rs:1:22
[INFO] [stdout]   |
[INFO] [stdout] 1 | use std::{sync::Arc, thread};
[INFO] [stdout]   |                      ^^^^^^
[INFO] [stdout] 
[INFO] [stdout] 
[INFO] [stdout] warning: unused imports: `task` and `try_join`
[INFO] [stdout]  --> src/agents/base/development_workflow.rs:2:27
[INFO] [stdout]   |
[INFO] [stdout] 2 | use tokio::{sync::RwLock, task, try_join};
[INFO] [stdout]   |                           ^^^^  ^^^^^^^^
[INFO] [stdout] 
[INFO] [stdout] 
[INFO] [stdout] warning: unused imports: `borrow::BorrowMut` and `time::Duration`
[INFO] [stdout]  --> src/agents/manager_agent/manager_agent.rs:1:11
[INFO] [stdout]   |
[INFO] [stdout] 1 | use std::{borrow::BorrowMut, sync::Arc, time::Duration};
[INFO] [stdout]   |           ^^^^^^^^^^^^^^^^^             ^^^^^^^^^^^^^^
[INFO] [stdout] 
[INFO] [stdout] 
[INFO] [stdout] warning: unused import: `Attribute`
[INFO] [stdout]  --> src/agents/manager_agent/manager_agent.rs:4:24
[INFO] [stdout]   |
[INFO] [stdout] 4 | use crossterm::style::{Attribute, Color};
[INFO] [stdout]   |                        ^^^^^^^^^
[INFO] [stdout] 
[INFO] [stdout] 
[INFO] [stdout] warning: unused import: `time`
[INFO] [stdout]  --> src/agents/manager_agent/manager_agent.rs:5:27
[INFO] [stdout]   |
[INFO] [stdout] 5 | use tokio::{sync::RwLock, time};
[INFO] [stdout]   |                           ^^^^
[INFO] [stdout] 
[INFO] [stdout] 
[INFO] [stdout] warning: unused import: `dotenv::dotenv`
[INFO] [stdout]  --> src/utils/code_generation.rs:1:5
[INFO] [stdout]   |
[INFO] [stdout] 1 | use dotenv::dotenv;
[INFO] [stdout]   |     ^^^^^^^^^^^^^^
[INFO] [stdout] 
[INFO] [stdout] 
[INFO] [stdout] warning: unused import: `LLMModel`
[INFO] [stdout]  --> src/utils/command_line.rs:6:49
[INFO] [stdout]   |
[INFO] [stdout] 6 | use crate::models::general::{llm::{llm_choices, LLMModel}, project::{backend_languages, frontend_language, project_focus, UserInputs}};
[INFO] [stdout]   |                                                 ^^^^^^^^
[INFO] [stdout] 
[INFO] [stdout] 
[INFO] [stdout] warning: unused variable: `proj_spec`
[INFO] [stdout]   --> src/agents/backend_agent/backend_agent.rs:44:27
[INFO] [stdout]    |
[INFO] [stdout] 44 |         if let Ok(ref mut proj_spec) = project_spec.try_write() {
[INFO] [stdout]    |                           ^^^^^^^^^ help: if this is intentional, prefix it with an underscore: `_proj_spec`
[INFO] [stdout]    |
[INFO] [stdout]    = note: `#[warn(unused_variables)]` on by default
[INFO] [stdout] 
[INFO] [stdout] 
[INFO] [stdout] warning: unused variable: `project_spec`
[INFO] [stdout]   --> src/agents/base/development_workflow.rs:31:47
[INFO] [stdout]    |
[INFO] [stdout] 31 |     pub async fn initiate_workflow(&mut self, project_spec: &mut Arc<RwLock<ProjectSpec>>) {
[INFO] [stdout]    |                                               ^^^^^^^^^^^^ help: if this is intentional, prefix it with an underscore: `_project_spec`
[INFO] [stdout] 
[INFO] [stdout] 
[INFO] [stdout] warning: unreachable pattern
[INFO] [stdout]    --> src/agents/architect_agent/architect_agent.rs:142:17
[INFO] [stdout]     |
[INFO] [stdout] 142 |                 _ => self.attributes.update_agent_state(AgentState::Completed)
[INFO] [stdout]     |                 ^ no value can reach this
[INFO] [stdout]     |
[INFO] [stdout] note: multiple earlier patterns match some of the same values
[INFO] [stdout]    --> src/agents/architect_agent/architect_agent.rs:142:17
[INFO] [stdout]     |
[INFO] [stdout] 102 |                 AgentState::Discovery => {
[INFO] [stdout]     |                 --------------------- matches some of the same values
[INFO] [stdout] ...
[INFO] [stdout] 114 |                 AgentState::Working => {
[INFO] [stdout]     |                 ------------------- matches some of the same values
[INFO] [stdout] ...
[INFO] [stdout] 119 |                 AgentState::UnitTesting => {
[INFO] [stdout]     |                 ----------------------- matches some of the same values
[INFO] [stdout] ...
[INFO] [stdout] 139 |                 AgentState::Completed => {
[INFO] [stdout]     |                 --------------------- matches some of the same values
[INFO] [stdout] ...
[INFO] [stdout] 142 |                 _ => self.attributes.update_agent_state(AgentState::Completed)
[INFO] [stdout]     |                 ^ collectively making this unreachable
[INFO] [stdout]     = note: `#[warn(unreachable_patterns)]` on by default
[INFO] [stdout] 
[INFO] [stdout] 
[INFO] [stdout] warning: unused variable: `user_input`
[INFO] [stdout]   --> src/agents/architect_agent/architect_agent.rs:97:13
[INFO] [stdout]    |
[INFO] [stdout] 97 |         let user_input = *user_input;
[INFO] [stdout]    |             ^^^^^^^^^^ help: if this is intentional, prefix it with an underscore: `_user_input`
[INFO] [stdout] 
[INFO] [stdout] 
[INFO] [stdout] warning: unused variable: `preferred_language`
[INFO] [stdout]   --> src/agents/backend_agent/backend_agent.rs:62:51
[INFO] [stdout]    |
[INFO] [stdout] 62 |     fn build_backend_code(&self, code_path: &str, preferred_language: String) {
[INFO] [stdout]    |                                                   ^^^^^^^^^^^^^^^^^^ help: if this is intentional, prefix it with an underscore: `_preferred_language`
[INFO] [stdout] 
[INFO] [stdout] 
[INFO] [stdout] warning: unused variable: `language`
[INFO] [stdout]   --> src/utils/files_io.rs:18:56
[INFO] [stdout]    |
[INFO] [stdout] 18 | pub fn write_code_template_contents(contents: &String, language: String) {
[INFO] [stdout]    |                                                        ^^^^^^^^ help: if this is intentional, prefix it with an underscore: `_language`
[INFO] [stdout] 
[INFO] [stdout] 
[INFO] [stdout] warning: field `bug_counts` is never read
[INFO] [stdout]   --> src/agents/backend_agent/backend_agent.rs:13:5
[INFO] [stdout]    |
[INFO] [stdout] 11 | pub struct BackendAgent {
[INFO] [stdout]    |            ------------ field in this struct
[INFO] [stdout] 12 |     attributes: AgentAttributes,
[INFO] [stdout] 13 |     bug_counts: u8
[INFO] [stdout]    |     ^^^^^^^^^^
[INFO] [stdout]    |
[INFO] [stdout]    = note: `BackendAgent` has derived impls for the traits `Clone` and `Debug`, but these are intentionally ignored during dead code analysis
[INFO] [stdout]    = note: `#[warn(dead_code)]` on by default
[INFO] [stdout] 
[INFO] [stdout] 
[INFO] [stdout] warning: method `build_backend_code` is never used
[INFO] [stdout]   --> src/agents/backend_agent/backend_agent.rs:62:8
[INFO] [stdout]    |
[INFO] [stdout] 16 | impl BackendAgent {
[INFO] [stdout]    | ----------------- method in this implementation
[INFO] [stdout] ...
[INFO] [stdout] 62 |     fn build_backend_code(&self, code_path: &str, preferred_language: String) {
[INFO] [stdout]    |        ^^^^^^^^^^^^^^^^^^
[INFO] [stdout] 
[INFO] [stdout] 
[INFO] [stdout] warning: fields `objective` and `messages` are never read
[INFO] [stdout]   --> src/agents/base/agent_attributes.rs:9:9
[INFO] [stdout]    |
[INFO] [stdout] 8  | pub struct AgentAttributes {
[INFO] [stdout]    |            --------------- fields in this struct
[INFO] [stdout] 9  |     pub objective: String,
[INFO] [stdout]    |         ^^^^^^^^^
[INFO] [stdout] ...
[INFO] [stdout] 12 |     pub messages: Vec<Message>,
[INFO] [stdout]    |         ^^^^^^^^
[INFO] [stdout]    |
[INFO] [stdout]    = note: `AgentAttributes` has derived impls for the traits `Clone` and `Debug`, but these are intentionally ignored during dead code analysis
[INFO] [stdout] 
[INFO] [stdout] 
[INFO] [stdout] warning: fields `backend_code` and `frontend_code` are never read
[INFO] [stdout]  --> src/models/general/project.rs:6:9
[INFO] [stdout]   |
[INFO] [stdout] 4 | pub struct ProjectSpec {
[INFO] [stdout]   |            ----------- fields in this struct
[INFO] [stdout] 5 |     pub project_description: Option<String>,
[INFO] [stdout] 6 |     pub backend_code: Option<String>,
[INFO] [stdout]   |         ^^^^^^^^^^^^
[INFO] [stdout] 7 |     pub frontend_code: Option<String>,
[INFO] [stdout]   |         ^^^^^^^^^^^^^
[INFO] [stdout]   |
[INFO] [stdout]   = note: `ProjectSpec` has a derived impl for the trait `Debug`, but this is intentionally ignored during dead code analysis
[INFO] [stdout] 
[INFO] [stdout] 
[INFO] [stdout] warning: function `write_to_file` is never used
[INFO] [stdout]  --> src/utils/code_generation.rs:5:8
[INFO] [stdout]   |
[INFO] [stdout] 5 | pub fn write_to_file(content: &str, filepath: &str) {
[INFO] [stdout]   |        ^^^^^^^^^^^^^
[INFO] [stdout] 
[INFO] [stdout] 
[INFO] [stdout] warning: variant `Testing` is never constructed
[INFO] [stdout]   --> src/utils/command_line.rs:11:5
[INFO] [stdout]    |
[INFO] [stdout] 9  | pub enum LogMessage {
[INFO] [stdout]    |          ---------- variant in this enum
[INFO] [stdout] 10 |     Info,
[INFO] [stdout] 11 |     Testing,
[INFO] [stdout]    |     ^^^^^^^
[INFO] [stdout]    |
[INFO] [stdout]    = note: `LogMessage` has a derived impl for the trait `Debug`, but this is intentionally ignored during dead code analysis
[INFO] [stdout] 
[INFO] [stdout] 
[INFO] [stdout] warning: unused `Result` that must be used
[INFO] [stdout]   --> src/utils/command_line.rs:20:9
[INFO] [stdout]    |
[INFO] [stdout] 20 |         stdout.execute(SetForegroundColor(color));
[INFO] [stdout]    |         ^^^^^^^^^^^^^^^^^^^^^^^^^^^^^^^^^^^^^^^^^
[INFO] [stdout]    |
[INFO] [stdout]    = note: this `Result` may be an `Err` variant, which should be handled
[INFO] [stdout]    = note: `#[warn(unused_must_use)]` on by default
[INFO] [stdout] help: use `let _ = ...` to ignore the resulting value
[INFO] [stdout]    |
[INFO] [stdout] 20 |         let _ = stdout.execute(SetForegroundColor(color));
[INFO] [stdout]    |         +++++++
[INFO] [stdout] 
[INFO] [stdout] 
[INFO] [stdout] warning: unused `Result` that must be used
[INFO] [stdout]   --> src/utils/command_line.rs:22:9
[INFO] [stdout]    |
[INFO] [stdout] 22 |         stdout.execute(ResetColor);
[INFO] [stdout]    |         ^^^^^^^^^^^^^^^^^^^^^^^^^^
[INFO] [stdout]    |
[INFO] [stdout]    = note: this `Result` may be an `Err` variant, which should be handled
[INFO] [stdout] help: use `let _ = ...` to ignore the resulting value
[INFO] [stdout]    |
[INFO] [stdout] 22 |         let _ = stdout.execute(ResetColor);
[INFO] [stdout]    |         +++++++
[INFO] [stdout] 
[INFO] [stdout] 
[INFO] [stderr]     Finished `dev` profile [unoptimized + debuginfo] target(s) in 1m 44s
[INFO] running `Command { std: "docker" "inspect" "325735b18cece782c391cc125febb7db344bded85f4813c0d7bdbf76e401b1e7", kill_on_drop: false }`
[INFO] running `Command { std: "docker" "rm" "-f" "325735b18cece782c391cc125febb7db344bded85f4813c0d7bdbf76e401b1e7", kill_on_drop: false }`
[INFO] [stdout] 325735b18cece782c391cc125febb7db344bded85f4813c0d7bdbf76e401b1e7
[INFO] running `Command { std: "docker" "create" "-v" "/var/lib/crater-agent-workspace/builds/worker-5-tc1/target:/opt/rustwide/target:rw,Z" "-v" "/var/lib/crater-agent-workspace/builds/worker-5-tc1/source:/opt/rustwide/workdir:ro,Z" "-v" "/var/lib/crater-agent-workspace/cargo-home:/opt/rustwide/cargo-home:ro,Z" "-v" "/var/lib/crater-agent-workspace/rustup-home:/opt/rustwide/rustup-home:ro,Z" "-e" "SOURCE_DIR=/opt/rustwide/workdir" "-e" "CARGO_TARGET_DIR=/opt/rustwide/target" "-e" "CARGO_INCREMENTAL=0" "-e" "RUST_BACKTRACE=full" "-e" "RUSTFLAGS=--cap-lints=warn" "-e" "RUSTDOCFLAGS=--cap-lints=warn" "-e" "CARGO_HOME=/opt/rustwide/cargo-home" "-e" "RUSTUP_HOME=/opt/rustwide/rustup-home" "-w" "/opt/rustwide/workdir" "-m" "1610612736" "--user" "0:0" "--network" "none" "ghcr.io/rust-lang/crates-build-env/linux@sha256:f3a9d4ad9d972b27faf3965f35b62e55ba32bbce8f20bc8fe909558a86702fde" "/opt/rustwide/cargo-home/bin/cargo" "+1.83.0" "test" "--frozen" "--no-run" "--message-format=json", kill_on_drop: false }`
[INFO] [stdout] 9450c006da98fff8b49a82eeb27c630797608502aa0b61b8d0ce8a9d5111337a
[INFO] running `Command { std: "docker" "start" "-a" "9450c006da98fff8b49a82eeb27c630797608502aa0b61b8d0ce8a9d5111337a", kill_on_drop: false }`
[INFO] [stderr]    Compiling acadia v0.1.0 (/opt/rustwide/workdir)
[INFO] [stdout] warning: unused import: `dialoguer::Select`
[INFO] [stdout]  --> src/main.rs:4:5
[INFO] [stdout]   |
[INFO] [stdout] 4 | use dialoguer::Select;
[INFO] [stdout]   |     ^^^^^^^^^^^^^^^^^
[INFO] [stdout]   |
[INFO] [stdout]   = note: `#[warn(unused_imports)]` on by default
[INFO] [stdout] 
[INFO] [stdout] 
[INFO] [stdout] warning: unused import: `crossterm::style::Color`
[INFO] [stdout]  --> src/agents/base/agent_attributes.rs:1:5
[INFO] [stdout]   |
[INFO] [stdout] 1 | use crossterm::style::Color;
[INFO] [stdout]   |     ^^^^^^^^^^^^^^^^^^^^^^^
[INFO] [stdout] 
[INFO] [stdout] 
[INFO] [stdout] warning: unused import: `utils::command_line::LogMessage`
[INFO] [stdout]  --> src/agents/base/agent_attributes.rs:3:44
[INFO] [stdout]   |
[INFO] [stdout] 3 | use crate::{models::general::llm::Message, utils::command_line::LogMessage};
[INFO] [stdout]   |                                            ^^^^^^^^^^^^^^^^^^^^^^^^^^^^^^^
[INFO] [stdout] 
[INFO] [stdout] 
[INFO] [stdout] warning: unused import: `thread`
[INFO] [stdout]  --> src/agents/base/development_workflow.rs:1:22
[INFO] [stdout]   |
[INFO] [stdout] 1 | use std::{sync::Arc, thread};
[INFO] [stdout]   |                      ^^^^^^
[INFO] [stdout] 
[INFO] [stdout] 
[INFO] [stdout] warning: unused imports: `task` and `try_join`
[INFO] [stdout]  --> src/agents/base/development_workflow.rs:2:27
[INFO] [stdout]   |
[INFO] [stdout] 2 | use tokio::{sync::RwLock, task, try_join};
[INFO] [stdout]   |                           ^^^^  ^^^^^^^^
[INFO] [stdout] 
[INFO] [stdout] 
[INFO] [stdout] warning: unused import: `time::Duration`
[INFO] [stdout]   --> src/agents/base/development_workflow.rs:47:26
[INFO] [stdout]    |
[INFO] [stdout] 47 |     use std::{sync::Arc, time::Duration};
[INFO] [stdout]    |                          ^^^^^^^^^^^^^^
[INFO] [stdout] 
[INFO] [stdout] 
[INFO] [stdout] warning: unused import: `time::sleep`
[INFO] [stdout]   --> src/agents/base/development_workflow.rs:48:31
[INFO] [stdout]    |
[INFO] [stdout] 48 |     use tokio::{sync::RwLock, time::sleep};
[INFO] [stdout]    |                               ^^^^^^^^^^^
[INFO] [stdout] 
[INFO] [stdout] 
[INFO] [stdout] warning: unused imports: `agent_attributes::AgentAttributes`, `agent_traits::AgentState`, and `self`
[INFO] [stdout]   --> src/agents/base/development_workflow.rs:49:92
[INFO] [stdout]    |
[INFO] [stdout] 49 | ...backend_agent::{self, backend_agent::BackendAgent}, base::{agent_attributes::AgentAttributes, agent_traits::AgentState}, manager_agent...
[INFO] [stdout]    |                    ^^^^                                       ^^^^^^^^^^^^^^^^^^^^^^^^^^^^^^^^^  ^^^^^^^^^^^^^^^^^^^^^^^^
[INFO] [stdout] 
[INFO] [stdout] 
[INFO] [stdout] warning: unused imports: `borrow::BorrowMut` and `time::Duration`
[INFO] [stdout]  --> src/agents/manager_agent/manager_agent.rs:1:11
[INFO] [stdout]   |
[INFO] [stdout] 1 | use std::{borrow::BorrowMut, sync::Arc, time::Duration};
[INFO] [stdout]   |           ^^^^^^^^^^^^^^^^^             ^^^^^^^^^^^^^^
[INFO] [stdout] 
[INFO] [stdout] 
[INFO] [stdout] warning: unused import: `Attribute`
[INFO] [stdout]  --> src/agents/manager_agent/manager_agent.rs:4:24
[INFO] [stdout]   |
[INFO] [stdout] 4 | use crossterm::style::{Attribute, Color};
[INFO] [stdout]   |                        ^^^^^^^^^
[INFO] [stdout] 
[INFO] [stdout] 
[INFO] [stdout] warning: unused import: `time`
[INFO] [stdout]  --> src/agents/manager_agent/manager_agent.rs:5:27
[INFO] [stdout]   |
[INFO] [stdout] 5 | use tokio::{sync::RwLock, time};
[INFO] [stdout]   |                           ^^^^
[INFO] [stdout] 
[INFO] [stdout] 
[INFO] [stdout] warning: unused import: `super::*`
[INFO] [stdout]   --> src/agents/manager_agent/manager_agent.rs:83:9
[INFO] [stdout]    |
[INFO] [stdout] 83 |     use super::*;
[INFO] [stdout]    |         ^^^^^^^^
[INFO] [stdout] 
[INFO] [stdout] 
[INFO] [stdout] warning: unused import: `LLMModel`
[INFO] [stdout]   --> src/utils/code_generation.rs:16:40
[INFO] [stdout]    |
[INFO] [stdout] 16 |     use crate::{models::general::llm::{LLMModel, Message}, utils::llm_requests::llm_request};
[INFO] [stdout]    |                                        ^^^^^^^^
[INFO] [stdout] 
[INFO] [stdout] 
[INFO] [stdout] warning: unused import: `LLMModel`
[INFO] [stdout]  --> src/utils/command_line.rs:6:49
[INFO] [stdout]   |
[INFO] [stdout] 6 | use crate::models::general::{llm::{llm_choices, LLMModel}, project::{backend_languages, frontend_language, project_focus, UserInputs}};
[INFO] [stdout]   |                                                 ^^^^^^^^
[INFO] [stdout] 
[INFO] [stdout] 
[INFO] [stdout] warning: unused variable: `proj_spec`
[INFO] [stdout]   --> src/agents/backend_agent/backend_agent.rs:44:27
[INFO] [stdout]    |
[INFO] [stdout] 44 |         if let Ok(ref mut proj_spec) = project_spec.try_write() {
[INFO] [stdout]    |                           ^^^^^^^^^ help: if this is intentional, prefix it with an underscore: `_proj_spec`
[INFO] [stdout]    |
[INFO] [stdout]    = note: `#[warn(unused_variables)]` on by default
[INFO] [stdout] 
[INFO] [stdout] 
[INFO] [stdout] warning: unused variable: `project_spec`
[INFO] [stdout]   --> src/agents/base/development_workflow.rs:31:47
[INFO] [stdout]    |
[INFO] [stdout] 31 |     pub async fn initiate_workflow(&mut self, project_spec: &mut Arc<RwLock<ProjectSpec>>) {
[INFO] [stdout]    |                                               ^^^^^^^^^^^^ help: if this is intentional, prefix it with an underscore: `_project_spec`
[INFO] [stdout] 
[INFO] [stdout] 
[INFO] [stdout] warning: unreachable pattern
[INFO] [stdout]    --> src/agents/architect_agent/architect_agent.rs:142:17
[INFO] [stdout]     |
[INFO] [stdout] 142 |                 _ => self.attributes.update_agent_state(AgentState::Completed)
[INFO] [stdout]     |                 ^ no value can reach this
[INFO] [stdout]     |
[INFO] [stdout] note: multiple earlier patterns match some of the same values
[INFO] [stdout]    --> src/agents/architect_agent/architect_agent.rs:142:17
[INFO] [stdout]     |
[INFO] [stdout] 102 |                 AgentState::Discovery => {
[INFO] [stdout]     |                 --------------------- matches some of the same values
[INFO] [stdout] ...
[INFO] [stdout] 114 |                 AgentState::Working => {
[INFO] [stdout]     |                 ------------------- matches some of the same values
[INFO] [stdout] ...
[INFO] [stdout] 119 |                 AgentState::UnitTesting => {
[INFO] [stdout]     |                 ----------------------- matches some of the same values
[INFO] [stdout] ...
[INFO] [stdout] 139 |                 AgentState::Completed => {
[INFO] [stdout]     |                 --------------------- matches some of the same values
[INFO] [stdout] ...
[INFO] [stdout] 142 |                 _ => self.attributes.update_agent_state(AgentState::Completed)
[INFO] [stdout]     |                 ^ collectively making this unreachable
[INFO] [stdout]     = note: `#[warn(unreachable_patterns)]` on by default
[INFO] [stdout] 
[INFO] [stdout] 
[INFO] [stdout] warning: unused variable: `user_input`
[INFO] [stdout]   --> src/agents/architect_agent/architect_agent.rs:97:13
[INFO] [stdout]    |
[INFO] [stdout] 97 |         let user_input = *user_input;
[INFO] [stdout]    |             ^^^^^^^^^^ help: if this is intentional, prefix it with an underscore: `_user_input`
[INFO] [stdout] 
[INFO] [stdout] 
[INFO] [stdout] warning: unused variable: `preferred_language`
[INFO] [stdout]   --> src/agents/backend_agent/backend_agent.rs:62:51
[INFO] [stdout]    |
[INFO] [stdout] 62 |     fn build_backend_code(&self, code_path: &str, preferred_language: String) {
[INFO] [stdout]    |                                                   ^^^^^^^^^^^^^^^^^^ help: if this is intentional, prefix it with an underscore: `_preferred_language`
[INFO] [stdout] 
[INFO] [stdout] 
[INFO] [stdout] warning: unused variable: `language`
[INFO] [stdout]   --> src/utils/files_io.rs:18:56
[INFO] [stdout]    |
[INFO] [stdout] 18 | pub fn write_code_template_contents(contents: &String, language: String) {
[INFO] [stdout]    |                                                        ^^^^^^^^ help: if this is intentional, prefix it with an underscore: `_language`
[INFO] [stdout] 
[INFO] [stdout] 
[INFO] [stdout] warning: field `bug_counts` is never read
[INFO] [stdout]   --> src/agents/backend_agent/backend_agent.rs:13:5
[INFO] [stdout]    |
[INFO] [stdout] 11 | pub struct BackendAgent {
[INFO] [stdout]    |            ------------ field in this struct
[INFO] [stdout] 12 |     attributes: AgentAttributes,
[INFO] [stdout] 13 |     bug_counts: u8
[INFO] [stdout]    |     ^^^^^^^^^^
[INFO] [stdout]    |
[INFO] [stdout]    = note: `BackendAgent` has derived impls for the traits `Clone` and `Debug`, but these are intentionally ignored during dead code analysis
[INFO] [stdout]    = note: `#[warn(dead_code)]` on by default
[INFO] [stdout] 
[INFO] [stdout] 
[INFO] [stdout] warning: fields `objective` and `messages` are never read
[INFO] [stdout]   --> src/agents/base/agent_attributes.rs:9:9
[INFO] [stdout]    |
[INFO] [stdout] 8  | pub struct AgentAttributes {
[INFO] [stdout]    |            --------------- fields in this struct
[INFO] [stdout] 9  |     pub objective: String,
[INFO] [stdout]    |         ^^^^^^^^^
[INFO] [stdout] ...
[INFO] [stdout] 12 |     pub messages: Vec<Message>,
[INFO] [stdout]    |         ^^^^^^^^
[INFO] [stdout]    |
[INFO] [stdout]    = note: `AgentAttributes` has derived impls for the traits `Clone` and `Debug`, but these are intentionally ignored during dead code analysis
[INFO] [stdout] 
[INFO] [stdout] 
[INFO] [stdout] warning: fields `backend_code` and `frontend_code` are never read
[INFO] [stdout]  --> src/models/general/project.rs:6:9
[INFO] [stdout]   |
[INFO] [stdout] 4 | pub struct ProjectSpec {
[INFO] [stdout]   |            ----------- fields in this struct
[INFO] [stdout] 5 |     pub project_description: Option<String>,
[INFO] [stdout] 6 |     pub backend_code: Option<String>,
[INFO] [stdout]   |         ^^^^^^^^^^^^
[INFO] [stdout] 7 |     pub frontend_code: Option<String>,
[INFO] [stdout]   |         ^^^^^^^^^^^^^
[INFO] [stdout]   |
[INFO] [stdout]   = note: `ProjectSpec` has a derived impl for the trait `Debug`, but this is intentionally ignored during dead code analysis
[INFO] [stdout] 
[INFO] [stdout] 
[INFO] [stdout] warning: variant `Testing` is never constructed
[INFO] [stdout]   --> src/utils/command_line.rs:11:5
[INFO] [stdout]    |
[INFO] [stdout] 9  | pub enum LogMessage {
[INFO] [stdout]    |          ---------- variant in this enum
[INFO] [stdout] 10 |     Info,
[INFO] [stdout] 11 |     Testing,
[INFO] [stdout]    |     ^^^^^^^
[INFO] [stdout]    |
[INFO] [stdout]    = note: `LogMessage` has a derived impl for the trait `Debug`, but this is intentionally ignored during dead code analysis
[INFO] [stdout] 
[INFO] [stdout] 
[INFO] [stdout] warning: unused `Result` that must be used
[INFO] [stdout]   --> src/utils/command_line.rs:20:9
[INFO] [stdout]    |
[INFO] [stdout] 20 |         stdout.execute(SetForegroundColor(color));
[INFO] [stdout]    |         ^^^^^^^^^^^^^^^^^^^^^^^^^^^^^^^^^^^^^^^^^
[INFO] [stdout]    |
[INFO] [stdout]    = note: this `Result` may be an `Err` variant, which should be handled
[INFO] [stdout]    = note: `#[warn(unused_must_use)]` on by default
[INFO] [stdout] help: use `let _ = ...` to ignore the resulting value
[INFO] [stdout]    |
[INFO] [stdout] 20 |         let _ = stdout.execute(SetForegroundColor(color));
[INFO] [stdout]    |         +++++++
[INFO] [stdout] 
[INFO] [stdout] 
[INFO] [stdout] warning: unused `Result` that must be used
[INFO] [stdout]   --> src/utils/command_line.rs:22:9
[INFO] [stdout]    |
[INFO] [stdout] 22 |         stdout.execute(ResetColor);
[INFO] [stdout]    |         ^^^^^^^^^^^^^^^^^^^^^^^^^^
[INFO] [stdout]    |
[INFO] [stdout]    = note: this `Result` may be an `Err` variant, which should be handled
[INFO] [stdout] help: use `let _ = ...` to ignore the resulting value
[INFO] [stdout]    |
[INFO] [stdout] 22 |         let _ = stdout.execute(ResetColor);
[INFO] [stdout]    |         +++++++
[INFO] [stdout] 
[INFO] [stdout] 
[INFO] [stderr]     Finished `test` profile [unoptimized + debuginfo] target(s) in 5.74s
[INFO] running `Command { std: "docker" "inspect" "9450c006da98fff8b49a82eeb27c630797608502aa0b61b8d0ce8a9d5111337a", kill_on_drop: false }`
[INFO] running `Command { std: "docker" "rm" "-f" "9450c006da98fff8b49a82eeb27c630797608502aa0b61b8d0ce8a9d5111337a", kill_on_drop: false }`
[INFO] [stdout] 9450c006da98fff8b49a82eeb27c630797608502aa0b61b8d0ce8a9d5111337a
[INFO] running `Command { std: "docker" "create" "-v" "/var/lib/crater-agent-workspace/builds/worker-5-tc1/target:/opt/rustwide/target:rw,Z" "-v" "/var/lib/crater-agent-workspace/builds/worker-5-tc1/source:/opt/rustwide/workdir:ro,Z" "-v" "/var/lib/crater-agent-workspace/cargo-home:/opt/rustwide/cargo-home:ro,Z" "-v" "/var/lib/crater-agent-workspace/rustup-home:/opt/rustwide/rustup-home:ro,Z" "-e" "SOURCE_DIR=/opt/rustwide/workdir" "-e" "CARGO_TARGET_DIR=/opt/rustwide/target" "-e" "CARGO_INCREMENTAL=0" "-e" "RUST_BACKTRACE=full" "-e" "RUSTFLAGS=--cap-lints=warn" "-e" "RUSTDOCFLAGS=--cap-lints=warn" "-e" "CARGO_HOME=/opt/rustwide/cargo-home" "-e" "RUSTUP_HOME=/opt/rustwide/rustup-home" "-w" "/opt/rustwide/workdir" "-m" "1610612736" "--user" "0:0" "--network" "none" "ghcr.io/rust-lang/crates-build-env/linux@sha256:f3a9d4ad9d972b27faf3965f35b62e55ba32bbce8f20bc8fe909558a86702fde" "/opt/rustwide/cargo-home/bin/cargo" "+1.83.0" "test" "--frozen", kill_on_drop: false }`
[INFO] [stdout] 47773638da79378657f8132419b16600fdad1a0f9efe4441967680a70ef64415
[INFO] running `Command { std: "docker" "start" "-a" "47773638da79378657f8132419b16600fdad1a0f9efe4441967680a70ef64415", kill_on_drop: false }`
[INFO] [stderr] warning: unused import: `dialoguer::Select`
[INFO] [stderr]  --> src/main.rs:4:5
[INFO] [stderr]   |
[INFO] [stderr] 4 | use dialoguer::Select;
[INFO] [stderr]   |     ^^^^^^^^^^^^^^^^^
[INFO] [stderr]   |
[INFO] [stderr]   = note: `#[warn(unused_imports)]` on by default
[INFO] [stderr] 
[INFO] [stderr] warning: unused import: `crossterm::style::Color`
[INFO] [stderr]  --> src/agents/base/agent_attributes.rs:1:5
[INFO] [stderr]   |
[INFO] [stderr] 1 | use crossterm::style::Color;
[INFO] [stderr]   |     ^^^^^^^^^^^^^^^^^^^^^^^
[INFO] [stderr] 
[INFO] [stderr] warning: unused import: `utils::command_line::LogMessage`
[INFO] [stderr]  --> src/agents/base/agent_attributes.rs:3:44
[INFO] [stderr]   |
[INFO] [stderr] 3 | use crate::{models::general::llm::Message, utils::command_line::LogMessage};
[INFO] [stderr]   |                                            ^^^^^^^^^^^^^^^^^^^^^^^^^^^^^^^
[INFO] [stderr] 
[INFO] [stderr] warning: unused import: `thread`
[INFO] [stderr]  --> src/agents/base/development_workflow.rs:1:22
[INFO] [stderr]   |
[INFO] [stderr] 1 | use std::{sync::Arc, thread};
[INFO] [stderr]   |                      ^^^^^^
[INFO] [stderr] 
[INFO] [stderr] warning: unused imports: `task` and `try_join`
[INFO] [stderr]  --> src/agents/base/development_workflow.rs:2:27
[INFO] [stderr]   |
[INFO] [stderr] 2 | use tokio::{sync::RwLock, task, try_join};
[INFO] [stderr]   |                           ^^^^  ^^^^^^^^
[INFO] [stderr] 
[INFO] [stderr] warning: unused import: `time::Duration`
[INFO] [stderr]   --> src/agents/base/development_workflow.rs:47:26
[INFO] [stderr]    |
[INFO] [stderr] 47 |     use std::{sync::Arc, time::Duration};
[INFO] [stderr]    |                          ^^^^^^^^^^^^^^
[INFO] [stderr] 
[INFO] [stderr] warning: unused import: `time::sleep`
[INFO] [stderr]   --> src/agents/base/development_workflow.rs:48:31
[INFO] [stderr]    |
[INFO] [stderr] 48 |     use tokio::{sync::RwLock, time::sleep};
[INFO] [stderr]    |                               ^^^^^^^^^^^
[INFO] [stderr] 
[INFO] [stderr] warning: unused imports: `agent_attributes::AgentAttributes`, `agent_traits::AgentState`, and `self`
[INFO] [stderr]   --> src/agents/base/development_workflow.rs:49:92
[INFO] [stderr]    |
[INFO] [stderr] 49 | ...backend_agent::{self, backend_agent::BackendAgent}, base::{agent_attributes::AgentAttributes, agent_traits::AgentState}, manager_agent...
[INFO] [stderr]    |                    ^^^^                                       ^^^^^^^^^^^^^^^^^^^^^^^^^^^^^^^^^  ^^^^^^^^^^^^^^^^^^^^^^^^
[INFO] [stderr] 
[INFO] [stderr] warning: unused imports: `borrow::BorrowMut` and `time::Duration`
[INFO] [stderr]  --> src/agents/manager_agent/manager_agent.rs:1:11
[INFO] [stderr]   |
[INFO] [stderr] 1 | use std::{borrow::BorrowMut, sync::Arc, time::Duration};
[INFO] [stderr]   |           ^^^^^^^^^^^^^^^^^             ^^^^^^^^^^^^^^
[INFO] [stderr] 
[INFO] [stderr] warning: unused import: `Attribute`
[INFO] [stderr]  --> src/agents/manager_agent/manager_agent.rs:4:24
[INFO] [stderr]   |
[INFO] [stderr] 4 | use crossterm::style::{Attribute, Color};
[INFO] [stderr]   |                        ^^^^^^^^^
[INFO] [stderr] 
[INFO] [stderr] warning: unused import: `time`
[INFO] [stderr]  --> src/agents/manager_agent/manager_agent.rs:5:27
[INFO] [stderr]   |
[INFO] [stderr] 5 | use tokio::{sync::RwLock, time};
[INFO] [stderr]   |                           ^^^^
[INFO] [stderr] 
[INFO] [stderr] warning: unused import: `super::*`
[INFO] [stderr]   --> src/agents/manager_agent/manager_agent.rs:83:9
[INFO] [stderr]    |
[INFO] [stderr] 83 |     use super::*;
[INFO] [stderr]    |         ^^^^^^^^
[INFO] [stderr] 
[INFO] [stderr] warning: unused import: `LLMModel`
[INFO] [stderr]   --> src/utils/code_generation.rs:16:40
[INFO] [stderr]    |
[INFO] [stderr] 16 |     use crate::{models::general::llm::{LLMModel, Message}, utils::llm_requests::llm_request};
[INFO] [stderr]    |                                        ^^^^^^^^
[INFO] [stderr] 
[INFO] [stderr] warning: unused import: `LLMModel`
[INFO] [stderr]  --> src/utils/command_line.rs:6:49
[INFO] [stderr]   |
[INFO] [stderr] 6 | use crate::models::general::{llm::{llm_choices, LLMModel}, project::{backend_languages, frontend_language, project_focus, UserInputs}};
[INFO] [stderr]   |                                                 ^^^^^^^^
[INFO] [stderr] 
[INFO] [stderr] warning: unused variable: `proj_spec`
[INFO] [stderr]   --> src/agents/backend_agent/backend_agent.rs:44:27
[INFO] [stderr]    |
[INFO] [stderr] 44 |         if let Ok(ref mut proj_spec) = project_spec.try_write() {
[INFO] [stderr]    |                           ^^^^^^^^^ help: if this is intentional, prefix it with an underscore: `_proj_spec`
[INFO] [stderr]    |
[INFO] [stderr]    = note: `#[warn(unused_variables)]` on by default
[INFO] [stderr] 
[INFO] [stderr] warning: unused variable: `project_spec`
[INFO] [stderr]   --> src/agents/base/development_workflow.rs:31:47
[INFO] [stderr]    |
[INFO] [stderr] 31 |     pub async fn initiate_workflow(&mut self, project_spec: &mut Arc<RwLock<ProjectSpec>>) {
[INFO] [stderr]    |                                               ^^^^^^^^^^^^ help: if this is intentional, prefix it with an underscore: `_project_spec`
[INFO] [stderr] 
[INFO] [stderr] warning: unreachable pattern
[INFO] [stderr]    --> src/agents/architect_agent/architect_agent.rs:142:17
[INFO] [stderr]     |
[INFO] [stderr] 142 |                 _ => self.attributes.update_agent_state(AgentState::Completed)
[INFO] [stderr]     |                 ^ no value can reach this
[INFO] [stderr]     |
[INFO] [stderr] note: multiple earlier patterns match some of the same values
[INFO] [stderr]    --> src/agents/architect_agent/architect_agent.rs:142:17
[INFO] [stderr]     |
[INFO] [stderr] 102 |                 AgentState::Discovery => {
[INFO] [stderr]     |                 --------------------- matches some of the same values
[INFO] [stderr] ...
[INFO] [stderr] 114 |                 AgentState::Working => {
[INFO] [stderr]     |                 ------------------- matches some of the same values
[INFO] [stderr] ...
[INFO] [stderr] 119 |                 AgentState::UnitTesting => {
[INFO] [stderr]     |                 ----------------------- matches some of the same values
[INFO] [stderr] ...
[INFO] [stderr] 139 |                 AgentState::Completed => {
[INFO] [stderr]     |                 --------------------- matches some of the same values
[INFO] [stderr] ...
[INFO] [stderr] 142 |                 _ => self.attributes.update_agent_state(AgentState::Completed)
[INFO] [stderr]     |                 ^ collectively making this unreachable
[INFO] [stderr]     = note: `#[warn(unreachable_patterns)]` on by default
[INFO] [stderr] 
[INFO] [stderr] warning: unused variable: `user_input`
[INFO] [stderr]   --> src/agents/architect_agent/architect_agent.rs:97:13
[INFO] [stderr]    |
[INFO] [stderr] 97 |         let user_input = *user_input;
[INFO] [stderr]    |             ^^^^^^^^^^ help: if this is intentional, prefix it with an underscore: `_user_input`
[INFO] [stderr] 
[INFO] [stderr] warning: unused variable: `preferred_language`
[INFO] [stderr]   --> src/agents/backend_agent/backend_agent.rs:62:51
[INFO] [stderr]    |
[INFO] [stderr] 62 |     fn build_backend_code(&self, code_path: &str, preferred_language: String) {
[INFO] [stderr]    |                                                   ^^^^^^^^^^^^^^^^^^ help: if this is intentional, prefix it with an underscore: `_preferred_language`
[INFO] [stderr] 
[INFO] [stderr] warning: unused variable: `language`
[INFO] [stderr]   --> src/utils/files_io.rs:18:56
[INFO] [stderr]    |
[INFO] [stderr] 18 | pub fn write_code_template_contents(contents: &String, language: String) {
[INFO] [stderr]    |                                                        ^^^^^^^^ help: if this is intentional, prefix it with an underscore: `_language`
[INFO] [stderr] 
[INFO] [stderr] warning: field `bug_counts` is never read
[INFO] [stderr]   --> src/agents/backend_agent/backend_agent.rs:13:5
[INFO] [stderr]    |
[INFO] [stderr] 11 | pub struct BackendAgent {
[INFO] [stderr]    |            ------------ field in this struct
[INFO] [stderr] 12 |     attributes: AgentAttributes,
[INFO] [stderr] 13 |     bug_counts: u8
[INFO] [stderr]    |     ^^^^^^^^^^
[INFO] [stderr]    |
[INFO] [stderr]    = note: `BackendAgent` has derived impls for the traits `Clone` and `Debug`, but these are intentionally ignored during dead code analysis
[INFO] [stderr]    = note: `#[warn(dead_code)]` on by default
[INFO] [stderr] 
[INFO] [stderr] warning: fields `objective` and `messages` are never read
[INFO] [stderr]   --> src/agents/base/agent_attributes.rs:9:9
[INFO] [stderr]    |
[INFO] [stderr] 8  | pub struct AgentAttributes {
[INFO] [stderr]    |            --------------- fields in this struct
[INFO] [stderr] 9  |     pub objective: String,
[INFO] [stderr]    |         ^^^^^^^^^
[INFO] [stderr] ...
[INFO] [stderr] 12 |     pub messages: Vec<Message>,
[INFO] [stderr]    |         ^^^^^^^^
[INFO] [stderr]    |
[INFO] [stderr]    = note: `AgentAttributes` has derived impls for the traits `Clone` and `Debug`, but these are intentionally ignored during dead code analysis
[INFO] [stderr] 
[INFO] [stderr] warning: fields `backend_code` and `frontend_code` are never read
[INFO] [stderr]  --> src/models/general/project.rs:6:9
[INFO] [stderr]   |
[INFO] [stderr] 4 | pub struct ProjectSpec {
[INFO] [stderr]   |            ----------- fields in this struct
[INFO] [stderr] 5 |     pub project_description: Option<String>,
[INFO] [stderr] 6 |     pub backend_code: Option<String>,
[INFO] [stderr]   |         ^^^^^^^^^^^^
[INFO] [stderr] 7 |     pub frontend_code: Option<String>,
[INFO] [stderr]   |         ^^^^^^^^^^^^^
[INFO] [stderr]   |
[INFO] [stderr]   = note: `ProjectSpec` has a derived impl for the trait `Debug`, but this is intentionally ignored during dead code analysis
[INFO] [stderr] 
[INFO] [stderr] warning: variant `Testing` is never constructed
[INFO] [stderr]   --> src/utils/command_line.rs:11:5
[INFO] [stderr]    |
[INFO] [stderr] 9  | pub enum LogMessage {
[INFO] [stderr]    |          ---------- variant in this enum
[INFO] [stderr] 10 |     Info,
[INFO] [stderr] 11 |     Testing,
[INFO] [stderr]    |     ^^^^^^^
[INFO] [stderr]    |
[INFO] [stderr]    = note: `LogMessage` has a derived impl for the trait `Debug`, but this is intentionally ignored during dead code analysis
[INFO] [stderr] 
[INFO] [stderr] warning: unused `Result` that must be used
[INFO] [stderr]   --> src/utils/command_line.rs:20:9
[INFO] [stderr]    |
[INFO] [stderr] 20 |         stdout.execute(SetForegroundColor(color));
[INFO] [stderr]    |         ^^^^^^^^^^^^^^^^^^^^^^^^^^^^^^^^^^^^^^^^^
[INFO] [stderr]    |
[INFO] [stderr]    = note: this `Result` may be an `Err` variant, which should be handled
[INFO] [stderr]    = note: `#[warn(unused_must_use)]` on by default
[INFO] [stderr] help: use `let _ = ...` to ignore the resulting value
[INFO] [stderr]    |
[INFO] [stderr] 20 |         let _ = stdout.execute(SetForegroundColor(color));
[INFO] [stderr]    |         +++++++
[INFO] [stderr] 
[INFO] [stderr] warning: unused `Result` that must be used
[INFO] [stderr]   --> src/utils/command_line.rs:22:9
[INFO] [stderr]    |
[INFO] [stderr] 22 |         stdout.execute(ResetColor);
[INFO] [stderr]    |         ^^^^^^^^^^^^^^^^^^^^^^^^^^
[INFO] [stderr]    |
[INFO] [stderr]    = note: this `Result` may be an `Err` variant, which should be handled
[INFO] [stderr] help: use `let _ = ...` to ignore the resulting value
[INFO] [stderr]    |
[INFO] [stderr] 22 |         let _ = stdout.execute(ResetColor);
[INFO] [stderr]    |         +++++++
[INFO] [stderr] 
[INFO] [stderr] warning: `acadia` (bin "acadia" test) generated 26 warnings (run `cargo fix --bin "acadia" --tests` to apply 14 suggestions)
[INFO] [stderr]     Finished `test` profile [unoptimized + debuginfo] target(s) in 0.28s
[INFO] [stderr]      Running unittests src/main.rs (/opt/rustwide/target/debug/deps/acadia-684d41d9277d25fa)
[INFO] [stdout] 
[INFO] [stdout] running 16 tests
[INFO] [stdout] [38;5;10m[0m[38;2;2;214;242m[0m[38;2;69;191;25m[0m[38;2;2;214;242m[0mtest agents::architect_agent::architect_agent::tests::test_create_architect_agent ... ok
[INFO] [stdout] test agents::manager_agent::manager_agent::tests::test_project_manager_ai_function ... ok
[INFO] [stdout] [38;2;219;255;51m[0m[38;2;3;252;148m[0mtest utils::command_line::tests::test_log_message ... ok
[INFO] [stdout] test ai_functions::ai_functions::tests::test_print_project_scope ... ok
[INFO] [stdout] [38;2;2;214;242m[0m[38;2;69;191;25m[0mtest utils::command_line::tests::test_prompt_user ... ok
[INFO] [stdout] [38;2;2;214;242m[0m[38;2;69;191;25m[0m[38;2;2;214;242m[0m[38;2;2;214;242m[0mtest agents::backend_agent::backend_agent::tests::test_generate_backend_code ... FAILED
[INFO] [stdout] test agents::base::development_workflow::tests::test_initiate_workflow ... FAILED
[INFO] [stdout] test utils::code_generation::tests::test_write_to_file ... FAILED
[INFO] [stdout] test agents::backend_agent::backend_agent::tests::test_build_backend_code ... FAILED
[INFO] [stdout] test utils::llm_requests::tests::test_llm_request ... FAILED
[INFO] [stdout] [38;2;219;255;51m[0mtest utils::files_io::tests::test_read_write_code_file ... FAILED
[INFO] [stdout] test utils::llm_requests::tests::test_elaborate_llm_request ... FAILED
[INFO] [stdout] test agents::manager_agent::manager_agent::tests::create_manager_agent ... FAILED
[INFO] [stdout] test utils::command_line::tests::test_prompt_user_options ... FAILED
[INFO] [stdout] test utils::command_line::tests::test_fill_project_details ... FAILED
[INFO] [stdout] test utils::llm_requests::tests::test_gpt4 ... FAILED
[INFO] [stdout] 
[INFO] [stdout] failures:
[INFO] [stdout] 
[INFO] [stdout] ---- agents::backend_agent::backend_agent::tests::test_generate_backend_code stdout ----
[INFO] [stdout] code_templates/rust_axum/main.rs
[INFO] [stdout] Agent: Backend Developer | State: Discovery | Performing: print_backend_webserver_code
[INFO] [stdout] GPT4o selected!
[INFO] [stdout] thread 'agents::backend_agent::backend_agent::tests::test_generate_backend_code' panicked at src/utils/llm_requests.rs:24:43:
[INFO] [stdout] GPT4o variable not found in .env file: NotPresent
[INFO] [stdout] stack backtrace:
[INFO] [stdout]    0:     0x59c534cc3a8a - std::backtrace_rs::backtrace::libunwind::trace::h5a5b8284f2d0c266
[INFO] [stdout]                                at /rustc/90b35a6239c3d8bdabc530a6a0816f7ff89a0aaf/library/std/src/../../backtrace/src/backtrace/libunwind.rs:116:5
[INFO] [stdout]    1:     0x59c534cc3a8a - std::backtrace_rs::backtrace::trace_unsynchronized::h76d4f1c9b0b875e3
[INFO] [stdout]                                at /rustc/90b35a6239c3d8bdabc530a6a0816f7ff89a0aaf/library/std/src/../../backtrace/src/backtrace/mod.rs:66:5
[INFO] [stdout]    2:     0x59c534cc3a8a - std::sys::backtrace::_print_fmt::hc4546b8364a537c6
[INFO] [stdout]                                at /rustc/90b35a6239c3d8bdabc530a6a0816f7ff89a0aaf/library/std/src/sys/backtrace.rs:66:9
[INFO] [stdout]    3:     0x59c534cc3a8a - <std::sys::backtrace::BacktraceLock::print::DisplayBacktrace as core::fmt::Display>::fmt::h5b6bd5631a6d1f6b
[INFO] [stdout]                                at /rustc/90b35a6239c3d8bdabc530a6a0816f7ff89a0aaf/library/std/src/sys/backtrace.rs:39:26
[INFO] [stdout]    4:     0x59c534cecae3 - core::fmt::rt::Argument::fmt::h270f6602a2b96f62
[INFO] [stdout]                                at /rustc/90b35a6239c3d8bdabc530a6a0816f7ff89a0aaf/library/core/src/fmt/rt.rs:177:76
[INFO] [stdout]    5:     0x59c534cecae3 - core::fmt::write::h7550c97b06c86515
[INFO] [stdout]                                at /rustc/90b35a6239c3d8bdabc530a6a0816f7ff89a0aaf/library/core/src/fmt/mod.rs:1186:21
[INFO] [stdout]    6:     0x59c534cbf983 - std::io::Write::write_fmt::h509ff860e5956e5e
[INFO] [stdout]                                at /rustc/90b35a6239c3d8bdabc530a6a0816f7ff89a0aaf/library/std/src/io/mod.rs:1839:15
[INFO] [stdout]    7:     0x59c534cc38d2 - std::sys::backtrace::BacktraceLock::print::h2395ccd2c84ba3aa
[INFO] [stdout]                                at /rustc/90b35a6239c3d8bdabc530a6a0816f7ff89a0aaf/library/std/src/sys/backtrace.rs:42:9
[INFO] [stdout]    8:     0x59c534cc4eea - std::panicking::default_hook::{{closure}}::he19d4c7230e07961
[INFO] [stdout]                                at /rustc/90b35a6239c3d8bdabc530a6a0816f7ff89a0aaf/library/std/src/panicking.rs:268:22
[INFO] [stdout]    9:     0x59c534cc4cf4 - std::panicking::default_hook::hf614597d3c67bbdb
[INFO] [stdout]                                at /rustc/90b35a6239c3d8bdabc530a6a0816f7ff89a0aaf/library/std/src/panicking.rs:292:9
[INFO] [stdout]   10:     0x59c53484c649 - <alloc::boxed::Box<F,A> as core::ops::function::Fn<Args>>::call::h39b51ce4599c23d1
[INFO] [stdout]                                at /rustc/90b35a6239c3d8bdabc530a6a0816f7ff89a0aaf/library/alloc/src/boxed.rs:2468:9
[INFO] [stdout]   11:     0x59c53484c649 - test::test_main::{{closure}}::he977ae839a582784
[INFO] [stdout]                                at /rustc/90b35a6239c3d8bdabc530a6a0816f7ff89a0aaf/library/test/src/lib.rs:133:21
[INFO] [stdout]   12:     0x59c534cc5588 - <alloc::boxed::Box<F,A> as core::ops::function::Fn<Args>>::call::h9455091b6b06f9fb
[INFO] [stdout]                                at /rustc/90b35a6239c3d8bdabc530a6a0816f7ff89a0aaf/library/alloc/src/boxed.rs:2468:9
[INFO] [stdout]   13:     0x59c534cc5588 - std::panicking::rust_panic_with_hook::h8942133a8b252070
[INFO] [stdout]                                at /rustc/90b35a6239c3d8bdabc530a6a0816f7ff89a0aaf/library/std/src/panicking.rs:809:13
[INFO] [stdout]   14:     0x59c534cc534a - std::panicking::begin_panic_handler::{{closure}}::hb5f5963570096b29
[INFO] [stdout]                                at /rustc/90b35a6239c3d8bdabc530a6a0816f7ff89a0aaf/library/std/src/panicking.rs:674:13
[INFO] [stdout]   15:     0x59c534cc3f69 - std::sys::backtrace::__rust_end_short_backtrace::h6208cedc1922feda
[INFO] [stdout]                                at /rustc/90b35a6239c3d8bdabc530a6a0816f7ff89a0aaf/library/std/src/sys/backtrace.rs:170:18
[INFO] [stdout]   16:     0x59c534cc4fdc - rust_begin_unwind
[INFO] [stdout]                                at /rustc/90b35a6239c3d8bdabc530a6a0816f7ff89a0aaf/library/std/src/panicking.rs:665:5
[INFO] [stdout]   17:     0x59c5347d82f0 - core::panicking::panic_fmt::h0c3082644d1bf418
[INFO] [stdout]                                at /rustc/90b35a6239c3d8bdabc530a6a0816f7ff89a0aaf/library/core/src/panicking.rs:74:14
[INFO] [stdout]   18:     0x59c5347d87d6 - core::result::unwrap_failed::hd20b4aa073bda1e2
[INFO] [stdout]                                at /rustc/90b35a6239c3d8bdabc530a6a0816f7ff89a0aaf/library/core/src/result.rs:1700:5
[INFO] [stdout]   19:     0x59c5347f15b6 - core::result::Result<T,E>::expect::hd748da85832bf101
[INFO] [stdout]                                at /rustc/90b35a6239c3d8bdabc530a6a0816f7ff89a0aaf/library/core/src/result.rs:1061:23
[INFO] [stdout]   20:     0x59c53480fe73 - acadia::utils::llm_requests::llm_request::{{closure}}::hcac79ca00df5ba00
[INFO] [stdout]                                at /opt/rustwide/workdir/src/utils/llm_requests.rs:24:19
[INFO] [stdout]   21:     0x59c53481215a - acadia::utils::llm_requests::make_llm_request::{{closure}}::h4b7b8f6c316fe564
[INFO] [stdout]                                at /opt/rustwide/workdir/src/utils/llm_requests.rs:147:72
[INFO] [stdout]   22:     0x59c53480e686 - acadia::agents::backend_agent::backend_agent::BackendAgent::generate_backend_code::{{closure}}::h8a845fe3c7d6f2a4
[INFO] [stdout]                                at /opt/rustwide/workdir/src/agents/backend_agent/backend_agent.rs:52:15
[INFO] [stdout]   23:     0x59c5348138f3 - acadia::agents::backend_agent::backend_agent::tests::test_generate_backend_code::{{closure}}::h55c1da0f1c993119
[INFO] [stdout]                                at /opt/rustwide/workdir/src/agents/backend_agent/backend_agent.rs:123:90
[INFO] [stdout]   24:     0x59c5347f3052 - <core::pin::Pin<P> as core::future::future::Future>::poll::h5f16098d0993c2f5
[INFO] [stdout]                                at /rustc/90b35a6239c3d8bdabc530a6a0816f7ff89a0aaf/library/core/src/future/future.rs:123:9
[INFO] [stdout]   25:     0x59c5347f308d - <core::pin::Pin<P> as core::future::future::Future>::poll::hcd9f8a4645147356
[INFO] [stdout]                                at /rustc/90b35a6239c3d8bdabc530a6a0816f7ff89a0aaf/library/core/src/future/future.rs:123:9
[INFO] [stdout]   26:     0x59c5347fb78f - tokio::runtime::scheduler::current_thread::CoreGuard::block_on::{{closure}}::{{closure}}::{{closure}}::hd16c709b71058ddf
[INFO] [stdout]                                at /opt/rustwide/cargo-home/registry/src/index.crates.io-6f17d22bba15001f/tokio-1.37.0/src/runtime/scheduler/current_thread/mod.rs:659:57
[INFO] [stdout]   27:     0x59c5347fb6c5 - tokio::runtime::coop::with_budget::h23752e38f508f3f4
[INFO] [stdout]                                at /opt/rustwide/cargo-home/registry/src/index.crates.io-6f17d22bba15001f/tokio-1.37.0/src/runtime/coop.rs:107:5
[INFO] [stdout]   28:     0x59c5347fb6c5 - tokio::runtime::coop::budget::h935f1e351c3a173a
[INFO] [stdout]                                at /opt/rustwide/cargo-home/registry/src/index.crates.io-6f17d22bba15001f/tokio-1.37.0/src/runtime/coop.rs:73:5
[INFO] [stdout]   29:     0x59c5347fb6c5 - tokio::runtime::scheduler::current_thread::CoreGuard::block_on::{{closure}}::{{closure}}::h2e24dd45e08389bd
[INFO] [stdout]                                at /opt/rustwide/cargo-home/registry/src/index.crates.io-6f17d22bba15001f/tokio-1.37.0/src/runtime/scheduler/current_thread/mod.rs:659:25
[INFO] [stdout]   30:     0x59c5347fa180 - tokio::runtime::scheduler::current_thread::Context::enter::h131fce1930c2205f
[INFO] [stdout]                                at /opt/rustwide/cargo-home/registry/src/index.crates.io-6f17d22bba15001f/tokio-1.37.0/src/runtime/scheduler/current_thread/mod.rs:404:19
[INFO] [stdout]   31:     0x59c5347faf2e - tokio::runtime::scheduler::current_thread::CoreGuard::block_on::{{closure}}::h27ea1b218497aca8
[INFO] [stdout]                                at /opt/rustwide/cargo-home/registry/src/index.crates.io-6f17d22bba15001f/tokio-1.37.0/src/runtime/scheduler/current_thread/mod.rs:658:36
[INFO] [stdout]   32:     0x59c5347faca4 - tokio::runtime::scheduler::current_thread::CoreGuard::enter::{{closure}}::hf137f53593c1d4b2
[INFO] [stdout]                                at /opt/rustwide/cargo-home/registry/src/index.crates.io-6f17d22bba15001f/tokio-1.37.0/src/runtime/scheduler/current_thread/mod.rs:737:68
[INFO] [stdout]   33:     0x59c5347f2efb - tokio::runtime::context::scoped::Scoped<T>::set::h1d4487c98c011a4b
[INFO] [stdout]                                at /opt/rustwide/cargo-home/registry/src/index.crates.io-6f17d22bba15001f/tokio-1.37.0/src/runtime/context/scoped.rs:40:9
[INFO] [stdout]   34:     0x59c5347f9a39 - tokio::runtime::context::set_scheduler::{{closure}}::h701c3e441d963625
[INFO] [stdout]                                at /opt/rustwide/cargo-home/registry/src/index.crates.io-6f17d22bba15001f/tokio-1.37.0/src/runtime/context.rs:176:26
[INFO] [stdout]   35:     0x59c5347f7fad - std::thread::local::LocalKey<T>::try_with::hf7a46f6f1f531a69
[INFO] [stdout]                                at /rustc/90b35a6239c3d8bdabc530a6a0816f7ff89a0aaf/library/std/src/thread/local.rs:283:12
[INFO] [stdout]   36:     0x59c5347f77ba - std::thread::local::LocalKey<T>::with::h567b0ca97065b92b
[INFO] [stdout]                                at /rustc/90b35a6239c3d8bdabc530a6a0816f7ff89a0aaf/library/std/src/thread/local.rs:260:9
[INFO] [stdout]   37:     0x59c5347f99ed - tokio::runtime::context::set_scheduler::hd538f4b83194b6c3
[INFO] [stdout]                                at /opt/rustwide/cargo-home/registry/src/index.crates.io-6f17d22bba15001f/tokio-1.37.0/src/runtime/context.rs:176:9
[INFO] [stdout]   38:     0x59c5347faa50 - tokio::runtime::scheduler::current_thread::CoreGuard::enter::h89cee06c685e769c
[INFO] [stdout]                                at /opt/rustwide/cargo-home/registry/src/index.crates.io-6f17d22bba15001f/tokio-1.37.0/src/runtime/scheduler/current_thread/mod.rs:737:27
[INFO] [stdout]   39:     0x59c5347facc3 - tokio::runtime::scheduler::current_thread::CoreGuard::block_on::ha00554f8788dedaf
[INFO] [stdout]                                at /opt/rustwide/cargo-home/registry/src/index.crates.io-6f17d22bba15001f/tokio-1.37.0/src/runtime/scheduler/current_thread/mod.rs:646:19
[INFO] [stdout]   40:     0x59c5347f9cbd - tokio::runtime::scheduler::current_thread::CurrentThread::block_on::{{closure}}::h2e6c7db0efd6db9b
[INFO] [stdout]                                at /opt/rustwide/cargo-home/registry/src/index.crates.io-6f17d22bba15001f/tokio-1.37.0/src/runtime/scheduler/current_thread/mod.rs:175:28
[INFO] [stdout]   41:     0x59c5347eb6e6 - tokio::runtime::context::runtime::enter_runtime::h62d286c79d991b31
[INFO] [stdout]                                at /opt/rustwide/cargo-home/registry/src/index.crates.io-6f17d22bba15001f/tokio-1.37.0/src/runtime/context/runtime.rs:65:16
[INFO] [stdout]   42:     0x59c5347f9bd1 - tokio::runtime::scheduler::current_thread::CurrentThread::block_on::hd486e13a5e1ab066
[INFO] [stdout]                                at /opt/rustwide/cargo-home/registry/src/index.crates.io-6f17d22bba15001f/tokio-1.37.0/src/runtime/scheduler/current_thread/mod.rs:167:9
[INFO] [stdout]   43:     0x59c53480cc7d - tokio::runtime::runtime::Runtime::block_on::hcc0e8ceb5dee9026
[INFO] [stdout]                                at /opt/rustwide/cargo-home/registry/src/index.crates.io-6f17d22bba15001f/tokio-1.37.0/src/runtime/runtime.rs:349:47
[INFO] [stdout]   44:     0x59c5348132de - acadia::agents::backend_agent::backend_agent::tests::test_generate_backend_code::h6a6ae8ee985d7244
[INFO] [stdout]                                at /opt/rustwide/workdir/src/agents/backend_agent/backend_agent.rs:123:9
[INFO] [stdout]   45:     0x59c534813187 - acadia::agents::backend_agent::backend_agent::tests::test_generate_backend_code::{{closure}}::h2c9424b1c1dcd357
[INFO] [stdout]                                at /opt/rustwide/workdir/src/agents/backend_agent/backend_agent.rs:118:42
[INFO] [stdout]   46:     0x59c5347e6e36 - core::ops::function::FnOnce::call_once::hb1e4120ba55fdb79
[INFO] [stdout]                                at /rustc/90b35a6239c3d8bdabc530a6a0816f7ff89a0aaf/library/core/src/ops/function.rs:250:5
[INFO] [stdout]   47:     0x59c53485100b - core::ops::function::FnOnce::call_once::h109cf8051a59b34e
[INFO] [stdout]                                at /rustc/90b35a6239c3d8bdabc530a6a0816f7ff89a0aaf/library/core/src/ops/function.rs:250:5
[INFO] [stdout]   48:     0x59c53485100b - test::__rust_begin_short_backtrace::hf4fff89d377446ba
[INFO] [stdout]                                at /rustc/90b35a6239c3d8bdabc530a6a0816f7ff89a0aaf/library/test/src/lib.rs:621:18
[INFO] [stdout]   49:     0x59c534850847 - test::run_test_in_process::{{closure}}::h0e39181dd7ee5a43
[INFO] [stdout]                                at /rustc/90b35a6239c3d8bdabc530a6a0816f7ff89a0aaf/library/test/src/lib.rs:644:60
[INFO] [stdout]   50:     0x59c534850847 - <core::panic::unwind_safe::AssertUnwindSafe<F> as core::ops::function::FnOnce<()>>::call_once::hc5a66a30f0bdfd1f
[INFO] [stdout]                                at /rustc/90b35a6239c3d8bdabc530a6a0816f7ff89a0aaf/library/core/src/panic/unwind_safe.rs:272:9
[INFO] [stdout]   51:     0x59c534850847 - std::panicking::try::do_call::h873b7cf639554a5e
[INFO] [stdout]                                at /rustc/90b35a6239c3d8bdabc530a6a0816f7ff89a0aaf/library/std/src/panicking.rs:557:40
[INFO] [stdout]   52:     0x59c534850847 - std::panicking::try::hdb19862fad9c8bd1
[INFO] [stdout]                                at /rustc/90b35a6239c3d8bdabc530a6a0816f7ff89a0aaf/library/std/src/panicking.rs:520:19
[INFO] [stdout]   53:     0x59c534850847 - std::panic::catch_unwind::h281fe732d236d260
[INFO] [stdout]                                at /rustc/90b35a6239c3d8bdabc530a6a0816f7ff89a0aaf/library/std/src/panic.rs:358:14
[INFO] [stdout]   54:     0x59c534850847 - test::run_test_in_process::h949b6df8457ed338
[INFO] [stdout]                                at /rustc/90b35a6239c3d8bdabc530a6a0816f7ff89a0aaf/library/test/src/lib.rs:644:27
[INFO] [stdout]   55:     0x59c534850847 - test::run_test::{{closure}}::h52c556a6d4740e10
[INFO] [stdout]                                at /rustc/90b35a6239c3d8bdabc530a6a0816f7ff89a0aaf/library/test/src/lib.rs:565:43
[INFO] [stdout]   56:     0x59c534815b24 - test::run_test::{{closure}}::h4237f6381c45ccb9
[INFO] [stdout]                                at /rustc/90b35a6239c3d8bdabc530a6a0816f7ff89a0aaf/library/test/src/lib.rs:595:41
[INFO] [stdout]   57:     0x59c534815b24 - std::sys::backtrace::__rust_begin_short_backtrace::h505c97a579eca628
[INFO] [stdout]                                at /rustc/90b35a6239c3d8bdabc530a6a0816f7ff89a0aaf/library/std/src/sys/backtrace.rs:154:18
[INFO] [stdout]   58:     0x59c5348191ee - std::thread::Builder::spawn_unchecked_::{{closure}}::{{closure}}::h9e86b2e2bc107ea3
[INFO] [stdout]                                at /rustc/90b35a6239c3d8bdabc530a6a0816f7ff89a0aaf/library/std/src/thread/mod.rs:538:17
[INFO] [stdout]   59:     0x59c5348191ee - <core::panic::unwind_safe::AssertUnwindSafe<F> as core::ops::function::FnOnce<()>>::call_once::h8b06ddb275ff4a25
[INFO] [stdout]                                at /rustc/90b35a6239c3d8bdabc530a6a0816f7ff89a0aaf/library/core/src/panic/unwind_safe.rs:272:9
[INFO] [stdout]   60:     0x59c5348191ee - std::panicking::try::do_call::hb26ecd7cd9a9355d
[INFO] [stdout]                                at /rustc/90b35a6239c3d8bdabc530a6a0816f7ff89a0aaf/library/std/src/panicking.rs:557:40
[INFO] [stdout]   61:     0x59c5348191ee - std::panicking::try::h8ddeca9d705f9069
[INFO] [stdout]                                at /rustc/90b35a6239c3d8bdabc530a6a0816f7ff89a0aaf/library/std/src/panicking.rs:520:19
[INFO] [stdout]   62:     0x59c5348191ee - std::panic::catch_unwind::h49e1c33078844c46
[INFO] [stdout]                                at /rustc/90b35a6239c3d8bdabc530a6a0816f7ff89a0aaf/library/std/src/panic.rs:358:14
[INFO] [stdout]   63:     0x59c5348191ee - std::thread::Builder::spawn_unchecked_::{{closure}}::h6073db6ff56ad35d
[INFO] [stdout]                                at /rustc/90b35a6239c3d8bdabc530a6a0816f7ff89a0aaf/library/std/src/thread/mod.rs:537:30
[INFO] [stdout]   64:     0x59c5348191ee - core::ops::function::FnOnce::call_once{{vtable.shim}}::h2c5a5f3779c774f1
[INFO] [stdout]                                at /rustc/90b35a6239c3d8bdabc530a6a0816f7ff89a0aaf/library/core/src/ops/function.rs:250:5
[INFO] [stdout]   65:     0x59c534cc999b - <alloc::boxed::Box<F,A> as core::ops::function::FnOnce<Args>>::call_once::hf75717d9f28faebf
[INFO] [stdout]                                at /rustc/90b35a6239c3d8bdabc530a6a0816f7ff89a0aaf/library/alloc/src/boxed.rs:2454:9
[INFO] [stdout]   66:     0x59c534cc999b - <alloc::boxed::Box<F,A> as core::ops::function::FnOnce<Args>>::call_once::h7bd883a5f3c5f3c1
[INFO] [stdout]                                at /rustc/90b35a6239c3d8bdabc530a6a0816f7ff89a0aaf/library/alloc/src/boxed.rs:2454:9
[INFO] [stdout]   67:     0x59c534cc999b - std::sys::pal::unix::thread::Thread::new::thread_start::hcc78f3943333fa94
[INFO] [stdout]                                at /rustc/90b35a6239c3d8bdabc530a6a0816f7ff89a0aaf/library/std/src/sys/pal/unix/thread.rs:105:17
[INFO] [stdout]   68:     0x7d4f18387ac3 - <unknown>
[INFO] [stdout]   69:     0x7d4f18418a04 - clone
[INFO] [stdout]   70:                0x0 - <unknown>
[INFO] [stdout] 
[INFO] [stdout] ---- agents::base::development_workflow::tests::test_initiate_workflow stdout ----
[INFO] [stdout] What project are we building?
[INFO] [stdout] 
[INFO] [stdout] What is the project area of focus
[INFO] [stdout] thread 'agents::base::development_workflow::tests::test_initiate_workflow' panicked at src/utils/command_line.rs:34:14:
[INFO] [stdout] called `Result::unwrap()` on an `Err` value: IO(Custom { kind: NotConnected, error: "not a terminal" })
[INFO] [stdout] stack backtrace:
[INFO] [stdout]    0:     0x59c534cc3a8a - std::backtrace_rs::backtrace::libunwind::trace::h5a5b8284f2d0c266
[INFO] [stdout]                                at /rustc/90b35a6239c3d8bdabc530a6a0816f7ff89a0aaf/library/std/src/../../backtrace/src/backtrace/libunwind.rs:116:5
[INFO] [stdout]    1:     0x59c534cc3a8a - std::backtrace_rs::backtrace::trace_unsynchronized::h76d4f1c9b0b875e3
[INFO] [stdout]                                at /rustc/90b35a6239c3d8bdabc530a6a0816f7ff89a0aaf/library/std/src/../../backtrace/src/backtrace/mod.rs:66:5
[INFO] [stdout]    2:     0x59c534cc3a8a - std::sys::backtrace::_print_fmt::hc4546b8364a537c6
[INFO] [stdout]                                at /rustc/90b35a6239c3d8bdabc530a6a0816f7ff89a0aaf/library/std/src/sys/backtrace.rs:66:9
[INFO] [stdout]    3:     0x59c534cc3a8a - <std::sys::backtrace::BacktraceLock::print::DisplayBacktrace as core::fmt::Display>::fmt::h5b6bd5631a6d1f6b
[INFO] [stdout]                                at /rustc/90b35a6239c3d8bdabc530a6a0816f7ff89a0aaf/library/std/src/sys/backtrace.rs:39:26
[INFO] [stdout]    4:     0x59c534cecae3 - core::fmt::rt::Argument::fmt::h270f6602a2b96f62
[INFO] [stdout]                                at /rustc/90b35a6239c3d8bdabc530a6a0816f7ff89a0aaf/library/core/src/fmt/rt.rs:177:76
[INFO] [stdout]    5:     0x59c534cecae3 - core::fmt::write::h7550c97b06c86515
[INFO] [stdout]                                at /rustc/90b35a6239c3d8bdabc530a6a0816f7ff89a0aaf/library/core/src/fmt/mod.rs:1186:21
[INFO] [stdout]    6:     0x59c534cbf983 - std::io::Write::write_fmt::h509ff860e5956e5e
[INFO] [stdout]                                at /rustc/90b35a6239c3d8bdabc530a6a0816f7ff89a0aaf/library/std/src/io/mod.rs:1839:15
[INFO] [stdout]    7:     0x59c534cc38d2 - std::sys::backtrace::BacktraceLock::print::h2395ccd2c84ba3aa
[INFO] [stdout]                                at /rustc/90b35a6239c3d8bdabc530a6a0816f7ff89a0aaf/library/std/src/sys/backtrace.rs:42:9
[INFO] [stdout]    8:     0x59c534cc4eea - std::panicking::default_hook::{{closure}}::he19d4c7230e07961
[INFO] [stdout]                                at /rustc/90b35a6239c3d8bdabc530a6a0816f7ff89a0aaf/library/std/src/panicking.rs:268:22
[INFO] [stdout]    9:     0x59c534cc4cf4 - std::panicking::default_hook::hf614597d3c67bbdb
[INFO] [stdout]                                at /rustc/90b35a6239c3d8bdabc530a6a0816f7ff89a0aaf/library/std/src/panicking.rs:292:9
[INFO] [stdout]   10:     0x59c53484c649 - <alloc::boxed::Box<F,A> as core::ops::function::Fn<Args>>::call::h39b51ce4599c23d1
[INFO] [stdout]                                at /rustc/90b35a6239c3d8bdabc530a6a0816f7ff89a0aaf/library/alloc/src/boxed.rs:2468:9
[INFO] [stdout]   11:     0x59c53484c649 - test::test_main::{{closure}}::he977ae839a582784
[INFO] [stdout]                                at /rustc/90b35a6239c3d8bdabc530a6a0816f7ff89a0aaf/library/test/src/lib.rs:133:21
[INFO] [stdout]   12:     0x59c534cc5588 - <alloc::boxed::Box<F,A> as core::ops::function::Fn<Args>>::call::h9455091b6b06f9fb
[INFO] [stdout]                                at /rustc/90b35a6239c3d8bdabc530a6a0816f7ff89a0aaf/library/alloc/src/boxed.rs:2468:9
[INFO] [stdout]   13:     0x59c534cc5588 - std::panicking::rust_panic_with_hook::h8942133a8b252070
[INFO] [stdout]                                at /rustc/90b35a6239c3d8bdabc530a6a0816f7ff89a0aaf/library/std/src/panicking.rs:809:13
[INFO] [stdout]   14:     0x59c534cc534a - std::panicking::begin_panic_handler::{{closure}}::hb5f5963570096b29
[INFO] [stdout]                                at /rustc/90b35a6239c3d8bdabc530a6a0816f7ff89a0aaf/library/std/src/panicking.rs:674:13
[INFO] [stdout]   15:     0x59c534cc3f69 - std::sys::backtrace::__rust_end_short_backtrace::h6208cedc1922feda
[INFO] [stdout]                                at /rustc/90b35a6239c3d8bdabc530a6a0816f7ff89a0aaf/library/std/src/sys/backtrace.rs:170:18
[INFO] [stdout]   16:     0x59c534cc4fdc - rust_begin_unwind
[INFO] [stdout]                                at /rustc/90b35a6239c3d8bdabc530a6a0816f7ff89a0aaf/library/std/src/panicking.rs:665:5
[INFO] [stdout]   17:     0x59c5347d82f0 - core::panicking::panic_fmt::h0c3082644d1bf418
[INFO] [stdout]                                at /rustc/90b35a6239c3d8bdabc530a6a0816f7ff89a0aaf/library/core/src/panicking.rs:74:14
[INFO] [stdout]   18:     0x59c5347d87d6 - core::result::unwrap_failed::hd20b4aa073bda1e2
[INFO] [stdout]                                at /rustc/90b35a6239c3d8bdabc530a6a0816f7ff89a0aaf/library/core/src/result.rs:1700:5
[INFO] [stdout]   19:     0x59c5347eca19 - core::result::Result<T,E>::unwrap::ha2f3f0ba27503d46
[INFO] [stdout]                                at /rustc/90b35a6239c3d8bdabc530a6a0816f7ff89a0aaf/library/core/src/result.rs:1104:23
[INFO] [stdout]   20:     0x59c5347eca19 - acadia::utils::command_line::prompt_user::heefdb259332e2e65
[INFO] [stdout]                                at /opt/rustwide/workdir/src/utils/command_line.rs:30:25
[INFO] [stdout]   21:     0x59c5347ecf52 - acadia::utils::command_line::project_details::hf96e33abb136ab0b
[INFO] [stdout]                                at /opt/rustwide/workdir/src/utils/command_line.rs:54:24
[INFO] [stdout]   22:     0x59c53480584e - acadia::agents::base::development_workflow::tests::test_initiate_workflow::{{closure}}::h5049366dae11a636
[INFO] [stdout]                                at /opt/rustwide/workdir/src/agents/base/development_workflow.rs:56:38
[INFO] [stdout]   23:     0x59c5347f3052 - <core::pin::Pin<P> as core::future::future::Future>::poll::h5f16098d0993c2f5
[INFO] [stdout]                                at /rustc/90b35a6239c3d8bdabc530a6a0816f7ff89a0aaf/library/core/src/future/future.rs:123:9
[INFO] [stdout]   24:     0x59c5347f308d - <core::pin::Pin<P> as core::future::future::Future>::poll::hcd9f8a4645147356
[INFO] [stdout]                                at /rustc/90b35a6239c3d8bdabc530a6a0816f7ff89a0aaf/library/core/src/future/future.rs:123:9
[INFO] [stdout]   25:     0x59c5347fb78f - tokio::runtime::scheduler::current_thread::CoreGuard::block_on::{{closure}}::{{closure}}::{{closure}}::hd16c709b71058ddf
[INFO] [stdout]                                at /opt/rustwide/cargo-home/registry/src/index.crates.io-6f17d22bba15001f/tokio-1.37.0/src/runtime/scheduler/current_thread/mod.rs:659:57
[INFO] [stdout]   26:     0x59c5347fb6c5 - tokio::runtime::coop::with_budget::h23752e38f508f3f4
[INFO] [stdout]                                at /opt/rustwide/cargo-home/registry/src/index.crates.io-6f17d22bba15001f/tokio-1.37.0/src/runtime/coop.rs:107:5
[INFO] [stdout]   27:     0x59c5347fb6c5 - tokio::runtime::coop::budget::h935f1e351c3a173a
[INFO] [stdout]                                at /opt/rustwide/cargo-home/registry/src/index.crates.io-6f17d22bba15001f/tokio-1.37.0/src/runtime/coop.rs:73:5
[INFO] [stdout]   28:     0x59c5347fb6c5 - tokio::runtime::scheduler::current_thread::CoreGuard::block_on::{{closure}}::{{closure}}::h2e24dd45e08389bd
[INFO] [stdout]                                at /opt/rustwide/cargo-home/registry/src/index.crates.io-6f17d22bba15001f/tokio-1.37.0/src/runtime/scheduler/current_thread/mod.rs:659:25
[INFO] [stdout]   29:     0x59c5347fa180 - tokio::runtime::scheduler::current_thread::Context::enter::h131fce1930c2205f
[INFO] [stdout]                                at /opt/rustwide/cargo-home/registry/src/index.crates.io-6f17d22bba15001f/tokio-1.37.0/src/runtime/scheduler/current_thread/mod.rs:404:19
[INFO] [stdout]   30:     0x59c5347faf2e - tokio::runtime::scheduler::current_thread::CoreGuard::block_on::{{closure}}::h27ea1b218497aca8
[INFO] [stdout]                                at /opt/rustwide/cargo-home/registry/src/index.crates.io-6f17d22bba15001f/tokio-1.37.0/src/runtime/scheduler/current_thread/mod.rs:658:36
[INFO] [stdout]   31:     0x59c5347faca4 - tokio::runtime::scheduler::current_thread::CoreGuard::enter::{{closure}}::hf137f53593c1d4b2
[INFO] [stdout]                                at /opt/rustwide/cargo-home/registry/src/index.crates.io-6f17d22bba15001f/tokio-1.37.0/src/runtime/scheduler/current_thread/mod.rs:737:68
[INFO] [stdout]   32:     0x59c5347f2efb - tokio::runtime::context::scoped::Scoped<T>::set::h1d4487c98c011a4b
[INFO] [stdout]                                at /opt/rustwide/cargo-home/registry/src/index.crates.io-6f17d22bba15001f/tokio-1.37.0/src/runtime/context/scoped.rs:40:9
[INFO] [stdout]   33:     0x59c5347f9a39 - tokio::runtime::context::set_scheduler::{{closure}}::h701c3e441d963625
[INFO] [stdout]                                at /opt/rustwide/cargo-home/registry/src/index.crates.io-6f17d22bba15001f/tokio-1.37.0/src/runtime/context.rs:176:26
[INFO] [stdout]   34:     0x59c5347f7fad - std::thread::local::LocalKey<T>::try_with::hf7a46f6f1f531a69
[INFO] [stdout]                                at /rustc/90b35a6239c3d8bdabc530a6a0816f7ff89a0aaf/library/std/src/thread/local.rs:283:12
[INFO] [stdout]   35:     0x59c5347f77ba - std::thread::local::LocalKey<T>::with::h567b0ca97065b92b
[INFO] [stdout]                                at /rustc/90b35a6239c3d8bdabc530a6a0816f7ff89a0aaf/library/std/src/thread/local.rs:260:9
[INFO] [stdout]   36:     0x59c5347f99ed - tokio::runtime::context::set_scheduler::hd538f4b83194b6c3
[INFO] [stdout]                                at /opt/rustwide/cargo-home/registry/src/index.crates.io-6f17d22bba15001f/tokio-1.37.0/src/runtime/context.rs:176:9
[INFO] [stdout]   37:     0x59c5347faa50 - tokio::runtime::scheduler::current_thread::CoreGuard::enter::h89cee06c685e769c
[INFO] [stdout]                                at /opt/rustwide/cargo-home/registry/src/index.crates.io-6f17d22bba15001f/tokio-1.37.0/src/runtime/scheduler/current_thread/mod.rs:737:27
[INFO] [stdout]   38:     0x59c5347facc3 - tokio::runtime::scheduler::current_thread::CoreGuard::block_on::ha00554f8788dedaf
[INFO] [stdout]                                at /opt/rustwide/cargo-home/registry/src/index.crates.io-6f17d22bba15001f/tokio-1.37.0/src/runtime/scheduler/current_thread/mod.rs:646:19
[INFO] [stdout]   39:     0x59c5347f9cbd - tokio::runtime::scheduler::current_thread::CurrentThread::block_on::{{closure}}::h2e6c7db0efd6db9b
[INFO] [stdout]                                at /opt/rustwide/cargo-home/registry/src/index.crates.io-6f17d22bba15001f/tokio-1.37.0/src/runtime/scheduler/current_thread/mod.rs:175:28
[INFO] [stdout]   40:     0x59c5347eb6e6 - tokio::runtime::context::runtime::enter_runtime::h62d286c79d991b31
[INFO] [stdout]                                at /opt/rustwide/cargo-home/registry/src/index.crates.io-6f17d22bba15001f/tokio-1.37.0/src/runtime/context/runtime.rs:65:16
[INFO] [stdout]   41:     0x59c5347f9bd1 - tokio::runtime::scheduler::current_thread::CurrentThread::block_on::hd486e13a5e1ab066
[INFO] [stdout]                                at /opt/rustwide/cargo-home/registry/src/index.crates.io-6f17d22bba15001f/tokio-1.37.0/src/runtime/scheduler/current_thread/mod.rs:167:9
[INFO] [stdout]   42:     0x59c53480cc7d - tokio::runtime::runtime::Runtime::block_on::hcc0e8ceb5dee9026
[INFO] [stdout]                                at /opt/rustwide/cargo-home/registry/src/index.crates.io-6f17d22bba15001f/tokio-1.37.0/src/runtime/runtime.rs:349:47
[INFO] [stdout]   43:     0x59c534805741 - acadia::agents::base::development_workflow::tests::test_initiate_workflow::h05ee6e8aa6355b83
[INFO] [stdout]                                at /opt/rustwide/workdir/src/agents/base/development_workflow.rs:67:9
[INFO] [stdout]   44:     0x59c5348055e7 - acadia::agents::base::development_workflow::tests::test_initiate_workflow::{{closure}}::hc5a5fb762b726e25
[INFO] [stdout]                                at /opt/rustwide/workdir/src/agents/base/development_workflow.rs:54:38
[INFO] [stdout]   45:     0x59c5347e6c96 - core::ops::function::FnOnce::call_once::h796e13489aca32bc
[INFO] [stdout]                                at /rustc/90b35a6239c3d8bdabc530a6a0816f7ff89a0aaf/library/core/src/ops/function.rs:250:5
[INFO] [stdout]   46:     0x59c53485100b - core::ops::function::FnOnce::call_once::h109cf8051a59b34e
[INFO] [stdout]                                at /rustc/90b35a6239c3d8bdabc530a6a0816f7ff89a0aaf/library/core/src/ops/function.rs:250:5
[INFO] [stdout]   47:     0x59c53485100b - test::__rust_begin_short_backtrace::hf4fff89d377446ba
[INFO] [stdout]                                at /rustc/90b35a6239c3d8bdabc530a6a0816f7ff89a0aaf/library/test/src/lib.rs:621:18
[INFO] [stdout]   48:     0x59c534850847 - test::run_test_in_process::{{closure}}::h0e39181dd7ee5a43
[INFO] [stdout]                                at /rustc/90b35a6239c3d8bdabc530a6a0816f7ff89a0aaf/library/test/src/lib.rs:644:60
[INFO] [stdout]   49:     0x59c534850847 - <core::panic::unwind_safe::AssertUnwindSafe<F> as core::ops::function::FnOnce<()>>::call_once::hc5a66a30f0bdfd1f
[INFO] [stdout]                                at /rustc/90b35a6239c3d8bdabc530a6a0816f7ff89a0aaf/library/core/src/panic/unwind_safe.rs:272:9
[INFO] [stdout]   50:     0x59c534850847 - std::panicking::try::do_call::h873b7cf639554a5e
[INFO] [stdout]                                at /rustc/90b35a6239c3d8bdabc530a6a0816f7ff89a0aaf/library/std/src/panicking.rs:557:40
[INFO] [stdout]   51:     0x59c534850847 - std::panicking::try::hdb19862fad9c8bd1
[INFO] [stdout]                                at /rustc/90b35a6239c3d8bdabc530a6a0816f7ff89a0aaf/library/std/src/panicking.rs:520:19
[INFO] [stdout]   52:     0x59c534850847 - std::panic::catch_unwind::h281fe732d236d260
[INFO] [stdout]                                at /rustc/90b35a6239c3d8bdabc530a6a0816f7ff89a0aaf/library/std/src/panic.rs:358:14
[INFO] [stdout]   53:     0x59c534850847 - test::run_test_in_process::h949b6df8457ed338
[INFO] [stdout]                                at /rustc/90b35a6239c3d8bdabc530a6a0816f7ff89a0aaf/library/test/src/lib.rs:644:27
[INFO] [stdout]   54:     0x59c534850847 - test::run_test::{{closure}}::h52c556a6d4740e10
[INFO] [stdout]                                at /rustc/90b35a6239c3d8bdabc530a6a0816f7ff89a0aaf/library/test/src/lib.rs:565:43
[INFO] [stdout]   55:     0x59c534815b24 - test::run_test::{{closure}}::h4237f6381c45ccb9
[INFO] [stdout]                                at /rustc/90b35a6239c3d8bdabc530a6a0816f7ff89a0aaf/library/test/src/lib.rs:595:41
[INFO] [stdout]   56:     0x59c534815b24 - std::sys::backtrace::__rust_begin_short_backtrace::h505c97a579eca628
[INFO] [stdout]                                at /rustc/90b35a6239c3d8bdabc530a6a0816f7ff89a0aaf/library/std/src/sys/backtrace.rs:154:18
[INFO] [stdout]   57:     0x59c5348191ee - std::thread::Builder::spawn_unchecked_::{{closure}}::{{closure}}::h9e86b2e2bc107ea3
[INFO] [stdout]                                at /rustc/90b35a6239c3d8bdabc530a6a0816f7ff89a0aaf/library/std/src/thread/mod.rs:538:17
[INFO] [stdout]   58:     0x59c5348191ee - <core::panic::unwind_safe::AssertUnwindSafe<F> as core::ops::function::FnOnce<()>>::call_once::h8b06ddb275ff4a25
[INFO] [stdout]                                at /rustc/90b35a6239c3d8bdabc530a6a0816f7ff89a0aaf/library/core/src/panic/unwind_safe.rs:272:9
[INFO] [stdout]   59:     0x59c5348191ee - std::panicking::try::do_call::hb26ecd7cd9a9355d
[INFO] [stdout]                                at /rustc/90b35a6239c3d8bdabc530a6a0816f7ff89a0aaf/library/std/src/panicking.rs:557:40
[INFO] [stdout]   60:     0x59c5348191ee - std::panicking::try::h8ddeca9d705f9069
[INFO] [stdout]                                at /rustc/90b35a6239c3d8bdabc530a6a0816f7ff89a0aaf/library/std/src/panicking.rs:520:19
[INFO] [stdout]   61:     0x59c5348191ee - std::panic::catch_unwind::h49e1c33078844c46
[INFO] [stdout]                                at /rustc/90b35a6239c3d8bdabc530a6a0816f7ff89a0aaf/library/std/src/panic.rs:358:14
[INFO] [stdout]   62:     0x59c5348191ee - std::thread::Builder::spawn_unchecked_::{{closure}}::h6073db6ff56ad35d
[INFO] [stdout]                                at /rustc/90b35a6239c3d8bdabc530a6a0816f7ff89a0aaf/library/std/src/thread/mod.rs:537:30
[INFO] [stdout]   63:     0x59c5348191ee - core::ops::function::FnOnce::call_once{{vtable.shim}}::h2c5a5f3779c774f1
[INFO] [stdout]                                at /rustc/90b35a6239c3d8bdabc530a6a0816f7ff89a0aaf/library/core/src/ops/function.rs:250:5
[INFO] [stdout]   64:     0x59c534cc999b - <alloc::boxed::Box<F,A> as core::ops::function::FnOnce<Args>>::call_once::hf75717d9f28faebf
[INFO] [stdout]                                at /rustc/90b35a6239c3d8bdabc530a6a0816f7ff89a0aaf/library/alloc/src/boxed.rs:2454:9
[INFO] [stdout]   65:     0x59c534cc999b - <alloc::boxed::Box<F,A> as core::ops::function::FnOnce<Args>>::call_once::h7bd883a5f3c5f3c1
[INFO] [stdout]                                at /rustc/90b35a6239c3d8bdabc530a6a0816f7ff89a0aaf/library/alloc/src/boxed.rs:2454:9
[INFO] [stdout]   66:     0x59c534cc999b - std::sys::pal::unix::thread::Thread::new::thread_start::hcc78f3943333fa94
[INFO] [stdout]                                at /rustc/90b35a6239c3d8bdabc530a6a0816f7ff89a0aaf/library/std/src/sys/pal/unix/thread.rs:105:17
[INFO] [stdout]   67:     0x7d4f18387ac3 - <unknown>
[INFO] [stdout]   68:     0x7d4f18418a04 - clone
[INFO] [stdout]   69:                0x0 - <unknown>
[INFO] [stdout] 
[INFO] [stdout] ---- utils::code_generation::tests::test_write_to_file stdout ----
[INFO] [stdout] No LLM model specified. Llama3 will be used as default
[INFO] [stdout] thread 'utils::code_generation::tests::test_write_to_file' panicked at src/utils/llm_requests.rs:54:39:
[INFO] [stdout] LLM_URL variable not found in .env file: NotPresent
[INFO] [stdout] stack backtrace:
[INFO] [stdout]    0:     0x59c534cc3a8a - std::backtrace_rs::backtrace::libunwind::trace::h5a5b8284f2d0c266
[INFO] [stdout]                                at /rustc/90b35a6239c3d8bdabc530a6a0816f7ff89a0aaf/library/std/src/../../backtrace/src/backtrace/libunwind.rs:116:5
[INFO] [stdout]    1:     0x59c534cc3a8a - std::backtrace_rs::backtrace::trace_unsynchronized::h76d4f1c9b0b875e3
[INFO] [stdout]                                at /rustc/90b35a6239c3d8bdabc530a6a0816f7ff89a0aaf/library/std/src/../../backtrace/src/backtrace/mod.rs:66:5
[INFO] [stdout]    2:     0x59c534cc3a8a - std::sys::backtrace::_print_fmt::hc4546b8364a537c6
[INFO] [stdout]                                at /rustc/90b35a6239c3d8bdabc530a6a0816f7ff89a0aaf/library/std/src/sys/backtrace.rs:66:9
[INFO] [stdout]    3:     0x59c534cc3a8a - <std::sys::backtrace::BacktraceLock::print::DisplayBacktrace as core::fmt::Display>::fmt::h5b6bd5631a6d1f6b
[INFO] [stdout]                                at /rustc/90b35a6239c3d8bdabc530a6a0816f7ff89a0aaf/library/std/src/sys/backtrace.rs:39:26
[INFO] [stdout]    4:     0x59c534cecae3 - core::fmt::rt::Argument::fmt::h270f6602a2b96f62
[INFO] [stdout]                                at /rustc/90b35a6239c3d8bdabc530a6a0816f7ff89a0aaf/library/core/src/fmt/rt.rs:177:76
[INFO] [stdout]    5:     0x59c534cecae3 - core::fmt::write::h7550c97b06c86515
[INFO] [stdout]                                at /rustc/90b35a6239c3d8bdabc530a6a0816f7ff89a0aaf/library/core/src/fmt/mod.rs:1186:21
[INFO] [stdout]    6:     0x59c534cbf983 - std::io::Write::write_fmt::h509ff860e5956e5e
[INFO] [stdout]                                at /rustc/90b35a6239c3d8bdabc530a6a0816f7ff89a0aaf/library/std/src/io/mod.rs:1839:15
[INFO] [stdout]    7:     0x59c534cc38d2 - std::sys::backtrace::BacktraceLock::print::h2395ccd2c84ba3aa
[INFO] [stdout]                                at /rustc/90b35a6239c3d8bdabc530a6a0816f7ff89a0aaf/library/std/src/sys/backtrace.rs:42:9
[INFO] [stdout]    8:     0x59c534cc4eea - std::panicking::default_hook::{{closure}}::he19d4c7230e07961
[INFO] [stdout]                                at /rustc/90b35a6239c3d8bdabc530a6a0816f7ff89a0aaf/library/std/src/panicking.rs:268:22
[INFO] [stdout]    9:     0x59c534cc4cf4 - std::panicking::default_hook::hf614597d3c67bbdb
[INFO] [stdout]                                at /rustc/90b35a6239c3d8bdabc530a6a0816f7ff89a0aaf/library/std/src/panicking.rs:292:9
[INFO] [stdout]   10:     0x59c53484c649 - <alloc::boxed::Box<F,A> as core::ops::function::Fn<Args>>::call::h39b51ce4599c23d1
[INFO] [stdout]                                at /rustc/90b35a6239c3d8bdabc530a6a0816f7ff89a0aaf/library/alloc/src/boxed.rs:2468:9
[INFO] [stdout]   11:     0x59c53484c649 - test::test_main::{{closure}}::he977ae839a582784
[INFO] [stdout]                                at /rustc/90b35a6239c3d8bdabc530a6a0816f7ff89a0aaf/library/test/src/lib.rs:133:21
[INFO] [stdout]   12:     0x59c534cc5588 - <alloc::boxed::Box<F,A> as core::ops::function::Fn<Args>>::call::h9455091b6b06f9fb
[INFO] [stdout]                                at /rustc/90b35a6239c3d8bdabc530a6a0816f7ff89a0aaf/library/alloc/src/boxed.rs:2468:9
[INFO] [stdout]   13:     0x59c534cc5588 - std::panicking::rust_panic_with_hook::h8942133a8b252070
[INFO] [stdout]                                at /rustc/90b35a6239c3d8bdabc530a6a0816f7ff89a0aaf/library/std/src/panicking.rs:809:13
[INFO] [stdout]   14:     0x59c534cc534a - std::panicking::begin_panic_handler::{{closure}}::hb5f5963570096b29
[INFO] [stdout]                                at /rustc/90b35a6239c3d8bdabc530a6a0816f7ff89a0aaf/library/std/src/panicking.rs:674:13
[INFO] [stdout]   15:     0x59c534cc3f69 - std::sys::backtrace::__rust_end_short_backtrace::h6208cedc1922feda
[INFO] [stdout]                                at /rustc/90b35a6239c3d8bdabc530a6a0816f7ff89a0aaf/library/std/src/sys/backtrace.rs:170:18
[INFO] [stdout]   16:     0x59c534cc4fdc - rust_begin_unwind
[INFO] [stdout]                                at /rustc/90b35a6239c3d8bdabc530a6a0816f7ff89a0aaf/library/std/src/panicking.rs:665:5
[INFO] [stdout]   17:     0x59c5347d82f0 - core::panicking::panic_fmt::h0c3082644d1bf418
[INFO] [stdout]                                at /rustc/90b35a6239c3d8bdabc530a6a0816f7ff89a0aaf/library/core/src/panicking.rs:74:14
[INFO] [stdout]   18:     0x59c5347d87d6 - core::result::unwrap_failed::hd20b4aa073bda1e2
[INFO] [stdout]                                at /rustc/90b35a6239c3d8bdabc530a6a0816f7ff89a0aaf/library/core/src/result.rs:1700:5
[INFO] [stdout]   19:     0x59c5347f15b6 - core::result::Result<T,E>::expect::hd748da85832bf101
[INFO] [stdout]                                at /rustc/90b35a6239c3d8bdabc530a6a0816f7ff89a0aaf/library/core/src/result.rs:1061:23
[INFO] [stdout]   20:     0x59c53480f97d - acadia::utils::llm_requests::llm_request::{{closure}}::hcac79ca00df5ba00
[INFO] [stdout]                                at /opt/rustwide/workdir/src/utils/llm_requests.rs:54:19
[INFO] [stdout]   21:     0x59c534813fa2 - acadia::utils::code_generation::tests::test_write_to_file::{{closure}}::hdcd362c79552b1a8
[INFO] [stdout]                                at /opt/rustwide/workdir/src/utils/code_generation.rs:25:60
[INFO] [stdout]   22:     0x59c5347f3052 - <core::pin::Pin<P> as core::future::future::Future>::poll::h5f16098d0993c2f5
[INFO] [stdout]                                at /rustc/90b35a6239c3d8bdabc530a6a0816f7ff89a0aaf/library/core/src/future/future.rs:123:9
[INFO] [stdout]   23:     0x59c5347f308d - <core::pin::Pin<P> as core::future::future::Future>::poll::hcd9f8a4645147356
[INFO] [stdout]                                at /rustc/90b35a6239c3d8bdabc530a6a0816f7ff89a0aaf/library/core/src/future/future.rs:123:9
[INFO] [stdout]   24:     0x59c5347fb78f - tokio::runtime::scheduler::current_thread::CoreGuard::block_on::{{closure}}::{{closure}}::{{closure}}::hd16c709b71058ddf
[INFO] [stdout]                                at /opt/rustwide/cargo-home/registry/src/index.crates.io-6f17d22bba15001f/tokio-1.37.0/src/runtime/scheduler/current_thread/mod.rs:659:57
[INFO] [stdout]   25:     0x59c5347fb6c5 - tokio::runtime::coop::with_budget::h23752e38f508f3f4
[INFO] [stdout]                                at /opt/rustwide/cargo-home/registry/src/index.crates.io-6f17d22bba15001f/tokio-1.37.0/src/runtime/coop.rs:107:5
[INFO] [stdout]   26:     0x59c5347fb6c5 - tokio::runtime::coop::budget::h935f1e351c3a173a
[INFO] [stdout]                                at /opt/rustwide/cargo-home/registry/src/index.crates.io-6f17d22bba15001f/tokio-1.37.0/src/runtime/coop.rs:73:5
[INFO] [stdout]   27:     0x59c5347fb6c5 - tokio::runtime::scheduler::current_thread::CoreGuard::block_on::{{closure}}::{{closure}}::h2e24dd45e08389bd
[INFO] [stdout]                                at /opt/rustwide/cargo-home/registry/src/index.crates.io-6f17d22bba15001f/tokio-1.37.0/src/runtime/scheduler/current_thread/mod.rs:659:25
[INFO] [stdout]   28:     0x59c5347fa180 - tokio::runtime::scheduler::current_thread::Context::enter::h131fce1930c2205f
[INFO] [stdout]                                at /opt/rustwide/cargo-home/registry/src/index.crates.io-6f17d22bba15001f/tokio-1.37.0/src/runtime/scheduler/current_thread/mod.rs:404:19
[INFO] [stdout]   29:     0x59c5347faf2e - tokio::runtime::scheduler::current_thread::CoreGuard::block_on::{{closure}}::h27ea1b218497aca8
[INFO] [stdout]                                at /opt/rustwide/cargo-home/registry/src/index.crates.io-6f17d22bba15001f/tokio-1.37.0/src/runtime/scheduler/current_thread/mod.rs:658:36
[INFO] [stdout]   30:     0x59c5347faca4 - tokio::runtime::scheduler::current_thread::CoreGuard::enter::{{closure}}::hf137f53593c1d4b2
[INFO] [stdout]                                at /opt/rustwide/cargo-home/registry/src/index.crates.io-6f17d22bba15001f/tokio-1.37.0/src/runtime/scheduler/current_thread/mod.rs:737:68
[INFO] [stdout]   31:     0x59c5347f2efb - tokio::runtime::context::scoped::Scoped<T>::set::h1d4487c98c011a4b
[INFO] [stdout]                                at /opt/rustwide/cargo-home/registry/src/index.crates.io-6f17d22bba15001f/tokio-1.37.0/src/runtime/context/scoped.rs:40:9
[INFO] [stdout]   32:     0x59c5347f9a39 - tokio::runtime::context::set_scheduler::{{closure}}::h701c3e441d963625
[INFO] [stdout]                                at /opt/rustwide/cargo-home/registry/src/index.crates.io-6f17d22bba15001f/tokio-1.37.0/src/runtime/context.rs:176:26
[INFO] [stdout]   33:     0x59c5347f7fad - std::thread::local::LocalKey<T>::try_with::hf7a46f6f1f531a69
[INFO] [stdout]                                at /rustc/90b35a6239c3d8bdabc530a6a0816f7ff89a0aaf/library/std/src/thread/local.rs:283:12
[INFO] [stdout]   34:     0x59c5347f77ba - std::thread::local::LocalKey<T>::with::h567b0ca97065b92b
[INFO] [stdout]                                at /rustc/90b35a6239c3d8bdabc530a6a0816f7ff89a0aaf/library/std/src/thread/local.rs:260:9
[INFO] [stdout]   35:     0x59c5347f99ed - tokio::runtime::context::set_scheduler::hd538f4b83194b6c3
[INFO] [stdout]                                at /opt/rustwide/cargo-home/registry/src/index.crates.io-6f17d22bba15001f/tokio-1.37.0/src/runtime/context.rs:176:9
[INFO] [stdout]   36:     0x59c5347faa50 - tokio::runtime::scheduler::current_thread::CoreGuard::enter::h89cee06c685e769c
[INFO] [stdout]                                at /opt/rustwide/cargo-home/registry/src/index.crates.io-6f17d22bba15001f/tokio-1.37.0/src/runtime/scheduler/current_thread/mod.rs:737:27
[INFO] [stdout]   37:     0x59c5347facc3 - tokio::runtime::scheduler::current_thread::CoreGuard::block_on::ha00554f8788dedaf
[INFO] [stdout]                                at /opt/rustwide/cargo-home/registry/src/index.crates.io-6f17d22bba15001f/tokio-1.37.0/src/runtime/scheduler/current_thread/mod.rs:646:19
[INFO] [stdout]   38:     0x59c5347f9cbd - tokio::runtime::scheduler::current_thread::CurrentThread::block_on::{{closure}}::h2e6c7db0efd6db9b
[INFO] [stdout]                                at /opt/rustwide/cargo-home/registry/src/index.crates.io-6f17d22bba15001f/tokio-1.37.0/src/runtime/scheduler/current_thread/mod.rs:175:28
[INFO] [stdout]   39:     0x59c5347eb6e6 - tokio::runtime::context::runtime::enter_runtime::h62d286c79d991b31
[INFO] [stdout]                                at /opt/rustwide/cargo-home/registry/src/index.crates.io-6f17d22bba15001f/tokio-1.37.0/src/runtime/context/runtime.rs:65:16
[INFO] [stdout]   40:     0x59c5347f9bd1 - tokio::runtime::scheduler::current_thread::CurrentThread::block_on::hd486e13a5e1ab066
[INFO] [stdout]                                at /opt/rustwide/cargo-home/registry/src/index.crates.io-6f17d22bba15001f/tokio-1.37.0/src/runtime/scheduler/current_thread/mod.rs:167:9
[INFO] [stdout]   41:     0x59c53480cc7d - tokio::runtime::runtime::Runtime::block_on::hcc0e8ceb5dee9026
[INFO] [stdout]                                at /opt/rustwide/cargo-home/registry/src/index.crates.io-6f17d22bba15001f/tokio-1.37.0/src/runtime/runtime.rs:349:47
[INFO] [stdout]   42:     0x59c534813bb1 - acadia::utils::code_generation::tests::test_write_to_file::h689391a655be4556
[INFO] [stdout]                                at /opt/rustwide/workdir/src/utils/code_generation.rs:27:9
[INFO] [stdout]   43:     0x59c534813a57 - acadia::utils::code_generation::tests::test_write_to_file::{{closure}}::h979f091a14b8e8b2
[INFO] [stdout]                                at /opt/rustwide/workdir/src/utils/code_generation.rs:19:34
[INFO] [stdout]   44:     0x59c5347e6a76 - core::ops::function::FnOnce::call_once::h09223f55dbef1324
[INFO] [stdout]                                at /rustc/90b35a6239c3d8bdabc530a6a0816f7ff89a0aaf/library/core/src/ops/function.rs:250:5
[INFO] [stdout]   45:     0x59c53485100b - core::ops::function::FnOnce::call_once::h109cf8051a59b34e
[INFO] [stdout]                                at /rustc/90b35a6239c3d8bdabc530a6a0816f7ff89a0aaf/library/core/src/ops/function.rs:250:5
[INFO] [stdout]   46:     0x59c53485100b - test::__rust_begin_short_backtrace::hf4fff89d377446ba
[INFO] [stdout]                                at /rustc/90b35a6239c3d8bdabc530a6a0816f7ff89a0aaf/library/test/src/lib.rs:621:18
[INFO] [stdout]   47:     0x59c534850847 - test::run_test_in_process::{{closure}}::h0e39181dd7ee5a43
[INFO] [stdout]                                at /rustc/90b35a6239c3d8bdabc530a6a0816f7ff89a0aaf/library/test/src/lib.rs:644:60
[INFO] [stdout]   48:     0x59c534850847 - <core::panic::unwind_safe::AssertUnwindSafe<F> as core::ops::function::FnOnce<()>>::call_once::hc5a66a30f0bdfd1f
[INFO] [stdout]                                at /rustc/90b35a6239c3d8bdabc530a6a0816f7ff89a0aaf/library/core/src/panic/unwind_safe.rs:272:9
[INFO] [stdout]   49:     0x59c534850847 - std::panicking::try::do_call::h873b7cf639554a5e
[INFO] [stdout]                                at /rustc/90b35a6239c3d8bdabc530a6a0816f7ff89a0aaf/library/std/src/panicking.rs:557:40
[INFO] [stdout]   50:     0x59c534850847 - std::panicking::try::hdb19862fad9c8bd1
[INFO] [stdout]                                at /rustc/90b35a6239c3d8bdabc530a6a0816f7ff89a0aaf/library/std/src/panicking.rs:520:19
[INFO] [stdout]   51:     0x59c534850847 - std::panic::catch_unwind::h281fe732d236d260
[INFO] [stdout]                                at /rustc/90b35a6239c3d8bdabc530a6a0816f7ff89a0aaf/library/std/src/panic.rs:358:14
[INFO] [stdout]   52:     0x59c534850847 - test::run_test_in_process::h949b6df8457ed338
[INFO] [stdout]                                at /rustc/90b35a6239c3d8bdabc530a6a0816f7ff89a0aaf/library/test/src/lib.rs:644:27
[INFO] [stdout]   53:     0x59c534850847 - test::run_test::{{closure}}::h52c556a6d4740e10
[INFO] [stdout]                                at /rustc/90b35a6239c3d8bdabc530a6a0816f7ff89a0aaf/library/test/src/lib.rs:565:43
[INFO] [stdout]   54:     0x59c534815b24 - test::run_test::{{closure}}::h4237f6381c45ccb9
[INFO] [stdout]                                at /rustc/90b35a6239c3d8bdabc530a6a0816f7ff89a0aaf/library/test/src/lib.rs:595:41
[INFO] [stdout]   55:     0x59c534815b24 - std::sys::backtrace::__rust_begin_short_backtrace::h505c97a579eca628
[INFO] [stdout]                                at /rustc/90b35a6239c3d8bdabc530a6a0816f7ff89a0aaf/library/std/src/sys/backtrace.rs:154:18
[INFO] [stdout]   56:     0x59c5348191ee - std::thread::Builder::spawn_unchecked_::{{closure}}::{{closure}}::h9e86b2e2bc107ea3
[INFO] [stdout]                                at /rustc/90b35a6239c3d8bdabc530a6a0816f7ff89a0aaf/library/std/src/thread/mod.rs:538:17
[INFO] [stdout]   57:     0x59c5348191ee - <core::panic::unwind_safe::AssertUnwindSafe<F> as core::ops::function::FnOnce<()>>::call_once::h8b06ddb275ff4a25
[INFO] [stdout]                                at /rustc/90b35a6239c3d8bdabc530a6a0816f7ff89a0aaf/library/core/src/panic/unwind_safe.rs:272:9
[INFO] [stdout]   58:     0x59c5348191ee - std::panicking::try::do_call::hb26ecd7cd9a9355d
[INFO] [stdout]                                at /rustc/90b35a6239c3d8bdabc530a6a0816f7ff89a0aaf/library/std/src/panicking.rs:557:40
[INFO] [stdout]   59:     0x59c5348191ee - std::panicking::try::h8ddeca9d705f9069
[INFO] [stdout]                                at /rustc/90b35a6239c3d8bdabc530a6a0816f7ff89a0aaf/library/std/src/panicking.rs:520:19
[INFO] [stdout]   60:     0x59c5348191ee - std::panic::catch_unwind::h49e1c33078844c46
[INFO] [stdout]                                at /rustc/90b35a6239c3d8bdabc530a6a0816f7ff89a0aaf/library/std/src/panic.rs:358:14
[INFO] [stdout]   61:     0x59c5348191ee - std::thread::Builder::spawn_unchecked_::{{closure}}::h6073db6ff56ad35d
[INFO] [stdout]                                at /rustc/90b35a6239c3d8bdabc530a6a0816f7ff89a0aaf/library/std/src/thread/mod.rs:537:30
[INFO] [stdout]   62:     0x59c5348191ee - core::ops::function::FnOnce::call_once{{vtable.shim}}::h2c5a5f3779c774f1
[INFO] [stdout]                                at /rustc/90b35a6239c3d8bdabc530a6a0816f7ff89a0aaf/library/core/src/ops/function.rs:250:5
[INFO] [stdout]   63:     0x59c534cc999b - <alloc::boxed::Box<F,A> as core::ops::function::FnOnce<Args>>::call_once::hf75717d9f28faebf
[INFO] [stdout]                                at /rustc/90b35a6239c3d8bdabc530a6a0816f7ff89a0aaf/library/alloc/src/boxed.rs:2454:9
[INFO] [stdout]   64:     0x59c534cc999b - <alloc::boxed::Box<F,A> as core::ops::function::FnOnce<Args>>::call_once::h7bd883a5f3c5f3c1
[INFO] [stdout]                                at /rustc/90b35a6239c3d8bdabc530a6a0816f7ff89a0aaf/library/alloc/src/boxed.rs:2454:9
[INFO] [stdout]   65:     0x59c534cc999b - std::sys::pal::unix::thread::Thread::new::thread_start::hcc78f3943333fa94
[INFO] [stdout]                                at /rustc/90b35a6239c3d8bdabc530a6a0816f7ff89a0aaf/library/std/src/sys/pal/unix/thread.rs:105:17
[INFO] [stdout]   66:     0x7d4f18387ac3 - <unknown>
[INFO] [stdout]   67:     0x7d4f18418a04 - clone
[INFO] [stdout]   68:                0x0 - <unknown>
[INFO] [stdout] 
[INFO] [stdout] ---- agents::backend_agent::backend_agent::tests::test_build_backend_code stdout ----
[INFO] [stdout] Building backend code to ensure no errors
[INFO] [stdout] thread 'agents::backend_agent::backend_agent::tests::test_build_backend_code' panicked at src/agents/backend_agent/backend_agent.rs:71:14:
[INFO] [stdout] Failed to build backend code: Os { code: 2, kind: NotFound, message: "No such file or directory" }
[INFO] [stdout] stack backtrace:
[INFO] [stdout]    0:     0x59c534cc3a8a - std::backtrace_rs::backtrace::libunwind::trace::h5a5b8284f2d0c266
[INFO] [stdout]                                at /rustc/90b35a6239c3d8bdabc530a6a0816f7ff89a0aaf/library/std/src/../../backtrace/src/backtrace/libunwind.rs:116:5
[INFO] [stdout]    1:     0x59c534cc3a8a - std::backtrace_rs::backtrace::trace_unsynchronized::h76d4f1c9b0b875e3
[INFO] [stdout]                                at /rustc/90b35a6239c3d8bdabc530a6a0816f7ff89a0aaf/library/std/src/../../backtrace/src/backtrace/mod.rs:66:5
[INFO] [stdout]    2:     0x59c534cc3a8a - std::sys::backtrace::_print_fmt::hc4546b8364a537c6
[INFO] [stdout]                                at /rustc/90b35a6239c3d8bdabc530a6a0816f7ff89a0aaf/library/std/src/sys/backtrace.rs:66:9
[INFO] [stdout]    3:     0x59c534cc3a8a - <std::sys::backtrace::BacktraceLock::print::DisplayBacktrace as core::fmt::Display>::fmt::h5b6bd5631a6d1f6b
[INFO] [stdout]                                at /rustc/90b35a6239c3d8bdabc530a6a0816f7ff89a0aaf/library/std/src/sys/backtrace.rs:39:26
[INFO] [stdout]    4:     0x59c534cecae3 - core::fmt::rt::Argument::fmt::h270f6602a2b96f62
[INFO] [stdout]                                at /rustc/90b35a6239c3d8bdabc530a6a0816f7ff89a0aaf/library/core/src/fmt/rt.rs:177:76
[INFO] [stdout]    5:     0x59c534cecae3 - core::fmt::write::h7550c97b06c86515
[INFO] [stdout]                                at /rustc/90b35a6239c3d8bdabc530a6a0816f7ff89a0aaf/library/core/src/fmt/mod.rs:1186:21
[INFO] [stdout]    6:     0x59c534cbf983 - std::io::Write::write_fmt::h509ff860e5956e5e
[INFO] [stdout]                                at /rustc/90b35a6239c3d8bdabc530a6a0816f7ff89a0aaf/library/std/src/io/mod.rs:1839:15
[INFO] [stdout]    7:     0x59c534cc38d2 - std::sys::backtrace::BacktraceLock::print::h2395ccd2c84ba3aa
[INFO] [stdout]                                at /rustc/90b35a6239c3d8bdabc530a6a0816f7ff89a0aaf/library/std/src/sys/backtrace.rs:42:9
[INFO] [stdout]    8:     0x59c534cc4eea - std::panicking::default_hook::{{closure}}::he19d4c7230e07961
[INFO] [stdout]                                at /rustc/90b35a6239c3d8bdabc530a6a0816f7ff89a0aaf/library/std/src/panicking.rs:268:22
[INFO] [stdout]    9:     0x59c534cc4cf4 - std::panicking::default_hook::hf614597d3c67bbdb
[INFO] [stdout]                                at /rustc/90b35a6239c3d8bdabc530a6a0816f7ff89a0aaf/library/std/src/panicking.rs:292:9
[INFO] [stdout]   10:     0x59c53484c649 - <alloc::boxed::Box<F,A> as core::ops::function::Fn<Args>>::call::h39b51ce4599c23d1
[INFO] [stdout]                                at /rustc/90b35a6239c3d8bdabc530a6a0816f7ff89a0aaf/library/alloc/src/boxed.rs:2468:9
[INFO] [stdout]   11:     0x59c53484c649 - test::test_main::{{closure}}::he977ae839a582784
[INFO] [stdout]                                at /rustc/90b35a6239c3d8bdabc530a6a0816f7ff89a0aaf/library/test/src/lib.rs:133:21
[INFO] [stdout]   12:     0x59c534cc5588 - <alloc::boxed::Box<F,A> as core::ops::function::Fn<Args>>::call::h9455091b6b06f9fb
[INFO] [stdout]                                at /rustc/90b35a6239c3d8bdabc530a6a0816f7ff89a0aaf/library/alloc/src/boxed.rs:2468:9
[INFO] [stdout]   13:     0x59c534cc5588 - std::panicking::rust_panic_with_hook::h8942133a8b252070
[INFO] [stdout]                                at /rustc/90b35a6239c3d8bdabc530a6a0816f7ff89a0aaf/library/std/src/panicking.rs:809:13
[INFO] [stdout]   14:     0x59c534cc534a - std::panicking::begin_panic_handler::{{closure}}::hb5f5963570096b29
[INFO] [stdout]                                at /rustc/90b35a6239c3d8bdabc530a6a0816f7ff89a0aaf/library/std/src/panicking.rs:674:13
[INFO] [stdout]   15:     0x59c534cc3f69 - std::sys::backtrace::__rust_end_short_backtrace::h6208cedc1922feda
[INFO] [stdout]                                at /rustc/90b35a6239c3d8bdabc530a6a0816f7ff89a0aaf/library/std/src/sys/backtrace.rs:170:18
[INFO] [stdout]   16:     0x59c534cc4fdc - rust_begin_unwind
[INFO] [stdout]                                at /rustc/90b35a6239c3d8bdabc530a6a0816f7ff89a0aaf/library/std/src/panicking.rs:665:5
[INFO] [stdout]   17:     0x59c5347d82f0 - core::panicking::panic_fmt::h0c3082644d1bf418
[INFO] [stdout]                                at /rustc/90b35a6239c3d8bdabc530a6a0816f7ff89a0aaf/library/core/src/panicking.rs:74:14
[INFO] [stdout]   18:     0x59c5347d87d6 - core::result::unwrap_failed::hd20b4aa073bda1e2
[INFO] [stdout]                                at /rustc/90b35a6239c3d8bdabc530a6a0816f7ff89a0aaf/library/core/src/result.rs:1700:5
[INFO] [stdout]   19:     0x59c5347f1688 - core::result::Result<T,E>::expect::hf4fbe5f9d409bd19
[INFO] [stdout]                                at /rustc/90b35a6239c3d8bdabc530a6a0816f7ff89a0aaf/library/core/src/result.rs:1061:23
[INFO] [stdout]   20:     0x59c53480ebd2 - acadia::agents::backend_agent::backend_agent::BackendAgent::build_backend_code::h04807a54aa629f17
[INFO] [stdout]                                at /opt/rustwide/workdir/src/agents/backend_agent/backend_agent.rs:65:48
[INFO] [stdout]   21:     0x59c534813a10 - acadia::agents::backend_agent::backend_agent::tests::test_build_backend_code::ha4078c0dc9b9561c
[INFO] [stdout]                                at /opt/rustwide/workdir/src/agents/backend_agent/backend_agent.rs:129:9
[INFO] [stdout]   22:     0x59c534813997 - acadia::agents::backend_agent::backend_agent::tests::test_build_backend_code::{{closure}}::h5723970abb8b4c47
[INFO] [stdout]                                at /opt/rustwide/workdir/src/agents/backend_agent/backend_agent.rs:127:33
[INFO] [stdout]   23:     0x59c5347e6e76 - core::ops::function::FnOnce::call_once::hc10483a3cecd792d
[INFO] [stdout]                                at /rustc/90b35a6239c3d8bdabc530a6a0816f7ff89a0aaf/library/core/src/ops/function.rs:250:5
[INFO] [stdout]   24:     0x59c53485100b - core::ops::function::FnOnce::call_once::h109cf8051a59b34e
[INFO] [stdout]                                at /rustc/90b35a6239c3d8bdabc530a6a0816f7ff89a0aaf/library/core/src/ops/function.rs:250:5
[INFO] [stdout]   25:     0x59c53485100b - test::__rust_begin_short_backtrace::hf4fff89d377446ba
[INFO] [stdout]                                at /rustc/90b35a6239c3d8bdabc530a6a0816f7ff89a0aaf/library/test/src/lib.rs:621:18
[INFO] [stdout]   26:     0x59c534850847 - test::run_test_in_process::{{closure}}::h0e39181dd7ee5a43
[INFO] [stdout]                                at /rustc/90b35a6239c3d8bdabc530a6a0816f7ff89a0aaf/library/test/src/lib.rs:644:60
[INFO] [stdout]   27:     0x59c534850847 - <core::panic::unwind_safe::AssertUnwindSafe<F> as core::ops::function::FnOnce<()>>::call_once::hc5a66a30f0bdfd1f
[INFO] [stdout]                                at /rustc/90b35a6239c3d8bdabc530a6a0816f7ff89a0aaf/library/core/src/panic/unwind_safe.rs:272:9
[INFO] [stdout]   28:     0x59c534850847 - std::panicking::try::do_call::h873b7cf639554a5e
[INFO] [stdout]                                at /rustc/90b35a6239c3d8bdabc530a6a0816f7ff89a0aaf/library/std/src/panicking.rs:557:40
[INFO] [stdout]   29:     0x59c534850847 - std::panicking::try::hdb19862fad9c8bd1
[INFO] [stdout]                                at /rustc/90b35a6239c3d8bdabc530a6a0816f7ff89a0aaf/library/std/src/panicking.rs:520:19
[INFO] [stdout]   30:     0x59c534850847 - std::panic::catch_unwind::h281fe732d236d260
[INFO] [stdout]                                at /rustc/90b35a6239c3d8bdabc530a6a0816f7ff89a0aaf/library/std/src/panic.rs:358:14
[INFO] [stdout]   31:     0x59c534850847 - test::run_test_in_process::h949b6df8457ed338
[INFO] [stdout]                                at /rustc/90b35a6239c3d8bdabc530a6a0816f7ff89a0aaf/library/test/src/lib.rs:644:27
[INFO] [stdout]   32:     0x59c534850847 - test::run_test::{{closure}}::h52c556a6d4740e10
[INFO] [stdout]                                at /rustc/90b35a6239c3d8bdabc530a6a0816f7ff89a0aaf/library/test/src/lib.rs:565:43
[INFO] [stdout]   33:     0x59c534815b24 - test::run_test::{{closure}}::h4237f6381c45ccb9
[INFO] [stdout]                                at /rustc/90b35a6239c3d8bdabc530a6a0816f7ff89a0aaf/library/test/src/lib.rs:595:41
[INFO] [stdout]   34:     0x59c534815b24 - std::sys::backtrace::__rust_begin_short_backtrace::h505c97a579eca628
[INFO] [stdout]                                at /rustc/90b35a6239c3d8bdabc530a6a0816f7ff89a0aaf/library/std/src/sys/backtrace.rs:154:18
[INFO] [stdout]   35:     0x59c5348191ee - std::thread::Builder::spawn_unchecked_::{{closure}}::{{closure}}::h9e86b2e2bc107ea3
[INFO] [stdout]                                at /rustc/90b35a6239c3d8bdabc530a6a0816f7ff89a0aaf/library/std/src/thread/mod.rs:538:17
[INFO] [stdout]   36:     0x59c5348191ee - <core::panic::unwind_safe::AssertUnwindSafe<F> as core::ops::function::FnOnce<()>>::call_once::h8b06ddb275ff4a25
[INFO] [stdout]                                at /rustc/90b35a6239c3d8bdabc530a6a0816f7ff89a0aaf/library/core/src/panic/unwind_safe.rs:272:9
[INFO] [stdout]   37:     0x59c5348191ee - std::panicking::try::do_call::hb26ecd7cd9a9355d
[INFO] [stdout]                                at /rustc/90b35a6239c3d8bdabc530a6a0816f7ff89a0aaf/library/std/src/panicking.rs:557:40
[INFO] [stdout]   38:     0x59c5348191ee - std::panicking::try::h8ddeca9d705f9069
[INFO] [stdout]                                at /rustc/90b35a6239c3d8bdabc530a6a0816f7ff89a0aaf/library/std/src/panicking.rs:520:19
[INFO] [stdout]   39:     0x59c5348191ee - std::panic::catch_unwind::h49e1c33078844c46
[INFO] [stdout]                                at /rustc/90b35a6239c3d8bdabc530a6a0816f7ff89a0aaf/library/std/src/panic.rs:358:14
[INFO] [stdout]   40:     0x59c5348191ee - std::thread::Builder::spawn_unchecked_::{{closure}}::h6073db6ff56ad35d
[INFO] [stdout]                                at /rustc/90b35a6239c3d8bdabc530a6a0816f7ff89a0aaf/library/std/src/thread/mod.rs:537:30
[INFO] [stdout]   41:     0x59c5348191ee - core::ops::function::FnOnce::call_once{{vtable.shim}}::h2c5a5f3779c774f1
[INFO] [stdout]                                at /rustc/90b35a6239c3d8bdabc530a6a0816f7ff89a0aaf/library/core/src/ops/function.rs:250:5
[INFO] [stdout]   42:     0x59c534cc999b - <alloc::boxed::Box<F,A> as core::ops::function::FnOnce<Args>>::call_once::hf75717d9f28faebf
[INFO] [stdout]                                at /rustc/90b35a6239c3d8bdabc530a6a0816f7ff89a0aaf/library/alloc/src/boxed.rs:2454:9
[INFO] [stdout]   43:     0x59c534cc999b - <alloc::boxed::Box<F,A> as core::ops::function::FnOnce<Args>>::call_once::h7bd883a5f3c5f3c1
[INFO] [stdout]                                at /rustc/90b35a6239c3d8bdabc530a6a0816f7ff89a0aaf/library/alloc/src/boxed.rs:2454:9
[INFO] [stdout]   44:     0x59c534cc999b - std::sys::pal::unix::thread::Thread::new::thread_start::hcc78f3943333fa94
[INFO] [stdout]                                at /rustc/90b35a6239c3d8bdabc530a6a0816f7ff89a0aaf/library/std/src/sys/pal/unix/thread.rs:105:17
[INFO] [stdout]   45:     0x7d4f18387ac3 - <unknown>
[INFO] [stdout]   46:     0x7d4f18418a04 - clone
[INFO] [stdout]   47:                0x0 - <unknown>
[INFO] [stdout] 
[INFO] [stdout] ---- utils::llm_requests::tests::test_llm_request stdout ----
[INFO] [stdout] Llama 3 from Meta selected!
[INFO] [stdout] thread 'utils::llm_requests::tests::test_llm_request' panicked at src/utils/llm_requests.rs:43:39:
[INFO] [stdout] LLM_URL variable not found in .env file: NotPresent
[INFO] [stdout] stack backtrace:
[INFO] [stdout]    0:     0x59c534cc3a8a - std::backtrace_rs::backtrace::libunwind::trace::h5a5b8284f2d0c266
[INFO] [stdout]                                at /rustc/90b35a6239c3d8bdabc530a6a0816f7ff89a0aaf/library/std/src/../../backtrace/src/backtrace/libunwind.rs:116:5
[INFO] [stdout]    1:     0x59c534cc3a8a - std::backtrace_rs::backtrace::trace_unsynchronized::h76d4f1c9b0b875e3
[INFO] [stdout]                                at /rustc/90b35a6239c3d8bdabc530a6a0816f7ff89a0aaf/library/std/src/../../backtrace/src/backtrace/mod.rs:66:5
[INFO] [stdout]    2:     0x59c534cc3a8a - std::sys::backtrace::_print_fmt::hc4546b8364a537c6
[INFO] [stdout]                                at /rustc/90b35a6239c3d8bdabc530a6a0816f7ff89a0aaf/library/std/src/sys/backtrace.rs:66:9
[INFO] [stdout]    3:     0x59c534cc3a8a - <std::sys::backtrace::BacktraceLock::print::DisplayBacktrace as core::fmt::Display>::fmt::h5b6bd5631a6d1f6b
[INFO] [stdout]                                at /rustc/90b35a6239c3d8bdabc530a6a0816f7ff89a0aaf/library/std/src/sys/backtrace.rs:39:26
[INFO] [stdout]    4:     0x59c534cecae3 - core::fmt::rt::Argument::fmt::h270f6602a2b96f62
[INFO] [stdout]                                at /rustc/90b35a6239c3d8bdabc530a6a0816f7ff89a0aaf/library/core/src/fmt/rt.rs:177:76
[INFO] [stdout]    5:     0x59c534cecae3 - core::fmt::write::h7550c97b06c86515
[INFO] [stdout]                                at /rustc/90b35a6239c3d8bdabc530a6a0816f7ff89a0aaf/library/core/src/fmt/mod.rs:1186:21
[INFO] [stdout]    6:     0x59c534cbf983 - std::io::Write::write_fmt::h509ff860e5956e5e
[INFO] [stdout]                                at /rustc/90b35a6239c3d8bdabc530a6a0816f7ff89a0aaf/library/std/src/io/mod.rs:1839:15
[INFO] [stdout]    7:     0x59c534cc38d2 - std::sys::backtrace::BacktraceLock::print::h2395ccd2c84ba3aa
[INFO] [stdout]                                at /rustc/90b35a6239c3d8bdabc530a6a0816f7ff89a0aaf/library/std/src/sys/backtrace.rs:42:9
[INFO] [stdout]    8:     0x59c534cc4eea - std::panicking::default_hook::{{closure}}::he19d4c7230e07961
[INFO] [stdout]                                at /rustc/90b35a6239c3d8bdabc530a6a0816f7ff89a0aaf/library/std/src/panicking.rs:268:22
[INFO] [stdout]    9:     0x59c534cc4cf4 - std::panicking::default_hook::hf614597d3c67bbdb
[INFO] [stdout]                                at /rustc/90b35a6239c3d8bdabc530a6a0816f7ff89a0aaf/library/std/src/panicking.rs:292:9
[INFO] [stdout]   10:     0x59c53484c649 - <alloc::boxed::Box<F,A> as core::ops::function::Fn<Args>>::call::h39b51ce4599c23d1
[INFO] [stdout]                                at /rustc/90b35a6239c3d8bdabc530a6a0816f7ff89a0aaf/library/alloc/src/boxed.rs:2468:9
[INFO] [stdout]   11:     0x59c53484c649 - test::test_main::{{closure}}::he977ae839a582784
[INFO] [stdout]                                at /rustc/90b35a6239c3d8bdabc530a6a0816f7ff89a0aaf/library/test/src/lib.rs:133:21
[INFO] [stdout]   12:     0x59c534cc5588 - <alloc::boxed::Box<F,A> as core::ops::function::Fn<Args>>::call::h9455091b6b06f9fb
[INFO] [stdout]                                at /rustc/90b35a6239c3d8bdabc530a6a0816f7ff89a0aaf/library/alloc/src/boxed.rs:2468:9
[INFO] [stdout]   13:     0x59c534cc5588 - std::panicking::rust_panic_with_hook::h8942133a8b252070
[INFO] [stdout]                                at /rustc/90b35a6239c3d8bdabc530a6a0816f7ff89a0aaf/library/std/src/panicking.rs:809:13
[INFO] [stdout]   14:     0x59c534cc534a - std::panicking::begin_panic_handler::{{closure}}::hb5f5963570096b29
[INFO] [stdout]                                at /rustc/90b35a6239c3d8bdabc530a6a0816f7ff89a0aaf/library/std/src/panicking.rs:674:13
[INFO] [stdout]   15:     0x59c534cc3f69 - std::sys::backtrace::__rust_end_short_backtrace::h6208cedc1922feda
[INFO] [stdout]                                at /rustc/90b35a6239c3d8bdabc530a6a0816f7ff89a0aaf/library/std/src/sys/backtrace.rs:170:18
[INFO] [stdout]   16:     0x59c534cc4fdc - rust_begin_unwind
[INFO] [stdout]                                at /rustc/90b35a6239c3d8bdabc530a6a0816f7ff89a0aaf/library/std/src/panicking.rs:665:5
[INFO] [stdout]   17:     0x59c5347d82f0 - core::panicking::panic_fmt::h0c3082644d1bf418
[INFO] [stdout]                                at /rustc/90b35a6239c3d8bdabc530a6a0816f7ff89a0aaf/library/core/src/panicking.rs:74:14
[INFO] [stdout]   18:     0x59c5347d87d6 - core::result::unwrap_failed::hd20b4aa073bda1e2
[INFO] [stdout]                                at /rustc/90b35a6239c3d8bdabc530a6a0816f7ff89a0aaf/library/core/src/result.rs:1700:5
[INFO] [stdout]   19:     0x59c5347f15b6 - core::result::Result<T,E>::expect::hd748da85832bf101
[INFO] [stdout]                                at /rustc/90b35a6239c3d8bdabc530a6a0816f7ff89a0aaf/library/core/src/result.rs:1061:23
[INFO] [stdout]   20:     0x59c53480fc94 - acadia::utils::llm_requests::llm_request::{{closure}}::hcac79ca00df5ba00
[INFO] [stdout]                                at /opt/rustwide/workdir/src/utils/llm_requests.rs:43:19
[INFO] [stdout]   21:     0x59c5347eeeb3 - acadia::utils::llm_requests::tests::test_llm_request::{{closure}}::he7dfa131c7d8dc7b
[INFO] [stdout]                                at /opt/rustwide/workdir/src/utils/llm_requests.rs:184:99
[INFO] [stdout]   22:     0x59c5347f3052 - <core::pin::Pin<P> as core::future::future::Future>::poll::h5f16098d0993c2f5
[INFO] [stdout]                                at /rustc/90b35a6239c3d8bdabc530a6a0816f7ff89a0aaf/library/core/src/future/future.rs:123:9
[INFO] [stdout]   23:     0x59c5347f308d - <core::pin::Pin<P> as core::future::future::Future>::poll::hcd9f8a4645147356
[INFO] [stdout]                                at /rustc/90b35a6239c3d8bdabc530a6a0816f7ff89a0aaf/library/core/src/future/future.rs:123:9
[INFO] [stdout]   24:     0x59c5347fb78f - tokio::runtime::scheduler::current_thread::CoreGuard::block_on::{{closure}}::{{closure}}::{{closure}}::hd16c709b71058ddf
[INFO] [stdout]                                at /opt/rustwide/cargo-home/registry/src/index.crates.io-6f17d22bba15001f/tokio-1.37.0/src/runtime/scheduler/current_thread/mod.rs:659:57
[INFO] [stdout]   25:     0x59c5347fb6c5 - tokio::runtime::coop::with_budget::h23752e38f508f3f4
[INFO] [stdout]                                at /opt/rustwide/cargo-home/registry/src/index.crates.io-6f17d22bba15001f/tokio-1.37.0/src/runtime/coop.rs:107:5
[INFO] [stdout]   26:     0x59c5347fb6c5 - tokio::runtime::coop::budget::h935f1e351c3a173a
[INFO] [stdout]                                at /opt/rustwide/cargo-home/registry/src/index.crates.io-6f17d22bba15001f/tokio-1.37.0/src/runtime/coop.rs:73:5
[INFO] [stdout]   27:     0x59c5347fb6c5 - tokio::runtime::scheduler::current_thread::CoreGuard::block_on::{{closure}}::{{closure}}::h2e24dd45e08389bd
[INFO] [stdout]                                at /opt/rustwide/cargo-home/registry/src/index.crates.io-6f17d22bba15001f/tokio-1.37.0/src/runtime/scheduler/current_thread/mod.rs:659:25
[INFO] [stdout]   28:     0x59c5347fa180 - tokio::runtime::scheduler::current_thread::Context::enter::h131fce1930c2205f
[INFO] [stdout]                                at /opt/rustwide/cargo-home/registry/src/index.crates.io-6f17d22bba15001f/tokio-1.37.0/src/runtime/scheduler/current_thread/mod.rs:404:19
[INFO] [stdout]   29:     0x59c5347faf2e - tokio::runtime::scheduler::current_thread::CoreGuard::block_on::{{closure}}::h27ea1b218497aca8
[INFO] [stdout]                                at /opt/rustwide/cargo-home/registry/src/index.crates.io-6f17d22bba15001f/tokio-1.37.0/src/runtime/scheduler/current_thread/mod.rs:658:36
[INFO] [stdout]   30:     0x59c5347faca4 - tokio::runtime::scheduler::current_thread::CoreGuard::enter::{{closure}}::hf137f53593c1d4b2
[INFO] [stdout]                                at /opt/rustwide/cargo-home/registry/src/index.crates.io-6f17d22bba15001f/tokio-1.37.0/src/runtime/scheduler/current_thread/mod.rs:737:68
[INFO] [stdout]   31:     0x59c5347f2efb - tokio::runtime::context::scoped::Scoped<T>::set::h1d4487c98c011a4b
[INFO] [stdout]                                at /opt/rustwide/cargo-home/registry/src/index.crates.io-6f17d22bba15001f/tokio-1.37.0/src/runtime/context/scoped.rs:40:9
[INFO] [stdout]   32:     0x59c5347f9a39 - tokio::runtime::context::set_scheduler::{{closure}}::h701c3e441d963625
[INFO] [stdout]                                at /opt/rustwide/cargo-home/registry/src/index.crates.io-6f17d22bba15001f/tokio-1.37.0/src/runtime/context.rs:176:26
[INFO] [stdout]   33:     0x59c5347f7fad - std::thread::local::LocalKey<T>::try_with::hf7a46f6f1f531a69
[INFO] [stdout]                                at /rustc/90b35a6239c3d8bdabc530a6a0816f7ff89a0aaf/library/std/src/thread/local.rs:283:12
[INFO] [stdout]   34:     0x59c5347f77ba - std::thread::local::LocalKey<T>::with::h567b0ca97065b92b
[INFO] [stdout]                                at /rustc/90b35a6239c3d8bdabc530a6a0816f7ff89a0aaf/library/std/src/thread/local.rs:260:9
[INFO] [stdout]   35:     0x59c5347f99ed - tokio::runtime::context::set_scheduler::hd538f4b83194b6c3
[INFO] [stdout]                                at /opt/rustwide/cargo-home/registry/src/index.crates.io-6f17d22bba15001f/tokio-1.37.0/src/runtime/context.rs:176:9
[INFO] [stdout]   36:     0x59c5347faa50 - tokio::runtime::scheduler::current_thread::CoreGuard::enter::h89cee06c685e769c
[INFO] [stdout]                                at /opt/rustwide/cargo-home/registry/src/index.crates.io-6f17d22bba15001f/tokio-1.37.0/src/runtime/scheduler/current_thread/mod.rs:737:27
[INFO] [stdout]   37:     0x59c5347facc3 - tokio::runtime::scheduler::current_thread::CoreGuard::block_on::ha00554f8788dedaf
[INFO] [stdout]                                at /opt/rustwide/cargo-home/registry/src/index.crates.io-6f17d22bba15001f/tokio-1.37.0/src/runtime/scheduler/current_thread/mod.rs:646:19
[INFO] [stdout]   38:     0x59c5347f9cbd - tokio::runtime::scheduler::current_thread::CurrentThread::block_on::{{closure}}::h2e6c7db0efd6db9b
[INFO] [stdout]                                at /opt/rustwide/cargo-home/registry/src/index.crates.io-6f17d22bba15001f/tokio-1.37.0/src/runtime/scheduler/current_thread/mod.rs:175:28
[INFO] [stdout]   39:     0x59c5347eb6e6 - tokio::runtime::context::runtime::enter_runtime::h62d286c79d991b31
[INFO] [stdout]                                at /opt/rustwide/cargo-home/registry/src/index.crates.io-6f17d22bba15001f/tokio-1.37.0/src/runtime/context/runtime.rs:65:16
[INFO] [stdout]   40:     0x59c5347f9bd1 - tokio::runtime::scheduler::current_thread::CurrentThread::block_on::hd486e13a5e1ab066
[INFO] [stdout]                                at /opt/rustwide/cargo-home/registry/src/index.crates.io-6f17d22bba15001f/tokio-1.37.0/src/runtime/scheduler/current_thread/mod.rs:167:9
[INFO] [stdout]   41:     0x59c53480cc7d - tokio::runtime::runtime::Runtime::block_on::hcc0e8ceb5dee9026
[INFO] [stdout]                                at /opt/rustwide/cargo-home/registry/src/index.crates.io-6f17d22bba15001f/tokio-1.37.0/src/runtime/runtime.rs:349:47
[INFO] [stdout]   42:     0x59c5347eea61 - acadia::utils::llm_requests::tests::test_llm_request::h9727f1083ff0b685
[INFO] [stdout]                                at /opt/rustwide/workdir/src/utils/llm_requests.rs:186:9
[INFO] [stdout]   43:     0x59c5347ee907 - acadia::utils::llm_requests::tests::test_llm_request::{{closure}}::h3a392292c469429b
[INFO] [stdout]                                at /opt/rustwide/workdir/src/utils/llm_requests.rs:178:32
[INFO] [stdout]   44:     0x59c5347e6eb6 - core::ops::function::FnOnce::call_once::hd30720e3ac069ad6
[INFO] [stdout]                                at /rustc/90b35a6239c3d8bdabc530a6a0816f7ff89a0aaf/library/core/src/ops/function.rs:250:5
[INFO] [stdout]   45:     0x59c53485100b - core::ops::function::FnOnce::call_once::h109cf8051a59b34e
[INFO] [stdout]                                at /rustc/90b35a6239c3d8bdabc530a6a0816f7ff89a0aaf/library/core/src/ops/function.rs:250:5
[INFO] [stdout]   46:     0x59c53485100b - test::__rust_begin_short_backtrace::hf4fff89d377446ba
[INFO] [stdout]                                at /rustc/90b35a6239c3d8bdabc530a6a0816f7ff89a0aaf/library/test/src/lib.rs:621:18
[INFO] [stdout]   47:     0x59c534850847 - test::run_test_in_process::{{closure}}::h0e39181dd7ee5a43
[INFO] [stdout]                                at /rustc/90b35a6239c3d8bdabc530a6a0816f7ff89a0aaf/library/test/src/lib.rs:644:60
[INFO] [stdout]   48:     0x59c534850847 - <core::panic::unwind_safe::AssertUnwindSafe<F> as core::ops::function::FnOnce<()>>::call_once::hc5a66a30f0bdfd1f
[INFO] [stdout]                                at /rustc/90b35a6239c3d8bdabc530a6a0816f7ff89a0aaf/library/core/src/panic/unwind_safe.rs:272:9
[INFO] [stdout]   49:     0x59c534850847 - std::panicking::try::do_call::h873b7cf639554a5e
[INFO] [stdout]                                at /rustc/90b35a6239c3d8bdabc530a6a0816f7ff89a0aaf/library/std/src/panicking.rs:557:40
[INFO] [stdout]   50:     0x59c534850847 - std::panicking::try::hdb19862fad9c8bd1
[INFO] [stdout]                                at /rustc/90b35a6239c3d8bdabc530a6a0816f7ff89a0aaf/library/std/src/panicking.rs:520:19
[INFO] [stdout]   51:     0x59c534850847 - std::panic::catch_unwind::h281fe732d236d260
[INFO] [stdout]                                at /rustc/90b35a6239c3d8bdabc530a6a0816f7ff89a0aaf/library/std/src/panic.rs:358:14
[INFO] [stdout]   52:     0x59c534850847 - test::run_test_in_process::h949b6df8457ed338
[INFO] [stdout]                                at /rustc/90b35a6239c3d8bdabc530a6a0816f7ff89a0aaf/library/test/src/lib.rs:644:27
[INFO] [stdout]   53:     0x59c534850847 - test::run_test::{{closure}}::h52c556a6d4740e10
[INFO] [stdout]                                at /rustc/90b35a6239c3d8bdabc530a6a0816f7ff89a0aaf/library/test/src/lib.rs:565:43
[INFO] [stdout]   54:     0x59c534815b24 - test::run_test::{{closure}}::h4237f6381c45ccb9
[INFO] [stdout]                                at /rustc/90b35a6239c3d8bdabc530a6a0816f7ff89a0aaf/library/test/src/lib.rs:595:41
[INFO] [stdout]   55:     0x59c534815b24 - std::sys::backtrace::__rust_begin_short_backtrace::h505c97a579eca628
[INFO] [stdout]                                at /rustc/90b35a6239c3d8bdabc530a6a0816f7ff89a0aaf/library/std/src/sys/backtrace.rs:154:18
[INFO] [stdout]   56:     0x59c5348191ee - std::thread::Builder::spawn_unchecked_::{{closure}}::{{closure}}::h9e86b2e2bc107ea3
[INFO] [stdout]                                at /rustc/90b35a6239c3d8bdabc530a6a0816f7ff89a0aaf/library/std/src/thread/mod.rs:538:17
[INFO] [stdout]   57:     0x59c5348191ee - <core::panic::unwind_safe::AssertUnwindSafe<F> as core::ops::function::FnOnce<()>>::call_once::h8b06ddb275ff4a25
[INFO] [stdout]                                at /rustc/90b35a6239c3d8bdabc530a6a0816f7ff89a0aaf/library/core/src/panic/unwind_safe.rs:272:9
[INFO] [stdout]   58:     0x59c5348191ee - std::panicking::try::do_call::hb26ecd7cd9a9355d
[INFO] [stdout]                                at /rustc/90b35a6239c3d8bdabc530a6a0816f7ff89a0aaf/library/std/src/panicking.rs:557:40
[INFO] [stdout]   59:     0x59c5348191ee - std::panicking::try::h8ddeca9d705f9069
[INFO] [stdout]                                at /rustc/90b35a6239c3d8bdabc530a6a0816f7ff89a0aaf/library/std/src/panicking.rs:520:19
[INFO] [stdout]   60:     0x59c5348191ee - std::panic::catch_unwind::h49e1c33078844c46
[INFO] [stdout]                                at /rustc/90b35a6239c3d8bdabc530a6a0816f7ff89a0aaf/library/std/src/panic.rs:358:14
[INFO] [stdout]   61:     0x59c5348191ee - std::thread::Builder::spawn_unchecked_::{{closure}}::h6073db6ff56ad35d
[INFO] [stdout]                                at /rustc/90b35a6239c3d8bdabc530a6a0816f7ff89a0aaf/library/std/src/thread/mod.rs:537:30
[INFO] [stdout]   62:     0x59c5348191ee - core::ops::function::FnOnce::call_once{{vtable.shim}}::h2c5a5f3779c774f1
[INFO] [stdout]                                at /rustc/90b35a6239c3d8bdabc530a6a0816f7ff89a0aaf/library/core/src/ops/function.rs:250:5
[INFO] [stdout]   63:     0x59c534cc999b - <alloc::boxed::Box<F,A> as core::ops::function::FnOnce<Args>>::call_once::hf75717d9f28faebf
[INFO] [stdout]                                at /rustc/90b35a6239c3d8bdabc530a6a0816f7ff89a0aaf/library/alloc/src/boxed.rs:2454:9
[INFO] [stdout]   64:     0x59c534cc999b - <alloc::boxed::Box<F,A> as core::ops::function::FnOnce<Args>>::call_once::h7bd883a5f3c5f3c1
[INFO] [stdout]                                at /rustc/90b35a6239c3d8bdabc530a6a0816f7ff89a0aaf/library/alloc/src/boxed.rs:2454:9
[INFO] [stdout]   65:     0x59c534cc999b - std::sys::pal::unix::thread::Thread::new::thread_start::hcc78f3943333fa94
[INFO] [stdout]                                at /rustc/90b35a6239c3d8bdabc530a6a0816f7ff89a0aaf/library/std/src/sys/pal/unix/thread.rs:105:17
[INFO] [stdout]   66:     0x7d4f18387ac3 - <unknown>
[INFO] [stdout]   67:     0x7d4f18418a04 - clone
[INFO] [stdout]   68:                0x0 - <unknown>
[INFO] [stdout] 
[INFO] [stdout] ---- utils::files_io::tests::test_read_write_code_file stdout ----
[INFO] [stdout] code_templates/rust_axum/main.rs
[INFO] [stdout] thread 'utils::files_io::tests::test_read_write_code_file' panicked at src/utils/files_io.rs:20:31:
[INFO] [stdout] Failed to save file: Os { code: 30, kind: ReadOnlyFilesystem, message: "Read-only file system" }
[INFO] [stdout] stack backtrace:
[INFO] [stdout]    0:     0x59c534cc3a8a - std::backtrace_rs::backtrace::libunwind::trace::h5a5b8284f2d0c266
[INFO] [stdout]                                at /rustc/90b35a6239c3d8bdabc530a6a0816f7ff89a0aaf/library/std/src/../../backtrace/src/backtrace/libunwind.rs:116:5
[INFO] [stdout]    1:     0x59c534cc3a8a - std::backtrace_rs::backtrace::trace_unsynchronized::h76d4f1c9b0b875e3
[INFO] [stdout]                                at /rustc/90b35a6239c3d8bdabc530a6a0816f7ff89a0aaf/library/std/src/../../backtrace/src/backtrace/mod.rs:66:5
[INFO] [stdout]    2:     0x59c534cc3a8a - std::sys::backtrace::_print_fmt::hc4546b8364a537c6
[INFO] [stdout]                                at /rustc/90b35a6239c3d8bdabc530a6a0816f7ff89a0aaf/library/std/src/sys/backtrace.rs:66:9
[INFO] [stdout]    3:     0x59c534cc3a8a - <std::sys::backtrace::BacktraceLock::print::DisplayBacktrace as core::fmt::Display>::fmt::h5b6bd5631a6d1f6b
[INFO] [stdout]                                at /rustc/90b35a6239c3d8bdabc530a6a0816f7ff89a0aaf/library/std/src/sys/backtrace.rs:39:26
[INFO] [stdout]    4:     0x59c534cecae3 - core::fmt::rt::Argument::fmt::h270f6602a2b96f62
[INFO] [stdout]                                at /rustc/90b35a6239c3d8bdabc530a6a0816f7ff89a0aaf/library/core/src/fmt/rt.rs:177:76
[INFO] [stdout]    5:     0x59c534cecae3 - core::fmt::write::h7550c97b06c86515
[INFO] [stdout]                                at /rustc/90b35a6239c3d8bdabc530a6a0816f7ff89a0aaf/library/core/src/fmt/mod.rs:1186:21
[INFO] [stdout]    6:     0x59c534cbf983 - std::io::Write::write_fmt::h509ff860e5956e5e
[INFO] [stdout]                                at /rustc/90b35a6239c3d8bdabc530a6a0816f7ff89a0aaf/library/std/src/io/mod.rs:1839:15
[INFO] [stdout]    7:     0x59c534cc38d2 - std::sys::backtrace::BacktraceLock::print::h2395ccd2c84ba3aa
[INFO] [stdout]                                at /rustc/90b35a6239c3d8bdabc530a6a0816f7ff89a0aaf/library/std/src/sys/backtrace.rs:42:9
[INFO] [stdout]    8:     0x59c534cc4eea - std::panicking::default_hook::{{closure}}::he19d4c7230e07961
[INFO] [stdout]                                at /rustc/90b35a6239c3d8bdabc530a6a0816f7ff89a0aaf/library/std/src/panicking.rs:268:22
[INFO] [stdout]    9:     0x59c534cc4cf4 - std::panicking::default_hook::hf614597d3c67bbdb
[INFO] [stdout]                                at /rustc/90b35a6239c3d8bdabc530a6a0816f7ff89a0aaf/library/std/src/panicking.rs:292:9
[INFO] [stdout]   10:     0x59c53484c649 - <alloc::boxed::Box<F,A> as core::ops::function::Fn<Args>>::call::h39b51ce4599c23d1
[INFO] [stdout]                                at /rustc/90b35a6239c3d8bdabc530a6a0816f7ff89a0aaf/library/alloc/src/boxed.rs:2468:9
[INFO] [stdout]   11:     0x59c53484c649 - test::test_main::{{closure}}::he977ae839a582784
[INFO] [stdout]                                at /rustc/90b35a6239c3d8bdabc530a6a0816f7ff89a0aaf/library/test/src/lib.rs:133:21
[INFO] [stdout]   12:     0x59c534cc5588 - <alloc::boxed::Box<F,A> as core::ops::function::Fn<Args>>::call::h9455091b6b06f9fb
[INFO] [stdout]                                at /rustc/90b35a6239c3d8bdabc530a6a0816f7ff89a0aaf/library/alloc/src/boxed.rs:2468:9
[INFO] [stdout]   13:     0x59c534cc5588 - std::panicking::rust_panic_with_hook::h8942133a8b252070
[INFO] [stdout]                                at /rustc/90b35a6239c3d8bdabc530a6a0816f7ff89a0aaf/library/std/src/panicking.rs:809:13
[INFO] [stdout]   14:     0x59c534cc534a - std::panicking::begin_panic_handler::{{closure}}::hb5f5963570096b29
[INFO] [stdout]                                at /rustc/90b35a6239c3d8bdabc530a6a0816f7ff89a0aaf/library/std/src/panicking.rs:674:13
[INFO] [stdout]   15:     0x59c534cc3f69 - std::sys::backtrace::__rust_end_short_backtrace::h6208cedc1922feda
[INFO] [stdout]                                at /rustc/90b35a6239c3d8bdabc530a6a0816f7ff89a0aaf/library/std/src/sys/backtrace.rs:170:18
[INFO] [stdout]   16:     0x59c534cc4fdc - rust_begin_unwind
[INFO] [stdout]                                at /rustc/90b35a6239c3d8bdabc530a6a0816f7ff89a0aaf/library/std/src/panicking.rs:665:5
[INFO] [stdout]   17:     0x59c5347d82f0 - core::panicking::panic_fmt::h0c3082644d1bf418
[INFO] [stdout]                                at /rustc/90b35a6239c3d8bdabc530a6a0816f7ff89a0aaf/library/core/src/panicking.rs:74:14
[INFO] [stdout]   18:     0x59c5347d87d6 - core::result::unwrap_failed::hd20b4aa073bda1e2
[INFO] [stdout]                                at /rustc/90b35a6239c3d8bdabc530a6a0816f7ff89a0aaf/library/core/src/result.rs:1700:5
[INFO] [stdout]   19:     0x59c534bf044f - core::result::Result<T,E>::expect::hf9344c5e78dd2d25
[INFO] [stdout]                                at /rustc/90b35a6239c3d8bdabc530a6a0816f7ff89a0aaf/library/core/src/result.rs:1061:23
[INFO] [stdout]   20:     0x59c53480f200 - acadia::utils::files_io::write_code_template_contents::hece228bc35e81300
[INFO] [stdout]                                at /opt/rustwide/workdir/src/utils/files_io.rs:20:5
[INFO] [stdout]   21:     0x59c53480223d - acadia::utils::files_io::tests::test_read_write_code_file::h64c0c98fb3dff72a
[INFO] [stdout]                                at /opt/rustwide/workdir/src/utils/files_io.rs:31:9
[INFO] [stdout]   22:     0x59c5348021a7 - acadia::utils::files_io::tests::test_read_write_code_file::{{closure}}::h89d331ac9d0ee11b
[INFO] [stdout]                                at /opt/rustwide/workdir/src/utils/files_io.rs:29:35
[INFO] [stdout]   23:     0x59c5347e6a36 - core::ops::function::FnOnce::call_once::h045d1f558ce65772
[INFO] [stdout]                                at /rustc/90b35a6239c3d8bdabc530a6a0816f7ff89a0aaf/library/core/src/ops/function.rs:250:5
[INFO] [stdout]   24:     0x59c53485100b - core::ops::function::FnOnce::call_once::h109cf8051a59b34e
[INFO] [stdout]                                at /rustc/90b35a6239c3d8bdabc530a6a0816f7ff89a0aaf/library/core/src/ops/function.rs:250:5
[INFO] [stdout]   25:     0x59c53485100b - test::__rust_begin_short_backtrace::hf4fff89d377446ba
[INFO] [stdout]                                at /rustc/90b35a6239c3d8bdabc530a6a0816f7ff89a0aaf/library/test/src/lib.rs:621:18
[INFO] [stdout]   26:     0x59c534850847 - test::run_test_in_process::{{closure}}::h0e39181dd7ee5a43
[INFO] [stdout]                                at /rustc/90b35a6239c3d8bdabc530a6a0816f7ff89a0aaf/library/test/src/lib.rs:644:60
[INFO] [stdout]   27:     0x59c534850847 - <core::panic::unwind_safe::AssertUnwindSafe<F> as core::ops::function::FnOnce<()>>::call_once::hc5a66a30f0bdfd1f
[INFO] [stdout]                                at /rustc/90b35a6239c3d8bdabc530a6a0816f7ff89a0aaf/library/core/src/panic/unwind_safe.rs:272:9
[INFO] [stdout]   28:     0x59c534850847 - std::panicking::try::do_call::h873b7cf639554a5e
[INFO] [stdout]                                at /rustc/90b35a6239c3d8bdabc530a6a0816f7ff89a0aaf/library/std/src/panicking.rs:557:40
[INFO] [stdout]   29:     0x59c534850847 - std::panicking::try::hdb19862fad9c8bd1
[INFO] [stdout]                                at /rustc/90b35a6239c3d8bdabc530a6a0816f7ff89a0aaf/library/std/src/panicking.rs:520:19
[INFO] [stdout]   30:     0x59c534850847 - std::panic::catch_unwind::h281fe732d236d260
[INFO] [stdout]                                at /rustc/90b35a6239c3d8bdabc530a6a0816f7ff89a0aaf/library/std/src/panic.rs:358:14
[INFO] [stdout]   31:     0x59c534850847 - test::run_test_in_process::h949b6df8457ed338
[INFO] [stdout]                                at /rustc/90b35a6239c3d8bdabc530a6a0816f7ff89a0aaf/library/test/src/lib.rs:644:27
[INFO] [stdout]   32:     0x59c534850847 - test::run_test::{{closure}}::h52c556a6d4740e10
[INFO] [stdout]                                at /rustc/90b35a6239c3d8bdabc530a6a0816f7ff89a0aaf/library/test/src/lib.rs:565:43
[INFO] [stdout]   33:     0x59c534815b24 - test::run_test::{{closure}}::h4237f6381c45ccb9
[INFO] [stdout]                                at /rustc/90b35a6239c3d8bdabc530a6a0816f7ff89a0aaf/library/test/src/lib.rs:595:41
[INFO] [stdout]   34:     0x59c534815b24 - std::sys::backtrace::__rust_begin_short_backtrace::h505c97a579eca628
[INFO] [stdout]                                at /rustc/90b35a6239c3d8bdabc530a6a0816f7ff89a0aaf/library/std/src/sys/backtrace.rs:154:18
[INFO] [stdout]   35:     0x59c5348191ee - std::thread::Builder::spawn_unchecked_::{{closure}}::{{closure}}::h9e86b2e2bc107ea3
[INFO] [stdout]                                at /rustc/90b35a6239c3d8bdabc530a6a0816f7ff89a0aaf/library/std/src/thread/mod.rs:538:17
[INFO] [stdout]   36:     0x59c5348191ee - <core::panic::unwind_safe::AssertUnwindSafe<F> as core::ops::function::FnOnce<()>>::call_once::h8b06ddb275ff4a25
[INFO] [stdout]                                at /rustc/90b35a6239c3d8bdabc530a6a0816f7ff89a0aaf/library/core/src/panic/unwind_safe.rs:272:9
[INFO] [stdout]   37:     0x59c5348191ee - std::panicking::try::do_call::hb26ecd7cd9a9355d
[INFO] [stdout]                                at /rustc/90b35a6239c3d8bdabc530a6a0816f7ff89a0aaf/library/std/src/panicking.rs:557:40
[INFO] [stdout]   38:     0x59c5348191ee - std::panicking::try::h8ddeca9d705f9069
[INFO] [stdout]                                at /rustc/90b35a6239c3d8bdabc530a6a0816f7ff89a0aaf/library/std/src/panicking.rs:520:19
[INFO] [stdout]   39:     0x59c5348191ee - std::panic::catch_unwind::h49e1c33078844c46
[INFO] [stdout]                                at /rustc/90b35a6239c3d8bdabc530a6a0816f7ff89a0aaf/library/std/src/panic.rs:358:14
[INFO] [stdout]   40:     0x59c5348191ee - std::thread::Builder::spawn_unchecked_::{{closure}}::h6073db6ff56ad35d
[INFO] [stdout]                                at /rustc/90b35a6239c3d8bdabc530a6a0816f7ff89a0aaf/library/std/src/thread/mod.rs:537:30
[INFO] [stdout]   41:     0x59c5348191ee - core::ops::function::FnOnce::call_once{{vtable.shim}}::h2c5a5f3779c774f1
[INFO] [stdout]                                at /rustc/90b35a6239c3d8bdabc530a6a0816f7ff89a0aaf/library/core/src/ops/function.rs:250:5
[INFO] [stdout]   42:     0x59c534cc999b - <alloc::boxed::Box<F,A> as core::ops::function::FnOnce<Args>>::call_once::hf75717d9f28faebf
[INFO] [stdout]                                at /rustc/90b35a6239c3d8bdabc530a6a0816f7ff89a0aaf/library/alloc/src/boxed.rs:2454:9
[INFO] [stdout]   43:     0x59c534cc999b - <alloc::boxed::Box<F,A> as core::ops::function::FnOnce<Args>>::call_once::h7bd883a5f3c5f3c1
[INFO] [stdout]                                at /rustc/90b35a6239c3d8bdabc530a6a0816f7ff89a0aaf/library/alloc/src/boxed.rs:2454:9
[INFO] [stdout]   44:     0x59c534cc999b - std::sys::pal::unix::thread::Thread::new::thread_start::hcc78f3943333fa94
[INFO] [stdout]                                at /rustc/90b35a6239c3d8bdabc530a6a0816f7ff89a0aaf/library/std/src/sys/pal/unix/thread.rs:105:17
[INFO] [stdout]   45:     0x7d4f18387ac3 - <unknown>
[INFO] [stdout]   46:     0x7d4f18418a04 - clone
[INFO] [stdout]   47:                0x0 - <unknown>
[INFO] [stdout] 
[INFO] [stdout] ---- utils::llm_requests::tests::test_elaborate_llm_request stdout ----
[INFO] [stdout] Agent: Project Manager | State: Discovery | Performing: convert_user_input_to_goal
[INFO] [stdout] Llama3 selected!
[INFO] [stdout] thread 'utils::llm_requests::tests::test_elaborate_llm_request' panicked at src/utils/llm_requests.rs:43:39:
[INFO] [stdout] LLM_URL variable not found in .env file: NotPresent
[INFO] [stdout] stack backtrace:
[INFO] [stdout]    0:     0x59c534cc3a8a - std::backtrace_rs::backtrace::libunwind::trace::h5a5b8284f2d0c266
[INFO] [stdout]                                at /rustc/90b35a6239c3d8bdabc530a6a0816f7ff89a0aaf/library/std/src/../../backtrace/src/backtrace/libunwind.rs:116:5
[INFO] [stdout]    1:     0x59c534cc3a8a - std::backtrace_rs::backtrace::trace_unsynchronized::h76d4f1c9b0b875e3
[INFO] [stdout]                                at /rustc/90b35a6239c3d8bdabc530a6a0816f7ff89a0aaf/library/std/src/../../backtrace/src/backtrace/mod.rs:66:5
[INFO] [stdout]    2:     0x59c534cc3a8a - std::sys::backtrace::_print_fmt::hc4546b8364a537c6
[INFO] [stdout]                                at /rustc/90b35a6239c3d8bdabc530a6a0816f7ff89a0aaf/library/std/src/sys/backtrace.rs:66:9
[INFO] [stdout]    3:     0x59c534cc3a8a - <std::sys::backtrace::BacktraceLock::print::DisplayBacktrace as core::fmt::Display>::fmt::h5b6bd5631a6d1f6b
[INFO] [stdout]                                at /rustc/90b35a6239c3d8bdabc530a6a0816f7ff89a0aaf/library/std/src/sys/backtrace.rs:39:26
[INFO] [stdout]    4:     0x59c534cecae3 - core::fmt::rt::Argument::fmt::h270f6602a2b96f62
[INFO] [stdout]                                at /rustc/90b35a6239c3d8bdabc530a6a0816f7ff89a0aaf/library/core/src/fmt/rt.rs:177:76
[INFO] [stdout]    5:     0x59c534cecae3 - core::fmt::write::h7550c97b06c86515
[INFO] [stdout]                                at /rustc/90b35a6239c3d8bdabc530a6a0816f7ff89a0aaf/library/core/src/fmt/mod.rs:1186:21
[INFO] [stdout]    6:     0x59c534cbf983 - std::io::Write::write_fmt::h509ff860e5956e5e
[INFO] [stdout]                                at /rustc/90b35a6239c3d8bdabc530a6a0816f7ff89a0aaf/library/std/src/io/mod.rs:1839:15
[INFO] [stdout]    7:     0x59c534cc38d2 - std::sys::backtrace::BacktraceLock::print::h2395ccd2c84ba3aa
[INFO] [stdout]                                at /rustc/90b35a6239c3d8bdabc530a6a0816f7ff89a0aaf/library/std/src/sys/backtrace.rs:42:9
[INFO] [stdout]    8:     0x59c534cc4eea - std::panicking::default_hook::{{closure}}::he19d4c7230e07961
[INFO] [stdout]                                at /rustc/90b35a6239c3d8bdabc530a6a0816f7ff89a0aaf/library/std/src/panicking.rs:268:22
[INFO] [stdout]    9:     0x59c534cc4cf4 - std::panicking::default_hook::hf614597d3c67bbdb
[INFO] [stdout]                                at /rustc/90b35a6239c3d8bdabc530a6a0816f7ff89a0aaf/library/std/src/panicking.rs:292:9
[INFO] [stdout]   10:     0x59c53484c649 - <alloc::boxed::Box<F,A> as core::ops::function::Fn<Args>>::call::h39b51ce4599c23d1
[INFO] [stdout]                                at /rustc/90b35a6239c3d8bdabc530a6a0816f7ff89a0aaf/library/alloc/src/boxed.rs:2468:9
[INFO] [stdout]   11:     0x59c53484c649 - test::test_main::{{closure}}::he977ae839a582784
[INFO] [stdout]                                at /rustc/90b35a6239c3d8bdabc530a6a0816f7ff89a0aaf/library/test/src/lib.rs:133:21
[INFO] [stdout]   12:     0x59c534cc5588 - <alloc::boxed::Box<F,A> as core::ops::function::Fn<Args>>::call::h9455091b6b06f9fb
[INFO] [stdout]                                at /rustc/90b35a6239c3d8bdabc530a6a0816f7ff89a0aaf/library/alloc/src/boxed.rs:2468:9
[INFO] [stdout]   13:     0x59c534cc5588 - std::panicking::rust_panic_with_hook::h8942133a8b252070
[INFO] [stdout]                                at /rustc/90b35a6239c3d8bdabc530a6a0816f7ff89a0aaf/library/std/src/panicking.rs:809:13
[INFO] [stdout]   14:     0x59c534cc534a - std::panicking::begin_panic_handler::{{closure}}::hb5f5963570096b29
[INFO] [stdout]                                at /rustc/90b35a6239c3d8bdabc530a6a0816f7ff89a0aaf/library/std/src/panicking.rs:674:13
[INFO] [stdout]   15:     0x59c534cc3f69 - std::sys::backtrace::__rust_end_short_backtrace::h6208cedc1922feda
[INFO] [stdout]                                at /rustc/90b35a6239c3d8bdabc530a6a0816f7ff89a0aaf/library/std/src/sys/backtrace.rs:170:18
[INFO] [stdout]   16:     0x59c534cc4fdc - rust_begin_unwind
[INFO] [stdout]                                at /rustc/90b35a6239c3d8bdabc530a6a0816f7ff89a0aaf/library/std/src/panicking.rs:665:5
[INFO] [stdout]   17:     0x59c5347d82f0 - core::panicking::panic_fmt::h0c3082644d1bf418
[INFO] [stdout]                                at /rustc/90b35a6239c3d8bdabc530a6a0816f7ff89a0aaf/library/core/src/panicking.rs:74:14
[INFO] [stdout]   18:     0x59c5347d87d6 - core::result::unwrap_failed::hd20b4aa073bda1e2
[INFO] [stdout]                                at /rustc/90b35a6239c3d8bdabc530a6a0816f7ff89a0aaf/library/core/src/result.rs:1700:5
[INFO] [stdout]   19:     0x59c5347f15b6 - core::result::Result<T,E>::expect::hd748da85832bf101
[INFO] [stdout]                                at /rustc/90b35a6239c3d8bdabc530a6a0816f7ff89a0aaf/library/core/src/result.rs:1061:23
[INFO] [stdout]   20:     0x59c53480fc94 - acadia::utils::llm_requests::llm_request::{{closure}}::hcac79ca00df5ba00
[INFO] [stdout]                                at /opt/rustwide/workdir/src/utils/llm_requests.rs:43:19
[INFO] [stdout]   21:     0x59c53481215a - acadia::utils::llm_requests::make_llm_request::{{closure}}::h4b7b8f6c316fe564
[INFO] [stdout]                                at /opt/rustwide/workdir/src/utils/llm_requests.rs:147:72
[INFO] [stdout]   22:     0x59c5347f0116 - acadia::utils::llm_requests::tests::test_elaborate_llm_request::{{closure}}::h146887a5ae7c04ff
[INFO] [stdout]                                at /opt/rustwide/workdir/src/utils/llm_requests.rs:216:11
[INFO] [stdout]   23:     0x59c5347f3052 - <core::pin::Pin<P> as core::future::future::Future>::poll::h5f16098d0993c2f5
[INFO] [stdout]                                at /rustc/90b35a6239c3d8bdabc530a6a0816f7ff89a0aaf/library/core/src/future/future.rs:123:9
[INFO] [stdout]   24:     0x59c5347f308d - <core::pin::Pin<P> as core::future::future::Future>::poll::hcd9f8a4645147356
[INFO] [stdout]                                at /rustc/90b35a6239c3d8bdabc530a6a0816f7ff89a0aaf/library/core/src/future/future.rs:123:9
[INFO] [stdout]   25:     0x59c5347fb78f - tokio::runtime::scheduler::current_thread::CoreGuard::block_on::{{closure}}::{{closure}}::{{closure}}::hd16c709b71058ddf
[INFO] [stdout]                                at /opt/rustwide/cargo-home/registry/src/index.crates.io-6f17d22bba15001f/tokio-1.37.0/src/runtime/scheduler/current_thread/mod.rs:659:57
[INFO] [stdout]   26:     0x59c5347fb6c5 - tokio::runtime::coop::with_budget::h23752e38f508f3f4
[INFO] [stdout]                                at /opt/rustwide/cargo-home/registry/src/index.crates.io-6f17d22bba15001f/tokio-1.37.0/src/runtime/coop.rs:107:5
[INFO] [stdout]   27:     0x59c5347fb6c5 - tokio::runtime::coop::budget::h935f1e351c3a173a
[INFO] [stdout]                                at /opt/rustwide/cargo-home/registry/src/index.crates.io-6f17d22bba15001f/tokio-1.37.0/src/runtime/coop.rs:73:5
[INFO] [stdout]   28:     0x59c5347fb6c5 - tokio::runtime::scheduler::current_thread::CoreGuard::block_on::{{closure}}::{{closure}}::h2e24dd45e08389bd
[INFO] [stdout]                                at /opt/rustwide/cargo-home/registry/src/index.crates.io-6f17d22bba15001f/tokio-1.37.0/src/runtime/scheduler/current_thread/mod.rs:659:25
[INFO] [stdout]   29:     0x59c5347fa180 - tokio::runtime::scheduler::current_thread::Context::enter::h131fce1930c2205f
[INFO] [stdout]                                at /opt/rustwide/cargo-home/registry/src/index.crates.io-6f17d22bba15001f/tokio-1.37.0/src/runtime/scheduler/current_thread/mod.rs:404:19
[INFO] [stdout]   30:     0x59c5347faf2e - tokio::runtime::scheduler::current_thread::CoreGuard::block_on::{{closure}}::h27ea1b218497aca8
[INFO] [stdout]                                at /opt/rustwide/cargo-home/registry/src/index.crates.io-6f17d22bba15001f/tokio-1.37.0/src/runtime/scheduler/current_thread/mod.rs:658:36
[INFO] [stdout]   31:     0x59c5347faca4 - tokio::runtime::scheduler::current_thread::CoreGuard::enter::{{closure}}::hf137f53593c1d4b2
[INFO] [stdout]                                at /opt/rustwide/cargo-home/registry/src/index.crates.io-6f17d22bba15001f/tokio-1.37.0/src/runtime/scheduler/current_thread/mod.rs:737:68
[INFO] [stdout]   32:     0x59c5347f2efb - tokio::runtime::context::scoped::Scoped<T>::set::h1d4487c98c011a4b
[INFO] [stdout]                                at /opt/rustwide/cargo-home/registry/src/index.crates.io-6f17d22bba15001f/tokio-1.37.0/src/runtime/context/scoped.rs:40:9
[INFO] [stdout]   33:     0x59c5347f9a39 - tokio::runtime::context::set_scheduler::{{closure}}::h701c3e441d963625
[INFO] [stdout]                                at /opt/rustwide/cargo-home/registry/src/index.crates.io-6f17d22bba15001f/tokio-1.37.0/src/runtime/context.rs:176:26
[INFO] [stdout]   34:     0x59c5347f7fad - std::thread::local::LocalKey<T>::try_with::hf7a46f6f1f531a69
[INFO] [stdout]                                at /rustc/90b35a6239c3d8bdabc530a6a0816f7ff89a0aaf/library/std/src/thread/local.rs:283:12
[INFO] [stdout]   35:     0x59c5347f77ba - std::thread::local::LocalKey<T>::with::h567b0ca97065b92b
[INFO] [stdout]                                at /rustc/90b35a6239c3d8bdabc530a6a0816f7ff89a0aaf/library/std/src/thread/local.rs:260:9
[INFO] [stdout]   36:     0x59c5347f99ed - tokio::runtime::context::set_scheduler::hd538f4b83194b6c3
[INFO] [stdout]                                at /opt/rustwide/cargo-home/registry/src/index.crates.io-6f17d22bba15001f/tokio-1.37.0/src/runtime/context.rs:176:9
[INFO] [stdout]   37:     0x59c5347faa50 - tokio::runtime::scheduler::current_thread::CoreGuard::enter::h89cee06c685e769c
[INFO] [stdout]                                at /opt/rustwide/cargo-home/registry/src/index.crates.io-6f17d22bba15001f/tokio-1.37.0/src/runtime/scheduler/current_thread/mod.rs:737:27
[INFO] [stdout]   38:     0x59c5347facc3 - tokio::runtime::scheduler::current_thread::CoreGuard::block_on::ha00554f8788dedaf
[INFO] [stdout]                                at /opt/rustwide/cargo-home/registry/src/index.crates.io-6f17d22bba15001f/tokio-1.37.0/src/runtime/scheduler/current_thread/mod.rs:646:19
[INFO] [stdout]   39:     0x59c5347f9cbd - tokio::runtime::scheduler::current_thread::CurrentThread::block_on::{{closure}}::h2e6c7db0efd6db9b
[INFO] [stdout]                                at /opt/rustwide/cargo-home/registry/src/index.crates.io-6f17d22bba15001f/tokio-1.37.0/src/runtime/scheduler/current_thread/mod.rs:175:28
[INFO] [stdout]   40:     0x59c5347eb6e6 - tokio::runtime::context::runtime::enter_runtime::h62d286c79d991b31
[INFO] [stdout]                                at /opt/rustwide/cargo-home/registry/src/index.crates.io-6f17d22bba15001f/tokio-1.37.0/src/runtime/context/runtime.rs:65:16
[INFO] [stdout]   41:     0x59c5347f9bd1 - tokio::runtime::scheduler::current_thread::CurrentThread::block_on::hd486e13a5e1ab066
[INFO] [stdout]                                at /opt/rustwide/cargo-home/registry/src/index.crates.io-6f17d22bba15001f/tokio-1.37.0/src/runtime/scheduler/current_thread/mod.rs:167:9
[INFO] [stdout]   42:     0x59c53480cc7d - tokio::runtime::runtime::Runtime::block_on::hcc0e8ceb5dee9026
[INFO] [stdout]                                at /opt/rustwide/cargo-home/registry/src/index.crates.io-6f17d22bba15001f/tokio-1.37.0/src/runtime/runtime.rs:349:47
[INFO] [stdout]   43:     0x59c5347efe71 - acadia::utils::llm_requests::tests::test_elaborate_llm_request::h87f80eaff029c1da
[INFO] [stdout]                                at /opt/rustwide/workdir/src/utils/llm_requests.rs:218:9
[INFO] [stdout]   44:     0x59c5347efd17 - acadia::utils::llm_requests::tests::test_elaborate_llm_request::{{closure}}::hb8f9e50c5b158a3f
[INFO] [stdout]                                at /opt/rustwide/workdir/src/utils/llm_requests.rs:208:42
[INFO] [stdout]   45:     0x59c5347e6c56 - core::ops::function::FnOnce::call_once::h756a05980916a59f
[INFO] [stdout]                                at /rustc/90b35a6239c3d8bdabc530a6a0816f7ff89a0aaf/library/core/src/ops/function.rs:250:5
[INFO] [stdout]   46:     0x59c53485100b - core::ops::function::FnOnce::call_once::h109cf8051a59b34e
[INFO] [stdout]                                at /rustc/90b35a6239c3d8bdabc530a6a0816f7ff89a0aaf/library/core/src/ops/function.rs:250:5
[INFO] [stdout]   47:     0x59c53485100b - test::__rust_begin_short_backtrace::hf4fff89d377446ba
[INFO] [stdout]                                at /rustc/90b35a6239c3d8bdabc530a6a0816f7ff89a0aaf/library/test/src/lib.rs:621:18
[INFO] [stdout]   48:     0x59c534850847 - test::run_test_in_process::{{closure}}::h0e39181dd7ee5a43
[INFO] [stdout]                                at /rustc/90b35a6239c3d8bdabc530a6a0816f7ff89a0aaf/library/test/src/lib.rs:644:60
[INFO] [stdout]   49:     0x59c534850847 - <core::panic::unwind_safe::AssertUnwindSafe<F> as core::ops::function::FnOnce<()>>::call_once::hc5a66a30f0bdfd1f
[INFO] [stdout]                                at /rustc/90b35a6239c3d8bdabc530a6a0816f7ff89a0aaf/library/core/src/panic/unwind_safe.rs:272:9
[INFO] [stdout]   50:     0x59c534850847 - std::panicking::try::do_call::h873b7cf639554a5e
[INFO] [stdout]                                at /rustc/90b35a6239c3d8bdabc530a6a0816f7ff89a0aaf/library/std/src/panicking.rs:557:40
[INFO] [stdout]   51:     0x59c534850847 - std::panicking::try::hdb19862fad9c8bd1
[INFO] [stdout]                                at /rustc/90b35a6239c3d8bdabc530a6a0816f7ff89a0aaf/library/std/src/panicking.rs:520:19
[INFO] [stdout]   52:     0x59c534850847 - std::panic::catch_unwind::h281fe732d236d260
[INFO] [stdout]                                at /rustc/90b35a6239c3d8bdabc530a6a0816f7ff89a0aaf/library/std/src/panic.rs:358:14
[INFO] [stdout]   53:     0x59c534850847 - test::run_test_in_process::h949b6df8457ed338
[INFO] [stdout]                                at /rustc/90b35a6239c3d8bdabc530a6a0816f7ff89a0aaf/library/test/src/lib.rs:644:27
[INFO] [stdout]   54:     0x59c534850847 - test::run_test::{{closure}}::h52c556a6d4740e10
[INFO] [stdout]                                at /rustc/90b35a6239c3d8bdabc530a6a0816f7ff89a0aaf/library/test/src/lib.rs:565:43
[INFO] [stdout]   55:     0x59c534815b24 - test::run_test::{{closure}}::h4237f6381c45ccb9
[INFO] [stdout]                                at /rustc/90b35a6239c3d8bdabc530a6a0816f7ff89a0aaf/library/test/src/lib.rs:595:41
[INFO] [stdout]   56:     0x59c534815b24 - std::sys::backtrace::__rust_begin_short_backtrace::h505c97a579eca628
[INFO] [stdout]                                at /rustc/90b35a6239c3d8bdabc530a6a0816f7ff89a0aaf/library/std/src/sys/backtrace.rs:154:18
[INFO] [stdout]   57:     0x59c5348191ee - std::thread::Builder::spawn_unchecked_::{{closure}}::{{closure}}::h9e86b2e2bc107ea3
[INFO] [stdout]                                at /rustc/90b35a6239c3d8bdabc530a6a0816f7ff89a0aaf/library/std/src/thread/mod.rs:538:17
[INFO] [stdout]   58:     0x59c5348191ee - <core::panic::unwind_safe::AssertUnwindSafe<F> as core::ops::function::FnOnce<()>>::call_once::h8b06ddb275ff4a25
[INFO] [stdout]                                at /rustc/90b35a6239c3d8bdabc530a6a0816f7ff89a0aaf/library/core/src/panic/unwind_safe.rs:272:9
[INFO] [stdout]   59:     0x59c5348191ee - std::panicking::try::do_call::hb26ecd7cd9a9355d
[INFO] [stdout]                                at /rustc/90b35a6239c3d8bdabc530a6a0816f7ff89a0aaf/library/std/src/panicking.rs:557:40
[INFO] [stdout]   60:     0x59c5348191ee - std::panicking::try::h8ddeca9d705f9069
[INFO] [stdout]                                at /rustc/90b35a6239c3d8bdabc530a6a0816f7ff89a0aaf/library/std/src/panicking.rs:520:19
[INFO] [stdout]   61:     0x59c5348191ee - std::panic::catch_unwind::h49e1c33078844c46
[INFO] [stdout]                                at /rustc/90b35a6239c3d8bdabc530a6a0816f7ff89a0aaf/library/std/src/panic.rs:358:14
[INFO] [stdout]   62:     0x59c5348191ee - std::thread::Builder::spawn_unchecked_::{{closure}}::h6073db6ff56ad35d
[INFO] [stdout]                                at /rustc/90b35a6239c3d8bdabc530a6a0816f7ff89a0aaf/library/std/src/thread/mod.rs:537:30
[INFO] [stdout]   63:     0x59c5348191ee - core::ops::function::FnOnce::call_once{{vtable.shim}}::h2c5a5f3779c774f1
[INFO] [stdout]                                at /rustc/90b35a6239c3d8bdabc530a6a0816f7ff89a0aaf/library/core/src/ops/function.rs:250:5
[INFO] [stdout]   64:     0x59c534cc999b - <alloc::boxed::Box<F,A> as core::ops::function::FnOnce<Args>>::call_once::hf75717d9f28faebf
[INFO] [stdout]                                at /rustc/90b35a6239c3d8bdabc530a6a0816f7ff89a0aaf/library/alloc/src/boxed.rs:2454:9
[INFO] [stdout]   65:     0x59c534cc999b - <alloc::boxed::Box<F,A> as core::ops::function::FnOnce<Args>>::call_once::h7bd883a5f3c5f3c1
[INFO] [stdout]                                at /rustc/90b35a6239c3d8bdabc530a6a0816f7ff89a0aaf/library/alloc/src/boxed.rs:2454:9
[INFO] [stdout]   66:     0x59c534cc999b - std::sys::pal::unix::thread::Thread::new::thread_start::hcc78f3943333fa94
[INFO] [stdout]                                at /rustc/90b35a6239c3d8bdabc530a6a0816f7ff89a0aaf/library/std/src/sys/pal/unix/thread.rs:105:17
[INFO] [stdout]   67:     0x7d4f18387ac3 - <unknown>
[INFO] [stdout]   68:     0x7d4f18418a04 - clone
[INFO] [stdout]   69:                0x0 - <unknown>
[INFO] [stdout] 
[INFO] [stdout] ---- agents::manager_agent::manager_agent::tests::create_manager_agent stdout ----
[INFO] [stdout] thread 'agents::manager_agent::manager_agent::tests::create_manager_agent' panicked at src/agents/manager_agent/manager_agent.rs:87:9:
[INFO] [stdout] not yet implemented
[INFO] [stdout] stack backtrace:
[INFO] [stdout]    0:     0x59c534cc3a8a - std::backtrace_rs::backtrace::libunwind::trace::h5a5b8284f2d0c266
[INFO] [stdout]                                at /rustc/90b35a6239c3d8bdabc530a6a0816f7ff89a0aaf/library/std/src/../../backtrace/src/backtrace/libunwind.rs:116:5
[INFO] [stdout]    1:     0x59c534cc3a8a - std::backtrace_rs::backtrace::trace_unsynchronized::h76d4f1c9b0b875e3
[INFO] [stdout]                                at /rustc/90b35a6239c3d8bdabc530a6a0816f7ff89a0aaf/library/std/src/../../backtrace/src/backtrace/mod.rs:66:5
[INFO] [stdout]    2:     0x59c534cc3a8a - std::sys::backtrace::_print_fmt::hc4546b8364a537c6
[INFO] [stdout]                                at /rustc/90b35a6239c3d8bdabc530a6a0816f7ff89a0aaf/library/std/src/sys/backtrace.rs:66:9
[INFO] [stdout]    3:     0x59c534cc3a8a - <std::sys::backtrace::BacktraceLock::print::DisplayBacktrace as core::fmt::Display>::fmt::h5b6bd5631a6d1f6b
[INFO] [stdout]                                at /rustc/90b35a6239c3d8bdabc530a6a0816f7ff89a0aaf/library/std/src/sys/backtrace.rs:39:26
[INFO] [stdout]    4:     0x59c534cecae3 - core::fmt::rt::Argument::fmt::h270f6602a2b96f62
[INFO] [stdout]                                at /rustc/90b35a6239c3d8bdabc530a6a0816f7ff89a0aaf/library/core/src/fmt/rt.rs:177:76
[INFO] [stdout]    5:     0x59c534cecae3 - core::fmt::write::h7550c97b06c86515
[INFO] [stdout]                                at /rustc/90b35a6239c3d8bdabc530a6a0816f7ff89a0aaf/library/core/src/fmt/mod.rs:1186:21
[INFO] [stdout]    6:     0x59c534cbf983 - std::io::Write::write_fmt::h509ff860e5956e5e
[INFO] [stdout]                                at /rustc/90b35a6239c3d8bdabc530a6a0816f7ff89a0aaf/library/std/src/io/mod.rs:1839:15
[INFO] [stdout]    7:     0x59c534cc38d2 - std::sys::backtrace::BacktraceLock::print::h2395ccd2c84ba3aa
[INFO] [stdout]                                at /rustc/90b35a6239c3d8bdabc530a6a0816f7ff89a0aaf/library/std/src/sys/backtrace.rs:42:9
[INFO] [stdout]    8:     0x59c534cc4eea - std::panicking::default_hook::{{closure}}::he19d4c7230e07961
[INFO] [stdout]                                at /rustc/90b35a6239c3d8bdabc530a6a0816f7ff89a0aaf/library/std/src/panicking.rs:268:22
[INFO] [stdout]    9:     0x59c534cc4cf4 - std::panicking::default_hook::hf614597d3c67bbdb
[INFO] [stdout]                                at /rustc/90b35a6239c3d8bdabc530a6a0816f7ff89a0aaf/library/std/src/panicking.rs:292:9
[INFO] [stdout]   10:     0x59c53484c649 - <alloc::boxed::Box<F,A> as core::ops::function::Fn<Args>>::call::h39b51ce4599c23d1
[INFO] [stdout]                                at /rustc/90b35a6239c3d8bdabc530a6a0816f7ff89a0aaf/library/alloc/src/boxed.rs:2468:9
[INFO] [stdout]   11:     0x59c53484c649 - test::test_main::{{closure}}::he977ae839a582784
[INFO] [stdout]                                at /rustc/90b35a6239c3d8bdabc530a6a0816f7ff89a0aaf/library/test/src/lib.rs:133:21
[INFO] [stdout]   12:     0x59c534cc5588 - <alloc::boxed::Box<F,A> as core::ops::function::Fn<Args>>::call::h9455091b6b06f9fb
[INFO] [stdout]                                at /rustc/90b35a6239c3d8bdabc530a6a0816f7ff89a0aaf/library/alloc/src/boxed.rs:2468:9
[INFO] [stdout]   13:     0x59c534cc5588 - std::panicking::rust_panic_with_hook::h8942133a8b252070
[INFO] [stdout]                                at /rustc/90b35a6239c3d8bdabc530a6a0816f7ff89a0aaf/library/std/src/panicking.rs:809:13
[INFO] [stdout]   14:     0x59c534cc5316 - std::panicking::begin_panic_handler::{{closure}}::hb5f5963570096b29
[INFO] [stdout]                                at /rustc/90b35a6239c3d8bdabc530a6a0816f7ff89a0aaf/library/std/src/panicking.rs:667:13
[INFO] [stdout]   15:     0x59c534cc3f69 - std::sys::backtrace::__rust_end_short_backtrace::h6208cedc1922feda
[INFO] [stdout]                                at /rustc/90b35a6239c3d8bdabc530a6a0816f7ff89a0aaf/library/std/src/sys/backtrace.rs:170:18
[INFO] [stdout]   16:     0x59c534cc4fdc - rust_begin_unwind
[INFO] [stdout]                                at /rustc/90b35a6239c3d8bdabc530a6a0816f7ff89a0aaf/library/std/src/panicking.rs:665:5
[INFO] [stdout]   17:     0x59c5347d82f0 - core::panicking::panic_fmt::h0c3082644d1bf418
[INFO] [stdout]                                at /rustc/90b35a6239c3d8bdabc530a6a0816f7ff89a0aaf/library/core/src/panicking.rs:74:14
[INFO] [stdout]   18:     0x59c5347d837c - core::panicking::panic::h957f98c65a3b3074
[INFO] [stdout]                                at /rustc/90b35a6239c3d8bdabc530a6a0816f7ff89a0aaf/library/core/src/panicking.rs:148:5
[INFO] [stdout]   19:     0x59c5347edc9d - acadia::agents::manager_agent::manager_agent::tests::create_manager_agent::h92b71fd92558bfd2
[INFO] [stdout]                                at /opt/rustwide/workdir/src/agents/manager_agent/manager_agent.rs:87:9
[INFO] [stdout]   20:     0x59c5347edc67 - acadia::agents::manager_agent::manager_agent::tests::create_manager_agent::{{closure}}::hb7f70ad4469df68c
[INFO] [stdout]                                at /opt/rustwide/workdir/src/agents/manager_agent/manager_agent.rs:86:30
[INFO] [stdout]   21:     0x59c5347e6ac6 - core::ops::function::FnOnce::call_once::h1421139d77266754
[INFO] [stdout]                                at /rustc/90b35a6239c3d8bdabc530a6a0816f7ff89a0aaf/library/core/src/ops/function.rs:250:5
[INFO] [stdout]   22:     0x59c53485100b - core::ops::function::FnOnce::call_once::h109cf8051a59b34e
[INFO] [stdout]                                at /rustc/90b35a6239c3d8bdabc530a6a0816f7ff89a0aaf/library/core/src/ops/function.rs:250:5
[INFO] [stdout]   23:     0x59c53485100b - test::__rust_begin_short_backtrace::hf4fff89d377446ba
[INFO] [stdout]                                at /rustc/90b35a6239c3d8bdabc530a6a0816f7ff89a0aaf/library/test/src/lib.rs:621:18
[INFO] [stdout]   24:     0x59c534850847 - test::run_test_in_process::{{closure}}::h0e39181dd7ee5a43
[INFO] [stdout]                                at /rustc/90b35a6239c3d8bdabc530a6a0816f7ff89a0aaf/library/test/src/lib.rs:644:60
[INFO] [stdout]   25:     0x59c534850847 - <core::panic::unwind_safe::AssertUnwindSafe<F> as core::ops::function::FnOnce<()>>::call_once::hc5a66a30f0bdfd1f
[INFO] [stdout]                                at /rustc/90b35a6239c3d8bdabc530a6a0816f7ff89a0aaf/library/core/src/panic/unwind_safe.rs:272:9
[INFO] [stdout]   26:     0x59c534850847 - std::panicking::try::do_call::h873b7cf639554a5e
[INFO] [stdout]                                at /rustc/90b35a6239c3d8bdabc530a6a0816f7ff89a0aaf/library/std/src/panicking.rs:557:40
[INFO] [stdout]   27:     0x59c534850847 - std::panicking::try::hdb19862fad9c8bd1
[INFO] [stdout]                                at /rustc/90b35a6239c3d8bdabc530a6a0816f7ff89a0aaf/library/std/src/panicking.rs:520:19
[INFO] [stdout]   28:     0x59c534850847 - std::panic::catch_unwind::h281fe732d236d260
[INFO] [stdout]                                at /rustc/90b35a6239c3d8bdabc530a6a0816f7ff89a0aaf/library/std/src/panic.rs:358:14
[INFO] [stdout]   29:     0x59c534850847 - test::run_test_in_process::h949b6df8457ed338
[INFO] [stdout]                                at /rustc/90b35a6239c3d8bdabc530a6a0816f7ff89a0aaf/library/test/src/lib.rs:644:27
[INFO] [stdout]   30:     0x59c534850847 - test::run_test::{{closure}}::h52c556a6d4740e10
[INFO] [stdout]                                at /rustc/90b35a6239c3d8bdabc530a6a0816f7ff89a0aaf/library/test/src/lib.rs:565:43
[INFO] [stdout]   31:     0x59c534815b24 - test::run_test::{{closure}}::h4237f6381c45ccb9
[INFO] [stdout]                                at /rustc/90b35a6239c3d8bdabc530a6a0816f7ff89a0aaf/library/test/src/lib.rs:595:41
[INFO] [stdout]   32:     0x59c534815b24 - std::sys::backtrace::__rust_begin_short_backtrace::h505c97a579eca628
[INFO] [stdout]                                at /rustc/90b35a6239c3d8bdabc530a6a0816f7ff89a0aaf/library/std/src/sys/backtrace.rs:154:18
[INFO] [stdout]   33:     0x59c5348191ee - std::thread::Builder::spawn_unchecked_::{{closure}}::{{closure}}::h9e86b2e2bc107ea3
[INFO] [stdout]                                at /rustc/90b35a6239c3d8bdabc530a6a0816f7ff89a0aaf/library/std/src/thread/mod.rs:538:17
[INFO] [stdout]   34:     0x59c5348191ee - <core::panic::unwind_safe::AssertUnwindSafe<F> as core::ops::function::FnOnce<()>>::call_once::h8b06ddb275ff4a25
[INFO] [stdout]                                at /rustc/90b35a6239c3d8bdabc530a6a0816f7ff89a0aaf/library/core/src/panic/unwind_safe.rs:272:9
[INFO] [stdout]   35:     0x59c5348191ee - std::panicking::try::do_call::hb26ecd7cd9a9355d
[INFO] [stdout]                                at /rustc/90b35a6239c3d8bdabc530a6a0816f7ff89a0aaf/library/std/src/panicking.rs:557:40
[INFO] [stdout]   36:     0x59c5348191ee - std::panicking::try::h8ddeca9d705f9069
[INFO] [stdout]                                at /rustc/90b35a6239c3d8bdabc530a6a0816f7ff89a0aaf/library/std/src/panicking.rs:520:19
[INFO] [stdout]   37:     0x59c5348191ee - std::panic::catch_unwind::h49e1c33078844c46
[INFO] [stdout]                                at /rustc/90b35a6239c3d8bdabc530a6a0816f7ff89a0aaf/library/std/src/panic.rs:358:14
[INFO] [stdout]   38:     0x59c5348191ee - std::thread::Builder::spawn_unchecked_::{{closure}}::h6073db6ff56ad35d
[INFO] [stdout]                                at /rustc/90b35a6239c3d8bdabc530a6a0816f7ff89a0aaf/library/std/src/thread/mod.rs:537:30
[INFO] [stdout]   39:     0x59c5348191ee - core::ops::function::FnOnce::call_once{{vtable.shim}}::h2c5a5f3779c774f1
[INFO] [stdout]                                at /rustc/90b35a6239c3d8bdabc530a6a0816f7ff89a0aaf/library/core/src/ops/function.rs:250:5
[INFO] [stdout]   40:     0x59c534cc999b - <alloc::boxed::Box<F,A> as core::ops::function::FnOnce<Args>>::call_once::hf75717d9f28faebf
[INFO] [stdout]                                at /rustc/90b35a6239c3d8bdabc530a6a0816f7ff89a0aaf/library/alloc/src/boxed.rs:2454:9
[INFO] [stdout]   41:     0x59c534cc999b - <alloc::boxed::Box<F,A> as core::ops::function::FnOnce<Args>>::call_once::h7bd883a5f3c5f3c1
[INFO] [stdout]                                at /rustc/90b35a6239c3d8bdabc530a6a0816f7ff89a0aaf/library/alloc/src/boxed.rs:2454:9
[INFO] [stdout]   42:     0x59c534cc999b - std::sys::pal::unix::thread::Thread::new::thread_start::hcc78f3943333fa94
[INFO] [stdout]                                at /rustc/90b35a6239c3d8bdabc530a6a0816f7ff89a0aaf/library/std/src/sys/pal/unix/thread.rs:105:17
[INFO] [stdout]   43:     0x7d4f18387ac3 - <unknown>
[INFO] [stdout]   44:     0x7d4f18418a04 - clone
[INFO] [stdout]   45:                0x0 - <unknown>
[INFO] [stdout] 
[INFO] [stdout] ---- utils::command_line::tests::test_prompt_user_options stdout ----
[INFO] [stdout] What programming language do you want to build your projec in?
[INFO] [stdout] thread 'utils::command_line::tests::test_prompt_user_options' panicked at src/utils/command_line.rs:34:14:
[INFO] [stdout] called `Result::unwrap()` on an `Err` value: IO(Custom { kind: NotConnected, error: "not a terminal" })
[INFO] [stdout] stack backtrace:
[INFO] [stdout]    0:     0x59c534cc3a8a - std::backtrace_rs::backtrace::libunwind::trace::h5a5b8284f2d0c266
[INFO] [stdout]                                at /rustc/90b35a6239c3d8bdabc530a6a0816f7ff89a0aaf/library/std/src/../../backtrace/src/backtrace/libunwind.rs:116:5
[INFO] [stdout]    1:     0x59c534cc3a8a - std::backtrace_rs::backtrace::trace_unsynchronized::h76d4f1c9b0b875e3
[INFO] [stdout]                                at /rustc/90b35a6239c3d8bdabc530a6a0816f7ff89a0aaf/library/std/src/../../backtrace/src/backtrace/mod.rs:66:5
[INFO] [stdout]    2:     0x59c534cc3a8a - std::sys::backtrace::_print_fmt::hc4546b8364a537c6
[INFO] [stdout]                                at /rustc/90b35a6239c3d8bdabc530a6a0816f7ff89a0aaf/library/std/src/sys/backtrace.rs:66:9
[INFO] [stdout]    3:     0x59c534cc3a8a - <std::sys::backtrace::BacktraceLock::print::DisplayBacktrace as core::fmt::Display>::fmt::h5b6bd5631a6d1f6b
[INFO] [stdout]                                at /rustc/90b35a6239c3d8bdabc530a6a0816f7ff89a0aaf/library/std/src/sys/backtrace.rs:39:26
[INFO] [stdout]    4:     0x59c534cecae3 - core::fmt::rt::Argument::fmt::h270f6602a2b96f62
[INFO] [stdout]                                at /rustc/90b35a6239c3d8bdabc530a6a0816f7ff89a0aaf/library/core/src/fmt/rt.rs:177:76
[INFO] [stdout]    5:     0x59c534cecae3 - core::fmt::write::h7550c97b06c86515
[INFO] [stdout]                                at /rustc/90b35a6239c3d8bdabc530a6a0816f7ff89a0aaf/library/core/src/fmt/mod.rs:1186:21
[INFO] [stdout]    6:     0x59c534cbf983 - std::io::Write::write_fmt::h509ff860e5956e5e
[INFO] [stdout]                                at /rustc/90b35a6239c3d8bdabc530a6a0816f7ff89a0aaf/library/std/src/io/mod.rs:1839:15
[INFO] [stdout]    7:     0x59c534cc38d2 - std::sys::backtrace::BacktraceLock::print::h2395ccd2c84ba3aa
[INFO] [stdout]                                at /rustc/90b35a6239c3d8bdabc530a6a0816f7ff89a0aaf/library/std/src/sys/backtrace.rs:42:9
[INFO] [stdout]    8:     0x59c534cc4eea - std::panicking::default_hook::{{closure}}::he19d4c7230e07961
[INFO] [stdout]                                at /rustc/90b35a6239c3d8bdabc530a6a0816f7ff89a0aaf/library/std/src/panicking.rs:268:22
[INFO] [stdout]    9:     0x59c534cc4cf4 - std::panicking::default_hook::hf614597d3c67bbdb
[INFO] [stdout]                                at /rustc/90b35a6239c3d8bdabc530a6a0816f7ff89a0aaf/library/std/src/panicking.rs:292:9
[INFO] [stdout]   10:     0x59c53484c649 - <alloc::boxed::Box<F,A> as core::ops::function::Fn<Args>>::call::h39b51ce4599c23d1
[INFO] [stdout]                                at /rustc/90b35a6239c3d8bdabc530a6a0816f7ff89a0aaf/library/alloc/src/boxed.rs:2468:9
[INFO] [stdout]   11:     0x59c53484c649 - test::test_main::{{closure}}::he977ae839a582784
[INFO] [stdout]                                at /rustc/90b35a6239c3d8bdabc530a6a0816f7ff89a0aaf/library/test/src/lib.rs:133:21
[INFO] [stdout]   12:     0x59c534cc5588 - <alloc::boxed::Box<F,A> as core::ops::function::Fn<Args>>::call::h9455091b6b06f9fb
[INFO] [stdout]                                at /rustc/90b35a6239c3d8bdabc530a6a0816f7ff89a0aaf/library/alloc/src/boxed.rs:2468:9
[INFO] [stdout]   13:     0x59c534cc5588 - std::panicking::rust_panic_with_hook::h8942133a8b252070
[INFO] [stdout]                                at /rustc/90b35a6239c3d8bdabc530a6a0816f7ff89a0aaf/library/std/src/panicking.rs:809:13
[INFO] [stdout]   14:     0x59c534cc534a - std::panicking::begin_panic_handler::{{closure}}::hb5f5963570096b29
[INFO] [stdout]                                at /rustc/90b35a6239c3d8bdabc530a6a0816f7ff89a0aaf/library/std/src/panicking.rs:674:13
[INFO] [stdout]   15:     0x59c534cc3f69 - std::sys::backtrace::__rust_end_short_backtrace::h6208cedc1922feda
[INFO] [stdout]                                at /rustc/90b35a6239c3d8bdabc530a6a0816f7ff89a0aaf/library/std/src/sys/backtrace.rs:170:18
[INFO] [stdout]   16:     0x59c534cc4fdc - rust_begin_unwind
[INFO] [stdout]                                at /rustc/90b35a6239c3d8bdabc530a6a0816f7ff89a0aaf/library/std/src/panicking.rs:665:5
[INFO] [stdout]   17:     0x59c5347d82f0 - core::panicking::panic_fmt::h0c3082644d1bf418
[INFO] [stdout]                                at /rustc/90b35a6239c3d8bdabc530a6a0816f7ff89a0aaf/library/core/src/panicking.rs:74:14
[INFO] [stdout]   18:     0x59c5347d87d6 - core::result::unwrap_failed::hd20b4aa073bda1e2
[INFO] [stdout]                                at /rustc/90b35a6239c3d8bdabc530a6a0816f7ff89a0aaf/library/core/src/result.rs:1700:5
[INFO] [stdout]   19:     0x59c5347eca19 - core::result::Result<T,E>::unwrap::ha2f3f0ba27503d46
[INFO] [stdout]                                at /rustc/90b35a6239c3d8bdabc530a6a0816f7ff89a0aaf/library/core/src/result.rs:1104:23
[INFO] [stdout]   20:     0x59c5347eca19 - acadia::utils::command_line::prompt_user::heefdb259332e2e65
[INFO] [stdout]                                at /opt/rustwide/workdir/src/utils/command_line.rs:30:25
[INFO] [stdout]   21:     0x59c5347ee391 - acadia::utils::command_line::tests::test_prompt_user_options::hf4e94a82e02efe47
[INFO] [stdout]                                at /opt/rustwide/workdir/src/utils/command_line.rs:109:22
[INFO] [stdout]   22:     0x59c5347ee237 - acadia::utils::command_line::tests::test_prompt_user_options::{{closure}}::h91712366a3368bfa
[INFO] [stdout]                                at /opt/rustwide/workdir/src/utils/command_line.rs:108:34
[INFO] [stdout]   23:     0x59c5347e69f6 - core::ops::function::FnOnce::call_once::h012b6d2e5d43223e
[INFO] [stdout]                                at /rustc/90b35a6239c3d8bdabc530a6a0816f7ff89a0aaf/library/core/src/ops/function.rs:250:5
[INFO] [stdout]   24:     0x59c53485100b - core::ops::function::FnOnce::call_once::h109cf8051a59b34e
[INFO] [stdout]                                at /rustc/90b35a6239c3d8bdabc530a6a0816f7ff89a0aaf/library/core/src/ops/function.rs:250:5
[INFO] [stdout]   25:     0x59c53485100b - test::__rust_begin_short_backtrace::hf4fff89d377446ba
[INFO] [stdout]                                at /rustc/90b35a6239c3d8bdabc530a6a0816f7ff89a0aaf/library/test/src/lib.rs:621:18
[INFO] [stdout]   26:     0x59c534850847 - test::run_test_in_process::{{closure}}::h0e39181dd7ee5a43
[INFO] [stdout]                                at /rustc/90b35a6239c3d8bdabc530a6a0816f7ff89a0aaf/library/test/src/lib.rs:644:60
[INFO] [stdout]   27:     0x59c534850847 - <core::panic::unwind_safe::AssertUnwindSafe<F> as core::ops::function::FnOnce<()>>::call_once::hc5a66a30f0bdfd1f
[INFO] [stdout]                                at /rustc/90b35a6239c3d8bdabc530a6a0816f7ff89a0aaf/library/core/src/panic/unwind_safe.rs:272:9
[INFO] [stdout]   28:     0x59c534850847 - std::panicking::try::do_call::h873b7cf639554a5e
[INFO] [stdout]                                at /rustc/90b35a6239c3d8bdabc530a6a0816f7ff89a0aaf/library/std/src/panicking.rs:557:40
[INFO] [stdout]   29:     0x59c534850847 - std::panicking::try::hdb19862fad9c8bd1
[INFO] [stdout]                                at /rustc/90b35a6239c3d8bdabc530a6a0816f7ff89a0aaf/library/std/src/panicking.rs:520:19
[INFO] [stdout]   30:     0x59c534850847 - std::panic::catch_unwind::h281fe732d236d260
[INFO] [stdout]                                at /rustc/90b35a6239c3d8bdabc530a6a0816f7ff89a0aaf/library/std/src/panic.rs:358:14
[INFO] [stdout]   31:     0x59c534850847 - test::run_test_in_process::h949b6df8457ed338
[INFO] [stdout]                                at /rustc/90b35a6239c3d8bdabc530a6a0816f7ff89a0aaf/library/test/src/lib.rs:644:27
[INFO] [stdout]   32:     0x59c534850847 - test::run_test::{{closure}}::h52c556a6d4740e10
[INFO] [stdout]                                at /rustc/90b35a6239c3d8bdabc530a6a0816f7ff89a0aaf/library/test/src/lib.rs:565:43
[INFO] [stdout]   33:     0x59c534815b24 - test::run_test::{{closure}}::h4237f6381c45ccb9
[INFO] [stdout]                                at /rustc/90b35a6239c3d8bdabc530a6a0816f7ff89a0aaf/library/test/src/lib.rs:595:41
[INFO] [stdout]   34:     0x59c534815b24 - std::sys::backtrace::__rust_begin_short_backtrace::h505c97a579eca628
[INFO] [stdout]                                at /rustc/90b35a6239c3d8bdabc530a6a0816f7ff89a0aaf/library/std/src/sys/backtrace.rs:154:18
[INFO] [stdout]   35:     0x59c5348191ee - std::thread::Builder::spawn_unchecked_::{{closure}}::{{closure}}::h9e86b2e2bc107ea3
[INFO] [stdout]                                at /rustc/90b35a6239c3d8bdabc530a6a0816f7ff89a0aaf/library/std/src/thread/mod.rs:538:17
[INFO] [stdout]   36:     0x59c5348191ee - <core::panic::unwind_safe::AssertUnwindSafe<F> as core::ops::function::FnOnce<()>>::call_once::h8b06ddb275ff4a25
[INFO] [stdout]                                at /rustc/90b35a6239c3d8bdabc530a6a0816f7ff89a0aaf/library/core/src/panic/unwind_safe.rs:272:9
[INFO] [stdout]   37:     0x59c5348191ee - std::panicking::try::do_call::hb26ecd7cd9a9355d
[INFO] [stdout]                                at /rustc/90b35a6239c3d8bdabc530a6a0816f7ff89a0aaf/library/std/src/panicking.rs:557:40
[INFO] [stdout]   38:     0x59c5348191ee - std::panicking::try::h8ddeca9d705f9069
[INFO] [stdout]                                at /rustc/90b35a6239c3d8bdabc530a6a0816f7ff89a0aaf/library/std/src/panicking.rs:520:19
[INFO] [stdout]   39:     0x59c5348191ee - std::panic::catch_unwind::h49e1c33078844c46
[INFO] [stdout]                                at /rustc/90b35a6239c3d8bdabc530a6a0816f7ff89a0aaf/library/std/src/panic.rs:358:14
[INFO] [stdout]   40:     0x59c5348191ee - std::thread::Builder::spawn_unchecked_::{{closure}}::h6073db6ff56ad35d
[INFO] [stdout]                                at /rustc/90b35a6239c3d8bdabc530a6a0816f7ff89a0aaf/library/std/src/thread/mod.rs:537:30
[INFO] [stdout]   41:     0x59c5348191ee - core::ops::function::FnOnce::call_once{{vtable.shim}}::h2c5a5f3779c774f1
[INFO] [stdout]                                at /rustc/90b35a6239c3d8bdabc530a6a0816f7ff89a0aaf/library/core/src/ops/function.rs:250:5
[INFO] [stdout]   42:     0x59c534cc999b - <alloc::boxed::Box<F,A> as core::ops::function::FnOnce<Args>>::call_once::hf75717d9f28faebf
[INFO] [stdout]                                at /rustc/90b35a6239c3d8bdabc530a6a0816f7ff89a0aaf/library/alloc/src/boxed.rs:2454:9
[INFO] [stdout]   43:     0x59c534cc999b - <alloc::boxed::Box<F,A> as core::ops::function::FnOnce<Args>>::call_once::h7bd883a5f3c5f3c1
[INFO] [stdout]                                at /rustc/90b35a6239c3d8bdabc530a6a0816f7ff89a0aaf/library/alloc/src/boxed.rs:2454:9
[INFO] [stdout]   44:     0x59c534cc999b - std::sys::pal::unix::thread::Thread::new::thread_start::hcc78f3943333fa94
[INFO] [stdout]                                at /rustc/90b35a6239c3d8bdabc530a6a0816f7ff89a0aaf/library/std/src/sys/pal/unix/thread.rs:105:17
[INFO] [stdout]   45:     0x7d4f18387ac3 - <unknown>
[INFO] [stdout]   46:     0x7d4f18418a04 - clone
[INFO] [stdout]   47:                0x0 - <unknown>
[INFO] [stdout] 
[INFO] [stdout] ---- utils::command_line::tests::test_fill_project_details stdout ----
[INFO] [stdout] What project are we building?
[INFO] [stdout] 
[INFO] [stdout] What is the project area of focus
[INFO] [stdout] thread 'utils::command_line::tests::test_fill_project_details' panicked at src/utils/command_line.rs:34:14:
[INFO] [stdout] called `Result::unwrap()` on an `Err` value: IO(Custom { kind: NotConnected, error: "not a terminal" })
[INFO] [stdout] stack backtrace:
[INFO] [stdout]    0:     0x59c534cc3a8a - std::backtrace_rs::backtrace::libunwind::trace::h5a5b8284f2d0c266
[INFO] [stdout]                                at /rustc/90b35a6239c3d8bdabc530a6a0816f7ff89a0aaf/library/std/src/../../backtrace/src/backtrace/libunwind.rs:116:5
[INFO] [stdout]    1:     0x59c534cc3a8a - std::backtrace_rs::backtrace::trace_unsynchronized::h76d4f1c9b0b875e3
[INFO] [stdout]                                at /rustc/90b35a6239c3d8bdabc530a6a0816f7ff89a0aaf/library/std/src/../../backtrace/src/backtrace/mod.rs:66:5
[INFO] [stdout]    2:     0x59c534cc3a8a - std::sys::backtrace::_print_fmt::hc4546b8364a537c6
[INFO] [stdout]                                at /rustc/90b35a6239c3d8bdabc530a6a0816f7ff89a0aaf/library/std/src/sys/backtrace.rs:66:9
[INFO] [stdout]    3:     0x59c534cc3a8a - <std::sys::backtrace::BacktraceLock::print::DisplayBacktrace as core::fmt::Display>::fmt::h5b6bd5631a6d1f6b
[INFO] [stdout]                                at /rustc/90b35a6239c3d8bdabc530a6a0816f7ff89a0aaf/library/std/src/sys/backtrace.rs:39:26
[INFO] [stdout]    4:     0x59c534cecae3 - core::fmt::rt::Argument::fmt::h270f6602a2b96f62
[INFO] [stdout]                                at /rustc/90b35a6239c3d8bdabc530a6a0816f7ff89a0aaf/library/core/src/fmt/rt.rs:177:76
[INFO] [stdout]    5:     0x59c534cecae3 - core::fmt::write::h7550c97b06c86515
[INFO] [stdout]                                at /rustc/90b35a6239c3d8bdabc530a6a0816f7ff89a0aaf/library/core/src/fmt/mod.rs:1186:21
[INFO] [stdout]    6:     0x59c534cbf983 - std::io::Write::write_fmt::h509ff860e5956e5e
[INFO] [stdout]                                at /rustc/90b35a6239c3d8bdabc530a6a0816f7ff89a0aaf/library/std/src/io/mod.rs:1839:15
[INFO] [stdout]    7:     0x59c534cc38d2 - std::sys::backtrace::BacktraceLock::print::h2395ccd2c84ba3aa
[INFO] [stdout]                                at /rustc/90b35a6239c3d8bdabc530a6a0816f7ff89a0aaf/library/std/src/sys/backtrace.rs:42:9
[INFO] [stdout]    8:     0x59c534cc4eea - std::panicking::default_hook::{{closure}}::he19d4c7230e07961
[INFO] [stdout]                                at /rustc/90b35a6239c3d8bdabc530a6a0816f7ff89a0aaf/library/std/src/panicking.rs:268:22
[INFO] [stdout]    9:     0x59c534cc4cf4 - std::panicking::default_hook::hf614597d3c67bbdb
[INFO] [stdout]                                at /rustc/90b35a6239c3d8bdabc530a6a0816f7ff89a0aaf/library/std/src/panicking.rs:292:9
[INFO] [stdout]   10:     0x59c53484c649 - <alloc::boxed::Box<F,A> as core::ops::function::Fn<Args>>::call::h39b51ce4599c23d1
[INFO] [stdout]                                at /rustc/90b35a6239c3d8bdabc530a6a0816f7ff89a0aaf/library/alloc/src/boxed.rs:2468:9
[INFO] [stdout]   11:     0x59c53484c649 - test::test_main::{{closure}}::he977ae839a582784
[INFO] [stdout]                                at /rustc/90b35a6239c3d8bdabc530a6a0816f7ff89a0aaf/library/test/src/lib.rs:133:21
[INFO] [stdout]   12:     0x59c534cc5588 - <alloc::boxed::Box<F,A> as core::ops::function::Fn<Args>>::call::h9455091b6b06f9fb
[INFO] [stdout]                                at /rustc/90b35a6239c3d8bdabc530a6a0816f7ff89a0aaf/library/alloc/src/boxed.rs:2468:9
[INFO] [stdout]   13:     0x59c534cc5588 - std::panicking::rust_panic_with_hook::h8942133a8b252070
[INFO] [stdout]                                at /rustc/90b35a6239c3d8bdabc530a6a0816f7ff89a0aaf/library/std/src/panicking.rs:809:13
[INFO] [stdout]   14:     0x59c534cc534a - std::panicking::begin_panic_handler::{{closure}}::hb5f5963570096b29
[INFO] [stdout]                                at /rustc/90b35a6239c3d8bdabc530a6a0816f7ff89a0aaf/library/std/src/panicking.rs:674:13
[INFO] [stdout]   15:     0x59c534cc3f69 - std::sys::backtrace::__rust_end_short_backtrace::h6208cedc1922feda
[INFO] [stdout]                                at /rustc/90b35a6239c3d8bdabc530a6a0816f7ff89a0aaf/library/std/src/sys/backtrace.rs:170:18
[INFO] [stdout]   16:     0x59c534cc4fdc - rust_begin_unwind
[INFO] [stdout]                                at /rustc/90b35a6239c3d8bdabc530a6a0816f7ff89a0aaf/library/std/src/panicking.rs:665:5
[INFO] [stdout]   17:     0x59c5347d82f0 - core::panicking::panic_fmt::h0c3082644d1bf418
[INFO] [stdout]                                at /rustc/90b35a6239c3d8bdabc530a6a0816f7ff89a0aaf/library/core/src/panicking.rs:74:14
[INFO] [stdout]   18:     0x59c5347d87d6 - core::result::unwrap_failed::hd20b4aa073bda1e2
[INFO] [stdout]                                at /rustc/90b35a6239c3d8bdabc530a6a0816f7ff89a0aaf/library/core/src/result.rs:1700:5
[INFO] [stdout]   19:     0x59c5347eca19 - core::result::Result<T,E>::unwrap::ha2f3f0ba27503d46
[INFO] [stdout]                                at /rustc/90b35a6239c3d8bdabc530a6a0816f7ff89a0aaf/library/core/src/result.rs:1104:23
[INFO] [stdout]   20:     0x59c5347eca19 - acadia::utils::command_line::prompt_user::heefdb259332e2e65
[INFO] [stdout]                                at /opt/rustwide/workdir/src/utils/command_line.rs:30:25
[INFO] [stdout]   21:     0x59c5347ecf52 - acadia::utils::command_line::project_details::hf96e33abb136ab0b
[INFO] [stdout]                                at /opt/rustwide/workdir/src/utils/command_line.rs:54:24
[INFO] [stdout]   22:     0x59c5347ee681 - acadia::utils::command_line::tests::test_fill_project_details::hddd485bd7e7196b3
[INFO] [stdout]                                at /opt/rustwide/workdir/src/utils/command_line.rs:118:31
[INFO] [stdout]   23:     0x59c5347ee657 - acadia::utils::command_line::tests::test_fill_project_details::{{closure}}::h99f92755a9e200b0
[INFO] [stdout]                                at /opt/rustwide/workdir/src/utils/command_line.rs:117:35
[INFO] [stdout]   24:     0x59c5347e6df6 - core::ops::function::FnOnce::call_once::hac6745abe2c2f85c
[INFO] [stdout]                                at /rustc/90b35a6239c3d8bdabc530a6a0816f7ff89a0aaf/library/core/src/ops/function.rs:250:5
[INFO] [stdout]   25:     0x59c53485100b - core::ops::function::FnOnce::call_once::h109cf8051a59b34e
[INFO] [stdout]                                at /rustc/90b35a6239c3d8bdabc530a6a0816f7ff89a0aaf/library/core/src/ops/function.rs:250:5
[INFO] [stdout]   26:     0x59c53485100b - test::__rust_begin_short_backtrace::hf4fff89d377446ba
[INFO] [stdout]                                at /rustc/90b35a6239c3d8bdabc530a6a0816f7ff89a0aaf/library/test/src/lib.rs:621:18
[INFO] [stdout]   27:     0x59c534850847 - test::run_test_in_process::{{closure}}::h0e39181dd7ee5a43
[INFO] [stdout]                                at /rustc/90b35a6239c3d8bdabc530a6a0816f7ff89a0aaf/library/test/src/lib.rs:644:60
[INFO] [stdout]   28:     0x59c534850847 - <core::panic::unwind_safe::AssertUnwindSafe<F> as core::ops::function::FnOnce<()>>::call_once::hc5a66a30f0bdfd1f
[INFO] [stdout]                                at /rustc/90b35a6239c3d8bdabc530a6a0816f7ff89a0aaf/library/core/src/panic/unwind_safe.rs:272:9
[INFO] [stdout]   29:     0x59c534850847 - std::panicking::try::do_call::h873b7cf639554a5e
[INFO] [stdout]                                at /rustc/90b35a6239c3d8bdabc530a6a0816f7ff89a0aaf/library/std/src/panicking.rs:557:40
[INFO] [stdout]   30:     0x59c534850847 - std::panicking::try::hdb19862fad9c8bd1
[INFO] [stdout]                                at /rustc/90b35a6239c3d8bdabc530a6a0816f7ff89a0aaf/library/std/src/panicking.rs:520:19
[INFO] [stdout]   31:     0x59c534850847 - std::panic::catch_unwind::h281fe732d236d260
[INFO] [stdout]                                at /rustc/90b35a6239c3d8bdabc530a6a0816f7ff89a0aaf/library/std/src/panic.rs:358:14
[INFO] [stdout]   32:     0x59c534850847 - test::run_test_in_process::h949b6df8457ed338
[INFO] [stdout]                                at /rustc/90b35a6239c3d8bdabc530a6a0816f7ff89a0aaf/library/test/src/lib.rs:644:27
[INFO] [stdout]   33:     0x59c534850847 - test::run_test::{{closure}}::h52c556a6d4740e10
[INFO] [stdout]                                at /rustc/90b35a6239c3d8bdabc530a6a0816f7ff89a0aaf/library/test/src/lib.rs:565:43
[INFO] [stdout]   34:     0x59c534815b24 - test::run_test::{{closure}}::h4237f6381c45ccb9
[INFO] [stdout]                                at /rustc/90b35a6239c3d8bdabc530a6a0816f7ff89a0aaf/library/test/src/lib.rs:595:41
[INFO] [stdout]   35:     0x59c534815b24 - std::sys::backtrace::__rust_begin_short_backtrace::h505c97a579eca628
[INFO] [stdout]                                at /rustc/90b35a6239c3d8bdabc530a6a0816f7ff89a0aaf/library/std/src/sys/backtrace.rs:154:18
[INFO] [stdout]   36:     0x59c5348191ee - std::thread::Builder::spawn_unchecked_::{{closure}}::{{closure}}::h9e86b2e2bc107ea3
[INFO] [stdout]                                at /rustc/90b35a6239c3d8bdabc530a6a0816f7ff89a0aaf/library/std/src/thread/mod.rs:538:17
[INFO] [stdout]   37:     0x59c5348191ee - <core::panic::unwind_safe::AssertUnwindSafe<F> as core::ops::function::FnOnce<()>>::call_once::h8b06ddb275ff4a25
[INFO] [stdout]                                at /rustc/90b35a6239c3d8bdabc530a6a0816f7ff89a0aaf/library/core/src/panic/unwind_safe.rs:272:9
[INFO] [stdout]   38:     0x59c5348191ee - std::panicking::try::do_call::hb26ecd7cd9a9355d
[INFO] [stdout]                                at /rustc/90b35a6239c3d8bdabc530a6a0816f7ff89a0aaf/library/std/src/panicking.rs:557:40
[INFO] [stdout]   39:     0x59c5348191ee - std::panicking::try::h8ddeca9d705f9069
[INFO] [stdout]                                at /rustc/90b35a6239c3d8bdabc530a6a0816f7ff89a0aaf/library/std/src/panicking.rs:520:19
[INFO] [stdout]   40:     0x59c5348191ee - std::panic::catch_unwind::h49e1c33078844c46
[INFO] [stdout]                                at /rustc/90b35a6239c3d8bdabc530a6a0816f7ff89a0aaf/library/std/src/panic.rs:358:14
[INFO] [stdout]   41:     0x59c5348191ee - std::thread::Builder::spawn_unchecked_::{{closure}}::h6073db6ff56ad35d
[INFO] [stdout]                                at /rustc/90b35a6239c3d8bdabc530a6a0816f7ff89a0aaf/library/std/src/thread/mod.rs:537:30
[INFO] [stdout]   42:     0x59c5348191ee - core::ops::function::FnOnce::call_once{{vtable.shim}}::h2c5a5f3779c774f1
[INFO] [stdout]                                at /rustc/90b35a6239c3d8bdabc530a6a0816f7ff89a0aaf/library/core/src/ops/function.rs:250:5
[INFO] [stdout]   43:     0x59c534cc999b - <alloc::boxed::Box<F,A> as core::ops::function::FnOnce<Args>>::call_once::hf75717d9f28faebf
[INFO] [stdout]                                at /rustc/90b35a6239c3d8bdabc530a6a0816f7ff89a0aaf/library/alloc/src/boxed.rs:2454:9
[INFO] [stdout]   44:     0x59c534cc999b - <alloc::boxed::Box<F,A> as core::ops::function::FnOnce<Args>>::call_once::h7bd883a5f3c5f3c1
[INFO] [stdout]                                at /rustc/90b35a6239c3d8bdabc530a6a0816f7ff89a0aaf/library/alloc/src/boxed.rs:2454:9
[INFO] [stdout]   45:     0x59c534cc999b - std::sys::pal::unix::thread::Thread::new::thread_start::hcc78f3943333fa94
[INFO] [stdout]                                at /rustc/90b35a6239c3d8bdabc530a6a0816f7ff89a0aaf/library/std/src/sys/pal/unix/thread.rs:105:17
[INFO] [stdout]   46:     0x7d4f18387ac3 - <unknown>
[INFO] [stdout]   47:     0x7d4f18418a04 - clone
[INFO] [stdout]   48:                0x0 - <unknown>
[INFO] [stdout] 
[INFO] [stdout] ---- utils::llm_requests::tests::test_gpt4 stdout ----
[INFO] [stdout] GPT4o selected!
[INFO] [stdout] thread 'utils::llm_requests::tests::test_gpt4' panicked at src/utils/llm_requests.rs:24:43:
[INFO] [stdout] GPT4o variable not found in .env file: NotPresent
[INFO] [stdout] stack backtrace:
[INFO] [stdout]    0:     0x59c534cc3a8a - std::backtrace_rs::backtrace::libunwind::trace::h5a5b8284f2d0c266
[INFO] [stdout]                                at /rustc/90b35a6239c3d8bdabc530a6a0816f7ff89a0aaf/library/std/src/../../backtrace/src/backtrace/libunwind.rs:116:5
[INFO] [stdout]    1:     0x59c534cc3a8a - std::backtrace_rs::backtrace::trace_unsynchronized::h76d4f1c9b0b875e3
[INFO] [stdout]                                at /rustc/90b35a6239c3d8bdabc530a6a0816f7ff89a0aaf/library/std/src/../../backtrace/src/backtrace/mod.rs:66:5
[INFO] [stdout]    2:     0x59c534cc3a8a - std::sys::backtrace::_print_fmt::hc4546b8364a537c6
[INFO] [stdout]                                at /rustc/90b35a6239c3d8bdabc530a6a0816f7ff89a0aaf/library/std/src/sys/backtrace.rs:66:9
[INFO] [stdout]    3:     0x59c534cc3a8a - <std::sys::backtrace::BacktraceLock::print::DisplayBacktrace as core::fmt::Display>::fmt::h5b6bd5631a6d1f6b
[INFO] [stdout]                                at /rustc/90b35a6239c3d8bdabc530a6a0816f7ff89a0aaf/library/std/src/sys/backtrace.rs:39:26
[INFO] [stdout]    4:     0x59c534cecae3 - core::fmt::rt::Argument::fmt::h270f6602a2b96f62
[INFO] [stdout]                                at /rustc/90b35a6239c3d8bdabc530a6a0816f7ff89a0aaf/library/core/src/fmt/rt.rs:177:76
[INFO] [stdout]    5:     0x59c534cecae3 - core::fmt::write::h7550c97b06c86515
[INFO] [stdout]                                at /rustc/90b35a6239c3d8bdabc530a6a0816f7ff89a0aaf/library/core/src/fmt/mod.rs:1186:21
[INFO] [stdout]    6:     0x59c534cbf983 - std::io::Write::write_fmt::h509ff860e5956e5e
[INFO] [stdout]                                at /rustc/90b35a6239c3d8bdabc530a6a0816f7ff89a0aaf/library/std/src/io/mod.rs:1839:15
[INFO] [stdout]    7:     0x59c534cc38d2 - std::sys::backtrace::BacktraceLock::print::h2395ccd2c84ba3aa
[INFO] [stdout]                                at /rustc/90b35a6239c3d8bdabc530a6a0816f7ff89a0aaf/library/std/src/sys/backtrace.rs:42:9
[INFO] [stdout]    8:     0x59c534cc4eea - std::panicking::default_hook::{{closure}}::he19d4c7230e07961
[INFO] [stdout]                                at /rustc/90b35a6239c3d8bdabc530a6a0816f7ff89a0aaf/library/std/src/panicking.rs:268:22
[INFO] [stdout]    9:     0x59c534cc4cf4 - std::panicking::default_hook::hf614597d3c67bbdb
[INFO] [stdout]                                at /rustc/90b35a6239c3d8bdabc530a6a0816f7ff89a0aaf/library/std/src/panicking.rs:292:9
[INFO] [stdout]   10:     0x59c53484c649 - <alloc::boxed::Box<F,A> as core::ops::function::Fn<Args>>::call::h39b51ce4599c23d1
[INFO] [stdout]                                at /rustc/90b35a6239c3d8bdabc530a6a0816f7ff89a0aaf/library/alloc/src/boxed.rs:2468:9
[INFO] [stdout]   11:     0x59c53484c649 - test::test_main::{{closure}}::he977ae839a582784
[INFO] [stdout]                                at /rustc/90b35a6239c3d8bdabc530a6a0816f7ff89a0aaf/library/test/src/lib.rs:133:21
[INFO] [stdout]   12:     0x59c534cc5588 - <alloc::boxed::Box<F,A> as core::ops::function::Fn<Args>>::call::h9455091b6b06f9fb
[INFO] [stdout]                                at /rustc/90b35a6239c3d8bdabc530a6a0816f7ff89a0aaf/library/alloc/src/boxed.rs:2468:9
[INFO] [stdout]   13:     0x59c534cc5588 - std::panicking::rust_panic_with_hook::h8942133a8b252070
[INFO] [stdout]                                at /rustc/90b35a6239c3d8bdabc530a6a0816f7ff89a0aaf/library/std/src/panicking.rs:809:13
[INFO] [stdout]   14:     0x59c534cc534a - std::panicking::begin_panic_handler::{{closure}}::hb5f5963570096b29
[INFO] [stdout]                                at /rustc/90b35a6239c3d8bdabc530a6a0816f7ff89a0aaf/library/std/src/panicking.rs:674:13
[INFO] [stdout]   15:     0x59c534cc3f69 - std::sys::backtrace::__rust_end_short_backtrace::h6208cedc1922feda
[INFO] [stdout]                                at /rustc/90b35a6239c3d8bdabc530a6a0816f7ff89a0aaf/library/std/src/sys/backtrace.rs:170:18
[INFO] [stdout]   16:     0x59c534cc4fdc - rust_begin_unwind
[INFO] [stdout]                                at /rustc/90b35a6239c3d8bdabc530a6a0816f7ff89a0aaf/library/std/src/panicking.rs:665:5
[INFO] [stdout]   17:     0x59c5347d82f0 - core::panicking::panic_fmt::h0c3082644d1bf418
[INFO] [stdout]                                at /rustc/90b35a6239c3d8bdabc530a6a0816f7ff89a0aaf/library/core/src/panicking.rs:74:14
[INFO] [stdout]   18:     0x59c5347d87d6 - core::result::unwrap_failed::hd20b4aa073bda1e2
[INFO] [stdout]                                at /rustc/90b35a6239c3d8bdabc530a6a0816f7ff89a0aaf/library/core/src/result.rs:1700:5
[INFO] [stdout]   19:     0x59c5347f15b6 - core::result::Result<T,E>::expect::hd748da85832bf101
[INFO] [stdout]                                at /rustc/90b35a6239c3d8bdabc530a6a0816f7ff89a0aaf/library/core/src/result.rs:1061:23
[INFO] [stdout]   20:     0x59c53480fe73 - acadia::utils::llm_requests::llm_request::{{closure}}::hcac79ca00df5ba00
[INFO] [stdout]                                at /opt/rustwide/workdir/src/utils/llm_requests.rs:24:19
[INFO] [stdout]   21:     0x59c5347ef8f0 - acadia::utils::llm_requests::tests::test_gpt4::{{closure}}::hf681e14eee51f763
[INFO] [stdout]                                at /opt/rustwide/workdir/src/utils/llm_requests.rs:202:86
[INFO] [stdout]   22:     0x59c5347f3052 - <core::pin::Pin<P> as core::future::future::Future>::poll::h5f16098d0993c2f5
[INFO] [stdout]                                at /rustc/90b35a6239c3d8bdabc530a6a0816f7ff89a0aaf/library/core/src/future/future.rs:123:9
[INFO] [stdout]   23:     0x59c5347f308d - <core::pin::Pin<P> as core::future::future::Future>::poll::hcd9f8a4645147356
[INFO] [stdout]                                at /rustc/90b35a6239c3d8bdabc530a6a0816f7ff89a0aaf/library/core/src/future/future.rs:123:9
[INFO] [stdout]   24:     0x59c5347fb78f - tokio::runtime::scheduler::current_thread::CoreGuard::block_on::{{closure}}::{{closure}}::{{closure}}::hd16c709b71058ddf
[INFO] [stdout]                                at /opt/rustwide/cargo-home/registry/src/index.crates.io-6f17d22bba15001f/tokio-1.37.0/src/runtime/scheduler/current_thread/mod.rs:659:57
[INFO] [stdout]   25:     0x59c5347fb6c5 - tokio::runtime::coop::with_budget::h23752e38f508f3f4
[INFO] [stdout]                                at /opt/rustwide/cargo-home/registry/src/index.crates.io-6f17d22bba15001f/tokio-1.37.0/src/runtime/coop.rs:107:5
[INFO] [stdout]   26:     0x59c5347fb6c5 - tokio::runtime::coop::budget::h935f1e351c3a173a
[INFO] [stdout]                                at /opt/rustwide/cargo-home/registry/src/index.crates.io-6f17d22bba15001f/tokio-1.37.0/src/runtime/coop.rs:73:5
[INFO] [stdout]   27:     0x59c5347fb6c5 - tokio::runtime::scheduler::current_thread::CoreGuard::block_on::{{closure}}::{{closure}}::h2e24dd45e08389bd
[INFO] [stdout]                                at /opt/rustwide/cargo-home/registry/src/index.crates.io-6f17d22bba15001f/tokio-1.37.0/src/runtime/scheduler/current_thread/mod.rs:659:25
[INFO] [stdout]   28:     0x59c5347fa180 - tokio::runtime::scheduler::current_thread::Context::enter::h131fce1930c2205f
[INFO] [stdout]                                at /opt/rustwide/cargo-home/registry/src/index.crates.io-6f17d22bba15001f/tokio-1.37.0/src/runtime/scheduler/current_thread/mod.rs:404:19
[INFO] [stdout]   29:     0x59c5347faf2e - tokio::runtime::scheduler::current_thread::CoreGuard::block_on::{{closure}}::h27ea1b218497aca8
[INFO] [stdout]                                at /opt/rustwide/cargo-home/registry/src/index.crates.io-6f17d22bba15001f/tokio-1.37.0/src/runtime/scheduler/current_thread/mod.rs:658:36
[INFO] [stdout]   30:     0x59c5347faca4 - tokio::runtime::scheduler::current_thread::CoreGuard::enter::{{closure}}::hf137f53593c1d4b2
[INFO] [stdout]                                at /opt/rustwide/cargo-home/registry/src/index.crates.io-6f17d22bba15001f/tokio-1.37.0/src/runtime/scheduler/current_thread/mod.rs:737:68
[INFO] [stdout]   31:     0x59c5347f2efb - tokio::runtime::context::scoped::Scoped<T>::set::h1d4487c98c011a4b
[INFO] [stdout]                                at /opt/rustwide/cargo-home/registry/src/index.crates.io-6f17d22bba15001f/tokio-1.37.0/src/runtime/context/scoped.rs:40:9
[INFO] [stdout]   32:     0x59c5347f9a39 - tokio::runtime::context::set_scheduler::{{closure}}::h701c3e441d963625
[INFO] [stdout]                                at /opt/rustwide/cargo-home/registry/src/index.crates.io-6f17d22bba15001f/tokio-1.37.0/src/runtime/context.rs:176:26
[INFO] [stdout]   33:     0x59c5347f7fad - std::thread::local::LocalKey<T>::try_with::hf7a46f6f1f531a69
[INFO] [stdout]                                at /rustc/90b35a6239c3d8bdabc530a6a0816f7ff89a0aaf/library/std/src/thread/local.rs:283:12
[INFO] [stdout]   34:     0x59c5347f77ba - std::thread::local::LocalKey<T>::with::h567b0ca97065b92b
[INFO] [stdout]                                at /rustc/90b35a6239c3d8bdabc530a6a0816f7ff89a0aaf/library/std/src/thread/local.rs:260:9
[INFO] [stdout]   35:     0x59c5347f99ed - tokio::runtime::context::set_scheduler::hd538f4b83194b6c3
[INFO] [stdout]                                at /opt/rustwide/cargo-home/registry/src/index.crates.io-6f17d22bba15001f/tokio-1.37.0/src/runtime/context.rs:176:9
[INFO] [stdout]   36:     0x59c5347faa50 - tokio::runtime::scheduler::current_thread::CoreGuard::enter::h89cee06c685e769c
[INFO] [stdout]                                at /opt/rustwide/cargo-home/registry/src/index.crates.io-6f17d22bba15001f/tokio-1.37.0/src/runtime/scheduler/current_thread/mod.rs:737:27
[INFO] [stdout]   37:     0x59c5347facc3 - tokio::runtime::scheduler::current_thread::CoreGuard::block_on::ha00554f8788dedaf
[INFO] [stdout]                                at /opt/rustwide/cargo-home/registry/src/index.crates.io-6f17d22bba15001f/tokio-1.37.0/src/runtime/scheduler/current_thread/mod.rs:646:19
[INFO] [stdout]   38:     0x59c5347f9cbd - tokio::runtime::scheduler::current_thread::CurrentThread::block_on::{{closure}}::h2e6c7db0efd6db9b
[INFO] [stdout]                                at /opt/rustwide/cargo-home/registry/src/index.crates.io-6f17d22bba15001f/tokio-1.37.0/src/runtime/scheduler/current_thread/mod.rs:175:28
[INFO] [stdout]   39:     0x59c5347eb6e6 - tokio::runtime::context::runtime::enter_runtime::h62d286c79d991b31
[INFO] [stdout]                                at /opt/rustwide/cargo-home/registry/src/index.crates.io-6f17d22bba15001f/tokio-1.37.0/src/runtime/context/runtime.rs:65:16
[INFO] [stdout]   40:     0x59c5347f9bd1 - tokio::runtime::scheduler::current_thread::CurrentThread::block_on::hd486e13a5e1ab066
[INFO] [stdout]                                at /opt/rustwide/cargo-home/registry/src/index.crates.io-6f17d22bba15001f/tokio-1.37.0/src/runtime/scheduler/current_thread/mod.rs:167:9
[INFO] [stdout]   41:     0x59c53480cc7d - tokio::runtime::runtime::Runtime::block_on::hcc0e8ceb5dee9026
[INFO] [stdout]                                at /opt/rustwide/cargo-home/registry/src/index.crates.io-6f17d22bba15001f/tokio-1.37.0/src/runtime/runtime.rs:349:47
[INFO] [stdout]   42:     0x59c5347ef481 - acadia::utils::llm_requests::tests::test_gpt4::ha714caf03d7c64a0
[INFO] [stdout]                                at /opt/rustwide/workdir/src/utils/llm_requests.rs:204:9
[INFO] [stdout]   43:     0x59c5347ef327 - acadia::utils::llm_requests::tests::test_gpt4::{{closure}}::h9f3a55cf3f6fc960
[INFO] [stdout]                                at /opt/rustwide/workdir/src/utils/llm_requests.rs:196:25
[INFO] [stdout]   44:     0x59c5347e6b06 - core::ops::function::FnOnce::call_once::h174caa3aed06eeaa
[INFO] [stdout]                                at /rustc/90b35a6239c3d8bdabc530a6a0816f7ff89a0aaf/library/core/src/ops/function.rs:250:5
[INFO] [stdout]   45:     0x59c53485100b - core::ops::function::FnOnce::call_once::h109cf8051a59b34e
[INFO] [stdout]                                at /rustc/90b35a6239c3d8bdabc530a6a0816f7ff89a0aaf/library/core/src/ops/function.rs:250:5
[INFO] [stdout]   46:     0x59c53485100b - test::__rust_begin_short_backtrace::hf4fff89d377446ba
[INFO] [stdout]                                at /rustc/90b35a6239c3d8bdabc530a6a0816f7ff89a0aaf/library/test/src/lib.rs:621:18
[INFO] [stdout]   47:     0x59c534850847 - test::run_test_in_process::{{closure}}::h0e39181dd7ee5a43
[INFO] [stdout]                                at /rustc/90b35a6239c3d8bdabc530a6a0816f7ff89a0aaf/library/test/src/lib.rs:644:60
[INFO] [stdout]   48:     0x59c534850847 - <core::panic::unwind_safe::AssertUnwindSafe<F> as core::ops::function::FnOnce<()>>::call_once::hc5a66a30f0bdfd1f
[INFO] [stdout]                                at /rustc/90b35a6239c3d8bdabc530a6a0816f7ff89a0aaf/library/core/src/panic/unwind_safe.rs:272:9
[INFO] [stdout]   49:     0x59c534850847 - std::panicking::try::do_call::h873b7cf639554a5e
[INFO] [stdout]                                at /rustc/90b35a6239c3d8bdabc530a6a0816f7ff89a0aaf/library/std/src/panicking.rs:557:40
[INFO] [stdout]   50:     0x59c534850847 - std::panicking::try::hdb19862fad9c8bd1
[INFO] [stdout]                                at /rustc/90b35a6239c3d8bdabc530a6a0816f7ff89a0aaf/library/std/src/panicking.rs:520:19
[INFO] [stdout]   51:     0x59c534850847 - std::panic::catch_unwind::h281fe732d236d260
[INFO] [stdout]                                at /rustc/90b35a6239c3d8bdabc530a6a0816f7ff89a0aaf/library/std/src/panic.rs:358:14
[INFO] [stdout]   52:     0x59c534850847 - test::run_test_in_process::h949b6df8457ed338
[INFO] [stdout]                                at /rustc/90b35a6239c3d8bdabc530a6a0816f7ff89a0aaf/library/test/src/lib.rs:644:27
[INFO] [stdout]   53:     0x59c534850847 - test::run_test::{{closure}}::h52c556a6d4740e10
[INFO] [stdout]                                at /rustc/90b35a6239c3d8bdabc530a6a0816f7ff89a0aaf/library/test/src/lib.rs:565:43
[INFO] [stdout]   54:     0x59c534815b24 - test::run_test::{{closure}}::h4237f6381c45ccb9
[INFO] [stdout]                                at /rustc/90b35a6239c3d8bdabc530a6a0816f7ff89a0aaf/library/test/src/lib.rs:595:41
[INFO] [stdout]   55:     0x59c534815b24 - std::sys::backtrace::__rust_begin_short_backtrace::h505c97a579eca628
[INFO] [stdout]                                at /rustc/90b35a6239c3d8bdabc530a6a0816f7ff89a0aaf/library/std/src/sys/backtrace.rs:154:18
[INFO] [stdout]   56:     0x59c5348191ee - std::thread::Builder::spawn_unchecked_::{{closure}}::{{closure}}::h9e86b2e2bc107ea3
[INFO] [stdout]                                at /rustc/90b35a6239c3d8bdabc530a6a0816f7ff89a0aaf/library/std/src/thread/mod.rs:538:17
[INFO] [stdout]   57:     0x59c5348191ee - <core::panic::unwind_safe::AssertUnwindSafe<F> as core::ops::function::FnOnce<()>>::call_once::h8b06ddb275ff4a25
[INFO] [stdout]                                at /rustc/90b35a6239c3d8bdabc530a6a0816f7ff89a0aaf/library/core/src/panic/unwind_safe.rs:272:9
[INFO] [stdout]   58:     0x59c5348191ee - std::panicking::try::do_call::hb26ecd7cd9a9355d
[INFO] [stdout]                                at /rustc/90b35a6239c3d8bdabc530a6a0816f7ff89a0aaf/library/std/src/panicking.rs:557:40
[INFO] [stdout]   59:     0x59c5348191ee - std::panicking::try::h8ddeca9d705f9069
[INFO] [stdout]                                at /rustc/90b35a6239c3d8bdabc530a6a0816f7ff89a0aaf/library/std/src/panicking.rs:520:19
[INFO] [stdout]   60:     0x59c5348191ee - std::panic::catch_unwind::h49e1c33078844c46
[INFO] [stdout]                                at /rustc/90b35a6239c3d8bdabc530a6a0816f7ff89a0aaf/library/std/src/panic.rs:358:14
[INFO] [stdout]   61:     0x59c5348191ee - std::thread::Builder::spawn_unchecked_::{{closure}}::h6073db6ff56ad35d
[INFO] [stdout]                                at /rustc/90b35a6239c3d8bdabc530a6a0816f7ff89a0aaf/library/std/src/thread/mod.rs:537:30
[INFO] [stdout]   62:     0x59c5348191ee - core::ops::function::FnOnce::call_once{{vtable.shim}}::h2c5a5f3779c774f1
[INFO] [stdout]                                at /rustc/90b35a6239c3d8bdabc530a6a0816f7ff89a0aaf/library/core/src/ops/function.rs:250:5
[INFO] [stdout]   63:     0x59c534cc999b - <alloc::boxed::Box<F,A> as core::ops::function::FnOnce<Args>>::call_once::hf75717d9f28faebf
[INFO] [stdout]                                at /rustc/90b35a6239c3d8bdabc530a6a0816f7ff89a0aaf/library/alloc/src/boxed.rs:2454:9
[INFO] [stdout]   64:     0x59c534cc999b - <alloc::boxed::Box<F,A> as core::ops::function::FnOnce<Args>>::call_once::h7bd883a5f3c5f3c1
[INFO] [stdout]                                at /rustc/90b35a6239c3d8bdabc530a6a0816f7ff89a0aaf/library/alloc/src/boxed.rs:2454:9
[INFO] [stdout]   65:     0x59c534cc999b - std::sys::pal::unix::thread::Thread::new::thread_start::hcc78f3943333fa94
[INFO] [stdout]                                at /rustc/90b35a6239c3d8bdabc530a6a0816f7ff89a0aaf/library/std/src/sys/pal/unix/thread.rs:105:17
[INFO] [stdout]   66:     0x7d4f18387ac3 - <unknown>
[INFO] [stdout]   67:     0x7d4f18418a04 - clone
[INFO] [stdout]   68:                0x0 - <unknown>
[INFO] [stdout] 
[INFO] [stdout] 
[INFO] [stdout] failures:
[INFO] [stdout]     agents::backend_agent::backend_agent::tests::test_build_backend_code
[INFO] [stdout]     agents::backend_agent::backend_agent::tests::test_generate_backend_code
[INFO] [stdout]     agents::base::development_workflow::tests::test_initiate_workflow
[INFO] [stdout]     agents::manager_agent::manager_agent::tests::create_manager_agent
[INFO] [stdout]     utils::code_generation::tests::test_write_to_file
[INFO] [stdout]     utils::command_line::tests::test_fill_project_details
[INFO] [stdout]     utils::command_line::tests::test_prompt_user_options
[INFO] [stdout]     utils::files_io::tests::test_read_write_code_file
[INFO] [stdout]     utils::llm_requests::tests::test_elaborate_llm_request
[INFO] [stdout]     utils::llm_requests::tests::test_gpt4
[INFO] [stdout]     utils::llm_requests::tests::test_llm_request
[INFO] [stdout] 
[INFO] [stdout] test result: FAILED. 5 passed; 11 failed; 0 ignored; 0 measured; 0 filtered out; finished in 0.09s
[INFO] [stdout] 
[INFO] [stderr] error: test failed, to rerun pass `--bin acadia`
[INFO] running `Command { std: "docker" "inspect" "47773638da79378657f8132419b16600fdad1a0f9efe4441967680a70ef64415", kill_on_drop: false }`
[INFO] running `Command { std: "docker" "rm" "-f" "47773638da79378657f8132419b16600fdad1a0f9efe4441967680a70ef64415", kill_on_drop: false }`
[INFO] [stdout] 47773638da79378657f8132419b16600fdad1a0f9efe4441967680a70ef64415
