[INFO] cloning repository https://github.com/The-Ludwig/Rustvent2024
[INFO] running `Command { std: "git" "-c" "credential.helper=" "-c" "credential.helper=/workspace/cargo-home/bin/git-credential-null" "clone" "--bare" "https://github.com/The-Ludwig/Rustvent2024" "/workspace/cache/git-repos/https%3A%2F%2Fgithub.com%2FThe-Ludwig%2FRustvent2024", kill_on_drop: false }`
[INFO] [stderr] Cloning into bare repository '/workspace/cache/git-repos/https%3A%2F%2Fgithub.com%2FThe-Ludwig%2FRustvent2024'...
[INFO] running `Command { std: "git" "rev-parse" "HEAD", kill_on_drop: false }`
[INFO] [stdout] 1ec45d0e44f6d84cbaf88944d5d352efb69a82f2
[INFO] testing The-Ludwig/Rustvent2024 against 1.83.0 for beta-1.84.0-4-retry
[INFO] running `Command { std: "git" "clone" "/workspace/cache/git-repos/https%3A%2F%2Fgithub.com%2FThe-Ludwig%2FRustvent2024" "/workspace/builds/worker-1-tc1/source", kill_on_drop: false }`
[INFO] [stderr] Cloning into '/workspace/builds/worker-1-tc1/source'...
[INFO] [stderr] done.
[INFO] validating manifest of git repo https://github.com/The-Ludwig/Rustvent2024 on toolchain 1.83.0
[INFO] running `Command { std: CARGO_HOME="/workspace/cargo-home" RUSTUP_HOME="/workspace/rustup-home" "/workspace/cargo-home/bin/cargo" "+1.83.0" "metadata" "--manifest-path" "Cargo.toml" "--no-deps", kill_on_drop: false }`
[INFO] removed /workspace/builds/worker-1-tc1/source/.cargo/config.toml
[INFO] started tweaking git repo https://github.com/The-Ludwig/Rustvent2024
[INFO] finished tweaking git repo https://github.com/The-Ludwig/Rustvent2024
[INFO] tweaked toml for git repo https://github.com/The-Ludwig/Rustvent2024 written to /workspace/builds/worker-1-tc1/source/Cargo.toml
[INFO] crate git repo https://github.com/The-Ludwig/Rustvent2024 already has a lockfile, it will not be regenerated
[INFO] running `Command { std: CARGO_HOME="/workspace/cargo-home" RUSTUP_HOME="/workspace/rustup-home" "/workspace/cargo-home/bin/cargo" "+1.83.0" "fetch" "--manifest-path" "Cargo.toml", kill_on_drop: false }`
[INFO] [stderr]  Downloading crates ...
[INFO] [stderr]   Downloaded curl-sys v0.4.68+curl-8.4.0
[INFO] running `Command { std: "docker" "create" "-v" "/var/lib/crater-agent-workspace/builds/worker-1-tc1/target:/opt/rustwide/target:rw,Z" "-v" "/var/lib/crater-agent-workspace/builds/worker-1-tc1/source:/opt/rustwide/workdir:ro,Z" "-v" "/var/lib/crater-agent-workspace/cargo-home:/opt/rustwide/cargo-home:ro,Z" "-v" "/var/lib/crater-agent-workspace/rustup-home:/opt/rustwide/rustup-home:ro,Z" "-e" "SOURCE_DIR=/opt/rustwide/workdir" "-e" "CARGO_TARGET_DIR=/opt/rustwide/target" "-e" "CARGO_HOME=/opt/rustwide/cargo-home" "-e" "RUSTUP_HOME=/opt/rustwide/rustup-home" "-w" "/opt/rustwide/workdir" "-m" "1610612736" "--user" "0:0" "--network" "none" "ghcr.io/rust-lang/crates-build-env/linux@sha256:f3a9d4ad9d972b27faf3965f35b62e55ba32bbce8f20bc8fe909558a86702fde" "/opt/rustwide/cargo-home/bin/cargo" "+1.83.0" "metadata" "--no-deps" "--format-version=1", kill_on_drop: false }`
[INFO] [stdout] 110f87daccfbb2f2cc94740a9cb8cea2e62382541d76e6ceea8d34994d165418
[INFO] running `Command { std: "docker" "start" "-a" "110f87daccfbb2f2cc94740a9cb8cea2e62382541d76e6ceea8d34994d165418", kill_on_drop: false }`
[INFO] running `Command { std: "docker" "inspect" "110f87daccfbb2f2cc94740a9cb8cea2e62382541d76e6ceea8d34994d165418", kill_on_drop: false }`
[INFO] running `Command { std: "docker" "rm" "-f" "110f87daccfbb2f2cc94740a9cb8cea2e62382541d76e6ceea8d34994d165418", kill_on_drop: false }`
[INFO] [stdout] 110f87daccfbb2f2cc94740a9cb8cea2e62382541d76e6ceea8d34994d165418
[INFO] running `Command { std: "docker" "create" "-v" "/var/lib/crater-agent-workspace/builds/worker-1-tc1/target:/opt/rustwide/target:rw,Z" "-v" "/var/lib/crater-agent-workspace/builds/worker-1-tc1/source:/opt/rustwide/workdir:ro,Z" "-v" "/var/lib/crater-agent-workspace/cargo-home:/opt/rustwide/cargo-home:ro,Z" "-v" "/var/lib/crater-agent-workspace/rustup-home:/opt/rustwide/rustup-home:ro,Z" "-e" "SOURCE_DIR=/opt/rustwide/workdir" "-e" "CARGO_TARGET_DIR=/opt/rustwide/target" "-e" "CARGO_INCREMENTAL=0" "-e" "RUST_BACKTRACE=full" "-e" "RUSTFLAGS=--cap-lints=warn" "-e" "RUSTDOCFLAGS=--cap-lints=warn" "-e" "CARGO_HOME=/opt/rustwide/cargo-home" "-e" "RUSTUP_HOME=/opt/rustwide/rustup-home" "-w" "/opt/rustwide/workdir" "-m" "1610612736" "--user" "0:0" "--network" "none" "ghcr.io/rust-lang/crates-build-env/linux@sha256:f3a9d4ad9d972b27faf3965f35b62e55ba32bbce8f20bc8fe909558a86702fde" "/opt/rustwide/cargo-home/bin/cargo" "+1.83.0" "build" "--frozen" "--message-format=json", kill_on_drop: false }`
[INFO] [stdout] f64a87a1302ab0435d6ff7642a93a493e04a21fd28f0412d292e657af0a23af4
[INFO] running `Command { std: "docker" "start" "-a" "f64a87a1302ab0435d6ff7642a93a493e04a21fd28f0412d292e657af0a23af4", kill_on_drop: false }`
[INFO] [stderr]    Compiling libc v0.2.150
[INFO] [stderr]    Compiling pkg-config v0.3.27
[INFO] [stderr]    Compiling vcpkg v0.2.15
[INFO] [stderr]    Compiling memchr v2.6.4
[INFO] [stderr]    Compiling curl v0.4.44
[INFO] [stderr]    Compiling regex-syntax v0.8.2
[INFO] [stderr]    Compiling openssl-probe v0.1.5
[INFO] [stderr]    Compiling lazy_static v1.4.0
[INFO] [stderr]    Compiling aho-corasick v1.1.2
[INFO] [stderr]    Compiling socket2 v0.4.10
[INFO] [stderr]    Compiling cc v1.0.83
[INFO] [stderr]    Compiling openssl-sys v0.9.96
[INFO] [stderr]    Compiling libz-sys v1.1.12
[INFO] [stderr]    Compiling curl-sys v0.4.68+curl-8.4.0
[INFO] [stderr]    Compiling regex-automata v0.4.3
[INFO] [stderr]    Compiling regex v1.10.2
[INFO] [stderr]    Compiling rustvent2023 v0.1.0 (/opt/rustwide/workdir)
[INFO] [stdout] warning: struct `Map` is never constructed
[INFO] [stdout]   --> src/lib.rs:57:8
[INFO] [stdout]    |
[INFO] [stdout] 57 | struct Map<T> {
[INFO] [stdout]    |        ^^^
[INFO] [stdout]    |
[INFO] [stdout]    = note: `#[warn(dead_code)]` on by default
[INFO] [stdout] 
[INFO] [stdout] 
[INFO] [stdout] warning: associated function `from_str` is never used
[INFO] [stdout]   --> src/lib.rs:64:8
[INFO] [stdout]    |
[INFO] [stdout] 63 | impl<T: TryFrom<char>> Map<T> {
[INFO] [stdout]    | ----------------------------- associated function in this implementation
[INFO] [stdout] 64 |     fn from_str(s: &str) -> Map<T> {
[INFO] [stdout]    |        ^^^^^^^^
[INFO] [stdout] 
[INFO] [stdout] 
[INFO] [stdout] warning: methods `get_index`, `get`, and `get_mut` are never used
[INFO] [stdout]   --> src/lib.rs:84:8
[INFO] [stdout]    |
[INFO] [stdout] 83 | impl<T> Map<T> {
[INFO] [stdout]    | -------------- methods in this implementation
[INFO] [stdout] 84 |     fn get_index(&self, pos: &Pos) -> Option<usize> {
[INFO] [stdout]    |        ^^^^^^^^^
[INFO] [stdout] ...
[INFO] [stdout] 91 |     fn get(&self, pos: &Pos) -> Option<&T> {
[INFO] [stdout]    |        ^^^
[INFO] [stdout] ...
[INFO] [stdout] 95 |     fn get_mut(&mut self, pos: &Pos) -> Option<&mut T> {
[INFO] [stdout]    |        ^^^^^^^
[INFO] [stdout] 
[INFO] [stdout] 
[INFO] [stdout] warning: unused import: `RangeBounds`
[INFO] [stdout]  --> src/bin/day05.rs:3:23
[INFO] [stdout]   |
[INFO] [stdout] 3 | use std::ops::{Range, RangeBounds};
[INFO] [stdout]   |                       ^^^^^^^^^^^
[INFO] [stdout]   |
[INFO] [stdout]   = note: `#[warn(unused_imports)]` on by default
[INFO] [stdout] 
[INFO] [stdout] 
[INFO] [stdout] warning: unused imports: `From` and `TryFrom`
[INFO] [stdout]  --> src/bin/day11.rs:2:20
[INFO] [stdout]   |
[INFO] [stdout] 2 | use std::convert::{From, Into, TryFrom};
[INFO] [stdout]   |                    ^^^^        ^^^^^^^
[INFO] [stdout]   |
[INFO] [stdout]   = note: `#[warn(unused_imports)]` on by default
[INFO] [stdout] 
[INFO] [stdout] 
[INFO] [stdout] warning: unused import: `std::fmt`
[INFO] [stdout]  --> src/bin/day11.rs:3:5
[INFO] [stdout]   |
[INFO] [stdout] 3 | use std::fmt;
[INFO] [stdout]   |     ^^^^^^^^
[INFO] [stdout] 
[INFO] [stdout] 
[INFO] [stdout] warning: unreachable statement
[INFO] [stdout]    --> src/bin/day08.rs:210:5
[INFO] [stdout]     |
[INFO] [stdout] 208 |     return Ok(());
[INFO] [stdout]     |     ------------- any code following this expression is unreachable
[INFO] [stdout] 209 |
[INFO] [stdout] 210 |     let now = time::Instant::now();
[INFO] [stdout]     |     ^^^^^^^^^^^^^^^^^^^^^^^^^^^^^^^ unreachable statement
[INFO] [stdout]     |
[INFO] [stdout]     = note: `#[warn(unreachable_code)]` on by default
[INFO] [stdout] 
[INFO] [stdout] 
[INFO] [stdout] warning: unused import: `Card2::*`
[INFO] [stdout]    --> src/bin/day07.rs:251:9
[INFO] [stdout]     |
[INFO] [stdout] 251 |     use Card2::*;
[INFO] [stdout]     |         ^^^^^^^^
[INFO] [stdout]     |
[INFO] [stdout]     = note: `#[warn(unused_imports)]` on by default
[INFO] [stdout] 
[INFO] [stdout] 
[INFO] [stdout] warning: unused variable: `other`
[INFO] [stdout]    --> src/bin/day07.rs:113:19
[INFO] [stdout]     |
[INFO] [stdout] 113 |     fn cmp(&self, other: &AllwaysEqual<T>) -> Ordering {
[INFO] [stdout]     |                   ^^^^^ help: if this is intentional, prefix it with an underscore: `_other`
[INFO] [stdout]     |
[INFO] [stdout]     = note: `#[warn(unused_variables)]` on by default
[INFO] [stdout] 
[INFO] [stdout] 
[INFO] [stdout] warning: unused import: `lazy_static::lazy_static`
[INFO] [stdout]  --> src/bin/day09.rs:1:5
[INFO] [stdout]   |
[INFO] [stdout] 1 | use lazy_static::lazy_static;
[INFO] [stdout]   |     ^^^^^^^^^^^^^^^^^^^^^^^^
[INFO] [stdout]   |
[INFO] [stdout]   = note: `#[warn(unused_imports)]` on by default
[INFO] [stdout] 
[INFO] [stdout] 
[INFO] [stdout] warning: unused import: `regex::Regex`
[INFO] [stdout]  --> src/bin/day09.rs:2:5
[INFO] [stdout]   |
[INFO] [stdout] 2 | use regex::Regex;
[INFO] [stdout]   |     ^^^^^^^^^^^^
[INFO] [stdout] 
[INFO] [stdout] 
[INFO] [stdout] warning: unused import: `std::collections::HashMap`
[INFO] [stdout]  --> src/bin/day09.rs:4:5
[INFO] [stdout]   |
[INFO] [stdout] 4 | use std::collections::HashMap;
[INFO] [stdout]   |     ^^^^^^^^^^^^^^^^^^^^^^^^^
[INFO] [stdout] 
[INFO] [stdout] 
[INFO] [stdout] warning: unused import: `usize`
[INFO] [stdout]  --> src/bin/day09.rs:5:17
[INFO] [stdout]   |
[INFO] [stdout] 5 | use std::{time, usize};
[INFO] [stdout]   |                 ^^^^^
[INFO] [stdout] 
[INFO] [stdout] 
[INFO] [stdout] warning: unused import: `std::fmt`
[INFO] [stdout]  --> src/bin/day02.rs:6:5
[INFO] [stdout]   |
[INFO] [stdout] 6 | use std::fmt;
[INFO] [stdout]   |     ^^^^^^^^
[INFO] [stdout]   |
[INFO] [stdout]   = note: `#[warn(unused_imports)]` on by default
[INFO] [stdout] 
[INFO] [stdout] 
[INFO] [stdout] warning: unused variable: `cap`
[INFO] [stdout]   --> src/bin/day02.rs:33:13
[INFO] [stdout]    |
[INFO] [stdout] 33 |         let cap = RE.captures(s).ok_or("Not a valid box description")?;
[INFO] [stdout]    |             ^^^ help: if this is intentional, prefix it with an underscore: `_cap`
[INFO] [stdout]    |
[INFO] [stdout]    = note: `#[warn(unused_variables)]` on by default
[INFO] [stdout] 
[INFO] [stdout] 
[INFO] [stdout] warning: associated function `from_str` is never used
[INFO] [stdout]    --> src/bin/day10.rs:124:8
[INFO] [stdout]     |
[INFO] [stdout] 123 | impl<T: TryFrom<char>> Map<T> {
[INFO] [stdout]     | ----------------------------- associated function in this implementation
[INFO] [stdout] 124 |     fn from_str(s: &str) -> Map<T> {
[INFO] [stdout]     |        ^^^^^^^^
[INFO] [stdout]     |
[INFO] [stdout]     = note: `#[warn(dead_code)]` on by default
[INFO] [stdout] 
[INFO] [stdout] 
[INFO] [stderr]     Finished `dev` profile [unoptimized + debuginfo] target(s) in 32.10s
[INFO] running `Command { std: "docker" "inspect" "f64a87a1302ab0435d6ff7642a93a493e04a21fd28f0412d292e657af0a23af4", kill_on_drop: false }`
[INFO] running `Command { std: "docker" "rm" "-f" "f64a87a1302ab0435d6ff7642a93a493e04a21fd28f0412d292e657af0a23af4", kill_on_drop: false }`
[INFO] [stdout] f64a87a1302ab0435d6ff7642a93a493e04a21fd28f0412d292e657af0a23af4
[INFO] running `Command { std: "docker" "create" "-v" "/var/lib/crater-agent-workspace/builds/worker-1-tc1/target:/opt/rustwide/target:rw,Z" "-v" "/var/lib/crater-agent-workspace/builds/worker-1-tc1/source:/opt/rustwide/workdir:ro,Z" "-v" "/var/lib/crater-agent-workspace/cargo-home:/opt/rustwide/cargo-home:ro,Z" "-v" "/var/lib/crater-agent-workspace/rustup-home:/opt/rustwide/rustup-home:ro,Z" "-e" "SOURCE_DIR=/opt/rustwide/workdir" "-e" "CARGO_TARGET_DIR=/opt/rustwide/target" "-e" "CARGO_INCREMENTAL=0" "-e" "RUST_BACKTRACE=full" "-e" "RUSTFLAGS=--cap-lints=warn" "-e" "RUSTDOCFLAGS=--cap-lints=warn" "-e" "CARGO_HOME=/opt/rustwide/cargo-home" "-e" "RUSTUP_HOME=/opt/rustwide/rustup-home" "-w" "/opt/rustwide/workdir" "-m" "1610612736" "--user" "0:0" "--network" "none" "ghcr.io/rust-lang/crates-build-env/linux@sha256:f3a9d4ad9d972b27faf3965f35b62e55ba32bbce8f20bc8fe909558a86702fde" "/opt/rustwide/cargo-home/bin/cargo" "+1.83.0" "test" "--frozen" "--no-run" "--message-format=json", kill_on_drop: false }`
[INFO] [stdout] cef92ade2df1b4b56a545f8c5e5e71afe3ebaf0d0e4e5c3647a87642b5e895a0
[INFO] running `Command { std: "docker" "start" "-a" "cef92ade2df1b4b56a545f8c5e5e71afe3ebaf0d0e4e5c3647a87642b5e895a0", kill_on_drop: false }`
[INFO] [stdout] warning: struct `Map` is never constructed
[INFO] [stdout]   --> src/lib.rs:57:8
[INFO] [stdout]    |
[INFO] [stdout] 57 | struct Map<T> {
[INFO] [stdout]    |        ^^^
[INFO] [stdout]    |
[INFO] [stdout]    = note: `#[warn(dead_code)]` on by default
[INFO] [stdout] 
[INFO] [stdout] 
[INFO] [stdout] warning: associated function `from_str` is never used
[INFO] [stdout]   --> src/lib.rs:64:8
[INFO] [stdout]    |
[INFO] [stdout] 63 | impl<T: TryFrom<char>> Map<T> {
[INFO] [stdout]    | ----------------------------- associated function in this implementation
[INFO] [stdout] 64 |     fn from_str(s: &str) -> Map<T> {
[INFO] [stdout]    |        ^^^^^^^^
[INFO] [stdout] 
[INFO] [stdout] 
[INFO] [stdout] warning: methods `get_index`, `get`, and `get_mut` are never used
[INFO] [stdout]   --> src/lib.rs:84:8
[INFO] [stdout]    |
[INFO] [stdout] 83 | impl<T> Map<T> {
[INFO] [stdout]    | -------------- methods in this implementation
[INFO] [stdout] 84 |     fn get_index(&self, pos: &Pos) -> Option<usize> {
[INFO] [stdout]    |        ^^^^^^^^^
[INFO] [stdout] ...
[INFO] [stdout] 91 |     fn get(&self, pos: &Pos) -> Option<&T> {
[INFO] [stdout]    |        ^^^
[INFO] [stdout] ...
[INFO] [stdout] 95 |     fn get_mut(&mut self, pos: &Pos) -> Option<&mut T> {
[INFO] [stdout]    |        ^^^^^^^
[INFO] [stdout] 
[INFO] [stdout] 
[INFO] [stderr]    Compiling rustvent2023 v0.1.0 (/opt/rustwide/workdir)
[INFO] [stdout] warning: unused import: `lazy_static::lazy_static`
[INFO] [stdout]  --> src/bin/day09.rs:1:5
[INFO] [stdout]   |
[INFO] [stdout] 1 | use lazy_static::lazy_static;
[INFO] [stdout]   |     ^^^^^^^^^^^^^^^^^^^^^^^^
[INFO] [stdout]   |
[INFO] [stdout]   = note: `#[warn(unused_imports)]` on by default
[INFO] [stdout] 
[INFO] [stdout] 
[INFO] [stdout] warning: unused import: `regex::Regex`
[INFO] [stdout]  --> src/bin/day09.rs:2:5
[INFO] [stdout]   |
[INFO] [stdout] 2 | use regex::Regex;
[INFO] [stdout]   |     ^^^^^^^^^^^^
[INFO] [stdout] 
[INFO] [stdout] 
[INFO] [stdout] warning: unused import: `std::collections::HashMap`
[INFO] [stdout]  --> src/bin/day09.rs:4:5
[INFO] [stdout]   |
[INFO] [stdout] 4 | use std::collections::HashMap;
[INFO] [stdout]   |     ^^^^^^^^^^^^^^^^^^^^^^^^^
[INFO] [stdout] 
[INFO] [stdout] 
[INFO] [stdout] warning: unused import: `usize`
[INFO] [stdout]  --> src/bin/day09.rs:5:17
[INFO] [stdout]   |
[INFO] [stdout] 5 | use std::{time, usize};
[INFO] [stdout]   |                 ^^^^^
[INFO] [stdout] 
[INFO] [stdout] 
[INFO] [stdout] warning: unused import: `RangeBounds`
[INFO] [stdout]  --> src/bin/day05.rs:3:23
[INFO] [stdout]   |
[INFO] [stdout] 3 | use std::ops::{Range, RangeBounds};
[INFO] [stdout]   |                       ^^^^^^^^^^^
[INFO] [stdout]   |
[INFO] [stdout]   = note: `#[warn(unused_imports)]` on by default
[INFO] [stdout] 
[INFO] [stdout] 
[INFO] [stdout] warning: struct `Map` is never constructed
[INFO] [stdout]   --> src/lib.rs:57:8
[INFO] [stdout]    |
[INFO] [stdout] 57 | struct Map<T> {
[INFO] [stdout]    |        ^^^
[INFO] [stdout]    |
[INFO] [stdout]    = note: `#[warn(dead_code)]` on by default
[INFO] [stdout] 
[INFO] [stdout] 
[INFO] [stdout] warning: associated function `from_str` is never used
[INFO] [stdout]   --> src/lib.rs:64:8
[INFO] [stdout]    |
[INFO] [stdout] 63 | impl<T: TryFrom<char>> Map<T> {
[INFO] [stdout]    | ----------------------------- associated function in this implementation
[INFO] [stdout] 64 |     fn from_str(s: &str) -> Map<T> {
[INFO] [stdout]    |        ^^^^^^^^
[INFO] [stdout] 
[INFO] [stdout] 
[INFO] [stdout] warning: methods `get_index`, `get`, and `get_mut` are never used
[INFO] [stdout]   --> src/lib.rs:84:8
[INFO] [stdout]    |
[INFO] [stdout] 83 | impl<T> Map<T> {
[INFO] [stdout]    | -------------- methods in this implementation
[INFO] [stdout] 84 |     fn get_index(&self, pos: &Pos) -> Option<usize> {
[INFO] [stdout]    |        ^^^^^^^^^
[INFO] [stdout] ...
[INFO] [stdout] 91 |     fn get(&self, pos: &Pos) -> Option<&T> {
[INFO] [stdout]    |        ^^^
[INFO] [stdout] ...
[INFO] [stdout] 95 |     fn get_mut(&mut self, pos: &Pos) -> Option<&mut T> {
[INFO] [stdout]    |        ^^^^^^^
[INFO] [stdout] 
[INFO] [stdout] 
[INFO] [stdout] warning: unreachable statement
[INFO] [stdout]    --> src/bin/day08.rs:210:5
[INFO] [stdout]     |
[INFO] [stdout] 208 |     return Ok(());
[INFO] [stdout]     |     ------------- any code following this expression is unreachable
[INFO] [stdout] 209 |
[INFO] [stdout] 210 |     let now = time::Instant::now();
[INFO] [stdout]     |     ^^^^^^^^^^^^^^^^^^^^^^^^^^^^^^^ unreachable statement
[INFO] [stdout]     |
[INFO] [stdout]     = note: `#[warn(unreachable_code)]` on by default
[INFO] [stdout] 
[INFO] [stdout] 
[INFO] [stdout] warning: associated function `from_str` is never used
[INFO] [stdout]    --> src/bin/day10.rs:124:8
[INFO] [stdout]     |
[INFO] [stdout] 123 | impl<T: TryFrom<char>> Map<T> {
[INFO] [stdout]     | ----------------------------- associated function in this implementation
[INFO] [stdout] 124 |     fn from_str(s: &str) -> Map<T> {
[INFO] [stdout]     |        ^^^^^^^^
[INFO] [stdout]     |
[INFO] [stdout]     = note: `#[warn(dead_code)]` on by default
[INFO] [stdout] 
[INFO] [stdout] 
[INFO] [stdout] warning: unused imports: `From` and `TryFrom`
[INFO] [stdout]  --> src/bin/day11.rs:2:20
[INFO] [stdout]   |
[INFO] [stdout] 2 | use std::convert::{From, Into, TryFrom};
[INFO] [stdout]   |                    ^^^^        ^^^^^^^
[INFO] [stdout]   |
[INFO] [stdout]   = note: `#[warn(unused_imports)]` on by default
[INFO] [stdout] 
[INFO] [stdout] 
[INFO] [stdout] warning: unused import: `std::fmt`
[INFO] [stdout]  --> src/bin/day11.rs:3:5
[INFO] [stdout]   |
[INFO] [stdout] 3 | use std::fmt;
[INFO] [stdout]   |     ^^^^^^^^
[INFO] [stdout] 
[INFO] [stdout] 
[INFO] [stdout] warning: unused import: `std::fmt`
[INFO] [stdout]  --> src/bin/day02.rs:6:5
[INFO] [stdout]   |
[INFO] [stdout] 6 | use std::fmt;
[INFO] [stdout]   |     ^^^^^^^^
[INFO] [stdout]   |
[INFO] [stdout]   = note: `#[warn(unused_imports)]` on by default
[INFO] [stdout] 
[INFO] [stdout] 
[INFO] [stdout] warning: unused import: `Card2::*`
[INFO] [stdout]    --> src/bin/day07.rs:251:9
[INFO] [stdout]     |
[INFO] [stdout] 251 |     use Card2::*;
[INFO] [stdout]     |         ^^^^^^^^
[INFO] [stdout]     |
[INFO] [stdout]     = note: `#[warn(unused_imports)]` on by default
[INFO] [stdout] 
[INFO] [stdout] 
[INFO] [stdout] warning: unused variable: `cap`
[INFO] [stdout]   --> src/bin/day02.rs:33:13
[INFO] [stdout]    |
[INFO] [stdout] 33 |         let cap = RE.captures(s).ok_or("Not a valid box description")?;
[INFO] [stdout]    |             ^^^ help: if this is intentional, prefix it with an underscore: `_cap`
[INFO] [stdout]    |
[INFO] [stdout]    = note: `#[warn(unused_variables)]` on by default
[INFO] [stdout] 
[INFO] [stdout] 
[INFO] [stdout] warning: unused variable: `other`
[INFO] [stdout]    --> src/bin/day07.rs:113:19
[INFO] [stdout]     |
[INFO] [stdout] 113 |     fn cmp(&self, other: &AllwaysEqual<T>) -> Ordering {
[INFO] [stdout]     |                   ^^^^^ help: if this is intentional, prefix it with an underscore: `_other`
[INFO] [stdout]     |
[INFO] [stdout]     = note: `#[warn(unused_variables)]` on by default
[INFO] [stdout] 
[INFO] [stdout] 
[INFO] [stderr]     Finished `test` profile [unoptimized + debuginfo] target(s) in 11.46s
[INFO] running `Command { std: "docker" "inspect" "cef92ade2df1b4b56a545f8c5e5e71afe3ebaf0d0e4e5c3647a87642b5e895a0", kill_on_drop: false }`
[INFO] running `Command { std: "docker" "rm" "-f" "cef92ade2df1b4b56a545f8c5e5e71afe3ebaf0d0e4e5c3647a87642b5e895a0", kill_on_drop: false }`
[INFO] [stdout] cef92ade2df1b4b56a545f8c5e5e71afe3ebaf0d0e4e5c3647a87642b5e895a0
[INFO] running `Command { std: "docker" "create" "-v" "/var/lib/crater-agent-workspace/builds/worker-1-tc1/target:/opt/rustwide/target:rw,Z" "-v" "/var/lib/crater-agent-workspace/builds/worker-1-tc1/source:/opt/rustwide/workdir:ro,Z" "-v" "/var/lib/crater-agent-workspace/cargo-home:/opt/rustwide/cargo-home:ro,Z" "-v" "/var/lib/crater-agent-workspace/rustup-home:/opt/rustwide/rustup-home:ro,Z" "-e" "SOURCE_DIR=/opt/rustwide/workdir" "-e" "CARGO_TARGET_DIR=/opt/rustwide/target" "-e" "CARGO_INCREMENTAL=0" "-e" "RUST_BACKTRACE=full" "-e" "RUSTFLAGS=--cap-lints=warn" "-e" "RUSTDOCFLAGS=--cap-lints=warn" "-e" "CARGO_HOME=/opt/rustwide/cargo-home" "-e" "RUSTUP_HOME=/opt/rustwide/rustup-home" "-w" "/opt/rustwide/workdir" "-m" "1610612736" "--user" "0:0" "--network" "none" "ghcr.io/rust-lang/crates-build-env/linux@sha256:f3a9d4ad9d972b27faf3965f35b62e55ba32bbce8f20bc8fe909558a86702fde" "/opt/rustwide/cargo-home/bin/cargo" "+1.83.0" "test" "--frozen", kill_on_drop: false }`
[INFO] [stdout] 3bd9d25449d303a3c5cae2053f1d508b02cd4e7d9b106c0d7285486509f957f9
[INFO] running `Command { std: "docker" "start" "-a" "3bd9d25449d303a3c5cae2053f1d508b02cd4e7d9b106c0d7285486509f957f9", kill_on_drop: false }`
[INFO] [stderr] warning: struct `Map` is never constructed
[INFO] [stderr]   --> src/lib.rs:57:8
[INFO] [stderr]    |
[INFO] [stderr] 57 | struct Map<T> {
[INFO] [stderr]    |        ^^^
[INFO] [stderr]    |
[INFO] [stderr]    = note: `#[warn(dead_code)]` on by default
[INFO] [stderr] 
[INFO] [stderr] warning: associated function `from_str` is never used
[INFO] [stderr]   --> src/lib.rs:64:8
[INFO] [stderr]    |
[INFO] [stderr] 63 | impl<T: TryFrom<char>> Map<T> {
[INFO] [stderr]    | ----------------------------- associated function in this implementation
[INFO] [stderr] 64 |     fn from_str(s: &str) -> Map<T> {
[INFO] [stderr]    |        ^^^^^^^^
[INFO] [stderr] 
[INFO] [stderr] warning: methods `get_index`, `get`, and `get_mut` are never used
[INFO] [stderr]   --> src/lib.rs:84:8
[INFO] [stderr]    |
[INFO] [stderr] 83 | impl<T> Map<T> {
[INFO] [stderr]    | -------------- methods in this implementation
[INFO] [stderr] 84 |     fn get_index(&self, pos: &Pos) -> Option<usize> {
[INFO] [stderr]    |        ^^^^^^^^^
[INFO] [stderr] ...
[INFO] [stderr] 91 |     fn get(&self, pos: &Pos) -> Option<&T> {
[INFO] [stderr]    |        ^^^
[INFO] [stderr] ...
[INFO] [stderr] 95 |     fn get_mut(&mut self, pos: &Pos) -> Option<&mut T> {
[INFO] [stderr]    |        ^^^^^^^
[INFO] [stderr] 
[INFO] [stderr] warning: `rustvent2023` (lib) generated 3 warnings
[INFO] [stderr] warning: unreachable statement
[INFO] [stderr]    --> src/bin/day08.rs:210:5
[INFO] [stderr]     |
[INFO] [stderr] 208 |     return Ok(());
[INFO] [stderr]     |     ------------- any code following this expression is unreachable
[INFO] [stderr] 209 |
[INFO] [stderr] 210 |     let now = time::Instant::now();
[INFO] [stderr]     |     ^^^^^^^^^^^^^^^^^^^^^^^^^^^^^^^ unreachable statement
[INFO] [stderr]     |
[INFO] [stderr]     = note: `#[warn(unreachable_code)]` on by default
[INFO] [stderr] 
[INFO] [stderr] warning: `rustvent2023` (bin "day08" test) generated 1 warning
[INFO] [stderr] warning: unused import: `lazy_static::lazy_static`
[INFO] [stderr]  --> src/bin/day09.rs:1:5
[INFO] [stderr]   |
[INFO] [stderr] 1 | use lazy_static::lazy_static;
[INFO] [stderr]   |     ^^^^^^^^^^^^^^^^^^^^^^^^
[INFO] [stderr]   |
[INFO] [stderr]   = note: `#[warn(unused_imports)]` on by default
[INFO] [stderr] 
[INFO] [stderr] warning: unused import: `regex::Regex`
[INFO] [stderr]  --> src/bin/day09.rs:2:5
[INFO] [stderr]   |
[INFO] [stderr] 2 | use regex::Regex;
[INFO] [stderr]   |     ^^^^^^^^^^^^
[INFO] [stderr] 
[INFO] [stderr] warning: unused import: `std::collections::HashMap`
[INFO] [stderr]  --> src/bin/day09.rs:4:5
[INFO] [stderr]   |
[INFO] [stderr] 4 | use std::collections::HashMap;
[INFO] [stderr]   |     ^^^^^^^^^^^^^^^^^^^^^^^^^
[INFO] [stderr] 
[INFO] [stderr] warning: unused import: `usize`
[INFO] [stderr]  --> src/bin/day09.rs:5:17
[INFO] [stderr]   |
[INFO] [stderr] 5 | use std::{time, usize};
[INFO] [stderr]   |                 ^^^^^
[INFO] [stderr] 
[INFO] [stderr] warning: `rustvent2023` (bin "day09" test) generated 4 warnings (run `cargo fix --bin "day09" --tests` to apply 4 suggestions)
[INFO] [stderr] warning: unused import: `RangeBounds`
[INFO] [stderr]  --> src/bin/day05.rs:3:23
[INFO] [stderr]   |
[INFO] [stderr] 3 | use std::ops::{Range, RangeBounds};
[INFO] [stderr]   |                       ^^^^^^^^^^^
[INFO] [stderr]   |
[INFO] [stderr]   = note: `#[warn(unused_imports)]` on by default
[INFO] [stderr] 
[INFO] [stderr] warning: `rustvent2023` (bin "day05" test) generated 1 warning
[INFO] [stderr] warning: unused imports: `From` and `TryFrom`
[INFO] [stderr]  --> src/bin/day11.rs:2:20
[INFO] [stderr]   |
[INFO] [stderr] 2 | use std::convert::{From, Into, TryFrom};
[INFO] [stderr]   |                    ^^^^        ^^^^^^^
[INFO] [stderr]   |
[INFO] [stderr]   = note: `#[warn(unused_imports)]` on by default
[INFO] [stderr] 
[INFO] [stderr] warning: unused import: `std::fmt`
[INFO] [stderr]  --> src/bin/day11.rs:3:5
[INFO] [stderr]   |
[INFO] [stderr] 3 | use std::fmt;
[INFO] [stderr]   |     ^^^^^^^^
[INFO] [stderr] 
[INFO] [stderr] warning: `rustvent2023` (bin "day11" test) generated 2 warnings (run `cargo fix --bin "day11" --tests` to apply 2 suggestions)
[INFO] [stderr] warning: unused import: `Card2::*`
[INFO] [stderr]    --> src/bin/day07.rs:251:9
[INFO] [stderr]     |
[INFO] [stderr] 251 |     use Card2::*;
[INFO] [stderr]     |         ^^^^^^^^
[INFO] [stderr]     |
[INFO] [stderr]     = note: `#[warn(unused_imports)]` on by default
[INFO] [stderr] 
[INFO] [stderr] warning: unused variable: `other`
[INFO] [stderr]    --> src/bin/day07.rs:113:19
[INFO] [stderr]     |
[INFO] [stderr] 113 |     fn cmp(&self, other: &AllwaysEqual<T>) -> Ordering {
[INFO] [stderr]     |                   ^^^^^ help: if this is intentional, prefix it with an underscore: `_other`
[INFO] [stderr]     |
[INFO] [stderr]     = note: `#[warn(unused_variables)]` on by default
[INFO] [stderr] 
[INFO] [stderr] warning: `rustvent2023` (bin "day07" test) generated 2 warnings (run `cargo fix --bin "day07" --tests` to apply 1 suggestion)
[INFO] [stderr] warning: associated function `from_str` is never used
[INFO] [stderr]    --> src/bin/day10.rs:124:8
[INFO] [stderr]     |
[INFO] [stderr] 123 | impl<T: TryFrom<char>> Map<T> {
[INFO] [stderr]     | ----------------------------- associated function in this implementation
[INFO] [stderr] 124 |     fn from_str(s: &str) -> Map<T> {
[INFO] [stderr]     |        ^^^^^^^^
[INFO] [stderr]     |
[INFO] [stderr]     = note: `#[warn(dead_code)]` on by default
[INFO] [stderr] 
[INFO] [stderr] warning: `rustvent2023` (bin "day10" test) generated 1 warning
[INFO] [stderr] warning: unused import: `std::fmt`
[INFO] [stderr]  --> src/bin/day02.rs:6:5
[INFO] [stderr]   |
[INFO] [stderr] 6 | use std::fmt;
[INFO] [stderr]   |     ^^^^^^^^
[INFO] [stderr]   |
[INFO] [stderr]   = note: `#[warn(unused_imports)]` on by default
[INFO] [stderr] 
[INFO] [stderr] warning: unused variable: `cap`
[INFO] [stderr]   --> src/bin/day02.rs:33:13
[INFO] [stderr]    |
[INFO] [stderr] 33 |         let cap = RE.captures(s).ok_or("Not a valid box description")?;
[INFO] [stderr]    |             ^^^ help: if this is intentional, prefix it with an underscore: `_cap`
[INFO] [stderr]    |
[INFO] [stderr]    = note: `#[warn(unused_variables)]` on by default
[INFO] [stderr] 
[INFO] [stderr] warning: `rustvent2023` (bin "day02" test) generated 2 warnings (run `cargo fix --bin "day02" --tests` to apply 1 suggestion)
[INFO] [stderr] warning: `rustvent2023` (lib test) generated 3 warnings (3 duplicates)
[INFO] [stderr]     Finished `test` profile [unoptimized + debuginfo] target(s) in 0.04s
[INFO] [stderr]      Running unittests src/lib.rs (/opt/rustwide/target/debug/deps/rustvent2023-9e405ad8d996a573)
[INFO] [stdout] 
[INFO] [stdout] running 1 test
[INFO] [stdout] test tests::test_input ... FAILED
[INFO] [stdout] 
[INFO] [stdout] failures:
[INFO] [stdout] 
[INFO] [stdout] ---- tests::test_input stdout ----
[INFO] [stdout] thread 'tests::test_input' panicked at src/lib.rs:19:37:
[INFO] [stdout] You must put your session key in '.session'
[INFO] [stdout] stack backtrace:
[INFO] [stdout]    0:     0x55db46d7999a - std::backtrace_rs::backtrace::libunwind::trace::h5a5b8284f2d0c266
[INFO] [stdout]                                at /rustc/90b35a6239c3d8bdabc530a6a0816f7ff89a0aaf/library/std/src/../../backtrace/src/backtrace/libunwind.rs:116:5
[INFO] [stdout]    1:     0x55db46d7999a - std::backtrace_rs::backtrace::trace_unsynchronized::h76d4f1c9b0b875e3
[INFO] [stdout]                                at /rustc/90b35a6239c3d8bdabc530a6a0816f7ff89a0aaf/library/std/src/../../backtrace/src/backtrace/mod.rs:66:5
[INFO] [stdout]    2:     0x55db46d7999a - std::sys::backtrace::_print_fmt::hc4546b8364a537c6
[INFO] [stdout]                                at /rustc/90b35a6239c3d8bdabc530a6a0816f7ff89a0aaf/library/std/src/sys/backtrace.rs:66:9
[INFO] [stdout]    3:     0x55db46d7999a - <std::sys::backtrace::BacktraceLock::print::DisplayBacktrace as core::fmt::Display>::fmt::h5b6bd5631a6d1f6b
[INFO] [stdout]                                at /rustc/90b35a6239c3d8bdabc530a6a0816f7ff89a0aaf/library/std/src/sys/backtrace.rs:39:26
[INFO] [stdout]    4:     0x55db46d9f023 - core::fmt::rt::Argument::fmt::h270f6602a2b96f62
[INFO] [stdout]                                at /rustc/90b35a6239c3d8bdabc530a6a0816f7ff89a0aaf/library/core/src/fmt/rt.rs:177:76
[INFO] [stdout]    5:     0x55db46d9f023 - core::fmt::write::h7550c97b06c86515
[INFO] [stdout]                                at /rustc/90b35a6239c3d8bdabc530a6a0816f7ff89a0aaf/library/core/src/fmt/mod.rs:1186:21
[INFO] [stdout]    6:     0x55db46d76b53 - std::io::Write::write_fmt::h509ff860e5956e5e
[INFO] [stdout]                                at /rustc/90b35a6239c3d8bdabc530a6a0816f7ff89a0aaf/library/std/src/io/mod.rs:1839:15
[INFO] [stdout]    7:     0x55db46d797e2 - std::sys::backtrace::BacktraceLock::print::h2395ccd2c84ba3aa
[INFO] [stdout]                                at /rustc/90b35a6239c3d8bdabc530a6a0816f7ff89a0aaf/library/std/src/sys/backtrace.rs:42:9
[INFO] [stdout]    8:     0x55db46d7adfa - std::panicking::default_hook::{{closure}}::he19d4c7230e07961
[INFO] [stdout]                                at /rustc/90b35a6239c3d8bdabc530a6a0816f7ff89a0aaf/library/std/src/panicking.rs:268:22
[INFO] [stdout]    9:     0x55db46d7ac04 - std::panicking::default_hook::hf614597d3c67bbdb
[INFO] [stdout]                                at /rustc/90b35a6239c3d8bdabc530a6a0816f7ff89a0aaf/library/std/src/panicking.rs:292:9
[INFO] [stdout]   10:     0x55db46d34b99 - <alloc::boxed::Box<F,A> as core::ops::function::Fn<Args>>::call::h39b51ce4599c23d1
[INFO] [stdout]                                at /rustc/90b35a6239c3d8bdabc530a6a0816f7ff89a0aaf/library/alloc/src/boxed.rs:2468:9
[INFO] [stdout]   11:     0x55db46d34b99 - test::test_main::{{closure}}::he977ae839a582784
[INFO] [stdout]                                at /rustc/90b35a6239c3d8bdabc530a6a0816f7ff89a0aaf/library/test/src/lib.rs:133:21
[INFO] [stdout]   12:     0x55db46d7b498 - <alloc::boxed::Box<F,A> as core::ops::function::Fn<Args>>::call::h9455091b6b06f9fb
[INFO] [stdout]                                at /rustc/90b35a6239c3d8bdabc530a6a0816f7ff89a0aaf/library/alloc/src/boxed.rs:2468:9
[INFO] [stdout]   13:     0x55db46d7b498 - std::panicking::rust_panic_with_hook::h8942133a8b252070
[INFO] [stdout]                                at /rustc/90b35a6239c3d8bdabc530a6a0816f7ff89a0aaf/library/std/src/panicking.rs:809:13
[INFO] [stdout]   14:     0x55db46d7b226 - std::panicking::begin_panic_handler::{{closure}}::hb5f5963570096b29
[INFO] [stdout]                                at /rustc/90b35a6239c3d8bdabc530a6a0816f7ff89a0aaf/library/std/src/panicking.rs:667:13
[INFO] [stdout]   15:     0x55db46d79e79 - std::sys::backtrace::__rust_end_short_backtrace::h6208cedc1922feda
[INFO] [stdout]                                at /rustc/90b35a6239c3d8bdabc530a6a0816f7ff89a0aaf/library/std/src/sys/backtrace.rs:170:18
[INFO] [stdout]   16:     0x55db46d7aeec - rust_begin_unwind
[INFO] [stdout]                                at /rustc/90b35a6239c3d8bdabc530a6a0816f7ff89a0aaf/library/std/src/panicking.rs:665:5
[INFO] [stdout]   17:     0x55db46cf8ac0 - core::panicking::panic_fmt::h0c3082644d1bf418
[INFO] [stdout]                                at /rustc/90b35a6239c3d8bdabc530a6a0816f7ff89a0aaf/library/core/src/panicking.rs:74:14
[INFO] [stdout]   18:     0x55db46cfc631 - rustvent2023::get_input::{{closure}}::ha3db09c8657c0805
[INFO] [stdout]                                at /opt/rustwide/workdir/src/lib.rs:19:37
[INFO] [stdout]   19:     0x55db46cfa4c9 - core::result::Result<T,E>::unwrap_or_else::h6a598839c27ee752
[INFO] [stdout]                                at /rustc/90b35a6239c3d8bdabc530a6a0816f7ff89a0aaf/library/core/src/result.rs:1458:23
[INFO] [stdout]   20:     0x55db46cfb9a8 - rustvent2023::get_input::h9a6083c889c062b2
[INFO] [stdout]                                at /opt/rustwide/workdir/src/lib.rs:18:13
[INFO] [stdout]   21:     0x55db46cfc6aa - rustvent2023::tests::test_input::hb3068c3a48311961
[INFO] [stdout]                                at /opt/rustwide/workdir/src/lib.rs:120:13
[INFO] [stdout]   22:     0x55db46cfc667 - rustvent2023::tests::test_input::{{closure}}::haa727817e9589356
[INFO] [stdout]                                at /opt/rustwide/workdir/src/lib.rs:118:20
[INFO] [stdout]   23:     0x55db46cf9a26 - core::ops::function::FnOnce::call_once::h01ca74ceadc8a72b
[INFO] [stdout]                                at /rustc/90b35a6239c3d8bdabc530a6a0816f7ff89a0aaf/library/core/src/ops/function.rs:250:5
[INFO] [stdout]   24:     0x55db46d3955b - core::ops::function::FnOnce::call_once::h109cf8051a59b34e
[INFO] [stdout]                                at /rustc/90b35a6239c3d8bdabc530a6a0816f7ff89a0aaf/library/core/src/ops/function.rs:250:5
[INFO] [stdout]   25:     0x55db46d3955b - test::__rust_begin_short_backtrace::hf4fff89d377446ba
[INFO] [stdout]                                at /rustc/90b35a6239c3d8bdabc530a6a0816f7ff89a0aaf/library/test/src/lib.rs:621:18
[INFO] [stdout]   26:     0x55db46d38d97 - test::run_test_in_process::{{closure}}::h0e39181dd7ee5a43
[INFO] [stdout]                                at /rustc/90b35a6239c3d8bdabc530a6a0816f7ff89a0aaf/library/test/src/lib.rs:644:60
[INFO] [stdout]   27:     0x55db46d38d97 - <core::panic::unwind_safe::AssertUnwindSafe<F> as core::ops::function::FnOnce<()>>::call_once::hc5a66a30f0bdfd1f
[INFO] [stdout]                                at /rustc/90b35a6239c3d8bdabc530a6a0816f7ff89a0aaf/library/core/src/panic/unwind_safe.rs:272:9
[INFO] [stdout]   28:     0x55db46d38d97 - std::panicking::try::do_call::h873b7cf639554a5e
[INFO] [stdout]                                at /rustc/90b35a6239c3d8bdabc530a6a0816f7ff89a0aaf/library/std/src/panicking.rs:557:40
[INFO] [stdout]   29:     0x55db46d38d97 - std::panicking::try::hdb19862fad9c8bd1
[INFO] [stdout]                                at /rustc/90b35a6239c3d8bdabc530a6a0816f7ff89a0aaf/library/std/src/panicking.rs:520:19
[INFO] [stdout]   30:     0x55db46d38d97 - std::panic::catch_unwind::h281fe732d236d260
[INFO] [stdout]                                at /rustc/90b35a6239c3d8bdabc530a6a0816f7ff89a0aaf/library/std/src/panic.rs:358:14
[INFO] [stdout]   31:     0x55db46d38d97 - test::run_test_in_process::h949b6df8457ed338
[INFO] [stdout]                                at /rustc/90b35a6239c3d8bdabc530a6a0816f7ff89a0aaf/library/test/src/lib.rs:644:27
[INFO] [stdout]   32:     0x55db46d38d97 - test::run_test::{{closure}}::h52c556a6d4740e10
[INFO] [stdout]                                at /rustc/90b35a6239c3d8bdabc530a6a0816f7ff89a0aaf/library/test/src/lib.rs:565:43
[INFO] [stdout]   33:     0x55db46cfe074 - test::run_test::{{closure}}::h4237f6381c45ccb9
[INFO] [stdout]                                at /rustc/90b35a6239c3d8bdabc530a6a0816f7ff89a0aaf/library/test/src/lib.rs:595:41
[INFO] [stdout]   34:     0x55db46cfe074 - std::sys::backtrace::__rust_begin_short_backtrace::h505c97a579eca628
[INFO] [stdout]                                at /rustc/90b35a6239c3d8bdabc530a6a0816f7ff89a0aaf/library/std/src/sys/backtrace.rs:154:18
[INFO] [stdout]   35:     0x55db46d0173e - std::thread::Builder::spawn_unchecked_::{{closure}}::{{closure}}::h9e86b2e2bc107ea3
[INFO] [stdout]                                at /rustc/90b35a6239c3d8bdabc530a6a0816f7ff89a0aaf/library/std/src/thread/mod.rs:538:17
[INFO] [stdout]   36:     0x55db46d0173e - <core::panic::unwind_safe::AssertUnwindSafe<F> as core::ops::function::FnOnce<()>>::call_once::h8b06ddb275ff4a25
[INFO] [stdout]                                at /rustc/90b35a6239c3d8bdabc530a6a0816f7ff89a0aaf/library/core/src/panic/unwind_safe.rs:272:9
[INFO] [stdout]   37:     0x55db46d0173e - std::panicking::try::do_call::hb26ecd7cd9a9355d
[INFO] [stdout]                                at /rustc/90b35a6239c3d8bdabc530a6a0816f7ff89a0aaf/library/std/src/panicking.rs:557:40
[INFO] [stdout]   38:     0x55db46d0173e - std::panicking::try::h8ddeca9d705f9069
[INFO] [stdout]                                at /rustc/90b35a6239c3d8bdabc530a6a0816f7ff89a0aaf/library/std/src/panicking.rs:520:19
[INFO] [stdout]   39:     0x55db46d0173e - std::panic::catch_unwind::h49e1c33078844c46
[INFO] [stdout]                                at /rustc/90b35a6239c3d8bdabc530a6a0816f7ff89a0aaf/library/std/src/panic.rs:358:14
[INFO] [stdout]   40:     0x55db46d0173e - std::thread::Builder::spawn_unchecked_::{{closure}}::h6073db6ff56ad35d
[INFO] [stdout]                                at /rustc/90b35a6239c3d8bdabc530a6a0816f7ff89a0aaf/library/std/src/thread/mod.rs:537:30
[INFO] [stdout]   41:     0x55db46d0173e - core::ops::function::FnOnce::call_once{{vtable.shim}}::h2c5a5f3779c774f1
[INFO] [stdout]                                at /rustc/90b35a6239c3d8bdabc530a6a0816f7ff89a0aaf/library/core/src/ops/function.rs:250:5
[INFO] [stdout]   42:     0x55db46d7f2fb - <alloc::boxed::Box<F,A> as core::ops::function::FnOnce<Args>>::call_once::hf75717d9f28faebf
[INFO] [stdout]                                at /rustc/90b35a6239c3d8bdabc530a6a0816f7ff89a0aaf/library/alloc/src/boxed.rs:2454:9
[INFO] [stdout]   43:     0x55db46d7f2fb - <alloc::boxed::Box<F,A> as core::ops::function::FnOnce<Args>>::call_once::h7bd883a5f3c5f3c1
[INFO] [stdout]                                at /rustc/90b35a6239c3d8bdabc530a6a0816f7ff89a0aaf/library/alloc/src/boxed.rs:2454:9
[INFO] [stdout]   44:     0x55db46d7f2fb - std::sys::pal::unix::thread::Thread::new::thread_start::hcc78f3943333fa94
[INFO] [stdout]                                at /rustc/90b35a6239c3d8bdabc530a6a0816f7ff89a0aaf/library/std/src/sys/pal/unix/thread.rs:105:17
[INFO] [stdout]   45:     0x7218cafaaac3 - <unknown>
[INFO] [stdout]   46:     0x7218cb03ba04 - clone
[INFO] [stdout]   47:                0x0 - <unknown>
[INFO] [stdout] 
[INFO] [stdout] 
[INFO] [stdout] failures:
[INFO] [stdout]     tests::test_input
[INFO] [stdout] 
[INFO] [stdout] test result: FAILED. 0 passed; 1 failed; 0 ignored; 0 measured; 0 filtered out; finished in 0.04s
[INFO] [stdout] 
[INFO] [stderr] error: test failed, to rerun pass `--lib`
[INFO] running `Command { std: "docker" "inspect" "3bd9d25449d303a3c5cae2053f1d508b02cd4e7d9b106c0d7285486509f957f9", kill_on_drop: false }`
[INFO] running `Command { std: "docker" "rm" "-f" "3bd9d25449d303a3c5cae2053f1d508b02cd4e7d9b106c0d7285486509f957f9", kill_on_drop: false }`
[INFO] [stdout] 3bd9d25449d303a3c5cae2053f1d508b02cd4e7d9b106c0d7285486509f957f9
