[INFO] cloning repository https://github.com/Takashiidobe/mini-c
[INFO] running `Command { std: "git" "-c" "credential.helper=" "-c" "credential.helper=/workspace/cargo-home/bin/git-credential-null" "clone" "--bare" "https://github.com/Takashiidobe/mini-c" "/workspace/cache/git-repos/https%3A%2F%2Fgithub.com%2FTakashiidobe%2Fmini-c", kill_on_drop: false }`
[INFO] [stderr] Cloning into bare repository '/workspace/cache/git-repos/https%3A%2F%2Fgithub.com%2FTakashiidobe%2Fmini-c'...
[INFO] running `Command { std: "git" "rev-parse" "HEAD", kill_on_drop: false }`
[INFO] [stdout] 276a1aa1e24ea8d69bee402c46a66db4ec806f06
[INFO] testing Takashiidobe/mini-c against 1.83.0 for beta-1.84.0-4-retry
[INFO] running `Command { std: "git" "clone" "/workspace/cache/git-repos/https%3A%2F%2Fgithub.com%2FTakashiidobe%2Fmini-c" "/workspace/builds/worker-6-tc1/source", kill_on_drop: false }`
[INFO] [stderr] Cloning into '/workspace/builds/worker-6-tc1/source'...
[INFO] [stderr] done.
[INFO] validating manifest of git repo https://github.com/Takashiidobe/mini-c on toolchain 1.83.0
[INFO] running `Command { std: CARGO_HOME="/workspace/cargo-home" RUSTUP_HOME="/workspace/rustup-home" "/workspace/cargo-home/bin/cargo" "+1.83.0" "metadata" "--manifest-path" "Cargo.toml" "--no-deps", kill_on_drop: false }`
[INFO] started tweaking git repo https://github.com/Takashiidobe/mini-c
[INFO] finished tweaking git repo https://github.com/Takashiidobe/mini-c
[INFO] tweaked toml for git repo https://github.com/Takashiidobe/mini-c written to /workspace/builds/worker-6-tc1/source/Cargo.toml
[INFO] crate git repo https://github.com/Takashiidobe/mini-c already has a lockfile, it will not be regenerated
[INFO] running `Command { std: CARGO_HOME="/workspace/cargo-home" RUSTUP_HOME="/workspace/rustup-home" "/workspace/cargo-home/bin/cargo" "+1.83.0" "fetch" "--manifest-path" "Cargo.toml", kill_on_drop: false }`
[INFO] [stderr]     Updating crates.io index
[INFO] [stderr]  Downloading crates ...
[INFO] [stderr]   Downloaded similar v2.4.0
[INFO] [stderr]   Downloaded insta-cmd v0.5.0
[INFO] [stderr]   Downloaded insta v1.36.1
[INFO] running `Command { std: "docker" "create" "-v" "/var/lib/crater-agent-workspace/builds/worker-6-tc1/target:/opt/rustwide/target:rw,Z" "-v" "/var/lib/crater-agent-workspace/builds/worker-6-tc1/source:/opt/rustwide/workdir:ro,Z" "-v" "/var/lib/crater-agent-workspace/cargo-home:/opt/rustwide/cargo-home:ro,Z" "-v" "/var/lib/crater-agent-workspace/rustup-home:/opt/rustwide/rustup-home:ro,Z" "-e" "SOURCE_DIR=/opt/rustwide/workdir" "-e" "CARGO_TARGET_DIR=/opt/rustwide/target" "-e" "CARGO_HOME=/opt/rustwide/cargo-home" "-e" "RUSTUP_HOME=/opt/rustwide/rustup-home" "-w" "/opt/rustwide/workdir" "-m" "1610612736" "--user" "0:0" "--network" "none" "ghcr.io/rust-lang/crates-build-env/linux@sha256:f3a9d4ad9d972b27faf3965f35b62e55ba32bbce8f20bc8fe909558a86702fde" "/opt/rustwide/cargo-home/bin/cargo" "+1.83.0" "metadata" "--no-deps" "--format-version=1", kill_on_drop: false }`
[INFO] [stdout] 9e90ff57b06ac80075ba16cc2b029e35bb10e6f11ad3c869d470661184574a30
[INFO] running `Command { std: "docker" "start" "-a" "9e90ff57b06ac80075ba16cc2b029e35bb10e6f11ad3c869d470661184574a30", kill_on_drop: false }`
[INFO] running `Command { std: "docker" "inspect" "9e90ff57b06ac80075ba16cc2b029e35bb10e6f11ad3c869d470661184574a30", kill_on_drop: false }`
[INFO] running `Command { std: "docker" "rm" "-f" "9e90ff57b06ac80075ba16cc2b029e35bb10e6f11ad3c869d470661184574a30", kill_on_drop: false }`
[INFO] [stdout] 9e90ff57b06ac80075ba16cc2b029e35bb10e6f11ad3c869d470661184574a30
[INFO] running `Command { std: "docker" "create" "-v" "/var/lib/crater-agent-workspace/builds/worker-6-tc1/target:/opt/rustwide/target:rw,Z" "-v" "/var/lib/crater-agent-workspace/builds/worker-6-tc1/source:/opt/rustwide/workdir:ro,Z" "-v" "/var/lib/crater-agent-workspace/cargo-home:/opt/rustwide/cargo-home:ro,Z" "-v" "/var/lib/crater-agent-workspace/rustup-home:/opt/rustwide/rustup-home:ro,Z" "-e" "SOURCE_DIR=/opt/rustwide/workdir" "-e" "CARGO_TARGET_DIR=/opt/rustwide/target" "-e" "CARGO_INCREMENTAL=0" "-e" "RUST_BACKTRACE=full" "-e" "RUSTFLAGS=--cap-lints=warn" "-e" "RUSTDOCFLAGS=--cap-lints=warn" "-e" "CARGO_HOME=/opt/rustwide/cargo-home" "-e" "RUSTUP_HOME=/opt/rustwide/rustup-home" "-w" "/opt/rustwide/workdir" "-m" "1610612736" "--user" "0:0" "--network" "none" "ghcr.io/rust-lang/crates-build-env/linux@sha256:f3a9d4ad9d972b27faf3965f35b62e55ba32bbce8f20bc8fe909558a86702fde" "/opt/rustwide/cargo-home/bin/cargo" "+1.83.0" "build" "--frozen" "--message-format=json", kill_on_drop: false }`
[INFO] [stdout] 4b59e59f699895f009a681e3d53ca3e06ded7c7fa2a182a5235b459501fc725d
[INFO] running `Command { std: "docker" "start" "-a" "4b59e59f699895f009a681e3d53ca3e06ded7c7fa2a182a5235b459501fc725d", kill_on_drop: false }`
[INFO] [stderr]    Compiling proc-macro2 v1.0.79
[INFO] [stderr]    Compiling unicode-ident v1.0.12
[INFO] [stderr]    Compiling serde v1.0.197
[INFO] [stderr]    Compiling quote v1.0.35
[INFO] [stderr]    Compiling syn v2.0.52
[INFO] [stderr]    Compiling serde_derive v1.0.197
[INFO] [stderr]    Compiling mini-c v0.1.0 (/opt/rustwide/workdir)
[INFO] [stdout] warning: methods `end_compiler` and `emit_bytes` are never used
[INFO] [stdout]    --> src/parser.rs:344:8
[INFO] [stdout]     |
[INFO] [stdout] 222 | impl Parser {
[INFO] [stdout]     | ----------- methods in this implementation
[INFO] [stdout] ...
[INFO] [stdout] 344 |     fn end_compiler(&mut self) {
[INFO] [stdout]     |        ^^^^^^^^^^^^
[INFO] [stdout] ...
[INFO] [stdout] 356 |     fn emit_bytes(&mut self, bytes: &[OpCode]) {
[INFO] [stdout]     |        ^^^^^^^^^^
[INFO] [stdout]     |
[INFO] [stdout]     = note: `#[warn(dead_code)]` on by default
[INFO] [stdout] 
[INFO] [stdout] 
[INFO] [stdout] warning: method `peek_next` is never used
[INFO] [stdout]    --> src/scanner.rs:156:8
[INFO] [stdout]     |
[INFO] [stdout] 21  | impl Scanner {
[INFO] [stdout]     | ------------ method in this implementation
[INFO] [stdout] ...
[INFO] [stdout] 156 |     fn peek_next(&self) -> Option<char> {
[INFO] [stdout]     |        ^^^^^^^^^
[INFO] [stdout] 
[INFO] [stdout] 
[INFO] [stderr]     Finished `dev` profile [unoptimized + debuginfo] target(s) in 9.65s
[INFO] running `Command { std: "docker" "inspect" "4b59e59f699895f009a681e3d53ca3e06ded7c7fa2a182a5235b459501fc725d", kill_on_drop: false }`
[INFO] running `Command { std: "docker" "rm" "-f" "4b59e59f699895f009a681e3d53ca3e06ded7c7fa2a182a5235b459501fc725d", kill_on_drop: false }`
[INFO] [stdout] 4b59e59f699895f009a681e3d53ca3e06ded7c7fa2a182a5235b459501fc725d
[INFO] running `Command { std: "docker" "create" "-v" "/var/lib/crater-agent-workspace/builds/worker-6-tc1/target:/opt/rustwide/target:rw,Z" "-v" "/var/lib/crater-agent-workspace/builds/worker-6-tc1/source:/opt/rustwide/workdir:ro,Z" "-v" "/var/lib/crater-agent-workspace/cargo-home:/opt/rustwide/cargo-home:ro,Z" "-v" "/var/lib/crater-agent-workspace/rustup-home:/opt/rustwide/rustup-home:ro,Z" "-e" "SOURCE_DIR=/opt/rustwide/workdir" "-e" "CARGO_TARGET_DIR=/opt/rustwide/target" "-e" "CARGO_INCREMENTAL=0" "-e" "RUST_BACKTRACE=full" "-e" "RUSTFLAGS=--cap-lints=warn" "-e" "RUSTDOCFLAGS=--cap-lints=warn" "-e" "CARGO_HOME=/opt/rustwide/cargo-home" "-e" "RUSTUP_HOME=/opt/rustwide/rustup-home" "-w" "/opt/rustwide/workdir" "-m" "1610612736" "--user" "0:0" "--network" "none" "ghcr.io/rust-lang/crates-build-env/linux@sha256:f3a9d4ad9d972b27faf3965f35b62e55ba32bbce8f20bc8fe909558a86702fde" "/opt/rustwide/cargo-home/bin/cargo" "+1.83.0" "test" "--frozen" "--no-run" "--message-format=json", kill_on_drop: false }`
[INFO] [stdout] 0b732063b088dac7b8f46de53ffe739a2b9f5c7541d7f4c426a4186addeae568
[INFO] running `Command { std: "docker" "start" "-a" "0b732063b088dac7b8f46de53ffe739a2b9f5c7541d7f4c426a4186addeae568", kill_on_drop: false }`
[INFO] [stderr]    Compiling memchr v2.7.1
[INFO] [stderr]    Compiling libc v0.2.153
[INFO] [stderr]    Compiling regex-syntax v0.8.2
[INFO] [stderr]    Compiling log v0.4.21
[INFO] [stderr]    Compiling linked-hash-map v0.5.6
[INFO] [stderr]    Compiling predicates-core v1.0.6
[INFO] [stderr]    Compiling doc-comment v0.3.3
[INFO] [stderr]    Compiling serde_json v1.0.114
[INFO] [stderr]    Compiling anstyle v1.0.6
[INFO] [stderr]    Compiling termtree v0.4.1
[INFO] [stderr]    Compiling ryu v1.0.17
[INFO] [stderr]    Compiling difflib v0.4.0
[INFO] [stderr]    Compiling walkdir v2.5.0
[INFO] [stderr]    Compiling assert_cmd v2.0.14
[INFO] [stderr]    Compiling similar v2.4.0
[INFO] [stderr]    Compiling itoa v1.0.10
[INFO] [stderr]    Compiling yaml-rust v0.4.5
[INFO] [stderr]    Compiling predicates-tree v1.0.9
[INFO] [stdout] warning: methods `end_compiler` and `emit_bytes` are never used
[INFO] [stdout]    --> src/parser.rs:344:8
[INFO] [stdout]     |
[INFO] [stdout] 222 | impl Parser {
[INFO] [stdout]     | ----------- methods in this implementation
[INFO] [stdout] ...
[INFO] [stdout] 344 |     fn end_compiler(&mut self) {
[INFO] [stdout]     |        ^^^^^^^^^^^^
[INFO] [stdout] ...
[INFO] [stdout] 356 |     fn emit_bytes(&mut self, bytes: &[OpCode]) {
[INFO] [stdout]     |        ^^^^^^^^^^
[INFO] [stdout]     |
[INFO] [stdout]     = note: `#[warn(dead_code)]` on by default
[INFO] [stdout] 
[INFO] [stdout] 
[INFO] [stdout] warning: method `peek_next` is never used
[INFO] [stdout]    --> src/scanner.rs:156:8
[INFO] [stdout]     |
[INFO] [stdout] 21  | impl Scanner {
[INFO] [stdout]     | ------------ method in this implementation
[INFO] [stdout] ...
[INFO] [stdout] 156 |     fn peek_next(&self) -> Option<char> {
[INFO] [stdout]     |        ^^^^^^^^^
[INFO] [stdout] 
[INFO] [stdout] 
[INFO] [stderr]    Compiling predicates v3.1.0
[INFO] [stderr]    Compiling aho-corasick v1.1.2
[INFO] [stderr]    Compiling console v0.15.8
[INFO] [stderr]    Compiling wait-timeout v0.2.0
[INFO] [stderr]    Compiling regex-automata v0.4.6
[INFO] [stderr]    Compiling bstr v1.9.1
[INFO] [stderr]    Compiling globset v0.4.14
[INFO] [stderr]    Compiling insta v1.36.1
[INFO] [stderr]    Compiling insta-cmd v0.5.0
[INFO] [stderr]    Compiling mini-c v0.1.0 (/opt/rustwide/workdir)
[INFO] [stdout] warning: unused import: `fs`
[INFO] [stdout]  --> tests/cli.rs:1:11
[INFO] [stdout]   |
[INFO] [stdout] 1 | use std::{fs, process::Output};
[INFO] [stdout]   |           ^^
[INFO] [stdout]   |
[INFO] [stdout]   = note: `#[warn(unused_imports)]` on by default
[INFO] [stdout] 
[INFO] [stdout] 
[INFO] [stdout] warning: methods `end_compiler` and `emit_bytes` are never used
[INFO] [stdout]    --> src/parser.rs:344:8
[INFO] [stdout]     |
[INFO] [stdout] 222 | impl Parser {
[INFO] [stdout]     | ----------- methods in this implementation
[INFO] [stdout] ...
[INFO] [stdout] 344 |     fn end_compiler(&mut self) {
[INFO] [stdout]     |        ^^^^^^^^^^^^
[INFO] [stdout] ...
[INFO] [stdout] 356 |     fn emit_bytes(&mut self, bytes: &[OpCode]) {
[INFO] [stdout]     |        ^^^^^^^^^^
[INFO] [stdout]     |
[INFO] [stdout]     = note: `#[warn(dead_code)]` on by default
[INFO] [stdout] 
[INFO] [stdout] 
[INFO] [stdout] warning: method `peek_next` is never used
[INFO] [stdout]    --> src/scanner.rs:156:8
[INFO] [stdout]     |
[INFO] [stdout] 21  | impl Scanner {
[INFO] [stdout]     | ------------ method in this implementation
[INFO] [stdout] ...
[INFO] [stdout] 156 |     fn peek_next(&self) -> Option<char> {
[INFO] [stdout]     |        ^^^^^^^^^
[INFO] [stdout] 
[INFO] [stdout] 
[INFO] [stderr]     Finished `test` profile [unoptimized + debuginfo] target(s) in 16.02s
[INFO] running `Command { std: "docker" "inspect" "0b732063b088dac7b8f46de53ffe739a2b9f5c7541d7f4c426a4186addeae568", kill_on_drop: false }`
[INFO] running `Command { std: "docker" "rm" "-f" "0b732063b088dac7b8f46de53ffe739a2b9f5c7541d7f4c426a4186addeae568", kill_on_drop: false }`
[INFO] [stdout] 0b732063b088dac7b8f46de53ffe739a2b9f5c7541d7f4c426a4186addeae568
[INFO] running `Command { std: "docker" "create" "-v" "/var/lib/crater-agent-workspace/builds/worker-6-tc1/target:/opt/rustwide/target:rw,Z" "-v" "/var/lib/crater-agent-workspace/builds/worker-6-tc1/source:/opt/rustwide/workdir:ro,Z" "-v" "/var/lib/crater-agent-workspace/cargo-home:/opt/rustwide/cargo-home:ro,Z" "-v" "/var/lib/crater-agent-workspace/rustup-home:/opt/rustwide/rustup-home:ro,Z" "-e" "SOURCE_DIR=/opt/rustwide/workdir" "-e" "CARGO_TARGET_DIR=/opt/rustwide/target" "-e" "CARGO_INCREMENTAL=0" "-e" "RUST_BACKTRACE=full" "-e" "RUSTFLAGS=--cap-lints=warn" "-e" "RUSTDOCFLAGS=--cap-lints=warn" "-e" "CARGO_HOME=/opt/rustwide/cargo-home" "-e" "RUSTUP_HOME=/opt/rustwide/rustup-home" "-w" "/opt/rustwide/workdir" "-m" "1610612736" "--user" "0:0" "--network" "none" "ghcr.io/rust-lang/crates-build-env/linux@sha256:f3a9d4ad9d972b27faf3965f35b62e55ba32bbce8f20bc8fe909558a86702fde" "/opt/rustwide/cargo-home/bin/cargo" "+1.83.0" "test" "--frozen", kill_on_drop: false }`
[INFO] [stdout] 8fccc53dafb8e4aec91988663d12b7416b1892d221276a4add78b1345a188b0b
[INFO] running `Command { std: "docker" "start" "-a" "8fccc53dafb8e4aec91988663d12b7416b1892d221276a4add78b1345a188b0b", kill_on_drop: false }`
[INFO] [stderr] warning: methods `end_compiler` and `emit_bytes` are never used
[INFO] [stderr]    --> src/parser.rs:344:8
[INFO] [stderr]     |
[INFO] [stderr] 222 | impl Parser {
[INFO] [stderr]     | ----------- methods in this implementation
[INFO] [stderr] ...
[INFO] [stderr] 344 |     fn end_compiler(&mut self) {
[INFO] [stderr]     |        ^^^^^^^^^^^^
[INFO] [stderr] ...
[INFO] [stderr] 356 |     fn emit_bytes(&mut self, bytes: &[OpCode]) {
[INFO] [stderr]     |        ^^^^^^^^^^
[INFO] [stderr]     |
[INFO] [stderr]     = note: `#[warn(dead_code)]` on by default
[INFO] [stderr] 
[INFO] [stderr] warning: method `peek_next` is never used
[INFO] [stderr]    --> src/scanner.rs:156:8
[INFO] [stderr]     |
[INFO] [stderr] 21  | impl Scanner {
[INFO] [stderr]     | ------------ method in this implementation
[INFO] [stderr] ...
[INFO] [stderr] 156 |     fn peek_next(&self) -> Option<char> {
[INFO] [stderr]     |        ^^^^^^^^^
[INFO] [stderr] 
[INFO] [stderr] warning: `mini-c` (lib) generated 2 warnings
[INFO] [stderr] warning: unused import: `fs`
[INFO] [stderr]  --> tests/cli.rs:1:11
[INFO] [stderr]   |
[INFO] [stderr] 1 | use std::{fs, process::Output};
[INFO] [stderr]   |           ^^
[INFO] [stderr]   |
[INFO] [stderr]   = note: `#[warn(unused_imports)]` on by default
[INFO] [stderr] 
[INFO] [stderr] warning: `mini-c` (lib test) generated 2 warnings (2 duplicates)
[INFO] [stderr] warning: `mini-c` (test "cli") generated 1 warning (run `cargo fix --test "cli"` to apply 1 suggestion)
[INFO] [stderr]     Finished `test` profile [unoptimized + debuginfo] target(s) in 0.06s
[INFO] [stderr]      Running unittests src/lib.rs (/opt/rustwide/target/debug/deps/mini_c-aba5c19dad77a38f)
[INFO] [stdout] 
[INFO] [stdout] running 2 tests
[INFO] [stdout] test scanner::tests::test_1 ... FAILED
[INFO] [stdout] test scanner::tests::test_2 ... FAILED
[INFO] [stdout] 
[INFO] [stdout] failures:
[INFO] [stdout] 
[INFO] [stdout] ---- scanner::tests::test_1 stdout ----
[INFO] [stdout] ━━━━━━━━━━━━━━━━━━━━━━━━━━━━━━━ Snapshot Summary ━━━━━━━━━━━━━━━━━━━━━━━━━━━━━━━
[INFO] [stdout] Snapshot file: src/snapshots/mini_c__scanner__tests__1.snap
[INFO] [stdout] Snapshot: 1
[INFO] [stdout] Source: src/scanner.rs:182
[INFO] [stdout] ────────────────────────────────────────────────────────────────────────────────
[INFO] [stdout] Expression: scanner.scan()
[INFO] [stdout] ────────────────────────────────────────────────────────────────────────────────
[INFO] [stdout] -old snapshot
[INFO] [stdout] +new results
[INFO] [stdout] ────────────┬───────────────────────────────────────────────────────────────────
[INFO] [stdout]     0     0 │ - type: Float
[INFO] [stdout]     1     1 │   value:
[INFO] [stdout]     2     2 │     Float: 20
[INFO] [stdout]     3     3 │   info:
[INFO] [stdout]     4       │-    start: 0
[INFO] [stdout]           4 │+    start: 4
[INFO] [stdout]     5     5 │     length: 4
[INFO] [stdout]     6     6 │     line: 0
[INFO] [stdout]     7     7 │ - type: Plus
[INFO] [stdout]     8     8 │   value: ~
[INFO] [stdout]     9     9 │   info:
[INFO] [stdout]    10       │-    start: 4
[INFO] [stdout]          10 │+    start: 9
[INFO] [stdout]    11    11 │     length: 1
[INFO] [stdout]    12    12 │     line: 0
[INFO] [stdout]    13    13 │ - type: Float
[INFO] [stdout]    14    14 │   value:
[INFO] [stdout]    15    15 │     Float: 30
[INFO] [stdout]    16    16 │   info:
[INFO] [stdout]    17       │-    start: 5
[INFO] [stdout]          17 │+    start: 13
[INFO] [stdout]    18    18 │     length: 4
[INFO] [stdout]    19    19 │     line: 0
[INFO] [stdout]    20    20 │ - type: Minus
[INFO] [stdout]    21    21 │   value: ~
[INFO] [stdout]    22    22 │   info:
[INFO] [stdout]    23       │-    start: 9
[INFO] [stdout]          23 │+    start: 18
[INFO] [stdout]    24    24 │     length: 1
[INFO] [stdout]    25    25 │     line: 0
[INFO] [stdout]    26    26 │ - type: Integer
[INFO] [stdout]    27    27 │   value:
[INFO] [stdout]    28    28 │     Integer: 3
[INFO] [stdout]    29    29 │   info:
[INFO] [stdout]    30       │-    start: 10
[INFO] [stdout]          30 │+    start: 19
[INFO] [stdout]    31    31 │     length: 1
[INFO] [stdout]    32    32 │     line: 0
[INFO] [stdout]    33    33 │ - type: Eof
[INFO] [stdout]    34    34 │   value: ~
[INFO] [stdout]    35    35 │   info:
[INFO] [stdout]    36       │-    start: 11
[INFO] [stdout]          36 │+    start: 21
[INFO] [stdout]    37    37 │     length: 1
[INFO] [stdout]    38    38 │     line: 0
[INFO] [stdout] ────────────┴───────────────────────────────────────────────────────────────────
[INFO] [stdout] thread 'scanner::tests::test_1' panicked at src/scanner.rs:182:9:
[INFO] [stdout] called `Result::unwrap()` on an `Err` value: Os { code: 30, kind: ReadOnlyFilesystem, message: "Read-only file system" }
[INFO] [stdout] stack backtrace:
[INFO] [stdout]    0:     0x6395c74cfd0a - std::backtrace_rs::backtrace::libunwind::trace::h5a5b8284f2d0c266
[INFO] [stdout]                                at /rustc/90b35a6239c3d8bdabc530a6a0816f7ff89a0aaf/library/std/src/../../backtrace/src/backtrace/libunwind.rs:116:5
[INFO] [stdout]    1:     0x6395c74cfd0a - std::backtrace_rs::backtrace::trace_unsynchronized::h76d4f1c9b0b875e3
[INFO] [stdout]                                at /rustc/90b35a6239c3d8bdabc530a6a0816f7ff89a0aaf/library/std/src/../../backtrace/src/backtrace/mod.rs:66:5
[INFO] [stdout]    2:     0x6395c74cfd0a - std::sys::backtrace::_print_fmt::hc4546b8364a537c6
[INFO] [stdout]                                at /rustc/90b35a6239c3d8bdabc530a6a0816f7ff89a0aaf/library/std/src/sys/backtrace.rs:66:9
[INFO] [stdout]    3:     0x6395c74cfd0a - <std::sys::backtrace::BacktraceLock::print::DisplayBacktrace as core::fmt::Display>::fmt::h5b6bd5631a6d1f6b
[INFO] [stdout]                                at /rustc/90b35a6239c3d8bdabc530a6a0816f7ff89a0aaf/library/std/src/sys/backtrace.rs:39:26
[INFO] [stdout]    4:     0x6395c74f8053 - core::fmt::rt::Argument::fmt::h270f6602a2b96f62
[INFO] [stdout]                                at /rustc/90b35a6239c3d8bdabc530a6a0816f7ff89a0aaf/library/core/src/fmt/rt.rs:177:76
[INFO] [stdout]    5:     0x6395c74f8053 - core::fmt::write::h7550c97b06c86515
[INFO] [stdout]                                at /rustc/90b35a6239c3d8bdabc530a6a0816f7ff89a0aaf/library/core/src/fmt/mod.rs:1186:21
[INFO] [stdout]    6:     0x6395c74cc733 - std::io::Write::write_fmt::h509ff860e5956e5e
[INFO] [stdout]                                at /rustc/90b35a6239c3d8bdabc530a6a0816f7ff89a0aaf/library/std/src/io/mod.rs:1839:15
[INFO] [stdout]    7:     0x6395c74cfb52 - std::sys::backtrace::BacktraceLock::print::h2395ccd2c84ba3aa
[INFO] [stdout]                                at /rustc/90b35a6239c3d8bdabc530a6a0816f7ff89a0aaf/library/std/src/sys/backtrace.rs:42:9
[INFO] [stdout]    8:     0x6395c74d116a - std::panicking::default_hook::{{closure}}::he19d4c7230e07961
[INFO] [stdout]                                at /rustc/90b35a6239c3d8bdabc530a6a0816f7ff89a0aaf/library/std/src/panicking.rs:268:22
[INFO] [stdout]    9:     0x6395c74d0f74 - std::panicking::default_hook::hf614597d3c67bbdb
[INFO] [stdout]                                at /rustc/90b35a6239c3d8bdabc530a6a0816f7ff89a0aaf/library/std/src/panicking.rs:292:9
[INFO] [stdout]   10:     0x6395c7353629 - <alloc::boxed::Box<F,A> as core::ops::function::Fn<Args>>::call::h39b51ce4599c23d1
[INFO] [stdout]                                at /rustc/90b35a6239c3d8bdabc530a6a0816f7ff89a0aaf/library/alloc/src/boxed.rs:2468:9
[INFO] [stdout]   11:     0x6395c7353629 - test::test_main::{{closure}}::he977ae839a582784
[INFO] [stdout]                                at /rustc/90b35a6239c3d8bdabc530a6a0816f7ff89a0aaf/library/test/src/lib.rs:133:21
[INFO] [stdout]   12:     0x6395c74d1808 - <alloc::boxed::Box<F,A> as core::ops::function::Fn<Args>>::call::h9455091b6b06f9fb
[INFO] [stdout]                                at /rustc/90b35a6239c3d8bdabc530a6a0816f7ff89a0aaf/library/alloc/src/boxed.rs:2468:9
[INFO] [stdout]   13:     0x6395c74d1808 - std::panicking::rust_panic_with_hook::h8942133a8b252070
[INFO] [stdout]                                at /rustc/90b35a6239c3d8bdabc530a6a0816f7ff89a0aaf/library/std/src/panicking.rs:809:13
[INFO] [stdout]   14:     0x6395c74d15ca - std::panicking::begin_panic_handler::{{closure}}::hb5f5963570096b29
[INFO] [stdout]                                at /rustc/90b35a6239c3d8bdabc530a6a0816f7ff89a0aaf/library/std/src/panicking.rs:674:13
[INFO] [stdout]   15:     0x6395c74d01e9 - std::sys::backtrace::__rust_end_short_backtrace::h6208cedc1922feda
[INFO] [stdout]                                at /rustc/90b35a6239c3d8bdabc530a6a0816f7ff89a0aaf/library/std/src/sys/backtrace.rs:170:18
[INFO] [stdout]   16:     0x6395c74d125c - rust_begin_unwind
[INFO] [stdout]                                at /rustc/90b35a6239c3d8bdabc530a6a0816f7ff89a0aaf/library/std/src/panicking.rs:665:5
[INFO] [stdout]   17:     0x6395c7313c10 - core::panicking::panic_fmt::h0c3082644d1bf418
[INFO] [stdout]                                at /rustc/90b35a6239c3d8bdabc530a6a0816f7ff89a0aaf/library/core/src/panicking.rs:74:14
[INFO] [stdout]   18:     0x6395c7314056 - core::result::unwrap_failed::hd20b4aa073bda1e2
[INFO] [stdout]                                at /rustc/90b35a6239c3d8bdabc530a6a0816f7ff89a0aaf/library/core/src/result.rs:1700:5
[INFO] [stdout]   19:     0x6395c7319e5c - core::result::Result<T,E>::unwrap::hc95419c2dbbb345c
[INFO] [stdout]                                at /rustc/90b35a6239c3d8bdabc530a6a0816f7ff89a0aaf/library/core/src/result.rs:1104:23
[INFO] [stdout]   20:     0x6395c7319e5c - mini_c::scanner::tests::test_1::h6804482fbd200bbd
[INFO] [stdout]                                at /opt/rustwide/workdir/src/scanner.rs:182:9
[INFO] [stdout]   21:     0x6395c7319a77 - mini_c::scanner::tests::test_1::{{closure}}::he3c5e3676e9a87f5
[INFO] [stdout]                                at /opt/rustwide/workdir/src/scanner.rs:180:16
[INFO] [stdout]   22:     0x6395c7315bd6 - core::ops::function::FnOnce::call_once::h0f2a80c0ef42c3f6
[INFO] [stdout]                                at /rustc/90b35a6239c3d8bdabc530a6a0816f7ff89a0aaf/library/core/src/ops/function.rs:250:5
[INFO] [stdout]   23:     0x6395c7357feb - core::ops::function::FnOnce::call_once::h109cf8051a59b34e
[INFO] [stdout]                                at /rustc/90b35a6239c3d8bdabc530a6a0816f7ff89a0aaf/library/core/src/ops/function.rs:250:5
[INFO] [stdout]   24:     0x6395c7357feb - test::__rust_begin_short_backtrace::hf4fff89d377446ba
[INFO] [stdout]                                at /rustc/90b35a6239c3d8bdabc530a6a0816f7ff89a0aaf/library/test/src/lib.rs:621:18
[INFO] [stdout]   25:     0x6395c7357827 - test::run_test_in_process::{{closure}}::h0e39181dd7ee5a43
[INFO] [stdout]                                at /rustc/90b35a6239c3d8bdabc530a6a0816f7ff89a0aaf/library/test/src/lib.rs:644:60
[INFO] [stdout]   26:     0x6395c7357827 - <core::panic::unwind_safe::AssertUnwindSafe<F> as core::ops::function::FnOnce<()>>::call_once::hc5a66a30f0bdfd1f
[INFO] [stdout]                                at /rustc/90b35a6239c3d8bdabc530a6a0816f7ff89a0aaf/library/core/src/panic/unwind_safe.rs:272:9
[INFO] [stdout]   27:     0x6395c7357827 - std::panicking::try::do_call::h873b7cf639554a5e
[INFO] [stdout]                                at /rustc/90b35a6239c3d8bdabc530a6a0816f7ff89a0aaf/library/std/src/panicking.rs:557:40
[INFO] [stdout]   28:     0x6395c7357827 - std::panicking::try::hdb19862fad9c8bd1
[INFO] [stdout]                                at /rustc/90b35a6239c3d8bdabc530a6a0816f7ff89a0aaf/library/std/src/panicking.rs:520:19
[INFO] [stdout]   29:     0x6395c7357827 - std::panic::catch_unwind::h281fe732d236d260
[INFO] [stdout]                                at /rustc/90b35a6239c3d8bdabc530a6a0816f7ff89a0aaf/library/std/src/panic.rs:358:14
[INFO] [stdout]   30:     0x6395c7357827 - test::run_test_in_process::h949b6df8457ed338
[INFO] [stdout]                                at /rustc/90b35a6239c3d8bdabc530a6a0816f7ff89a0aaf/library/test/src/lib.rs:644:27
[INFO] [stdout]   31:     0x6395c7357827 - test::run_test::{{closure}}::h52c556a6d4740e10
[INFO] [stdout]                                at /rustc/90b35a6239c3d8bdabc530a6a0816f7ff89a0aaf/library/test/src/lib.rs:565:43
[INFO] [stdout]   32:     0x6395c731cb04 - test::run_test::{{closure}}::h4237f6381c45ccb9
[INFO] [stdout]                                at /rustc/90b35a6239c3d8bdabc530a6a0816f7ff89a0aaf/library/test/src/lib.rs:595:41
[INFO] [stdout]   33:     0x6395c731cb04 - std::sys::backtrace::__rust_begin_short_backtrace::h505c97a579eca628
[INFO] [stdout]                                at /rustc/90b35a6239c3d8bdabc530a6a0816f7ff89a0aaf/library/std/src/sys/backtrace.rs:154:18
[INFO] [stdout]   34:     0x6395c73201ce - std::thread::Builder::spawn_unchecked_::{{closure}}::{{closure}}::h9e86b2e2bc107ea3
[INFO] [stdout]                                at /rustc/90b35a6239c3d8bdabc530a6a0816f7ff89a0aaf/library/std/src/thread/mod.rs:538:17
[INFO] [stdout]   35:     0x6395c73201ce - <core::panic::unwind_safe::AssertUnwindSafe<F> as core::ops::function::FnOnce<()>>::call_once::h8b06ddb275ff4a25
[INFO] [stdout]                                at /rustc/90b35a6239c3d8bdabc530a6a0816f7ff89a0aaf/library/core/src/panic/unwind_safe.rs:272:9
[INFO] [stdout]   36:     0x6395c73201ce - std::panicking::try::do_call::hb26ecd7cd9a9355d
[INFO] [stdout]                                at /rustc/90b35a6239c3d8bdabc530a6a0816f7ff89a0aaf/library/std/src/panicking.rs:557:40
[INFO] [stdout]   37:     0x6395c73201ce - std::panicking::try::h8ddeca9d705f9069
[INFO] [stdout]                                at /rustc/90b35a6239c3d8bdabc530a6a0816f7ff89a0aaf/library/std/src/panicking.rs:520:19
[INFO] [stdout]   38:     0x6395c73201ce - std::panic::catch_unwind::h49e1c33078844c46
[INFO] [stdout]                                at /rustc/90b35a6239c3d8bdabc530a6a0816f7ff89a0aaf/library/std/src/panic.rs:358:14
[INFO] [stdout]   39:     0x6395c73201ce - std::thread::Builder::spawn_unchecked_::{{closure}}::h6073db6ff56ad35d
[INFO] [stdout]                                at /rustc/90b35a6239c3d8bdabc530a6a0816f7ff89a0aaf/library/std/src/thread/mod.rs:537:30
[INFO] [stdout]   40:     0x6395c73201ce - core::ops::function::FnOnce::call_once{{vtable.shim}}::h2c5a5f3779c774f1
[INFO] [stdout]                                at /rustc/90b35a6239c3d8bdabc530a6a0816f7ff89a0aaf/library/core/src/ops/function.rs:250:5
[INFO] [stdout]   41:     0x6395c74d5b6b - <alloc::boxed::Box<F,A> as core::ops::function::FnOnce<Args>>::call_once::hf75717d9f28faebf
[INFO] [stdout]                                at /rustc/90b35a6239c3d8bdabc530a6a0816f7ff89a0aaf/library/alloc/src/boxed.rs:2454:9
[INFO] [stdout]   42:     0x6395c74d5b6b - <alloc::boxed::Box<F,A> as core::ops::function::FnOnce<Args>>::call_once::h7bd883a5f3c5f3c1
[INFO] [stdout]                                at /rustc/90b35a6239c3d8bdabc530a6a0816f7ff89a0aaf/library/alloc/src/boxed.rs:2454:9
[INFO] [stdout]   43:     0x6395c74d5b6b - std::sys::pal::unix::thread::Thread::new::thread_start::hcc78f3943333fa94
[INFO] [stdout]                                at /rustc/90b35a6239c3d8bdabc530a6a0816f7ff89a0aaf/library/std/src/sys/pal/unix/thread.rs:105:17
[INFO] [stdout]   44:     0x7018fa476ac3 - <unknown>
[INFO] [stdout]   45:     0x7018fa507a04 - clone
[INFO] [stdout]   46:                0x0 - <unknown>
[INFO] [stdout] 
[INFO] [stdout] ---- scanner::tests::test_2 stdout ----
[INFO] [stdout] ━━━━━━━━━━━━━━━━━━━━━━━━━━━━━━━ Snapshot Summary ━━━━━━━━━━━━━━━━━━━━━━━━━━━━━━━
[INFO] [stdout] Snapshot file: src/snapshots/mini_c__scanner__tests__2.snap
[INFO] [stdout] Snapshot: 2
[INFO] [stdout] Source: src/scanner.rs:189
[INFO] [stdout] ────────────────────────────────────────────────────────────────────────────────
[INFO] [stdout] Expression: scanner.scan()
[INFO] [stdout] ────────────────────────────────────────────────────────────────────────────────
[INFO] [stdout] -old snapshot
[INFO] [stdout] +new results
[INFO] [stdout] ────────────┬───────────────────────────────────────────────────────────────────
[INFO] [stdout]     0     0 │ - type: Integer
[INFO] [stdout]     1     1 │   value:
[INFO] [stdout]     2     2 │     Integer: 93367
[INFO] [stdout]     3     3 │   info:
[INFO] [stdout]     4       │-    start: 0
[INFO] [stdout]     5       │-    length: 5
[INFO] [stdout]     6       │-    line: 0
[INFO] [stdout]     7       │-- type: Minus
[INFO] [stdout]     8       │-  value: ~
[INFO] [stdout]     9       │-  info:
[INFO] [stdout]    10     4 │     start: 5
[INFO] [stdout]           5 │+    length: 5
[INFO] [stdout]           6 │+    line: 0
[INFO] [stdout]           7 │+- type: Minus
[INFO] [stdout]           8 │+  value: ~
[INFO] [stdout]           9 │+  info:
[INFO] [stdout]          10 │+    start: 11
[INFO] [stdout]    11    11 │     length: 1
[INFO] [stdout]    12    12 │     line: 0
[INFO] [stdout]    13    13 │ - type: Integer
[INFO] [stdout]    14    14 │   value:
[INFO] [stdout]    15    15 │     Integer: 76920
[INFO] [stdout]    16    16 │   info:
[INFO] [stdout]    17       │-    start: 6
[INFO] [stdout]          17 │+    start: 16
[INFO] [stdout]    18    18 │     length: 5
[INFO] [stdout]    19    19 │     line: 0
[INFO] [stdout]    20    20 │ - type: Plus
[INFO] [stdout]    21    21 │   value: ~
[INFO] [stdout]    22    22 │   info:
[INFO] [stdout]    23       │-    start: 11
[INFO] [stdout]          23 │+    start: 22
[INFO] [stdout]    24    24 │     length: 1
[INFO] [stdout]    25    25 │     line: 0
[INFO] [stdout]    26    26 │ - type: Integer
[INFO] [stdout]    27    27 │   value:
[INFO] [stdout]    28    28 │     Integer: 596894
[INFO] [stdout]    29    29 │   info:
[INFO] [stdout]    30       │-    start: 12
[INFO] [stdout]          30 │+    start: 28
[INFO] [stdout]    31    31 │     length: 6
[INFO] [stdout]    32    32 │     line: 0
[INFO] [stdout]    33    33 │ - type: Minus
[INFO] [stdout]    34    34 │   value: ~
[INFO] [stdout]    35    35 │   info:
[INFO] [stdout]    36       │-    start: 18
[INFO] [stdout]          36 │+    start: 35
[INFO] [stdout]    37    37 │     length: 1
[INFO] [stdout]    38    38 │     line: 0
[INFO] [stdout]    39    39 │ - type: Integer
[INFO] [stdout]    40    40 │   value:
[INFO] [stdout]    41    41 │     Integer: 231722
[INFO] [stdout]    42    42 │   info:
[INFO] [stdout]    43       │-    start: 19
[INFO] [stdout]          43 │+    start: 41
[INFO] [stdout]    44    44 │     length: 6
[INFO] [stdout]    45    45 │     line: 0
[INFO] [stdout]    46    46 │ - type: Minus
[INFO] [stdout]    47    47 │   value: ~
[INFO] [stdout]    48    48 │   info:
[INFO] [stdout]    49       │-    start: 25
[INFO] [stdout]          49 │+    start: 48
[INFO] [stdout]    50    50 │     length: 1
[INFO] [stdout]    51    51 │     line: 0
[INFO] [stdout]    52    52 │ - type: Integer
[INFO] [stdout]    53    53 │   value:
[INFO] [stdout]    54    54 │     Integer: 8350
[INFO] [stdout]    55    55 │   info:
[INFO] [stdout]    56       │-    start: 26
[INFO] [stdout]          56 │+    start: 52
[INFO] [stdout]    57    57 │     length: 4
[INFO] [stdout]    58    58 │     line: 0
[INFO] [stdout]    59    59 │ - type: Minus
[INFO] [stdout]    60    60 │   value: ~
[INFO] [stdout]    61    61 │   info:
[INFO] [stdout]    62       │-    start: 30
[INFO] [stdout]          62 │+    start: 57
[INFO] [stdout]    63    63 │     length: 1
[INFO] [stdout]    64    64 │     line: 0
[INFO] [stdout]    65    65 │ - type: Float
[INFO] [stdout]    66    66 │   value:
[INFO] [stdout]    67    67 │     Float: 3517484393530
[INFO] [stdout]    68    68 │   info:
[INFO] [stdout]    69       │-    start: 31
[INFO] [stdout]          69 │+    start: 72
[INFO] [stdout]    70    70 │     length: 15
[INFO] [stdout]    71    71 │     line: 0
[INFO] [stdout]    72    72 │ - type: Minus
[INFO] [stdout]    73    73 │   value: ~
[INFO] [stdout]    74    74 │   info:
[INFO] [stdout]    75       │-    start: 46
[INFO] [stdout]          75 │+    start: 88
[INFO] [stdout]    76    76 │     length: 1
[INFO] [stdout]    77    77 │     line: 0
[INFO] [stdout]    78    78 │ - type: Integer
[INFO] [stdout]    79    79 │   value:
[INFO] [stdout]    80    80 │     Integer: 65
[INFO] [stdout]    81    81 │   info:
[INFO] [stdout]    82       │-    start: 47
[INFO] [stdout]          82 │+    start: 90
[INFO] [stdout]    83    83 │     length: 2
[INFO] [stdout]    84    84 │     line: 0
[INFO] [stdout]    85    85 │ - type: Plus
[INFO] [stdout]    86    86 │   value: ~
[INFO] [stdout]    87    87 │   info:
[INFO] [stdout]    88       │-    start: 49
[INFO] [stdout]          88 │+    start: 93
[INFO] [stdout]    89    89 │     length: 1
[INFO] [stdout]    90    90 │     line: 0
[INFO] [stdout]    91    91 │ - type: Integer
[INFO] [stdout]    92    92 │   value:
[INFO] [stdout]    93    93 │     Integer: 710
[INFO] [stdout]    94    94 │   info:
[INFO] [stdout]    95       │-    start: 50
[INFO] [stdout]          95 │+    start: 96
[INFO] [stdout]    96    96 │     length: 3
[INFO] [stdout]    97    97 │     line: 0
[INFO] [stdout]    98    98 │ - type: Eof
[INFO] [stdout]    99    99 │   value: ~
[INFO] [stdout]   100   100 │   info:
[INFO] [stdout]   101       │-    start: 53
[INFO] [stdout]         101 │+    start: 100
[INFO] [stdout]   102   102 │     length: 1
[INFO] [stdout]   103   103 │     line: 0
[INFO] [stdout] ────────────┴───────────────────────────────────────────────────────────────────
[INFO] [stdout] thread 'scanner::tests::test_2' panicked at src/scanner.rs:189:9:
[INFO] [stdout] called `Result::unwrap()` on an `Err` value: Os { code: 30, kind: ReadOnlyFilesystem, message: "Read-only file system" }
[INFO] [stdout] stack backtrace:
[INFO] [stdout]    0:     0x6395c74cfd0a - std::backtrace_rs::backtrace::libunwind::trace::h5a5b8284f2d0c266
[INFO] [stdout]                                at /rustc/90b35a6239c3d8bdabc530a6a0816f7ff89a0aaf/library/std/src/../../backtrace/src/backtrace/libunwind.rs:116:5
[INFO] [stdout]    1:     0x6395c74cfd0a - std::backtrace_rs::backtrace::trace_unsynchronized::h76d4f1c9b0b875e3
[INFO] [stdout]                                at /rustc/90b35a6239c3d8bdabc530a6a0816f7ff89a0aaf/library/std/src/../../backtrace/src/backtrace/mod.rs:66:5
[INFO] [stdout]    2:     0x6395c74cfd0a - std::sys::backtrace::_print_fmt::hc4546b8364a537c6
[INFO] [stdout]                                at /rustc/90b35a6239c3d8bdabc530a6a0816f7ff89a0aaf/library/std/src/sys/backtrace.rs:66:9
[INFO] [stdout]    3:     0x6395c74cfd0a - <std::sys::backtrace::BacktraceLock::print::DisplayBacktrace as core::fmt::Display>::fmt::h5b6bd5631a6d1f6b
[INFO] [stdout]                                at /rustc/90b35a6239c3d8bdabc530a6a0816f7ff89a0aaf/library/std/src/sys/backtrace.rs:39:26
[INFO] [stdout]    4:     0x6395c74f8053 - core::fmt::rt::Argument::fmt::h270f6602a2b96f62
[INFO] [stdout]                                at /rustc/90b35a6239c3d8bdabc530a6a0816f7ff89a0aaf/library/core/src/fmt/rt.rs:177:76
[INFO] [stdout]    5:     0x6395c74f8053 - core::fmt::write::h7550c97b06c86515
[INFO] [stdout]                                at /rustc/90b35a6239c3d8bdabc530a6a0816f7ff89a0aaf/library/core/src/fmt/mod.rs:1186:21
[INFO] [stdout]    6:     0x6395c74cc733 - std::io::Write::write_fmt::h509ff860e5956e5e
[INFO] [stdout]                                at /rustc/90b35a6239c3d8bdabc530a6a0816f7ff89a0aaf/library/std/src/io/mod.rs:1839:15
[INFO] [stdout]    7:     0x6395c74cfb52 - std::sys::backtrace::BacktraceLock::print::h2395ccd2c84ba3aa
[INFO] [stdout]                                at /rustc/90b35a6239c3d8bdabc530a6a0816f7ff89a0aaf/library/std/src/sys/backtrace.rs:42:9
[INFO] [stdout]    8:     0x6395c74d116a - std::panicking::default_hook::{{closure}}::he19d4c7230e07961
[INFO] [stdout]                                at /rustc/90b35a6239c3d8bdabc530a6a0816f7ff89a0aaf/library/std/src/panicking.rs:268:22
[INFO] [stdout]    9:     0x6395c74d0f74 - std::panicking::default_hook::hf614597d3c67bbdb
[INFO] [stdout]                                at /rustc/90b35a6239c3d8bdabc530a6a0816f7ff89a0aaf/library/std/src/panicking.rs:292:9
[INFO] [stdout]   10:     0x6395c7353629 - <alloc::boxed::Box<F,A> as core::ops::function::Fn<Args>>::call::h39b51ce4599c23d1
[INFO] [stdout]                                at /rustc/90b35a6239c3d8bdabc530a6a0816f7ff89a0aaf/library/alloc/src/boxed.rs:2468:9
[INFO] [stdout]   11:     0x6395c7353629 - test::test_main::{{closure}}::he977ae839a582784
[INFO] [stdout]                                at /rustc/90b35a6239c3d8bdabc530a6a0816f7ff89a0aaf/library/test/src/lib.rs:133:21
[INFO] [stdout]   12:     0x6395c74d1808 - <alloc::boxed::Box<F,A> as core::ops::function::Fn<Args>>::call::h9455091b6b06f9fb
[INFO] [stdout]                                at /rustc/90b35a6239c3d8bdabc530a6a0816f7ff89a0aaf/library/alloc/src/boxed.rs:2468:9
[INFO] [stdout]   13:     0x6395c74d1808 - std::panicking::rust_panic_with_hook::h8942133a8b252070
[INFO] [stdout]                                at /rustc/90b35a6239c3d8bdabc530a6a0816f7ff89a0aaf/library/std/src/panicking.rs:809:13
[INFO] [stdout]   14:     0x6395c74d15ca - std::panicking::begin_panic_handler::{{closure}}::hb5f5963570096b29
[INFO] [stdout]                                at /rustc/90b35a6239c3d8bdabc530a6a0816f7ff89a0aaf/library/std/src/panicking.rs:674:13
[INFO] [stdout]   15:     0x6395c74d01e9 - std::sys::backtrace::__rust_end_short_backtrace::h6208cedc1922feda
[INFO] [stdout]                                at /rustc/90b35a6239c3d8bdabc530a6a0816f7ff89a0aaf/library/std/src/sys/backtrace.rs:170:18
[INFO] [stdout]   16:     0x6395c74d125c - rust_begin_unwind
[INFO] [stdout]                                at /rustc/90b35a6239c3d8bdabc530a6a0816f7ff89a0aaf/library/std/src/panicking.rs:665:5
[INFO] [stdout]   17:     0x6395c7313c10 - core::panicking::panic_fmt::h0c3082644d1bf418
[INFO] [stdout]                                at /rustc/90b35a6239c3d8bdabc530a6a0816f7ff89a0aaf/library/core/src/panicking.rs:74:14
[INFO] [stdout]   18:     0x6395c7314056 - core::result::unwrap_failed::hd20b4aa073bda1e2
[INFO] [stdout]                                at /rustc/90b35a6239c3d8bdabc530a6a0816f7ff89a0aaf/library/core/src/result.rs:1700:5
[INFO] [stdout]   19:     0x6395c731a3ec - core::result::Result<T,E>::unwrap::hc95419c2dbbb345c
[INFO] [stdout]                                at /rustc/90b35a6239c3d8bdabc530a6a0816f7ff89a0aaf/library/core/src/result.rs:1104:23
[INFO] [stdout]   20:     0x6395c731a3ec - mini_c::scanner::tests::test_2::h0a6dbfd86fb2e4b6
[INFO] [stdout]                                at /opt/rustwide/workdir/src/scanner.rs:189:9
[INFO] [stdout]   21:     0x6395c731a007 - mini_c::scanner::tests::test_2::{{closure}}::h1c8405838b10fa78
[INFO] [stdout]                                at /opt/rustwide/workdir/src/scanner.rs:186:16
[INFO] [stdout]   22:     0x6395c7315c56 - core::ops::function::FnOnce::call_once::he43f291e9c4fa52d
[INFO] [stdout]                                at /rustc/90b35a6239c3d8bdabc530a6a0816f7ff89a0aaf/library/core/src/ops/function.rs:250:5
[INFO] [stdout]   23:     0x6395c7357feb - core::ops::function::FnOnce::call_once::h109cf8051a59b34e
[INFO] [stdout]                                at /rustc/90b35a6239c3d8bdabc530a6a0816f7ff89a0aaf/library/core/src/ops/function.rs:250:5
[INFO] [stdout]   24:     0x6395c7357feb - test::__rust_begin_short_backtrace::hf4fff89d377446ba
[INFO] [stdout]                                at /rustc/90b35a6239c3d8bdabc530a6a0816f7ff89a0aaf/library/test/src/lib.rs:621:18
[INFO] [stdout]   25:     0x6395c7357827 - test::run_test_in_process::{{closure}}::h0e39181dd7ee5a43
[INFO] [stdout]                                at /rustc/90b35a6239c3d8bdabc530a6a0816f7ff89a0aaf/library/test/src/lib.rs:644:60
[INFO] [stdout]   26:     0x6395c7357827 - <core::panic::unwind_safe::AssertUnwindSafe<F> as core::ops::function::FnOnce<()>>::call_once::hc5a66a30f0bdfd1f
[INFO] [stdout]                                at /rustc/90b35a6239c3d8bdabc530a6a0816f7ff89a0aaf/library/core/src/panic/unwind_safe.rs:272:9
[INFO] [stdout]   27:     0x6395c7357827 - std::panicking::try::do_call::h873b7cf639554a5e
[INFO] [stdout]                                at /rustc/90b35a6239c3d8bdabc530a6a0816f7ff89a0aaf/library/std/src/panicking.rs:557:40
[INFO] [stdout]   28:     0x6395c7357827 - std::panicking::try::hdb19862fad9c8bd1
[INFO] [stdout]                                at /rustc/90b35a6239c3d8bdabc530a6a0816f7ff89a0aaf/library/std/src/panicking.rs:520:19
[INFO] [stdout]   29:     0x6395c7357827 - std::panic::catch_unwind::h281fe732d236d260
[INFO] [stdout]                                at /rustc/90b35a6239c3d8bdabc530a6a0816f7ff89a0aaf/library/std/src/panic.rs:358:14
[INFO] [stdout]   30:     0x6395c7357827 - test::run_test_in_process::h949b6df8457ed338
[INFO] [stdout]                                at /rustc/90b35a6239c3d8bdabc530a6a0816f7ff89a0aaf/library/test/src/lib.rs:644:27
[INFO] [stdout]   31:     0x6395c7357827 - test::run_test::{{closure}}::h52c556a6d4740e10
[INFO] [stdout]                                at /rustc/90b35a6239c3d8bdabc530a6a0816f7ff89a0aaf/library/test/src/lib.rs:565:43
[INFO] [stdout]   32:     0x6395c731cb04 - test::run_test::{{closure}}::h4237f6381c45ccb9
[INFO] [stdout]                                at /rustc/90b35a6239c3d8bdabc530a6a0816f7ff89a0aaf/library/test/src/lib.rs:595:41
[INFO] [stdout]   33:     0x6395c731cb04 - std::sys::backtrace::__rust_begin_short_backtrace::h505c97a579eca628
[INFO] [stdout]                                at /rustc/90b35a6239c3d8bdabc530a6a0816f7ff89a0aaf/library/std/src/sys/backtrace.rs:154:18
[INFO] [stdout]   34:     0x6395c73201ce - std::thread::Builder::spawn_unchecked_::{{closure}}::{{closure}}::h9e86b2e2bc107ea3
[INFO] [stdout]                                at /rustc/90b35a6239c3d8bdabc530a6a0816f7ff89a0aaf/library/std/src/thread/mod.rs:538:17
[INFO] [stdout]   35:     0x6395c73201ce - <core::panic::unwind_safe::AssertUnwindSafe<F> as core::ops::function::FnOnce<()>>::call_once::h8b06ddb275ff4a25
[INFO] [stdout]                                at /rustc/90b35a6239c3d8bdabc530a6a0816f7ff89a0aaf/library/core/src/panic/unwind_safe.rs:272:9
[INFO] [stdout]   36:     0x6395c73201ce - std::panicking::try::do_call::hb26ecd7cd9a9355d
[INFO] [stdout]                                at /rustc/90b35a6239c3d8bdabc530a6a0816f7ff89a0aaf/library/std/src/panicking.rs:557:40
[INFO] [stdout]   37:     0x6395c73201ce - std::panicking::try::h8ddeca9d705f9069
[INFO] [stdout]                                at /rustc/90b35a6239c3d8bdabc530a6a0816f7ff89a0aaf/library/std/src/panicking.rs:520:19
[INFO] [stdout]   38:     0x6395c73201ce - std::panic::catch_unwind::h49e1c33078844c46
[INFO] [stdout]                                at /rustc/90b35a6239c3d8bdabc530a6a0816f7ff89a0aaf/library/std/src/panic.rs:358:14
[INFO] [stdout]   39:     0x6395c73201ce - std::thread::Builder::spawn_unchecked_::{{closure}}::h6073db6ff56ad35d
[INFO] [stdout]                                at /rustc/90b35a6239c3d8bdabc530a6a0816f7ff89a0aaf/library/std/src/thread/mod.rs:537:30
[INFO] [stdout]   40:     0x6395c73201ce - core::ops::function::FnOnce::call_once{{vtable.shim}}::h2c5a5f3779c774f1
[INFO] [stdout]                                at /rustc/90b35a6239c3d8bdabc530a6a0816f7ff89a0aaf/library/core/src/ops/function.rs:250:5
[INFO] [stdout]   41:     0x6395c74d5b6b - <alloc::boxed::Box<F,A> as core::ops::function::FnOnce<Args>>::call_once::hf75717d9f28faebf
[INFO] [stdout]                                at /rustc/90b35a6239c3d8bdabc530a6a0816f7ff89a0aaf/library/alloc/src/boxed.rs:2454:9
[INFO] [stdout]   42:     0x6395c74d5b6b - <alloc::boxed::Box<F,A> as core::ops::function::FnOnce<Args>>::call_once::h7bd883a5f3c5f3c1
[INFO] [stdout]                                at /rustc/90b35a6239c3d8bdabc530a6a0816f7ff89a0aaf/library/alloc/src/boxed.rs:2454:9
[INFO] [stdout]   43:     0x6395c74d5b6b - std::sys::pal::unix::thread::Thread::new::thread_start::hcc78f3943333fa94
[INFO] [stdout]                                at /rustc/90b35a6239c3d8bdabc530a6a0816f7ff89a0aaf/library/std/src/sys/pal/unix/thread.rs:105:17
[INFO] [stdout]   44:     0x7018fa476ac3 - <unknown>
[INFO] [stdout]   45:     0x7018fa507a04 - clone
[INFO] [stdout]   46:                0x0 - <unknown>
[INFO] [stdout] 
[INFO] [stdout] 
[INFO] [stdout] failures:
[INFO] [stdout]     scanner::tests::test_1
[INFO] [stdout]     scanner::tests::test_2
[INFO] [stdout] 
[INFO] [stdout] test result: FAILED. 0 passed; 2 failed; 0 ignored; 0 measured; 0 filtered out; finished in 1.71s
[INFO] [stdout] 
[INFO] [stderr] error: test failed, to rerun pass `--lib`
[INFO] running `Command { std: "docker" "inspect" "8fccc53dafb8e4aec91988663d12b7416b1892d221276a4add78b1345a188b0b", kill_on_drop: false }`
[INFO] running `Command { std: "docker" "rm" "-f" "8fccc53dafb8e4aec91988663d12b7416b1892d221276a4add78b1345a188b0b", kill_on_drop: false }`
[INFO] [stdout] 8fccc53dafb8e4aec91988663d12b7416b1892d221276a4add78b1345a188b0b
