[INFO] cloning repository https://github.com/TScafeJR/advent-of-code-2024
[INFO] running `Command { std: "git" "-c" "credential.helper=" "-c" "credential.helper=/workspace/cargo-home/bin/git-credential-null" "clone" "--bare" "https://github.com/TScafeJR/advent-of-code-2024" "/workspace/cache/git-repos/https%3A%2F%2Fgithub.com%2FTScafeJR%2Fadvent-of-code-2024", kill_on_drop: false }`
[INFO] [stderr] Cloning into bare repository '/workspace/cache/git-repos/https%3A%2F%2Fgithub.com%2FTScafeJR%2Fadvent-of-code-2024'...
[INFO] running `Command { std: "git" "rev-parse" "HEAD", kill_on_drop: false }`
[INFO] [stdout] 8eb0f26ecf3a6a5a45a50b28ea86d59a8b34bc17
[INFO] testing TScafeJR/advent-of-code-2024 against 1.83.0 for beta-1.84.0-4-retry
[INFO] running `Command { std: "git" "clone" "/workspace/cache/git-repos/https%3A%2F%2Fgithub.com%2FTScafeJR%2Fadvent-of-code-2024" "/workspace/builds/worker-3-tc1/source", kill_on_drop: false }`
[INFO] [stderr] Cloning into '/workspace/builds/worker-3-tc1/source'...
[INFO] [stderr] done.
[INFO] validating manifest of git repo https://github.com/TScafeJR/advent-of-code-2024 on toolchain 1.83.0
[INFO] running `Command { std: CARGO_HOME="/workspace/cargo-home" RUSTUP_HOME="/workspace/rustup-home" "/workspace/cargo-home/bin/cargo" "+1.83.0" "metadata" "--manifest-path" "Cargo.toml" "--no-deps", kill_on_drop: false }`
[INFO] started tweaking git repo https://github.com/TScafeJR/advent-of-code-2024
[INFO] finished tweaking git repo https://github.com/TScafeJR/advent-of-code-2024
[INFO] tweaked toml for git repo https://github.com/TScafeJR/advent-of-code-2024 written to /workspace/builds/worker-3-tc1/source/Cargo.toml
[INFO] crate git repo https://github.com/TScafeJR/advent-of-code-2024 already has a lockfile, it will not be regenerated
[INFO] running `Command { std: CARGO_HOME="/workspace/cargo-home" RUSTUP_HOME="/workspace/rustup-home" "/workspace/cargo-home/bin/cargo" "+1.83.0" "fetch" "--manifest-path" "Cargo.toml", kill_on_drop: false }`
[INFO] [stderr]     Blocking waiting for file lock on package cache
[INFO] [stderr]     Blocking waiting for file lock on package cache
[INFO] running `Command { std: "docker" "create" "-v" "/var/lib/crater-agent-workspace/builds/worker-3-tc1/target:/opt/rustwide/target:rw,Z" "-v" "/var/lib/crater-agent-workspace/builds/worker-3-tc1/source:/opt/rustwide/workdir:ro,Z" "-v" "/var/lib/crater-agent-workspace/cargo-home:/opt/rustwide/cargo-home:ro,Z" "-v" "/var/lib/crater-agent-workspace/rustup-home:/opt/rustwide/rustup-home:ro,Z" "-e" "SOURCE_DIR=/opt/rustwide/workdir" "-e" "CARGO_TARGET_DIR=/opt/rustwide/target" "-e" "CARGO_HOME=/opt/rustwide/cargo-home" "-e" "RUSTUP_HOME=/opt/rustwide/rustup-home" "-w" "/opt/rustwide/workdir" "-m" "1610612736" "--user" "0:0" "--network" "none" "ghcr.io/rust-lang/crates-build-env/linux@sha256:f3a9d4ad9d972b27faf3965f35b62e55ba32bbce8f20bc8fe909558a86702fde" "/opt/rustwide/cargo-home/bin/cargo" "+1.83.0" "metadata" "--no-deps" "--format-version=1", kill_on_drop: false }`
[INFO] [stdout] 06027db839cb9130dcd66425f2885f34ee3924c361fcbfe1ca07c069b4661f4c
[INFO] running `Command { std: "docker" "start" "-a" "06027db839cb9130dcd66425f2885f34ee3924c361fcbfe1ca07c069b4661f4c", kill_on_drop: false }`
[INFO] running `Command { std: "docker" "inspect" "06027db839cb9130dcd66425f2885f34ee3924c361fcbfe1ca07c069b4661f4c", kill_on_drop: false }`
[INFO] running `Command { std: "docker" "rm" "-f" "06027db839cb9130dcd66425f2885f34ee3924c361fcbfe1ca07c069b4661f4c", kill_on_drop: false }`
[INFO] [stdout] 06027db839cb9130dcd66425f2885f34ee3924c361fcbfe1ca07c069b4661f4c
[INFO] running `Command { std: "docker" "create" "-v" "/var/lib/crater-agent-workspace/builds/worker-3-tc1/target:/opt/rustwide/target:rw,Z" "-v" "/var/lib/crater-agent-workspace/builds/worker-3-tc1/source:/opt/rustwide/workdir:ro,Z" "-v" "/var/lib/crater-agent-workspace/cargo-home:/opt/rustwide/cargo-home:ro,Z" "-v" "/var/lib/crater-agent-workspace/rustup-home:/opt/rustwide/rustup-home:ro,Z" "-e" "SOURCE_DIR=/opt/rustwide/workdir" "-e" "CARGO_TARGET_DIR=/opt/rustwide/target" "-e" "CARGO_INCREMENTAL=0" "-e" "RUST_BACKTRACE=full" "-e" "RUSTFLAGS=--cap-lints=warn" "-e" "RUSTDOCFLAGS=--cap-lints=warn" "-e" "CARGO_HOME=/opt/rustwide/cargo-home" "-e" "RUSTUP_HOME=/opt/rustwide/rustup-home" "-w" "/opt/rustwide/workdir" "-m" "1610612736" "--user" "0:0" "--network" "none" "ghcr.io/rust-lang/crates-build-env/linux@sha256:f3a9d4ad9d972b27faf3965f35b62e55ba32bbce8f20bc8fe909558a86702fde" "/opt/rustwide/cargo-home/bin/cargo" "+1.83.0" "build" "--frozen" "--message-format=json", kill_on_drop: false }`
[INFO] [stdout] 08105fa126171648b4e52ba5274519844575e5ab5c3053fe3dec98d387c54a95
[INFO] running `Command { std: "docker" "start" "-a" "08105fa126171648b4e52ba5274519844575e5ab5c3053fe3dec98d387c54a95", kill_on_drop: false }`
[INFO] [stderr]    Compiling proc-macro2 v1.0.92
[INFO] [stderr]    Compiling unicode-ident v1.0.14
[INFO] [stderr]    Compiling utf8parse v0.2.2
[INFO] [stderr]    Compiling memchr v2.7.4
[INFO] [stderr]    Compiling anstyle v1.0.10
[INFO] [stderr]    Compiling is_terminal_polyfill v1.70.1
[INFO] [stderr]    Compiling colorchoice v1.0.3
[INFO] [stderr]    Compiling anstyle-query v1.1.2
[INFO] [stderr]    Compiling regex-syntax v0.8.5
[INFO] [stderr]    Compiling strsim v0.11.1
[INFO] [stderr]    Compiling heck v0.5.0
[INFO] [stderr]    Compiling clap_lex v0.7.3
[INFO] [stderr]    Compiling anstyle-parse v0.2.6
[INFO] [stderr]    Compiling anstream v0.6.18
[INFO] [stderr]    Compiling clap_builder v4.5.22
[INFO] [stderr]    Compiling aho-corasick v1.1.3
[INFO] [stderr]    Compiling quote v1.0.37
[INFO] [stderr]    Compiling syn v2.0.90
[INFO] [stderr]    Compiling regex-automata v0.4.9
[INFO] [stderr]    Compiling clap_derive v4.5.18
[INFO] [stderr]    Compiling regex v1.11.1
[INFO] [stderr]    Compiling clap v4.5.22
[INFO] [stderr]    Compiling code-advent-2024 v0.1.0 (/opt/rustwide/workdir)
[INFO] [stdout] warning: unused variable: `points_set`
[INFO] [stdout]   --> src/days/twelve/main.rs:27:9
[INFO] [stdout]    |
[INFO] [stdout] 27 |     let points_set: HashSet<(usize, usize)> = points.iter().cloned().collect();
[INFO] [stdout]    |         ^^^^^^^^^^ help: if this is intentional, prefix it with an underscore: `_points_set`
[INFO] [stdout]    |
[INFO] [stdout]    = note: `#[warn(unused_variables)]` on by default
[INFO] [stdout] 
[INFO] [stdout] 
[INFO] [stderr]     Finished `dev` profile [unoptimized + debuginfo] target(s) in 13.85s
[INFO] running `Command { std: "docker" "inspect" "08105fa126171648b4e52ba5274519844575e5ab5c3053fe3dec98d387c54a95", kill_on_drop: false }`
[INFO] running `Command { std: "docker" "rm" "-f" "08105fa126171648b4e52ba5274519844575e5ab5c3053fe3dec98d387c54a95", kill_on_drop: false }`
[INFO] [stdout] 08105fa126171648b4e52ba5274519844575e5ab5c3053fe3dec98d387c54a95
[INFO] running `Command { std: "docker" "create" "-v" "/var/lib/crater-agent-workspace/builds/worker-3-tc1/target:/opt/rustwide/target:rw,Z" "-v" "/var/lib/crater-agent-workspace/builds/worker-3-tc1/source:/opt/rustwide/workdir:ro,Z" "-v" "/var/lib/crater-agent-workspace/cargo-home:/opt/rustwide/cargo-home:ro,Z" "-v" "/var/lib/crater-agent-workspace/rustup-home:/opt/rustwide/rustup-home:ro,Z" "-e" "SOURCE_DIR=/opt/rustwide/workdir" "-e" "CARGO_TARGET_DIR=/opt/rustwide/target" "-e" "CARGO_INCREMENTAL=0" "-e" "RUST_BACKTRACE=full" "-e" "RUSTFLAGS=--cap-lints=warn" "-e" "RUSTDOCFLAGS=--cap-lints=warn" "-e" "CARGO_HOME=/opt/rustwide/cargo-home" "-e" "RUSTUP_HOME=/opt/rustwide/rustup-home" "-w" "/opt/rustwide/workdir" "-m" "1610612736" "--user" "0:0" "--network" "none" "ghcr.io/rust-lang/crates-build-env/linux@sha256:f3a9d4ad9d972b27faf3965f35b62e55ba32bbce8f20bc8fe909558a86702fde" "/opt/rustwide/cargo-home/bin/cargo" "+1.83.0" "test" "--frozen" "--no-run" "--message-format=json", kill_on_drop: false }`
[INFO] [stdout] 6972598ffd7ae15e5ea00d233088cc4954f5c6d8d32d33643606b30e36efff94
[INFO] running `Command { std: "docker" "start" "-a" "6972598ffd7ae15e5ea00d233088cc4954f5c6d8d32d33643606b30e36efff94", kill_on_drop: false }`
[INFO] [stderr]    Compiling code-advent-2024 v0.1.0 (/opt/rustwide/workdir)
[INFO] [stdout] warning: unused variable: `points_set`
[INFO] [stdout]   --> src/days/twelve/main.rs:27:9
[INFO] [stdout]    |
[INFO] [stdout] 27 |     let points_set: HashSet<(usize, usize)> = points.iter().cloned().collect();
[INFO] [stdout]    |         ^^^^^^^^^^ help: if this is intentional, prefix it with an underscore: `_points_set`
[INFO] [stdout]    |
[INFO] [stdout]    = note: `#[warn(unused_variables)]` on by default
[INFO] [stdout] 
[INFO] [stdout] 
[INFO] [stderr]     Finished `test` profile [unoptimized + debuginfo] target(s) in 2.74s
[INFO] running `Command { std: "docker" "inspect" "6972598ffd7ae15e5ea00d233088cc4954f5c6d8d32d33643606b30e36efff94", kill_on_drop: false }`
[INFO] running `Command { std: "docker" "rm" "-f" "6972598ffd7ae15e5ea00d233088cc4954f5c6d8d32d33643606b30e36efff94", kill_on_drop: false }`
[INFO] [stdout] 6972598ffd7ae15e5ea00d233088cc4954f5c6d8d32d33643606b30e36efff94
[INFO] running `Command { std: "docker" "create" "-v" "/var/lib/crater-agent-workspace/builds/worker-3-tc1/target:/opt/rustwide/target:rw,Z" "-v" "/var/lib/crater-agent-workspace/builds/worker-3-tc1/source:/opt/rustwide/workdir:ro,Z" "-v" "/var/lib/crater-agent-workspace/cargo-home:/opt/rustwide/cargo-home:ro,Z" "-v" "/var/lib/crater-agent-workspace/rustup-home:/opt/rustwide/rustup-home:ro,Z" "-e" "SOURCE_DIR=/opt/rustwide/workdir" "-e" "CARGO_TARGET_DIR=/opt/rustwide/target" "-e" "CARGO_INCREMENTAL=0" "-e" "RUST_BACKTRACE=full" "-e" "RUSTFLAGS=--cap-lints=warn" "-e" "RUSTDOCFLAGS=--cap-lints=warn" "-e" "CARGO_HOME=/opt/rustwide/cargo-home" "-e" "RUSTUP_HOME=/opt/rustwide/rustup-home" "-w" "/opt/rustwide/workdir" "-m" "1610612736" "--user" "0:0" "--network" "none" "ghcr.io/rust-lang/crates-build-env/linux@sha256:f3a9d4ad9d972b27faf3965f35b62e55ba32bbce8f20bc8fe909558a86702fde" "/opt/rustwide/cargo-home/bin/cargo" "+1.83.0" "test" "--frozen", kill_on_drop: false }`
[INFO] [stdout] 457f0e377b1de3e594e8d391a403037342dd494cb0814fc6c856e0c911693483
[INFO] running `Command { std: "docker" "start" "-a" "457f0e377b1de3e594e8d391a403037342dd494cb0814fc6c856e0c911693483", kill_on_drop: false }`
[INFO] [stderr] warning: unused variable: `points_set`
[INFO] [stderr]   --> src/days/twelve/main.rs:27:9
[INFO] [stderr]    |
[INFO] [stderr] 27 |     let points_set: HashSet<(usize, usize)> = points.iter().cloned().collect();
[INFO] [stderr]    |         ^^^^^^^^^^ help: if this is intentional, prefix it with an underscore: `_points_set`
[INFO] [stderr]    |
[INFO] [stderr]    = note: `#[warn(unused_variables)]` on by default
[INFO] [stderr] 
[INFO] [stderr] warning: `code-advent-2024` (bin "code-advent-2024" test) generated 1 warning
[INFO] [stderr]     Finished `test` profile [unoptimized + debuginfo] target(s) in 0.04s
[INFO] [stderr]      Running unittests src/main.rs (/opt/rustwide/target/debug/deps/code_advent_2024-d15eafe5ea47674e)
[INFO] [stdout] 
[INFO] [stdout] running 43 tests
[INFO] [stdout] test days::eight::test::tests::p1 ... ok
[INFO] [stdout] test days::eight::test::tests::p2_edge_case_overlap ... ok
[INFO] [stdout] test days::eight::test::tests::p2_large_grid ... ok
[INFO] [stdout] test days::eight::test::tests::p2_complex_grid ... ok
[INFO] [stdout] test days::eight::test::tests::p2 ... ok
[INFO] [stdout] test days::eight::test::tests::p2_edge_case_chain ... ok
[INFO] [stdout] test days::eight::test::tests::x1_lt_x2_p1 ... ok
[INFO] [stdout] test days::eight::test::tests::x1_ob ... ok
[INFO] [stdout] test days::eight::test::tests::x2_ob ... ok
[INFO] [stdout] test days::eight::test::tests::y1_eq_y2_p1 ... ok
[INFO] [stdout] test days::eight::test::tests::p2_edge_case_boundary ... ok
[INFO] [stdout] test days::nine::test::tests::last_file_id ... ok
[INFO] [stdout] test days::nine::test::tests::p2 ... ok
[INFO] [stdout] test days::eight::test::tests::x1_eq_x2_p1 ... ok
[INFO] [stdout] test days::six::test::tests::p1 ... ok
[INFO] [stdout] test days::ten::test::tests::can_navigate_false ... ok
[INFO] [stdout] test days::nine::test::tests::test_scan_open_spaces ... ok
[INFO] [stdout] test days::eight::test::tests::x1_gt_x2_p1 ... ok
[INFO] [stdout] test days::nine::test::tests::p1 ... ok
[INFO] [stdout] test days::nine::test::tests::test_scan_open_spaces_cplx ... ok
[INFO] [stdout] test days::ten::test::tests::p1_mini ... ok
[INFO] [stdout] test days::one::test::tests::p2 ... ok
[INFO] [stdout] test days::ten::test::tests::can_navigate ... ok
[INFO] [stdout] test days::nine::test::tests::last_file_id_w_zeros ... ok
[INFO] [stdout] test days::ten::test::tests::p1_mini_3 ... ok
[INFO] [stdout] test days::twelve::test::tests::calculate_sides_special ... ok
[INFO] [stdout] test util::graph_test::tests::test_dfs_with_condition ... ok
[INFO] [stdout] test days::ten::test::tests::p1 ... ok
[INFO] [stdout] test days::ten::test::tests::p1_mini_2 ... ok
[INFO] [stdout] test util::graph_test::tests::test_dfs_with_condition_complex ... ok
[INFO] [stdout] test util::graph_test::tests::test_dfs_with_condition_false ... ok
[INFO] [stdout] test days::ten::test::tests::p2 ... ok
[INFO] [stdout] test days::eleven::test::tests::p1 ... ok
[INFO] [stdout] test days::one::test::tests::p1 ... ok
[INFO] [stdout] test days::twelve::test::tests::calculate_perimeter_larger_case ... ok
[INFO] [stdout] test days::twelve::test::tests::calculate_perimeter_single_square ... ok
[INFO] [stdout] test days::twelve::test::tests::calculate_perimeter_test ... ok
[INFO] [stdout] test days::twelve::test::tests::calculate_sides_large_square ... ok
[INFO] [stdout] test days::twelve::test::tests::calculate_sides_single_square ... ok
[INFO] [stdout] test days::twelve::test::tests::p1 ... ok
[INFO] [stdout] test days::six::test::tests::p2 ... ok
[INFO] [stdout] test days::twelve::test::tests::p2 ... ok
[INFO] [stdout] test days::twelve::test::tests::p2_extra ... FAILED
[INFO] [stdout] 
[INFO] [stdout] failures:
[INFO] [stdout] 
[INFO] [stdout] ---- days::twelve::test::tests::p2_extra stdout ----
[INFO] [stdout] thread 'days::twelve::test::tests::p2_extra' panicked at src/days/twelve/test.rs:115:21:
[INFO] [stdout] assertion `left == right` failed
[INFO] [stdout]   left: 312
[INFO] [stdout]  right: 368
[INFO] [stdout] stack backtrace:
[INFO] [stdout]    0:     0x648f9ae7c35a - std::backtrace_rs::backtrace::libunwind::trace::h5a5b8284f2d0c266
[INFO] [stdout]                                at /rustc/90b35a6239c3d8bdabc530a6a0816f7ff89a0aaf/library/std/src/../../backtrace/src/backtrace/libunwind.rs:116:5
[INFO] [stdout]    1:     0x648f9ae7c35a - std::backtrace_rs::backtrace::trace_unsynchronized::h76d4f1c9b0b875e3
[INFO] [stdout]                                at /rustc/90b35a6239c3d8bdabc530a6a0816f7ff89a0aaf/library/std/src/../../backtrace/src/backtrace/mod.rs:66:5
[INFO] [stdout]    2:     0x648f9ae7c35a - std::sys::backtrace::_print_fmt::hc4546b8364a537c6
[INFO] [stdout]                                at /rustc/90b35a6239c3d8bdabc530a6a0816f7ff89a0aaf/library/std/src/sys/backtrace.rs:66:9
[INFO] [stdout]    3:     0x648f9ae7c35a - <std::sys::backtrace::BacktraceLock::print::DisplayBacktrace as core::fmt::Display>::fmt::h5b6bd5631a6d1f6b
[INFO] [stdout]                                at /rustc/90b35a6239c3d8bdabc530a6a0816f7ff89a0aaf/library/std/src/sys/backtrace.rs:39:26
[INFO] [stdout]    4:     0x648f9aea1c53 - core::fmt::rt::Argument::fmt::h270f6602a2b96f62
[INFO] [stdout]                                at /rustc/90b35a6239c3d8bdabc530a6a0816f7ff89a0aaf/library/core/src/fmt/rt.rs:177:76
[INFO] [stdout]    5:     0x648f9aea1c53 - core::fmt::write::h7550c97b06c86515
[INFO] [stdout]                                at /rustc/90b35a6239c3d8bdabc530a6a0816f7ff89a0aaf/library/core/src/fmt/mod.rs:1186:21
[INFO] [stdout]    6:     0x648f9ae79523 - std::io::Write::write_fmt::h509ff860e5956e5e
[INFO] [stdout]                                at /rustc/90b35a6239c3d8bdabc530a6a0816f7ff89a0aaf/library/std/src/io/mod.rs:1839:15
[INFO] [stdout]    7:     0x648f9ae7c1a2 - std::sys::backtrace::BacktraceLock::print::h2395ccd2c84ba3aa
[INFO] [stdout]                                at /rustc/90b35a6239c3d8bdabc530a6a0816f7ff89a0aaf/library/std/src/sys/backtrace.rs:42:9
[INFO] [stdout]    8:     0x648f9ae7d7ba - std::panicking::default_hook::{{closure}}::he19d4c7230e07961
[INFO] [stdout]                                at /rustc/90b35a6239c3d8bdabc530a6a0816f7ff89a0aaf/library/std/src/panicking.rs:268:22
[INFO] [stdout]    9:     0x648f9ae7d5c4 - std::panicking::default_hook::hf614597d3c67bbdb
[INFO] [stdout]                                at /rustc/90b35a6239c3d8bdabc530a6a0816f7ff89a0aaf/library/std/src/panicking.rs:292:9
[INFO] [stdout]   10:     0x648f9abb4c39 - <alloc::boxed::Box<F,A> as core::ops::function::Fn<Args>>::call::h39b51ce4599c23d1
[INFO] [stdout]                                at /rustc/90b35a6239c3d8bdabc530a6a0816f7ff89a0aaf/library/alloc/src/boxed.rs:2468:9
[INFO] [stdout]   11:     0x648f9abb4c39 - test::test_main::{{closure}}::he977ae839a582784
[INFO] [stdout]                                at /rustc/90b35a6239c3d8bdabc530a6a0816f7ff89a0aaf/library/test/src/lib.rs:133:21
[INFO] [stdout]   12:     0x648f9ae7de58 - <alloc::boxed::Box<F,A> as core::ops::function::Fn<Args>>::call::h9455091b6b06f9fb
[INFO] [stdout]                                at /rustc/90b35a6239c3d8bdabc530a6a0816f7ff89a0aaf/library/alloc/src/boxed.rs:2468:9
[INFO] [stdout]   13:     0x648f9ae7de58 - std::panicking::rust_panic_with_hook::h8942133a8b252070
[INFO] [stdout]                                at /rustc/90b35a6239c3d8bdabc530a6a0816f7ff89a0aaf/library/std/src/panicking.rs:809:13
[INFO] [stdout]   14:     0x648f9ae7dc1a - std::panicking::begin_panic_handler::{{closure}}::hb5f5963570096b29
[INFO] [stdout]                                at /rustc/90b35a6239c3d8bdabc530a6a0816f7ff89a0aaf/library/std/src/panicking.rs:674:13
[INFO] [stdout]   15:     0x648f9ae7c839 - std::sys::backtrace::__rust_end_short_backtrace::h6208cedc1922feda
[INFO] [stdout]                                at /rustc/90b35a6239c3d8bdabc530a6a0816f7ff89a0aaf/library/std/src/sys/backtrace.rs:170:18
[INFO] [stdout]   16:     0x648f9ae7d8ac - rust_begin_unwind
[INFO] [stdout]                                at /rustc/90b35a6239c3d8bdabc530a6a0816f7ff89a0aaf/library/std/src/panicking.rs:665:5
[INFO] [stdout]   17:     0x648f9ab1d130 - core::panicking::panic_fmt::h0c3082644d1bf418
[INFO] [stdout]                                at /rustc/90b35a6239c3d8bdabc530a6a0816f7ff89a0aaf/library/core/src/panicking.rs:74:14
[INFO] [stdout]   18:     0x648f9ab1d534 - core::panicking::assert_failed_inner::h2ddf1fcc067fa858
[INFO] [stdout]   19:     0x648f9ab1c823 - core::panicking::assert_failed::he996b0f85b093fc8
[INFO] [stdout]   20:     0x648f9ab7c951 - code_advent_2024::days::twelve::test::tests::p2_extra::hf97e0e56bfabf34c
[INFO] [stdout]                                at /opt/rustwide/workdir/src/days/twelve/test.rs:115:21
[INFO] [stdout]   21:     0x648f9ab7c4b7 - code_advent_2024::days::twelve::test::tests::p2_extra::{{closure}}::hb82bbeeb97f15e8d
[INFO] [stdout]                                at /opt/rustwide/workdir/src/days/twelve/test.rs:102:18
[INFO] [stdout]   22:     0x648f9ab5caf6 - core::ops::function::FnOnce::call_once::h8a37532dad1d66b7
[INFO] [stdout]                                at /rustc/90b35a6239c3d8bdabc530a6a0816f7ff89a0aaf/library/core/src/ops/function.rs:250:5
[INFO] [stdout]   23:     0x648f9abb95fb - core::ops::function::FnOnce::call_once::h109cf8051a59b34e
[INFO] [stdout]                                at /rustc/90b35a6239c3d8bdabc530a6a0816f7ff89a0aaf/library/core/src/ops/function.rs:250:5
[INFO] [stdout]   24:     0x648f9abb95fb - test::__rust_begin_short_backtrace::hf4fff89d377446ba
[INFO] [stdout]                                at /rustc/90b35a6239c3d8bdabc530a6a0816f7ff89a0aaf/library/test/src/lib.rs:621:18
[INFO] [stdout]   25:     0x648f9abb8e37 - test::run_test_in_process::{{closure}}::h0e39181dd7ee5a43
[INFO] [stdout]                                at /rustc/90b35a6239c3d8bdabc530a6a0816f7ff89a0aaf/library/test/src/lib.rs:644:60
[INFO] [stdout]   26:     0x648f9abb8e37 - <core::panic::unwind_safe::AssertUnwindSafe<F> as core::ops::function::FnOnce<()>>::call_once::hc5a66a30f0bdfd1f
[INFO] [stdout]                                at /rustc/90b35a6239c3d8bdabc530a6a0816f7ff89a0aaf/library/core/src/panic/unwind_safe.rs:272:9
[INFO] [stdout]   27:     0x648f9abb8e37 - std::panicking::try::do_call::h873b7cf639554a5e
[INFO] [stdout]                                at /rustc/90b35a6239c3d8bdabc530a6a0816f7ff89a0aaf/library/std/src/panicking.rs:557:40
[INFO] [stdout]   28:     0x648f9abb8e37 - std::panicking::try::hdb19862fad9c8bd1
[INFO] [stdout]                                at /rustc/90b35a6239c3d8bdabc530a6a0816f7ff89a0aaf/library/std/src/panicking.rs:520:19
[INFO] [stdout]   29:     0x648f9abb8e37 - std::panic::catch_unwind::h281fe732d236d260
[INFO] [stdout]                                at /rustc/90b35a6239c3d8bdabc530a6a0816f7ff89a0aaf/library/std/src/panic.rs:358:14
[INFO] [stdout]   30:     0x648f9abb8e37 - test::run_test_in_process::h949b6df8457ed338
[INFO] [stdout]                                at /rustc/90b35a6239c3d8bdabc530a6a0816f7ff89a0aaf/library/test/src/lib.rs:644:27
[INFO] [stdout]   31:     0x648f9abb8e37 - test::run_test::{{closure}}::h52c556a6d4740e10
[INFO] [stdout]                                at /rustc/90b35a6239c3d8bdabc530a6a0816f7ff89a0aaf/library/test/src/lib.rs:565:43
[INFO] [stdout]   32:     0x648f9ab7e114 - test::run_test::{{closure}}::h4237f6381c45ccb9
[INFO] [stdout]                                at /rustc/90b35a6239c3d8bdabc530a6a0816f7ff89a0aaf/library/test/src/lib.rs:595:41
[INFO] [stdout]   33:     0x648f9ab7e114 - std::sys::backtrace::__rust_begin_short_backtrace::h505c97a579eca628
[INFO] [stdout]                                at /rustc/90b35a6239c3d8bdabc530a6a0816f7ff89a0aaf/library/std/src/sys/backtrace.rs:154:18
[INFO] [stdout]   34:     0x648f9ab817de - std::thread::Builder::spawn_unchecked_::{{closure}}::{{closure}}::h9e86b2e2bc107ea3
[INFO] [stdout]                                at /rustc/90b35a6239c3d8bdabc530a6a0816f7ff89a0aaf/library/std/src/thread/mod.rs:538:17
[INFO] [stdout]   35:     0x648f9ab817de - <core::panic::unwind_safe::AssertUnwindSafe<F> as core::ops::function::FnOnce<()>>::call_once::h8b06ddb275ff4a25
[INFO] [stdout]                                at /rustc/90b35a6239c3d8bdabc530a6a0816f7ff89a0aaf/library/core/src/panic/unwind_safe.rs:272:9
[INFO] [stdout]   36:     0x648f9ab817de - std::panicking::try::do_call::hb26ecd7cd9a9355d
[INFO] [stdout]                                at /rustc/90b35a6239c3d8bdabc530a6a0816f7ff89a0aaf/library/std/src/panicking.rs:557:40
[INFO] [stdout]   37:     0x648f9ab817de - std::panicking::try::h8ddeca9d705f9069
[INFO] [stdout]                                at /rustc/90b35a6239c3d8bdabc530a6a0816f7ff89a0aaf/library/std/src/panicking.rs:520:19
[INFO] [stdout]   38:     0x648f9ab817de - std::panic::catch_unwind::h49e1c33078844c46
[INFO] [stdout]                                at /rustc/90b35a6239c3d8bdabc530a6a0816f7ff89a0aaf/library/std/src/panic.rs:358:14
[INFO] [stdout]   39:     0x648f9ab817de - std::thread::Builder::spawn_unchecked_::{{closure}}::h6073db6ff56ad35d
[INFO] [stdout]                                at /rustc/90b35a6239c3d8bdabc530a6a0816f7ff89a0aaf/library/std/src/thread/mod.rs:537:30
[INFO] [stdout]   40:     0x648f9ab817de - core::ops::function::FnOnce::call_once{{vtable.shim}}::h2c5a5f3779c774f1
[INFO] [stdout]                                at /rustc/90b35a6239c3d8bdabc530a6a0816f7ff89a0aaf/library/core/src/ops/function.rs:250:5
[INFO] [stdout]   41:     0x648f9ae81bbb - <alloc::boxed::Box<F,A> as core::ops::function::FnOnce<Args>>::call_once::hf75717d9f28faebf
[INFO] [stdout]                                at /rustc/90b35a6239c3d8bdabc530a6a0816f7ff89a0aaf/library/alloc/src/boxed.rs:2454:9
[INFO] [stdout]   42:     0x648f9ae81bbb - <alloc::boxed::Box<F,A> as core::ops::function::FnOnce<Args>>::call_once::h7bd883a5f3c5f3c1
[INFO] [stdout]                                at /rustc/90b35a6239c3d8bdabc530a6a0816f7ff89a0aaf/library/alloc/src/boxed.rs:2454:9
[INFO] [stdout]   43:     0x648f9ae81bbb - std::sys::pal::unix::thread::Thread::new::thread_start::hcc78f3943333fa94
[INFO] [stdout]                                at /rustc/90b35a6239c3d8bdabc530a6a0816f7ff89a0aaf/library/std/src/sys/pal/unix/thread.rs:105:17
[INFO] [stdout]   44:     0x7133b9818ac3 - <unknown>
[INFO] [stdout]   45:     0x7133b98a9a04 - clone
[INFO] [stdout]   46:                0x0 - <unknown>
[INFO] [stdout] 
[INFO] [stdout] 
[INFO] [stdout] failures:
[INFO] [stdout]     days::twelve::test::tests::p2_extra
[INFO] [stdout] 
[INFO] [stdout] test result: FAILED. 42 passed; 1 failed; 0 ignored; 0 measured; 0 filtered out; finished in 0.09s
[INFO] [stdout] 
[INFO] [stderr] error: test failed, to rerun pass `--bin code-advent-2024`
[INFO] running `Command { std: "docker" "inspect" "457f0e377b1de3e594e8d391a403037342dd494cb0814fc6c856e0c911693483", kill_on_drop: false }`
[INFO] running `Command { std: "docker" "rm" "-f" "457f0e377b1de3e594e8d391a403037342dd494cb0814fc6c856e0c911693483", kill_on_drop: false }`
[INFO] [stdout] 457f0e377b1de3e594e8d391a403037342dd494cb0814fc6c856e0c911693483
