[INFO] cloning repository https://github.com/TBS1996/spekitest
[INFO] running `Command { std: "git" "-c" "credential.helper=" "-c" "credential.helper=/workspace/cargo-home/bin/git-credential-null" "clone" "--bare" "https://github.com/TBS1996/spekitest" "/workspace/cache/git-repos/https%3A%2F%2Fgithub.com%2FTBS1996%2Fspekitest", kill_on_drop: false }`
[INFO] [stderr] Cloning into bare repository '/workspace/cache/git-repos/https%3A%2F%2Fgithub.com%2FTBS1996%2Fspekitest'...
[INFO] running `Command { std: "git" "rev-parse" "HEAD", kill_on_drop: false }`
[INFO] [stdout] 43bc5dc4a80f3f86eb09c1a68d3de2c60e671813
[INFO] testing TBS1996/spekitest against 1.83.0 for beta-1.84.0-4-retry
[INFO] running `Command { std: "git" "clone" "/workspace/cache/git-repos/https%3A%2F%2Fgithub.com%2FTBS1996%2Fspekitest" "/workspace/builds/worker-6-tc1/source", kill_on_drop: false }`
[INFO] [stderr] Cloning into '/workspace/builds/worker-6-tc1/source'...
[INFO] [stderr] done.
[INFO] validating manifest of git repo https://github.com/TBS1996/spekitest on toolchain 1.83.0
[INFO] running `Command { std: CARGO_HOME="/workspace/cargo-home" RUSTUP_HOME="/workspace/rustup-home" "/workspace/cargo-home/bin/cargo" "+1.83.0" "metadata" "--manifest-path" "Cargo.toml" "--no-deps", kill_on_drop: false }`
[INFO] started tweaking git repo https://github.com/TBS1996/spekitest
[INFO] finished tweaking git repo https://github.com/TBS1996/spekitest
[INFO] tweaked toml for git repo https://github.com/TBS1996/spekitest written to /workspace/builds/worker-6-tc1/source/Cargo.toml
[INFO] crate git repo https://github.com/TBS1996/spekitest already has a lockfile, it will not be regenerated
[INFO] running `Command { std: CARGO_HOME="/workspace/cargo-home" RUSTUP_HOME="/workspace/rustup-home" "/workspace/cargo-home/bin/cargo" "+1.83.0" "fetch" "--manifest-path" "Cargo.toml", kill_on_drop: false }`
[INFO] [stderr]     Updating crates.io index
[INFO] [stderr]  Downloading crates ...
[INFO] [stderr]   Downloaded rasciigraph v0.2.0
[INFO] [stderr]   Downloaded ascii_tree v0.1.1
[INFO] [stderr]   Downloaded similar v2.2.1
[INFO] [stderr]   Downloaded insta v1.29.0
[INFO] running `Command { std: "docker" "create" "-v" "/var/lib/crater-agent-workspace/builds/worker-6-tc1/target:/opt/rustwide/target:rw,Z" "-v" "/var/lib/crater-agent-workspace/builds/worker-6-tc1/source:/opt/rustwide/workdir:ro,Z" "-v" "/var/lib/crater-agent-workspace/cargo-home:/opt/rustwide/cargo-home:ro,Z" "-v" "/var/lib/crater-agent-workspace/rustup-home:/opt/rustwide/rustup-home:ro,Z" "-e" "SOURCE_DIR=/opt/rustwide/workdir" "-e" "CARGO_TARGET_DIR=/opt/rustwide/target" "-e" "CARGO_HOME=/opt/rustwide/cargo-home" "-e" "RUSTUP_HOME=/opt/rustwide/rustup-home" "-w" "/opt/rustwide/workdir" "-m" "1610612736" "--user" "0:0" "--network" "none" "ghcr.io/rust-lang/crates-build-env/linux@sha256:f3a9d4ad9d972b27faf3965f35b62e55ba32bbce8f20bc8fe909558a86702fde" "/opt/rustwide/cargo-home/bin/cargo" "+1.83.0" "metadata" "--no-deps" "--format-version=1", kill_on_drop: false }`
[INFO] [stdout] aed3441e8fffa2d18ea4a017e7dd54e97f98bcb5fe8ba28129463e3ed2390ba8
[INFO] running `Command { std: "docker" "start" "-a" "aed3441e8fffa2d18ea4a017e7dd54e97f98bcb5fe8ba28129463e3ed2390ba8", kill_on_drop: false }`
[INFO] running `Command { std: "docker" "inspect" "aed3441e8fffa2d18ea4a017e7dd54e97f98bcb5fe8ba28129463e3ed2390ba8", kill_on_drop: false }`
[INFO] running `Command { std: "docker" "rm" "-f" "aed3441e8fffa2d18ea4a017e7dd54e97f98bcb5fe8ba28129463e3ed2390ba8", kill_on_drop: false }`
[INFO] [stdout] aed3441e8fffa2d18ea4a017e7dd54e97f98bcb5fe8ba28129463e3ed2390ba8
[INFO] running `Command { std: "docker" "create" "-v" "/var/lib/crater-agent-workspace/builds/worker-6-tc1/target:/opt/rustwide/target:rw,Z" "-v" "/var/lib/crater-agent-workspace/builds/worker-6-tc1/source:/opt/rustwide/workdir:ro,Z" "-v" "/var/lib/crater-agent-workspace/cargo-home:/opt/rustwide/cargo-home:ro,Z" "-v" "/var/lib/crater-agent-workspace/rustup-home:/opt/rustwide/rustup-home:ro,Z" "-e" "SOURCE_DIR=/opt/rustwide/workdir" "-e" "CARGO_TARGET_DIR=/opt/rustwide/target" "-e" "CARGO_INCREMENTAL=0" "-e" "RUST_BACKTRACE=full" "-e" "RUSTFLAGS=--cap-lints=warn" "-e" "RUSTDOCFLAGS=--cap-lints=warn" "-e" "CARGO_HOME=/opt/rustwide/cargo-home" "-e" "RUSTUP_HOME=/opt/rustwide/rustup-home" "-w" "/opt/rustwide/workdir" "-m" "1610612736" "--user" "0:0" "--network" "none" "ghcr.io/rust-lang/crates-build-env/linux@sha256:f3a9d4ad9d972b27faf3965f35b62e55ba32bbce8f20bc8fe909558a86702fde" "/opt/rustwide/cargo-home/bin/cargo" "+1.83.0" "build" "--frozen" "--message-format=json", kill_on_drop: false }`
[INFO] [stdout] 860e36f1d900f587c11a7b55ac75f8756cded8527e73c179807a74a619c83043
[INFO] running `Command { std: "docker" "start" "-a" "860e36f1d900f587c11a7b55ac75f8756cded8527e73c179807a74a619c83043", kill_on_drop: false }`
[INFO] [stderr]    Compiling libc v0.2.147
[INFO] [stderr]    Compiling proc-macro2 v1.0.56
[INFO] [stderr]    Compiling unicode-ident v1.0.8
[INFO] [stderr]    Compiling autocfg v1.1.0
[INFO] [stderr]    Compiling quote v1.0.26
[INFO] [stderr]    Compiling serde_derive v1.0.160
[INFO] [stderr]    Compiling serde v1.0.160
[INFO] [stderr]    Compiling log v0.4.18
[INFO] [stderr]    Compiling cfg-if v1.0.0
[INFO] [stderr]    Compiling parking_lot_core v0.9.8
[INFO] [stderr]    Compiling signal-hook v0.3.15
[INFO] [stderr]    Compiling hashbrown v0.12.3
[INFO] [stderr]    Compiling smallvec v1.10.0
[INFO] [stderr]    Compiling scopeguard v1.1.0
[INFO] [stderr]    Compiling winnow v0.4.1
[INFO] [stderr]    Compiling option-ext v0.2.0
[INFO] [stderr]    Compiling bitflags v1.3.2
[INFO] [stderr]    Compiling rasciigraph v0.2.0
[INFO] [stderr]    Compiling ascii_tree v0.1.1
[INFO] [stderr]    Compiling indexmap v1.9.3
[INFO] [stderr]    Compiling lock_api v0.4.10
[INFO] [stderr]    Compiling syn v2.0.15
[INFO] [stderr]    Compiling signal-hook-registry v1.4.1
[INFO] [stderr]    Compiling mio v0.8.8
[INFO] [stderr]    Compiling getrandom v0.2.9
[INFO] [stderr]    Compiling dirs-sys v0.4.1
[INFO] [stderr]    Compiling dirs v5.0.1
[INFO] [stderr]    Compiling parking_lot v0.12.1
[INFO] [stderr]    Compiling signal-hook-mio v0.2.3
[INFO] [stderr]    Compiling crossterm v0.26.1
[INFO] [stderr]    Compiling serde_spanned v0.6.1
[INFO] [stderr]    Compiling toml_datetime v0.6.1
[INFO] [stderr]    Compiling uuid v1.3.2
[INFO] [stderr]    Compiling toml_edit v0.19.8
[INFO] [stderr]    Compiling toml v0.7.3
[INFO] [stderr]    Compiling spekinew v0.1.6 (/opt/rustwide/workdir)
[INFO] [stdout] warning: unused import: `create_dir_all`
[INFO] [stdout]  --> src/categories.rs:6:21
[INFO] [stdout]   |
[INFO] [stdout] 6 | use std::fs::{self, create_dir_all, File};
[INFO] [stdout]   |                     ^^^^^^^^^^^^^^
[INFO] [stdout]   |
[INFO] [stdout]   = note: `#[warn(unused_imports)]` on by default
[INFO] [stdout] 
[INFO] [stdout] 
[INFO] [stdout] warning: unused import: `std::error::Error`
[INFO] [stdout]  --> src/cli.rs:1:5
[INFO] [stdout]   |
[INFO] [stdout] 1 | use std::error::Error;
[INFO] [stdout]   |     ^^^^^^^^^^^^^^^^^
[INFO] [stdout] 
[INFO] [stdout] 
[INFO] [stdout] warning: unused imports: `CardCache`, `Card`, `Meta`, `Side`, `categories::Category`, `get_import_csv`, `get_share_path`, and `media::AudioSource`
[INFO] [stdout]  --> src/cli.rs:4:12
[INFO] [stdout]   |
[INFO] [stdout] 4 |     card::{Card, CardCache, Meta, Side},
[INFO] [stdout]   |            ^^^^  ^^^^^^^^^  ^^^^  ^^^^
[INFO] [stdout] 5 |     categories::Category,
[INFO] [stdout]   |     ^^^^^^^^^^^^^^^^^^^^
[INFO] [stdout] 6 |     media::AudioSource,
[INFO] [stdout]   |     ^^^^^^^^^^^^^^^^^^
[INFO] [stdout] 7 |     paths::{get_import_csv, get_share_path},
[INFO] [stdout]   |             ^^^^^^^^^^^^^^  ^^^^^^^^^^^^^^
[INFO] [stdout] 
[INFO] [stdout] 
[INFO] [stdout] warning: unused import: `std::fs::File`
[INFO] [stdout]  --> src/common.rs:4:5
[INFO] [stdout]   |
[INFO] [stdout] 4 | use std::fs::File;
[INFO] [stdout]   |     ^^^^^^^^^^^^^
[INFO] [stdout] 
[INFO] [stdout] 
[INFO] [stdout] warning: unused import: `Card`
[INFO] [stdout]  --> src/common.rs:9:19
[INFO] [stdout]   |
[INFO] [stdout] 9 | use crate::card::{Card, CardCache, SavedCard};
[INFO] [stdout]   |                   ^^^^
[INFO] [stdout] 
[INFO] [stdout] 
[INFO] [stdout] warning: unused import: `BufRead`
[INFO] [stdout]   --> src/common.rs:12:21
[INFO] [stdout]    |
[INFO] [stdout] 12 | use std::io::{self, BufRead, ErrorKind};
[INFO] [stdout]    |                     ^^^^^^^
[INFO] [stdout] 
[INFO] [stdout] 
[INFO] [stdout] warning: unused imports: `fs::File`, `io::BufReader`, and `path::PathBuf`
[INFO] [stdout]  --> src/media.rs:1:11
[INFO] [stdout]   |
[INFO] [stdout] 1 | use std::{fs::File, io::BufReader, path::PathBuf};
[INFO] [stdout]   |           ^^^^^^^^  ^^^^^^^^^^^^^  ^^^^^^^^^^^^^
[INFO] [stdout] 
[INFO] [stdout] 
[INFO] [stdout] warning: unused imports: `config::Config` and `paths::get_media_path`
[INFO] [stdout]  --> src/media.rs:7:13
[INFO] [stdout]   |
[INFO] [stdout] 7 | use crate::{config::Config, paths::get_media_path};
[INFO] [stdout]   |             ^^^^^^^^^^^^^^  ^^^^^^^^^^^^^^^^^^^^^
[INFO] [stdout] 
[INFO] [stdout] 
[INFO] [stdout] warning: unused variable: `x`
[INFO] [stdout]    --> src/card.rs:760:17
[INFO] [stdout]     |
[INFO] [stdout] 760 |             let x = format!("{:?}", self);
[INFO] [stdout]     |                 ^ help: if this is intentional, prefix it with an underscore: `_x`
[INFO] [stdout]     |
[INFO] [stdout]     = note: `#[warn(unused_variables)]` on by default
[INFO] [stdout] 
[INFO] [stdout] 
[INFO] [stdout] warning: unused variable: `stdout`
[INFO] [stdout]   --> src/frontend.rs:21:17
[INFO] [stdout]    |
[INFO] [stdout] 21 | fn card_options(stdout: &mut Stdout, card: Id, cache: &mut CardCache) {}
[INFO] [stdout]    |                 ^^^^^^ help: if this is intentional, prefix it with an underscore: `_stdout`
[INFO] [stdout] 
[INFO] [stdout] 
[INFO] [stdout] warning: unused variable: `card`
[INFO] [stdout]   --> src/frontend.rs:21:38
[INFO] [stdout]    |
[INFO] [stdout] 21 | fn card_options(stdout: &mut Stdout, card: Id, cache: &mut CardCache) {}
[INFO] [stdout]    |                                      ^^^^ help: if this is intentional, prefix it with an underscore: `_card`
[INFO] [stdout] 
[INFO] [stdout] 
[INFO] [stdout] warning: unused variable: `cache`
[INFO] [stdout]   --> src/frontend.rs:21:48
[INFO] [stdout]    |
[INFO] [stdout] 21 | fn card_options(stdout: &mut Stdout, card: Id, cache: &mut CardCache) {}
[INFO] [stdout]    |                                                ^^^^^ help: if this is intentional, prefix it with an underscore: `_cache`
[INFO] [stdout] 
[INFO] [stdout] 
[INFO] [stdout] warning: fields `resolved`, `suspended`, `finished`, and `change` are never read
[INFO] [stdout]    --> src/card.rs:246:9
[INFO] [stdout]     |
[INFO] [stdout] 242 | pub struct CardInfo {
[INFO] [stdout]     |            -------- fields in this struct
[INFO] [stdout] ...
[INFO] [stdout] 246 |     pub resolved: bool,
[INFO] [stdout]     |         ^^^^^^^^
[INFO] [stdout] 247 |     pub suspended: bool,
[INFO] [stdout]     |         ^^^^^^^^^
[INFO] [stdout] 248 |     pub finished: bool,
[INFO] [stdout]     |         ^^^^^^^^
[INFO] [stdout] 249 |     pub change: f32,
[INFO] [stdout]     |         ^^^^^^
[INFO] [stdout]     |
[INFO] [stdout]     = note: `CardInfo` has a derived impl for the trait `Debug`, but this is intentionally ignored during dead code analysis
[INFO] [stdout]     = note: `#[warn(dead_code)]` on by default
[INFO] [stdout] 
[INFO] [stdout] 
[INFO] [stdout] warning: associated function `new` is never used
[INFO] [stdout]    --> src/card.rs:800:12
[INFO] [stdout]     |
[INFO] [stdout] 799 | impl Card {
[INFO] [stdout]     | --------- associated function in this implementation
[INFO] [stdout] 800 |     pub fn new(front: Side, back: Side, meta: Meta) -> Self {
[INFO] [stdout]     |            ^^^
[INFO] [stdout] 
[INFO] [stdout] 
[INFO] [stdout] warning: function `empty_str_optional` is never used
[INFO] [stdout]   --> src/cli.rs:10:4
[INFO] [stdout]    |
[INFO] [stdout] 10 | fn empty_str_optional(s: String) -> Option<String> {
[INFO] [stdout]    |    ^^^^^^^^^^^^^^^^^^
[INFO] [stdout] 
[INFO] [stdout] 
[INFO] [stdout] warning: function `duration_to_days` is never used
[INFO] [stdout]   --> src/common.rs:16:8
[INFO] [stdout]    |
[INFO] [stdout] 16 | pub fn duration_to_days(dur: &Duration) -> f32 {
[INFO] [stdout]    |        ^^^^^^^^^^^^^^^^
[INFO] [stdout] 
[INFO] [stdout] 
[INFO] [stdout] warning: type alias `Filter` is never used
[INFO] [stdout]   --> src/common.rs:20:6
[INFO] [stdout]    |
[INFO] [stdout] 20 | type Filter = (String, Box<dyn FnMut(&SavedCard) -> bool>);
[INFO] [stdout]    |      ^^^^^^
[INFO] [stdout] 
[INFO] [stdout] 
[INFO] [stdout] warning: struct `Filters` is never constructed
[INFO] [stdout]   --> src/common.rs:23:8
[INFO] [stdout]    |
[INFO] [stdout] 23 | struct Filters {
[INFO] [stdout]    |        ^^^^^^^
[INFO] [stdout]    |
[INFO] [stdout]    = note: `Filters` has a derived impl for the trait `Default`, but this is intentionally ignored during dead code analysis
[INFO] [stdout] 
[INFO] [stdout] 
[INFO] [stdout] warning: multiple methods are never used
[INFO] [stdout]   --> src/common.rs:29:8
[INFO] [stdout]    |
[INFO] [stdout] 28 | impl Filters {
[INFO] [stdout]    | ------------ methods in this implementation
[INFO] [stdout] 29 |     fn run<'a>(&mut self, cards: HashSet<&'a Id>, cache: &mut CardCache) -> HashSet<&'a Id> {
[INFO] [stdout]    |        ^^^
[INFO] [stdout] ...
[INFO] [stdout] 42 |     fn insert_positive(&mut self, filter: Filter) {
[INFO] [stdout]    |        ^^^^^^^^^^^^^^^
[INFO] [stdout] ...
[INFO] [stdout] 45 |     fn insert_negative(&mut self, filter: Filter) {
[INFO] [stdout]    |        ^^^^^^^^^^^^^^^
[INFO] [stdout] ...
[INFO] [stdout] 49 |     fn is_pending(&self) -> Filter {
[INFO] [stdout]    |        ^^^^^^^^^^
[INFO] [stdout] ...
[INFO] [stdout] 55 |     fn is_finished(&self) -> Filter {
[INFO] [stdout]    |        ^^^^^^^^^^^
[INFO] [stdout] ...
[INFO] [stdout] 61 |     fn is_suspended(&self) -> Filter {
[INFO] [stdout]    |        ^^^^^^^^^^^^
[INFO] [stdout] ...
[INFO] [stdout] 67 |     fn has_tag(&self, tag: String) -> Filter {
[INFO] [stdout]    |        ^^^^^^^
[INFO] [stdout] ...
[INFO] [stdout] 73 |     fn max_strength(&self, max_strength: Duration) -> Filter {
[INFO] [stdout]    |        ^^^^^^^^^^^^
[INFO] [stdout] ...
[INFO] [stdout] 85 |     fn max_stability(&self, max_stability: Duration) -> Filter {
[INFO] [stdout]    |        ^^^^^^^^^^^^^
[INFO] [stdout] ...
[INFO] [stdout] 97 |     fn max_recall(&self, max_recall: f32) -> Filter {
[INFO] [stdout]    |        ^^^^^^^^^^
[INFO] [stdout] 
[INFO] [stdout] 
[INFO] [stdout] warning: trait `MenuItem` is never used
[INFO] [stdout]    --> src/common.rs:169:11
[INFO] [stdout]     |
[INFO] [stdout] 169 | pub trait MenuItem: Display {
[INFO] [stdout]     |           ^^^^^^^^
[INFO] [stdout] 
[INFO] [stdout] 
[INFO] [stdout] warning: function `within_percentage` is never used
[INFO] [stdout]    --> src/common.rs:214:8
[INFO] [stdout]     |
[INFO] [stdout] 214 | pub fn within_percentage(percentage: u32) -> bool {
[INFO] [stdout]     |        ^^^^^^^^^^^^^^^^^
[INFO] [stdout] 
[INFO] [stdout] 
[INFO] [stdout] warning: function `rand_int` is never used
[INFO] [stdout]    --> src/common.rs:218:8
[INFO] [stdout]     |
[INFO] [stdout] 218 | pub fn rand_int(max: u32) -> u32 {
[INFO] [stdout]     |        ^^^^^^^^
[INFO] [stdout] 
[INFO] [stdout] 
[INFO] [stdout] warning: function `card_options` is never used
[INFO] [stdout]   --> src/frontend.rs:21:4
[INFO] [stdout]    |
[INFO] [stdout] 21 | fn card_options(stdout: &mut Stdout, card: Id, cache: &mut CardCache) {}
[INFO] [stdout]    |    ^^^^^^^^^^^^
[INFO] [stdout] 
[INFO] [stdout] 
[INFO] [stdout] warning: associated function `new` is never used
[INFO] [stdout]   --> src/media.rs:20:12
[INFO] [stdout]    |
[INFO] [stdout] 19 | impl AudioSource {
[INFO] [stdout]    | ---------------- associated function in this implementation
[INFO] [stdout] 20 |     pub fn new(local_name: Option<String>, url_backup: Option<String>) -> Self {
[INFO] [stdout]    |            ^^^
[INFO] [stdout] 
[INFO] [stdout] 
[INFO] [stderr]     Finished `dev` profile [unoptimized + debuginfo] target(s) in 25.08s
[INFO] running `Command { std: "docker" "inspect" "860e36f1d900f587c11a7b55ac75f8756cded8527e73c179807a74a619c83043", kill_on_drop: false }`
[INFO] running `Command { std: "docker" "rm" "-f" "860e36f1d900f587c11a7b55ac75f8756cded8527e73c179807a74a619c83043", kill_on_drop: false }`
[INFO] [stdout] 860e36f1d900f587c11a7b55ac75f8756cded8527e73c179807a74a619c83043
[INFO] running `Command { std: "docker" "create" "-v" "/var/lib/crater-agent-workspace/builds/worker-6-tc1/target:/opt/rustwide/target:rw,Z" "-v" "/var/lib/crater-agent-workspace/builds/worker-6-tc1/source:/opt/rustwide/workdir:ro,Z" "-v" "/var/lib/crater-agent-workspace/cargo-home:/opt/rustwide/cargo-home:ro,Z" "-v" "/var/lib/crater-agent-workspace/rustup-home:/opt/rustwide/rustup-home:ro,Z" "-e" "SOURCE_DIR=/opt/rustwide/workdir" "-e" "CARGO_TARGET_DIR=/opt/rustwide/target" "-e" "CARGO_INCREMENTAL=0" "-e" "RUST_BACKTRACE=full" "-e" "RUSTFLAGS=--cap-lints=warn" "-e" "RUSTDOCFLAGS=--cap-lints=warn" "-e" "CARGO_HOME=/opt/rustwide/cargo-home" "-e" "RUSTUP_HOME=/opt/rustwide/rustup-home" "-w" "/opt/rustwide/workdir" "-m" "1610612736" "--user" "0:0" "--network" "none" "ghcr.io/rust-lang/crates-build-env/linux@sha256:f3a9d4ad9d972b27faf3965f35b62e55ba32bbce8f20bc8fe909558a86702fde" "/opt/rustwide/cargo-home/bin/cargo" "+1.83.0" "test" "--frozen" "--no-run" "--message-format=json", kill_on_drop: false }`
[INFO] [stdout] 3fbb7e360dd46048ae510d9d44c465d80aef2cb099b3a751bf668f1cd43fa756
[INFO] running `Command { std: "docker" "start" "-a" "3fbb7e360dd46048ae510d9d44c465d80aef2cb099b3a751bf668f1cd43fa756", kill_on_drop: false }`
[INFO] [stderr]    Compiling linked-hash-map v0.5.6
[INFO] [stderr]    Compiling lazy_static v1.4.0
[INFO] [stderr]    Compiling similar v2.2.1
[INFO] [stderr]    Compiling console v0.15.7
[INFO] [stderr]    Compiling yaml-rust v0.4.5
[INFO] [stderr]    Compiling insta v1.29.0
[INFO] [stderr]    Compiling spekinew v0.1.6 (/opt/rustwide/workdir)
[INFO] [stdout] warning: unused import: `create_dir_all`
[INFO] [stdout]  --> src/categories.rs:6:21
[INFO] [stdout]   |
[INFO] [stdout] 6 | use std::fs::{self, create_dir_all, File};
[INFO] [stdout]   |                     ^^^^^^^^^^^^^^
[INFO] [stdout]   |
[INFO] [stdout]   = note: `#[warn(unused_imports)]` on by default
[INFO] [stdout] 
[INFO] [stdout] 
[INFO] [stdout] warning: unused import: `std::error::Error`
[INFO] [stdout]  --> src/cli.rs:1:5
[INFO] [stdout]   |
[INFO] [stdout] 1 | use std::error::Error;
[INFO] [stdout]   |     ^^^^^^^^^^^^^^^^^
[INFO] [stdout] 
[INFO] [stdout] 
[INFO] [stdout] warning: unused imports: `CardCache`, `Card`, `Meta`, `Side`, `categories::Category`, `get_import_csv`, `get_share_path`, and `media::AudioSource`
[INFO] [stdout]  --> src/cli.rs:4:12
[INFO] [stdout]   |
[INFO] [stdout] 4 |     card::{Card, CardCache, Meta, Side},
[INFO] [stdout]   |            ^^^^  ^^^^^^^^^  ^^^^  ^^^^
[INFO] [stdout] 5 |     categories::Category,
[INFO] [stdout]   |     ^^^^^^^^^^^^^^^^^^^^
[INFO] [stdout] 6 |     media::AudioSource,
[INFO] [stdout]   |     ^^^^^^^^^^^^^^^^^^
[INFO] [stdout] 7 |     paths::{get_import_csv, get_share_path},
[INFO] [stdout]   |             ^^^^^^^^^^^^^^  ^^^^^^^^^^^^^^
[INFO] [stdout] 
[INFO] [stdout] 
[INFO] [stdout] warning: unused import: `std::fs::File`
[INFO] [stdout]  --> src/common.rs:4:5
[INFO] [stdout]   |
[INFO] [stdout] 4 | use std::fs::File;
[INFO] [stdout]   |     ^^^^^^^^^^^^^
[INFO] [stdout] 
[INFO] [stdout] 
[INFO] [stdout] warning: unused import: `Card`
[INFO] [stdout]  --> src/common.rs:9:19
[INFO] [stdout]   |
[INFO] [stdout] 9 | use crate::card::{Card, CardCache, SavedCard};
[INFO] [stdout]   |                   ^^^^
[INFO] [stdout] 
[INFO] [stdout] 
[INFO] [stdout] warning: unused import: `BufRead`
[INFO] [stdout]   --> src/common.rs:12:21
[INFO] [stdout]    |
[INFO] [stdout] 12 | use std::io::{self, BufRead, ErrorKind};
[INFO] [stdout]    |                     ^^^^^^^
[INFO] [stdout] 
[INFO] [stdout] 
[INFO] [stdout] warning: unused imports: `fs::File`, `io::BufReader`, and `path::PathBuf`
[INFO] [stdout]  --> src/media.rs:1:11
[INFO] [stdout]   |
[INFO] [stdout] 1 | use std::{fs::File, io::BufReader, path::PathBuf};
[INFO] [stdout]   |           ^^^^^^^^  ^^^^^^^^^^^^^  ^^^^^^^^^^^^^
[INFO] [stdout] 
[INFO] [stdout] 
[INFO] [stdout] warning: unused imports: `config::Config` and `paths::get_media_path`
[INFO] [stdout]  --> src/media.rs:7:13
[INFO] [stdout]   |
[INFO] [stdout] 7 | use crate::{config::Config, paths::get_media_path};
[INFO] [stdout]   |             ^^^^^^^^^^^^^^  ^^^^^^^^^^^^^^^^^^^^^
[INFO] [stdout] 
[INFO] [stdout] 
[INFO] [stdout] warning: unused variable: `x`
[INFO] [stdout]    --> src/card.rs:760:17
[INFO] [stdout]     |
[INFO] [stdout] 760 |             let x = format!("{:?}", self);
[INFO] [stdout]     |                 ^ help: if this is intentional, prefix it with an underscore: `_x`
[INFO] [stdout]     |
[INFO] [stdout]     = note: `#[warn(unused_variables)]` on by default
[INFO] [stdout] 
[INFO] [stdout] 
[INFO] [stdout] warning: unused variable: `stdout`
[INFO] [stdout]   --> src/frontend.rs:21:17
[INFO] [stdout]    |
[INFO] [stdout] 21 | fn card_options(stdout: &mut Stdout, card: Id, cache: &mut CardCache) {}
[INFO] [stdout]    |                 ^^^^^^ help: if this is intentional, prefix it with an underscore: `_stdout`
[INFO] [stdout] 
[INFO] [stdout] 
[INFO] [stdout] warning: unused variable: `card`
[INFO] [stdout]   --> src/frontend.rs:21:38
[INFO] [stdout]    |
[INFO] [stdout] 21 | fn card_options(stdout: &mut Stdout, card: Id, cache: &mut CardCache) {}
[INFO] [stdout]    |                                      ^^^^ help: if this is intentional, prefix it with an underscore: `_card`
[INFO] [stdout] 
[INFO] [stdout] 
[INFO] [stdout] warning: unused variable: `cache`
[INFO] [stdout]   --> src/frontend.rs:21:48
[INFO] [stdout]    |
[INFO] [stdout] 21 | fn card_options(stdout: &mut Stdout, card: Id, cache: &mut CardCache) {}
[INFO] [stdout]    |                                                ^^^^^ help: if this is intentional, prefix it with an underscore: `_cache`
[INFO] [stdout] 
[INFO] [stdout] 
[INFO] [stdout] warning: fields `resolved`, `suspended`, `finished`, and `change` are never read
[INFO] [stdout]    --> src/card.rs:246:9
[INFO] [stdout]     |
[INFO] [stdout] 242 | pub struct CardInfo {
[INFO] [stdout]     |            -------- fields in this struct
[INFO] [stdout] ...
[INFO] [stdout] 246 |     pub resolved: bool,
[INFO] [stdout]     |         ^^^^^^^^
[INFO] [stdout] 247 |     pub suspended: bool,
[INFO] [stdout]     |         ^^^^^^^^^
[INFO] [stdout] 248 |     pub finished: bool,
[INFO] [stdout]     |         ^^^^^^^^
[INFO] [stdout] 249 |     pub change: f32,
[INFO] [stdout]     |         ^^^^^^
[INFO] [stdout]     |
[INFO] [stdout]     = note: `CardInfo` has a derived impl for the trait `Debug`, but this is intentionally ignored during dead code analysis
[INFO] [stdout]     = note: `#[warn(dead_code)]` on by default
[INFO] [stdout] 
[INFO] [stdout] 
[INFO] [stdout] warning: associated function `new` is never used
[INFO] [stdout]    --> src/card.rs:800:12
[INFO] [stdout]     |
[INFO] [stdout] 799 | impl Card {
[INFO] [stdout]     | --------- associated function in this implementation
[INFO] [stdout] 800 |     pub fn new(front: Side, back: Side, meta: Meta) -> Self {
[INFO] [stdout]     |            ^^^
[INFO] [stdout] 
[INFO] [stdout] 
[INFO] [stdout] warning: function `empty_str_optional` is never used
[INFO] [stdout]   --> src/cli.rs:10:4
[INFO] [stdout]    |
[INFO] [stdout] 10 | fn empty_str_optional(s: String) -> Option<String> {
[INFO] [stdout]    |    ^^^^^^^^^^^^^^^^^^
[INFO] [stdout] 
[INFO] [stdout] 
[INFO] [stdout] warning: function `duration_to_days` is never used
[INFO] [stdout]   --> src/common.rs:16:8
[INFO] [stdout]    |
[INFO] [stdout] 16 | pub fn duration_to_days(dur: &Duration) -> f32 {
[INFO] [stdout]    |        ^^^^^^^^^^^^^^^^
[INFO] [stdout] 
[INFO] [stdout] 
[INFO] [stdout] warning: type alias `Filter` is never used
[INFO] [stdout]   --> src/common.rs:20:6
[INFO] [stdout]    |
[INFO] [stdout] 20 | type Filter = (String, Box<dyn FnMut(&SavedCard) -> bool>);
[INFO] [stdout]    |      ^^^^^^
[INFO] [stdout] 
[INFO] [stdout] 
[INFO] [stdout] warning: struct `Filters` is never constructed
[INFO] [stdout]   --> src/common.rs:23:8
[INFO] [stdout]    |
[INFO] [stdout] 23 | struct Filters {
[INFO] [stdout]    |        ^^^^^^^
[INFO] [stdout]    |
[INFO] [stdout]    = note: `Filters` has a derived impl for the trait `Default`, but this is intentionally ignored during dead code analysis
[INFO] [stdout] 
[INFO] [stdout] 
[INFO] [stdout] warning: multiple methods are never used
[INFO] [stdout]   --> src/common.rs:29:8
[INFO] [stdout]    |
[INFO] [stdout] 28 | impl Filters {
[INFO] [stdout]    | ------------ methods in this implementation
[INFO] [stdout] 29 |     fn run<'a>(&mut self, cards: HashSet<&'a Id>, cache: &mut CardCache) -> HashSet<&'a Id> {
[INFO] [stdout]    |        ^^^
[INFO] [stdout] ...
[INFO] [stdout] 42 |     fn insert_positive(&mut self, filter: Filter) {
[INFO] [stdout]    |        ^^^^^^^^^^^^^^^
[INFO] [stdout] ...
[INFO] [stdout] 45 |     fn insert_negative(&mut self, filter: Filter) {
[INFO] [stdout]    |        ^^^^^^^^^^^^^^^
[INFO] [stdout] ...
[INFO] [stdout] 49 |     fn is_pending(&self) -> Filter {
[INFO] [stdout]    |        ^^^^^^^^^^
[INFO] [stdout] ...
[INFO] [stdout] 55 |     fn is_finished(&self) -> Filter {
[INFO] [stdout]    |        ^^^^^^^^^^^
[INFO] [stdout] ...
[INFO] [stdout] 61 |     fn is_suspended(&self) -> Filter {
[INFO] [stdout]    |        ^^^^^^^^^^^^
[INFO] [stdout] ...
[INFO] [stdout] 67 |     fn has_tag(&self, tag: String) -> Filter {
[INFO] [stdout]    |        ^^^^^^^
[INFO] [stdout] ...
[INFO] [stdout] 73 |     fn max_strength(&self, max_strength: Duration) -> Filter {
[INFO] [stdout]    |        ^^^^^^^^^^^^
[INFO] [stdout] ...
[INFO] [stdout] 85 |     fn max_stability(&self, max_stability: Duration) -> Filter {
[INFO] [stdout]    |        ^^^^^^^^^^^^^
[INFO] [stdout] ...
[INFO] [stdout] 97 |     fn max_recall(&self, max_recall: f32) -> Filter {
[INFO] [stdout]    |        ^^^^^^^^^^
[INFO] [stdout] 
[INFO] [stdout] 
[INFO] [stdout] warning: trait `MenuItem` is never used
[INFO] [stdout]    --> src/common.rs:169:11
[INFO] [stdout]     |
[INFO] [stdout] 169 | pub trait MenuItem: Display {
[INFO] [stdout]     |           ^^^^^^^^
[INFO] [stdout] 
[INFO] [stdout] 
[INFO] [stdout] warning: function `within_percentage` is never used
[INFO] [stdout]    --> src/common.rs:214:8
[INFO] [stdout]     |
[INFO] [stdout] 214 | pub fn within_percentage(percentage: u32) -> bool {
[INFO] [stdout]     |        ^^^^^^^^^^^^^^^^^
[INFO] [stdout] 
[INFO] [stdout] 
[INFO] [stdout] warning: function `rand_int` is never used
[INFO] [stdout]    --> src/common.rs:218:8
[INFO] [stdout]     |
[INFO] [stdout] 218 | pub fn rand_int(max: u32) -> u32 {
[INFO] [stdout]     |        ^^^^^^^^
[INFO] [stdout] 
[INFO] [stdout] 
[INFO] [stdout] warning: function `card_options` is never used
[INFO] [stdout]   --> src/frontend.rs:21:4
[INFO] [stdout]    |
[INFO] [stdout] 21 | fn card_options(stdout: &mut Stdout, card: Id, cache: &mut CardCache) {}
[INFO] [stdout]    |    ^^^^^^^^^^^^
[INFO] [stdout] 
[INFO] [stdout] 
[INFO] [stdout] warning: associated function `new` is never used
[INFO] [stdout]   --> src/media.rs:20:12
[INFO] [stdout]    |
[INFO] [stdout] 19 | impl AudioSource {
[INFO] [stdout]    | ---------------- associated function in this implementation
[INFO] [stdout] 20 |     pub fn new(local_name: Option<String>, url_backup: Option<String>) -> Self {
[INFO] [stdout]    |            ^^^
[INFO] [stdout] 
[INFO] [stdout] 
[INFO] [stderr]     Finished `test` profile [unoptimized + debuginfo] target(s) in 6.54s
[INFO] running `Command { std: "docker" "inspect" "3fbb7e360dd46048ae510d9d44c465d80aef2cb099b3a751bf668f1cd43fa756", kill_on_drop: false }`
[INFO] running `Command { std: "docker" "rm" "-f" "3fbb7e360dd46048ae510d9d44c465d80aef2cb099b3a751bf668f1cd43fa756", kill_on_drop: false }`
[INFO] [stdout] 3fbb7e360dd46048ae510d9d44c465d80aef2cb099b3a751bf668f1cd43fa756
[INFO] running `Command { std: "docker" "create" "-v" "/var/lib/crater-agent-workspace/builds/worker-6-tc1/target:/opt/rustwide/target:rw,Z" "-v" "/var/lib/crater-agent-workspace/builds/worker-6-tc1/source:/opt/rustwide/workdir:ro,Z" "-v" "/var/lib/crater-agent-workspace/cargo-home:/opt/rustwide/cargo-home:ro,Z" "-v" "/var/lib/crater-agent-workspace/rustup-home:/opt/rustwide/rustup-home:ro,Z" "-e" "SOURCE_DIR=/opt/rustwide/workdir" "-e" "CARGO_TARGET_DIR=/opt/rustwide/target" "-e" "CARGO_INCREMENTAL=0" "-e" "RUST_BACKTRACE=full" "-e" "RUSTFLAGS=--cap-lints=warn" "-e" "RUSTDOCFLAGS=--cap-lints=warn" "-e" "CARGO_HOME=/opt/rustwide/cargo-home" "-e" "RUSTUP_HOME=/opt/rustwide/rustup-home" "-w" "/opt/rustwide/workdir" "-m" "1610612736" "--user" "0:0" "--network" "none" "ghcr.io/rust-lang/crates-build-env/linux@sha256:f3a9d4ad9d972b27faf3965f35b62e55ba32bbce8f20bc8fe909558a86702fde" "/opt/rustwide/cargo-home/bin/cargo" "+1.83.0" "test" "--frozen", kill_on_drop: false }`
[INFO] [stdout] 90657cde295043596ed769695c16f1d5557eefc43a8937ea3e2ffd8206178f67
[INFO] running `Command { std: "docker" "start" "-a" "90657cde295043596ed769695c16f1d5557eefc43a8937ea3e2ffd8206178f67", kill_on_drop: false }`
[INFO] [stderr] warning: unused import: `create_dir_all`
[INFO] [stderr]  --> src/categories.rs:6:21
[INFO] [stderr]   |
[INFO] [stderr] 6 | use std::fs::{self, create_dir_all, File};
[INFO] [stderr]   |                     ^^^^^^^^^^^^^^
[INFO] [stderr]   |
[INFO] [stderr]   = note: `#[warn(unused_imports)]` on by default
[INFO] [stderr] 
[INFO] [stderr] warning: unused import: `std::error::Error`
[INFO] [stderr]  --> src/cli.rs:1:5
[INFO] [stderr]   |
[INFO] [stderr] 1 | use std::error::Error;
[INFO] [stderr]   |     ^^^^^^^^^^^^^^^^^
[INFO] [stderr] 
[INFO] [stderr] warning: unused imports: `CardCache`, `Card`, `Meta`, `Side`, `categories::Category`, `get_import_csv`, `get_share_path`, and `media::AudioSource`
[INFO] [stderr]  --> src/cli.rs:4:12
[INFO] [stderr]   |
[INFO] [stderr] 4 |     card::{Card, CardCache, Meta, Side},
[INFO] [stderr]   |            ^^^^  ^^^^^^^^^  ^^^^  ^^^^
[INFO] [stderr] 5 |     categories::Category,
[INFO] [stderr]   |     ^^^^^^^^^^^^^^^^^^^^
[INFO] [stderr] 6 |     media::AudioSource,
[INFO] [stderr]   |     ^^^^^^^^^^^^^^^^^^
[INFO] [stderr] 7 |     paths::{get_import_csv, get_share_path},
[INFO] [stderr]   |             ^^^^^^^^^^^^^^  ^^^^^^^^^^^^^^
[INFO] [stderr] 
[INFO] [stderr] warning: unused import: `std::fs::File`
[INFO] [stderr]  --> src/common.rs:4:5
[INFO] [stderr]   |
[INFO] [stderr] 4 | use std::fs::File;
[INFO] [stderr]   |     ^^^^^^^^^^^^^
[INFO] [stderr] 
[INFO] [stderr] warning: unused import: `Card`
[INFO] [stderr]  --> src/common.rs:9:19
[INFO] [stderr]   |
[INFO] [stderr] 9 | use crate::card::{Card, CardCache, SavedCard};
[INFO] [stderr]   |                   ^^^^
[INFO] [stderr] 
[INFO] [stderr] warning: unused import: `BufRead`
[INFO] [stderr]   --> src/common.rs:12:21
[INFO] [stderr]    |
[INFO] [stderr] 12 | use std::io::{self, BufRead, ErrorKind};
[INFO] [stderr]    |                     ^^^^^^^
[INFO] [stderr] 
[INFO] [stderr] warning: unused imports: `fs::File`, `io::BufReader`, and `path::PathBuf`
[INFO] [stderr]  --> src/media.rs:1:11
[INFO] [stderr]   |
[INFO] [stderr] 1 | use std::{fs::File, io::BufReader, path::PathBuf};
[INFO] [stderr]   |           ^^^^^^^^  ^^^^^^^^^^^^^  ^^^^^^^^^^^^^
[INFO] [stderr] 
[INFO] [stderr] warning: unused imports: `config::Config` and `paths::get_media_path`
[INFO] [stderr]  --> src/media.rs:7:13
[INFO] [stderr]   |
[INFO] [stderr] 7 | use crate::{config::Config, paths::get_media_path};
[INFO] [stderr]   |             ^^^^^^^^^^^^^^  ^^^^^^^^^^^^^^^^^^^^^
[INFO] [stderr] 
[INFO] [stderr] warning: unused variable: `x`
[INFO] [stderr]    --> src/card.rs:760:17
[INFO] [stderr]     |
[INFO] [stderr] 760 |             let x = format!("{:?}", self);
[INFO] [stderr]     |                 ^ help: if this is intentional, prefix it with an underscore: `_x`
[INFO] [stderr]     |
[INFO] [stderr]     = note: `#[warn(unused_variables)]` on by default
[INFO] [stderr] 
[INFO] [stderr] warning: unused variable: `stdout`
[INFO] [stderr]   --> src/frontend.rs:21:17
[INFO] [stderr]    |
[INFO] [stderr] 21 | fn card_options(stdout: &mut Stdout, card: Id, cache: &mut CardCache) {}
[INFO] [stderr]    |                 ^^^^^^ help: if this is intentional, prefix it with an underscore: `_stdout`
[INFO] [stderr] 
[INFO] [stderr] warning: unused variable: `card`
[INFO] [stderr]   --> src/frontend.rs:21:38
[INFO] [stderr]    |
[INFO] [stderr] 21 | fn card_options(stdout: &mut Stdout, card: Id, cache: &mut CardCache) {}
[INFO] [stderr]    |                                      ^^^^ help: if this is intentional, prefix it with an underscore: `_card`
[INFO] [stderr] 
[INFO] [stderr] warning: unused variable: `cache`
[INFO] [stderr]   --> src/frontend.rs:21:48
[INFO] [stderr]    |
[INFO] [stderr] 21 | fn card_options(stdout: &mut Stdout, card: Id, cache: &mut CardCache) {}
[INFO] [stderr]    |                                                ^^^^^ help: if this is intentional, prefix it with an underscore: `_cache`
[INFO] [stderr] 
[INFO] [stderr] warning: fields `resolved`, `suspended`, `finished`, and `change` are never read
[INFO] [stderr]    --> src/card.rs:246:9
[INFO] [stderr]     |
[INFO] [stderr] 242 | pub struct CardInfo {
[INFO] [stderr]     |            -------- fields in this struct
[INFO] [stderr] ...
[INFO] [stderr] 246 |     pub resolved: bool,
[INFO] [stderr]     |         ^^^^^^^^
[INFO] [stderr] 247 |     pub suspended: bool,
[INFO] [stderr]     |         ^^^^^^^^^
[INFO] [stderr] 248 |     pub finished: bool,
[INFO] [stderr]     |         ^^^^^^^^
[INFO] [stderr] 249 |     pub change: f32,
[INFO] [stderr]     |         ^^^^^^
[INFO] [stderr]     |
[INFO] [stderr]     = note: `CardInfo` has a derived impl for the trait `Debug`, but this is intentionally ignored during dead code analysis
[INFO] [stderr]     = note: `#[warn(dead_code)]` on by default
[INFO] [stderr] 
[INFO] [stderr] warning: associated function `new` is never used
[INFO] [stderr]    --> src/card.rs:800:12
[INFO] [stderr]     |
[INFO] [stderr] 799 | impl Card {
[INFO] [stderr]     | --------- associated function in this implementation
[INFO] [stderr] 800 |     pub fn new(front: Side, back: Side, meta: Meta) -> Self {
[INFO] [stderr]     |            ^^^
[INFO] [stderr] 
[INFO] [stderr] warning: function `empty_str_optional` is never used
[INFO] [stderr]   --> src/cli.rs:10:4
[INFO] [stderr]    |
[INFO] [stderr] 10 | fn empty_str_optional(s: String) -> Option<String> {
[INFO] [stderr]    |    ^^^^^^^^^^^^^^^^^^
[INFO] [stderr] 
[INFO] [stderr] warning: function `duration_to_days` is never used
[INFO] [stderr]   --> src/common.rs:16:8
[INFO] [stderr]    |
[INFO] [stderr] 16 | pub fn duration_to_days(dur: &Duration) -> f32 {
[INFO] [stderr]    |        ^^^^^^^^^^^^^^^^
[INFO] [stderr] 
[INFO] [stderr] warning: type alias `Filter` is never used
[INFO] [stderr]   --> src/common.rs:20:6
[INFO] [stderr]    |
[INFO] [stderr] 20 | type Filter = (String, Box<dyn FnMut(&SavedCard) -> bool>);
[INFO] [stderr]    |      ^^^^^^
[INFO] [stderr] 
[INFO] [stderr] warning: struct `Filters` is never constructed
[INFO] [stderr]   --> src/common.rs:23:8
[INFO] [stderr]    |
[INFO] [stderr] 23 | struct Filters {
[INFO] [stderr]    |        ^^^^^^^
[INFO] [stderr]    |
[INFO] [stderr]    = note: `Filters` has a derived impl for the trait `Default`, but this is intentionally ignored during dead code analysis
[INFO] [stderr] 
[INFO] [stderr] warning: multiple methods are never used
[INFO] [stderr]   --> src/common.rs:29:8
[INFO] [stderr]    |
[INFO] [stderr] 28 | impl Filters {
[INFO] [stderr]    | ------------ methods in this implementation
[INFO] [stderr] 29 |     fn run<'a>(&mut self, cards: HashSet<&'a Id>, cache: &mut CardCache) -> HashSet<&'a Id> {
[INFO] [stderr]    |        ^^^
[INFO] [stderr] ...
[INFO] [stderr] 42 |     fn insert_positive(&mut self, filter: Filter) {
[INFO] [stderr]    |        ^^^^^^^^^^^^^^^
[INFO] [stderr] ...
[INFO] [stderr] 45 |     fn insert_negative(&mut self, filter: Filter) {
[INFO] [stderr]    |        ^^^^^^^^^^^^^^^
[INFO] [stderr] ...
[INFO] [stderr] 49 |     fn is_pending(&self) -> Filter {
[INFO] [stderr]    |        ^^^^^^^^^^
[INFO] [stderr] ...
[INFO] [stderr] 55 |     fn is_finished(&self) -> Filter {
[INFO] [stderr]    |        ^^^^^^^^^^^
[INFO] [stderr] ...
[INFO] [stderr] 61 |     fn is_suspended(&self) -> Filter {
[INFO] [stderr]    |        ^^^^^^^^^^^^
[INFO] [stderr] ...
[INFO] [stderr] 67 |     fn has_tag(&self, tag: String) -> Filter {
[INFO] [stderr]    |        ^^^^^^^
[INFO] [stderr] ...
[INFO] [stderr] 73 |     fn max_strength(&self, max_strength: Duration) -> Filter {
[INFO] [stderr]    |        ^^^^^^^^^^^^
[INFO] [stderr] ...
[INFO] [stderr] 85 |     fn max_stability(&self, max_stability: Duration) -> Filter {
[INFO] [stderr]    |        ^^^^^^^^^^^^^
[INFO] [stderr] ...
[INFO] [stderr] 97 |     fn max_recall(&self, max_recall: f32) -> Filter {
[INFO] [stderr]    |        ^^^^^^^^^^
[INFO] [stderr] 
[INFO] [stderr] warning: trait `MenuItem` is never used
[INFO] [stderr]    --> src/common.rs:169:11
[INFO] [stderr]     |
[INFO] [stderr] 169 | pub trait MenuItem: Display {
[INFO] [stderr]     |           ^^^^^^^^
[INFO] [stderr] 
[INFO] [stderr] warning: function `within_percentage` is never used
[INFO] [stderr]    --> src/common.rs:214:8
[INFO] [stderr]     |
[INFO] [stderr] 214 | pub fn within_percentage(percentage: u32) -> bool {
[INFO] [stderr]     |        ^^^^^^^^^^^^^^^^^
[INFO] [stderr] 
[INFO] [stderr] warning: function `rand_int` is never used
[INFO] [stderr]    --> src/common.rs:218:8
[INFO] [stderr]     |
[INFO] [stderr] 218 | pub fn rand_int(max: u32) -> u32 {
[INFO] [stderr]     |        ^^^^^^^^
[INFO] [stderr] 
[INFO] [stderr] warning: function `card_options` is never used
[INFO] [stderr]   --> src/frontend.rs:21:4
[INFO] [stderr]    |
[INFO] [stderr] 21 | fn card_options(stdout: &mut Stdout, card: Id, cache: &mut CardCache) {}
[INFO] [stderr]    |    ^^^^^^^^^^^^
[INFO] [stderr] 
[INFO] [stderr] warning: associated function `new` is never used
[INFO] [stderr]   --> src/media.rs:20:12
[INFO] [stderr]    |
[INFO] [stderr] 19 | impl AudioSource {
[INFO] [stderr]    | ---------------- associated function in this implementation
[INFO] [stderr] 20 |     pub fn new(local_name: Option<String>, url_backup: Option<String>) -> Self {
[INFO] [stderr]    |            ^^^
[INFO] [stderr] 
[INFO] [stderr] warning: `spekinew` (bin "spekinew" test) generated 24 warnings (run `cargo fix --bin "spekinew" --tests` to apply 8 suggestions)
[INFO] [stderr]     Finished `test` profile [unoptimized + debuginfo] target(s) in 0.08s
[INFO] [stderr]      Running unittests src/main.rs (/opt/rustwide/target/debug/deps/spekinew-d232a68d6c570c6f)
[INFO] [stdout] 
[INFO] [stdout] running 11 tests
[INFO] [stdout] test card::tests::debug_strength ... ok
[INFO] [stdout] test card::tests::foobar ... ok
[INFO] [stdout] test common::tests::foo ... ok
[INFO] [stdout] test config::tests::foo ... ok
[INFO] [stdout] test categories::tests::test_as_card_path ... ok
[INFO] [stdout] test card::tests::test_load_cards_from_folder ... ok
[INFO] [stdout] test card::tests::test_stability ... ok
[INFO] [stdout] test card::tests::test_strength ... ok
[INFO] [stdout] test card::tests::test_expected_gain ... ok
[INFO] [stdout] test categories::tests::test_joined ... FAILED
[INFO] [stdout] test categories::tests::test_load_all ... FAILED
[INFO] [stdout] 
[INFO] [stdout] failures:
[INFO] [stdout] 
[INFO] [stdout] ---- categories::tests::test_joined stdout ----
[INFO] [stdout] ━━━━━━━━━━━━━━━━━━━━━━━━━━━━━━━ Snapshot Summary ━━━━━━━━━━━━━━━━━━━━━━━━━━━━━━━
[INFO] [stdout] Snapshot file: src/snapshots/spekinew__categories__tests__joined.snap
[INFO] [stdout] Snapshot: joined
[INFO] [stdout] Source: src/categories.rs:251
[INFO] [stdout] ────────────────────────────────────────────────────────────────────────────────
[INFO] [stdout] Expression: joined
[INFO] [stdout] ────────────────────────────────────────────────────────────────────────────────
[INFO] [stdout] +new results
[INFO] [stdout] ────────────┬───────────────────────────────────────────────────────────────────
[INFO] [stdout]           0 │+"foo/bar"
[INFO] [stdout] ────────────┴───────────────────────────────────────────────────────────────────
[INFO] [stdout] thread 'categories::tests::test_joined' panicked at src/categories.rs:251:9:
[INFO] [stdout] called `Result::unwrap()` on an `Err` value: Os { code: 30, kind: ReadOnlyFilesystem, message: "Read-only file system" }
[INFO] [stdout] stack backtrace:
[INFO] [stdout]    0:     0x5d739cbbb04a - std::backtrace_rs::backtrace::libunwind::trace::h5a5b8284f2d0c266
[INFO] [stdout]                                at /rustc/90b35a6239c3d8bdabc530a6a0816f7ff89a0aaf/library/std/src/../../backtrace/src/backtrace/libunwind.rs:116:5
[INFO] [stdout]    1:     0x5d739cbbb04a - std::backtrace_rs::backtrace::trace_unsynchronized::h76d4f1c9b0b875e3
[INFO] [stdout]                                at /rustc/90b35a6239c3d8bdabc530a6a0816f7ff89a0aaf/library/std/src/../../backtrace/src/backtrace/mod.rs:66:5
[INFO] [stdout]    2:     0x5d739cbbb04a - std::sys::backtrace::_print_fmt::hc4546b8364a537c6
[INFO] [stdout]                                at /rustc/90b35a6239c3d8bdabc530a6a0816f7ff89a0aaf/library/std/src/sys/backtrace.rs:66:9
[INFO] [stdout]    3:     0x5d739cbbb04a - <std::sys::backtrace::BacktraceLock::print::DisplayBacktrace as core::fmt::Display>::fmt::h5b6bd5631a6d1f6b
[INFO] [stdout]                                at /rustc/90b35a6239c3d8bdabc530a6a0816f7ff89a0aaf/library/std/src/sys/backtrace.rs:39:26
[INFO] [stdout]    4:     0x5d739cbe3993 - core::fmt::rt::Argument::fmt::h270f6602a2b96f62
[INFO] [stdout]                                at /rustc/90b35a6239c3d8bdabc530a6a0816f7ff89a0aaf/library/core/src/fmt/rt.rs:177:76
[INFO] [stdout]    5:     0x5d739cbe3993 - core::fmt::write::h7550c97b06c86515
[INFO] [stdout]                                at /rustc/90b35a6239c3d8bdabc530a6a0816f7ff89a0aaf/library/core/src/fmt/mod.rs:1186:21
[INFO] [stdout]    6:     0x5d739cbb7a63 - std::io::Write::write_fmt::h509ff860e5956e5e
[INFO] [stdout]                                at /rustc/90b35a6239c3d8bdabc530a6a0816f7ff89a0aaf/library/std/src/io/mod.rs:1839:15
[INFO] [stdout]    7:     0x5d739cbbae92 - std::sys::backtrace::BacktraceLock::print::h2395ccd2c84ba3aa
[INFO] [stdout]                                at /rustc/90b35a6239c3d8bdabc530a6a0816f7ff89a0aaf/library/std/src/sys/backtrace.rs:42:9
[INFO] [stdout]    8:     0x5d739cbbc4aa - std::panicking::default_hook::{{closure}}::he19d4c7230e07961
[INFO] [stdout]                                at /rustc/90b35a6239c3d8bdabc530a6a0816f7ff89a0aaf/library/std/src/panicking.rs:268:22
[INFO] [stdout]    9:     0x5d739cbbc2b4 - std::panicking::default_hook::hf614597d3c67bbdb
[INFO] [stdout]                                at /rustc/90b35a6239c3d8bdabc530a6a0816f7ff89a0aaf/library/std/src/panicking.rs:292:9
[INFO] [stdout]   10:     0x5d739cb83d29 - <alloc::boxed::Box<F,A> as core::ops::function::Fn<Args>>::call::h39b51ce4599c23d1
[INFO] [stdout]                                at /rustc/90b35a6239c3d8bdabc530a6a0816f7ff89a0aaf/library/alloc/src/boxed.rs:2468:9
[INFO] [stdout]   11:     0x5d739cb83d29 - test::test_main::{{closure}}::he977ae839a582784
[INFO] [stdout]                                at /rustc/90b35a6239c3d8bdabc530a6a0816f7ff89a0aaf/library/test/src/lib.rs:133:21
[INFO] [stdout]   12:     0x5d739cbbcb48 - <alloc::boxed::Box<F,A> as core::ops::function::Fn<Args>>::call::h9455091b6b06f9fb
[INFO] [stdout]                                at /rustc/90b35a6239c3d8bdabc530a6a0816f7ff89a0aaf/library/alloc/src/boxed.rs:2468:9
[INFO] [stdout]   13:     0x5d739cbbcb48 - std::panicking::rust_panic_with_hook::h8942133a8b252070
[INFO] [stdout]                                at /rustc/90b35a6239c3d8bdabc530a6a0816f7ff89a0aaf/library/std/src/panicking.rs:809:13
[INFO] [stdout]   14:     0x5d739cbbc90a - std::panicking::begin_panic_handler::{{closure}}::hb5f5963570096b29
[INFO] [stdout]                                at /rustc/90b35a6239c3d8bdabc530a6a0816f7ff89a0aaf/library/std/src/panicking.rs:674:13
[INFO] [stdout]   15:     0x5d739cbbb529 - std::sys::backtrace::__rust_end_short_backtrace::h6208cedc1922feda
[INFO] [stdout]                                at /rustc/90b35a6239c3d8bdabc530a6a0816f7ff89a0aaf/library/std/src/sys/backtrace.rs:170:18
[INFO] [stdout]   16:     0x5d739cbbc59c - rust_begin_unwind
[INFO] [stdout]                                at /rustc/90b35a6239c3d8bdabc530a6a0816f7ff89a0aaf/library/std/src/panicking.rs:665:5
[INFO] [stdout]   17:     0x5d739ca07ca0 - core::panicking::panic_fmt::h0c3082644d1bf418
[INFO] [stdout]                                at /rustc/90b35a6239c3d8bdabc530a6a0816f7ff89a0aaf/library/core/src/panicking.rs:74:14
[INFO] [stdout]   18:     0x5d739ca08146 - core::result::unwrap_failed::hd20b4aa073bda1e2
[INFO] [stdout]                                at /rustc/90b35a6239c3d8bdabc530a6a0816f7ff89a0aaf/library/core/src/result.rs:1700:5
[INFO] [stdout]   19:     0x5d739ca10d76 - core::result::Result<T,E>::unwrap::h0acaad9ae69f7ba8
[INFO] [stdout]                                at /rustc/90b35a6239c3d8bdabc530a6a0816f7ff89a0aaf/library/core/src/result.rs:1104:23
[INFO] [stdout]   20:     0x5d739ca10d76 - spekinew::categories::tests::test_joined::hacb936a48b8e9ef7
[INFO] [stdout]                                at /opt/rustwide/workdir/src/categories.rs:251:9
[INFO] [stdout]   21:     0x5d739ca10667 - spekinew::categories::tests::test_joined::{{closure}}::h6cbac1b45d733ec8
[INFO] [stdout]                                at /opt/rustwide/workdir/src/categories.rs:248:21
[INFO] [stdout]   22:     0x5d739ca09946 - core::ops::function::FnOnce::call_once::h11e1876d947090ef
[INFO] [stdout]                                at /rustc/90b35a6239c3d8bdabc530a6a0816f7ff89a0aaf/library/core/src/ops/function.rs:250:5
[INFO] [stdout]   23:     0x5d739cb886eb - core::ops::function::FnOnce::call_once::h109cf8051a59b34e
[INFO] [stdout]                                at /rustc/90b35a6239c3d8bdabc530a6a0816f7ff89a0aaf/library/core/src/ops/function.rs:250:5
[INFO] [stdout]   24:     0x5d739cb886eb - test::__rust_begin_short_backtrace::hf4fff89d377446ba
[INFO] [stdout]                                at /rustc/90b35a6239c3d8bdabc530a6a0816f7ff89a0aaf/library/test/src/lib.rs:621:18
[INFO] [stdout]   25:     0x5d739cb87f27 - test::run_test_in_process::{{closure}}::h0e39181dd7ee5a43
[INFO] [stdout]                                at /rustc/90b35a6239c3d8bdabc530a6a0816f7ff89a0aaf/library/test/src/lib.rs:644:60
[INFO] [stdout]   26:     0x5d739cb87f27 - <core::panic::unwind_safe::AssertUnwindSafe<F> as core::ops::function::FnOnce<()>>::call_once::hc5a66a30f0bdfd1f
[INFO] [stdout]                                at /rustc/90b35a6239c3d8bdabc530a6a0816f7ff89a0aaf/library/core/src/panic/unwind_safe.rs:272:9
[INFO] [stdout]   27:     0x5d739cb87f27 - std::panicking::try::do_call::h873b7cf639554a5e
[INFO] [stdout]                                at /rustc/90b35a6239c3d8bdabc530a6a0816f7ff89a0aaf/library/std/src/panicking.rs:557:40
[INFO] [stdout]   28:     0x5d739cb87f27 - std::panicking::try::hdb19862fad9c8bd1
[INFO] [stdout]                                at /rustc/90b35a6239c3d8bdabc530a6a0816f7ff89a0aaf/library/std/src/panicking.rs:520:19
[INFO] [stdout]   29:     0x5d739cb87f27 - std::panic::catch_unwind::h281fe732d236d260
[INFO] [stdout]                                at /rustc/90b35a6239c3d8bdabc530a6a0816f7ff89a0aaf/library/std/src/panic.rs:358:14
[INFO] [stdout]   30:     0x5d739cb87f27 - test::run_test_in_process::h949b6df8457ed338
[INFO] [stdout]                                at /rustc/90b35a6239c3d8bdabc530a6a0816f7ff89a0aaf/library/test/src/lib.rs:644:27
[INFO] [stdout]   31:     0x5d739cb87f27 - test::run_test::{{closure}}::h52c556a6d4740e10
[INFO] [stdout]                                at /rustc/90b35a6239c3d8bdabc530a6a0816f7ff89a0aaf/library/test/src/lib.rs:565:43
[INFO] [stdout]   32:     0x5d739cb4d204 - test::run_test::{{closure}}::h4237f6381c45ccb9
[INFO] [stdout]                                at /rustc/90b35a6239c3d8bdabc530a6a0816f7ff89a0aaf/library/test/src/lib.rs:595:41
[INFO] [stdout]   33:     0x5d739cb4d204 - std::sys::backtrace::__rust_begin_short_backtrace::h505c97a579eca628
[INFO] [stdout]                                at /rustc/90b35a6239c3d8bdabc530a6a0816f7ff89a0aaf/library/std/src/sys/backtrace.rs:154:18
[INFO] [stdout]   34:     0x5d739cb508ce - std::thread::Builder::spawn_unchecked_::{{closure}}::{{closure}}::h9e86b2e2bc107ea3
[INFO] [stdout]                                at /rustc/90b35a6239c3d8bdabc530a6a0816f7ff89a0aaf/library/std/src/thread/mod.rs:538:17
[INFO] [stdout]   35:     0x5d739cb508ce - <core::panic::unwind_safe::AssertUnwindSafe<F> as core::ops::function::FnOnce<()>>::call_once::h8b06ddb275ff4a25
[INFO] [stdout]                                at /rustc/90b35a6239c3d8bdabc530a6a0816f7ff89a0aaf/library/core/src/panic/unwind_safe.rs:272:9
[INFO] [stdout]   36:     0x5d739cb508ce - std::panicking::try::do_call::hb26ecd7cd9a9355d
[INFO] [stdout]                                at /rustc/90b35a6239c3d8bdabc530a6a0816f7ff89a0aaf/library/std/src/panicking.rs:557:40
[INFO] [stdout]   37:     0x5d739cb508ce - std::panicking::try::h8ddeca9d705f9069
[INFO] [stdout]                                at /rustc/90b35a6239c3d8bdabc530a6a0816f7ff89a0aaf/library/std/src/panicking.rs:520:19
[INFO] [stdout]   38:     0x5d739cb508ce - std::panic::catch_unwind::h49e1c33078844c46
[INFO] [stdout]                                at /rustc/90b35a6239c3d8bdabc530a6a0816f7ff89a0aaf/library/std/src/panic.rs:358:14
[INFO] [stdout]   39:     0x5d739cb508ce - std::thread::Builder::spawn_unchecked_::{{closure}}::h6073db6ff56ad35d
[INFO] [stdout]                                at /rustc/90b35a6239c3d8bdabc530a6a0816f7ff89a0aaf/library/std/src/thread/mod.rs:537:30
[INFO] [stdout]   40:     0x5d739cb508ce - core::ops::function::FnOnce::call_once{{vtable.shim}}::h2c5a5f3779c774f1
[INFO] [stdout]                                at /rustc/90b35a6239c3d8bdabc530a6a0816f7ff89a0aaf/library/core/src/ops/function.rs:250:5
[INFO] [stdout]   41:     0x5d739cbc100b - <alloc::boxed::Box<F,A> as core::ops::function::FnOnce<Args>>::call_once::hf75717d9f28faebf
[INFO] [stdout]                                at /rustc/90b35a6239c3d8bdabc530a6a0816f7ff89a0aaf/library/alloc/src/boxed.rs:2454:9
[INFO] [stdout]   42:     0x5d739cbc100b - <alloc::boxed::Box<F,A> as core::ops::function::FnOnce<Args>>::call_once::h7bd883a5f3c5f3c1
[INFO] [stdout]                                at /rustc/90b35a6239c3d8bdabc530a6a0816f7ff89a0aaf/library/alloc/src/boxed.rs:2454:9
[INFO] [stdout]   43:     0x5d739cbc100b - std::sys::pal::unix::thread::Thread::new::thread_start::hcc78f3943333fa94
[INFO] [stdout]                                at /rustc/90b35a6239c3d8bdabc530a6a0816f7ff89a0aaf/library/std/src/sys/pal/unix/thread.rs:105:17
[INFO] [stdout]   44:     0x751299697ac3 - <unknown>
[INFO] [stdout]   45:     0x751299728a04 - clone
[INFO] [stdout]   46:                0x0 - <unknown>
[INFO] [stdout] 
[INFO] [stdout] ---- categories::tests::test_load_all stdout ----
[INFO] [stdout] ━━━━━━━━━━━━━━━━━━━━━━━━━━━━━━━ Snapshot Summary ━━━━━━━━━━━━━━━━━━━━━━━━━━━━━━━
[INFO] [stdout] Snapshot file: src/snapshots/spekinew__categories__tests__load_all.snap
[INFO] [stdout] Snapshot: load_all
[INFO] [stdout] Source: src/categories.rs:244
[INFO] [stdout] ────────────────────────────────────────────────────────────────────────────────
[INFO] [stdout] Expression: folders
[INFO] [stdout] ────────────────────────────────────────────────────────────────────────────────
[INFO] [stdout] +new results
[INFO] [stdout] ────────────┬───────────────────────────────────────────────────────────────────
[INFO] [stdout]           0 │+[
[INFO] [stdout]           1 │+    Category(
[INFO] [stdout]           2 │+        [
[INFO] [stdout]           3 │+            "maths",
[INFO] [stdout]           4 │+        ],
[INFO] [stdout]           5 │+    ),
[INFO] [stdout]           6 │+    Category(
[INFO] [stdout]           7 │+        [
[INFO] [stdout]           8 │+            "maths",
[INFO] [stdout]           9 │+            "calculus",
[INFO] [stdout]          10 │+        ],
[INFO] [stdout]          11 │+    ),
[INFO] [stdout]          12 │+    Category(
[INFO] [stdout]          13 │+        [
[INFO] [stdout]          14 │+            "history",
[INFO] [stdout]          15 │+        ],
[INFO] [stdout]          16 │+    ),
[INFO] [stdout]          17 │+]
[INFO] [stdout] ────────────┴───────────────────────────────────────────────────────────────────
[INFO] [stdout] thread 'categories::tests::test_load_all' panicked at src/categories.rs:244:9:
[INFO] [stdout] called `Result::unwrap()` on an `Err` value: Os { code: 30, kind: ReadOnlyFilesystem, message: "Read-only file system" }
[INFO] [stdout] stack backtrace:
[INFO] [stdout]    0:     0x5d739cbbb04a - std::backtrace_rs::backtrace::libunwind::trace::h5a5b8284f2d0c266
[INFO] [stdout]                                at /rustc/90b35a6239c3d8bdabc530a6a0816f7ff89a0aaf/library/std/src/../../backtrace/src/backtrace/libunwind.rs:116:5
[INFO] [stdout]    1:     0x5d739cbbb04a - std::backtrace_rs::backtrace::trace_unsynchronized::h76d4f1c9b0b875e3
[INFO] [stdout]                                at /rustc/90b35a6239c3d8bdabc530a6a0816f7ff89a0aaf/library/std/src/../../backtrace/src/backtrace/mod.rs:66:5
[INFO] [stdout]    2:     0x5d739cbbb04a - std::sys::backtrace::_print_fmt::hc4546b8364a537c6
[INFO] [stdout]                                at /rustc/90b35a6239c3d8bdabc530a6a0816f7ff89a0aaf/library/std/src/sys/backtrace.rs:66:9
[INFO] [stdout]    3:     0x5d739cbbb04a - <std::sys::backtrace::BacktraceLock::print::DisplayBacktrace as core::fmt::Display>::fmt::h5b6bd5631a6d1f6b
[INFO] [stdout]                                at /rustc/90b35a6239c3d8bdabc530a6a0816f7ff89a0aaf/library/std/src/sys/backtrace.rs:39:26
[INFO] [stdout]    4:     0x5d739cbe3993 - core::fmt::rt::Argument::fmt::h270f6602a2b96f62
[INFO] [stdout]                                at /rustc/90b35a6239c3d8bdabc530a6a0816f7ff89a0aaf/library/core/src/fmt/rt.rs:177:76
[INFO] [stdout]    5:     0x5d739cbe3993 - core::fmt::write::h7550c97b06c86515
[INFO] [stdout]                                at /rustc/90b35a6239c3d8bdabc530a6a0816f7ff89a0aaf/library/core/src/fmt/mod.rs:1186:21
[INFO] [stdout]    6:     0x5d739cbb7a63 - std::io::Write::write_fmt::h509ff860e5956e5e
[INFO] [stdout]                                at /rustc/90b35a6239c3d8bdabc530a6a0816f7ff89a0aaf/library/std/src/io/mod.rs:1839:15
[INFO] [stdout]    7:     0x5d739cbbae92 - std::sys::backtrace::BacktraceLock::print::h2395ccd2c84ba3aa
[INFO] [stdout]                                at /rustc/90b35a6239c3d8bdabc530a6a0816f7ff89a0aaf/library/std/src/sys/backtrace.rs:42:9
[INFO] [stdout]    8:     0x5d739cbbc4aa - std::panicking::default_hook::{{closure}}::he19d4c7230e07961
[INFO] [stdout]                                at /rustc/90b35a6239c3d8bdabc530a6a0816f7ff89a0aaf/library/std/src/panicking.rs:268:22
[INFO] [stdout]    9:     0x5d739cbbc2b4 - std::panicking::default_hook::hf614597d3c67bbdb
[INFO] [stdout]                                at /rustc/90b35a6239c3d8bdabc530a6a0816f7ff89a0aaf/library/std/src/panicking.rs:292:9
[INFO] [stdout]   10:     0x5d739cb83d29 - <alloc::boxed::Box<F,A> as core::ops::function::Fn<Args>>::call::h39b51ce4599c23d1
[INFO] [stdout]                                at /rustc/90b35a6239c3d8bdabc530a6a0816f7ff89a0aaf/library/alloc/src/boxed.rs:2468:9
[INFO] [stdout]   11:     0x5d739cb83d29 - test::test_main::{{closure}}::he977ae839a582784
[INFO] [stdout]                                at /rustc/90b35a6239c3d8bdabc530a6a0816f7ff89a0aaf/library/test/src/lib.rs:133:21
[INFO] [stdout]   12:     0x5d739cbbcb48 - <alloc::boxed::Box<F,A> as core::ops::function::Fn<Args>>::call::h9455091b6b06f9fb
[INFO] [stdout]                                at /rustc/90b35a6239c3d8bdabc530a6a0816f7ff89a0aaf/library/alloc/src/boxed.rs:2468:9
[INFO] [stdout]   13:     0x5d739cbbcb48 - std::panicking::rust_panic_with_hook::h8942133a8b252070
[INFO] [stdout]                                at /rustc/90b35a6239c3d8bdabc530a6a0816f7ff89a0aaf/library/std/src/panicking.rs:809:13
[INFO] [stdout]   14:     0x5d739cbbc90a - std::panicking::begin_panic_handler::{{closure}}::hb5f5963570096b29
[INFO] [stdout]                                at /rustc/90b35a6239c3d8bdabc530a6a0816f7ff89a0aaf/library/std/src/panicking.rs:674:13
[INFO] [stdout]   15:     0x5d739cbbb529 - std::sys::backtrace::__rust_end_short_backtrace::h6208cedc1922feda
[INFO] [stdout]                                at /rustc/90b35a6239c3d8bdabc530a6a0816f7ff89a0aaf/library/std/src/sys/backtrace.rs:170:18
[INFO] [stdout]   16:     0x5d739cbbc59c - rust_begin_unwind
[INFO] [stdout]                                at /rustc/90b35a6239c3d8bdabc530a6a0816f7ff89a0aaf/library/std/src/panicking.rs:665:5
[INFO] [stdout]   17:     0x5d739ca07ca0 - core::panicking::panic_fmt::h0c3082644d1bf418
[INFO] [stdout]                                at /rustc/90b35a6239c3d8bdabc530a6a0816f7ff89a0aaf/library/core/src/panicking.rs:74:14
[INFO] [stdout]   18:     0x5d739ca08146 - core::result::unwrap_failed::hd20b4aa073bda1e2
[INFO] [stdout]                                at /rustc/90b35a6239c3d8bdabc530a6a0816f7ff89a0aaf/library/core/src/result.rs:1700:5
[INFO] [stdout]   19:     0x5d739ca10563 - core::result::Result<T,E>::unwrap::h0acaad9ae69f7ba8
[INFO] [stdout]                                at /rustc/90b35a6239c3d8bdabc530a6a0816f7ff89a0aaf/library/core/src/result.rs:1104:23
[INFO] [stdout]   20:     0x5d739ca10563 - spekinew::categories::tests::test_load_all::h4f77a8bccab13e8f
[INFO] [stdout]                                at /opt/rustwide/workdir/src/categories.rs:244:9
[INFO] [stdout]   21:     0x5d739ca0fea7 - spekinew::categories::tests::test_load_all::{{closure}}::ha5713f0b9724c7c1
[INFO] [stdout]                                at /opt/rustwide/workdir/src/categories.rs:239:23
[INFO] [stdout]   22:     0x5d739ca09986 - core::ops::function::FnOnce::call_once::h29967486b00306bf
[INFO] [stdout]                                at /rustc/90b35a6239c3d8bdabc530a6a0816f7ff89a0aaf/library/core/src/ops/function.rs:250:5
[INFO] [stdout]   23:     0x5d739cb886eb - core::ops::function::FnOnce::call_once::h109cf8051a59b34e
[INFO] [stdout]                                at /rustc/90b35a6239c3d8bdabc530a6a0816f7ff89a0aaf/library/core/src/ops/function.rs:250:5
[INFO] [stdout]   24:     0x5d739cb886eb - test::__rust_begin_short_backtrace::hf4fff89d377446ba
[INFO] [stdout]                                at /rustc/90b35a6239c3d8bdabc530a6a0816f7ff89a0aaf/library/test/src/lib.rs:621:18
[INFO] [stdout]   25:     0x5d739cb87f27 - test::run_test_in_process::{{closure}}::h0e39181dd7ee5a43
[INFO] [stdout]                                at /rustc/90b35a6239c3d8bdabc530a6a0816f7ff89a0aaf/library/test/src/lib.rs:644:60
[INFO] [stdout]   26:     0x5d739cb87f27 - <core::panic::unwind_safe::AssertUnwindSafe<F> as core::ops::function::FnOnce<()>>::call_once::hc5a66a30f0bdfd1f
[INFO] [stdout]                                at /rustc/90b35a6239c3d8bdabc530a6a0816f7ff89a0aaf/library/core/src/panic/unwind_safe.rs:272:9
[INFO] [stdout]   27:     0x5d739cb87f27 - std::panicking::try::do_call::h873b7cf639554a5e
[INFO] [stdout]                                at /rustc/90b35a6239c3d8bdabc530a6a0816f7ff89a0aaf/library/std/src/panicking.rs:557:40
[INFO] [stdout]   28:     0x5d739cb87f27 - std::panicking::try::hdb19862fad9c8bd1
[INFO] [stdout]                                at /rustc/90b35a6239c3d8bdabc530a6a0816f7ff89a0aaf/library/std/src/panicking.rs:520:19
[INFO] [stdout]   29:     0x5d739cb87f27 - std::panic::catch_unwind::h281fe732d236d260
[INFO] [stdout]                                at /rustc/90b35a6239c3d8bdabc530a6a0816f7ff89a0aaf/library/std/src/panic.rs:358:14
[INFO] [stdout]   30:     0x5d739cb87f27 - test::run_test_in_process::h949b6df8457ed338
[INFO] [stdout]                                at /rustc/90b35a6239c3d8bdabc530a6a0816f7ff89a0aaf/library/test/src/lib.rs:644:27
[INFO] [stdout]   31:     0x5d739cb87f27 - test::run_test::{{closure}}::h52c556a6d4740e10
[INFO] [stdout]                                at /rustc/90b35a6239c3d8bdabc530a6a0816f7ff89a0aaf/library/test/src/lib.rs:565:43
[INFO] [stdout]   32:     0x5d739cb4d204 - test::run_test::{{closure}}::h4237f6381c45ccb9
[INFO] [stdout]                                at /rustc/90b35a6239c3d8bdabc530a6a0816f7ff89a0aaf/library/test/src/lib.rs:595:41
[INFO] [stdout]   33:     0x5d739cb4d204 - std::sys::backtrace::__rust_begin_short_backtrace::h505c97a579eca628
[INFO] [stdout]                                at /rustc/90b35a6239c3d8bdabc530a6a0816f7ff89a0aaf/library/std/src/sys/backtrace.rs:154:18
[INFO] [stdout]   34:     0x5d739cb508ce - std::thread::Builder::spawn_unchecked_::{{closure}}::{{closure}}::h9e86b2e2bc107ea3
[INFO] [stdout]                                at /rustc/90b35a6239c3d8bdabc530a6a0816f7ff89a0aaf/library/std/src/thread/mod.rs:538:17
[INFO] [stdout]   35:     0x5d739cb508ce - <core::panic::unwind_safe::AssertUnwindSafe<F> as core::ops::function::FnOnce<()>>::call_once::h8b06ddb275ff4a25
[INFO] [stdout]                                at /rustc/90b35a6239c3d8bdabc530a6a0816f7ff89a0aaf/library/core/src/panic/unwind_safe.rs:272:9
[INFO] [stdout]   36:     0x5d739cb508ce - std::panicking::try::do_call::hb26ecd7cd9a9355d
[INFO] [stdout]                                at /rustc/90b35a6239c3d8bdabc530a6a0816f7ff89a0aaf/library/std/src/panicking.rs:557:40
[INFO] [stdout]   37:     0x5d739cb508ce - std::panicking::try::h8ddeca9d705f9069
[INFO] [stdout]                                at /rustc/90b35a6239c3d8bdabc530a6a0816f7ff89a0aaf/library/std/src/panicking.rs:520:19
[INFO] [stdout]   38:     0x5d739cb508ce - std::panic::catch_unwind::h49e1c33078844c46
[INFO] [stdout]                                at /rustc/90b35a6239c3d8bdabc530a6a0816f7ff89a0aaf/library/std/src/panic.rs:358:14
[INFO] [stdout]   39:     0x5d739cb508ce - std::thread::Builder::spawn_unchecked_::{{closure}}::h6073db6ff56ad35d
[INFO] [stdout]                                at /rustc/90b35a6239c3d8bdabc530a6a0816f7ff89a0aaf/library/std/src/thread/mod.rs:537:30
[INFO] [stdout]   40:     0x5d739cb508ce - core::ops::function::FnOnce::call_once{{vtable.shim}}::h2c5a5f3779c774f1
[INFO] [stdout]                                at /rustc/90b35a6239c3d8bdabc530a6a0816f7ff89a0aaf/library/core/src/ops/function.rs:250:5
[INFO] [stdout]   41:     0x5d739cbc100b - <alloc::boxed::Box<F,A> as core::ops::function::FnOnce<Args>>::call_once::hf75717d9f28faebf
[INFO] [stdout]                                at /rustc/90b35a6239c3d8bdabc530a6a0816f7ff89a0aaf/library/alloc/src/boxed.rs:2454:9
[INFO] [stdout]   42:     0x5d739cbc100b - <alloc::boxed::Box<F,A> as core::ops::function::FnOnce<Args>>::call_once::h7bd883a5f3c5f3c1
[INFO] [stdout]                                at /rustc/90b35a6239c3d8bdabc530a6a0816f7ff89a0aaf/library/alloc/src/boxed.rs:2454:9
[INFO] [stdout]   43:     0x5d739cbc100b - std::sys::pal::unix::thread::Thread::new::thread_start::hcc78f3943333fa94
[INFO] [stdout]                                at /rustc/90b35a6239c3d8bdabc530a6a0816f7ff89a0aaf/library/std/src/sys/pal/unix/thread.rs:105:17
[INFO] [stdout]   44:     0x751299697ac3 - <unknown>
[INFO] [stdout]   45:     0x751299728a04 - clone
[INFO] [stdout]   46:                0x0 - <unknown>
[INFO] [stdout] 
[INFO] [stdout] 
[INFO] [stdout] failures:
[INFO] [stdout]     categories::tests::test_joined
[INFO] [stdout]     categories::tests::test_load_all
[INFO] [stdout] 
[INFO] [stdout] test result: FAILED. 9 passed; 2 failed; 0 ignored; 0 measured; 0 filtered out; finished in 1.92s
[INFO] [stdout] 
[INFO] [stderr] error: test failed, to rerun pass `--bin spekinew`
[INFO] running `Command { std: "docker" "inspect" "90657cde295043596ed769695c16f1d5557eefc43a8937ea3e2ffd8206178f67", kill_on_drop: false }`
[INFO] running `Command { std: "docker" "rm" "-f" "90657cde295043596ed769695c16f1d5557eefc43a8937ea3e2ffd8206178f67", kill_on_drop: false }`
[INFO] [stdout] 90657cde295043596ed769695c16f1d5557eefc43a8937ea3e2ffd8206178f67
