[INFO] cloning repository https://github.com/TBS1996/firelog
[INFO] running `Command { std: "git" "-c" "credential.helper=" "-c" "credential.helper=/workspace/cargo-home/bin/git-credential-null" "clone" "--bare" "https://github.com/TBS1996/firelog" "/workspace/cache/git-repos/https%3A%2F%2Fgithub.com%2FTBS1996%2Ffirelog", kill_on_drop: false }`
[INFO] [stderr] Cloning into bare repository '/workspace/cache/git-repos/https%3A%2F%2Fgithub.com%2FTBS1996%2Ffirelog'...
[INFO] running `Command { std: "git" "rev-parse" "HEAD", kill_on_drop: false }`
[INFO] [stdout] 23a1c9cbf4dd87b2c6a7ad336f0b9c9312f62146
[INFO] testing TBS1996/firelog against 1.83.0 for beta-1.84.0-4-retry
[INFO] running `Command { std: "git" "clone" "/workspace/cache/git-repos/https%3A%2F%2Fgithub.com%2FTBS1996%2Ffirelog" "/workspace/builds/worker-0-tc1/source", kill_on_drop: false }`
[INFO] [stderr] Cloning into '/workspace/builds/worker-0-tc1/source'...
[INFO] [stderr] done.
[INFO] validating manifest of git repo https://github.com/TBS1996/firelog on toolchain 1.83.0
[INFO] running `Command { std: CARGO_HOME="/workspace/cargo-home" RUSTUP_HOME="/workspace/rustup-home" "/workspace/cargo-home/bin/cargo" "+1.83.0" "metadata" "--manifest-path" "Cargo.toml" "--no-deps", kill_on_drop: false }`
[INFO] started tweaking git repo https://github.com/TBS1996/firelog
[INFO] finished tweaking git repo https://github.com/TBS1996/firelog
[INFO] tweaked toml for git repo https://github.com/TBS1996/firelog written to /workspace/builds/worker-0-tc1/source/Cargo.toml
[INFO] crate git repo https://github.com/TBS1996/firelog already has a lockfile, it will not be regenerated
[INFO] running `Command { std: CARGO_HOME="/workspace/cargo-home" RUSTUP_HOME="/workspace/rustup-home" "/workspace/cargo-home/bin/cargo" "+1.83.0" "fetch" "--manifest-path" "Cargo.toml", kill_on_drop: false }`
[INFO] [stderr]     Updating crates.io index
[INFO] [stderr]  Downloading crates ...
[INFO] [stderr]   Downloaded gloo-worker v0.5.0
[INFO] [stderr]   Downloaded dioxus-interpreter-js v0.5.1
[INFO] [stderr]   Downloaded generational-box v0.5.1
[INFO] [stderr]   Downloaded dioxus-logger v0.5.1
[INFO] [stderr]   Downloaded dioxus-web v0.5.1
[INFO] [stderr]   Downloaded gloo-net v0.5.0
[INFO] [stderr]   Downloaded dioxus v0.5.1
[INFO] [stderr]   Downloaded dioxus-config-macro v0.5.0
[INFO] [stderr]   Downloaded dioxus-lib v0.5.1
[INFO] [stderr]   Downloaded dioxus-html-internal-macro v0.5.0
[INFO] [stderr]   Downloaded dioxus-hot-reload v0.5.0
[INFO] [stderr]   Downloaded dioxus-router-macro v0.5.1
[INFO] [stderr]   Downloaded sledgehammer_utils v0.2.1
[INFO] [stderr]   Downloaded dioxus-cli-config v0.5.0
[INFO] [stderr]   Downloaded server_fn_macro v0.6.12
[INFO] [stderr]   Downloaded dioxus-core-macro v0.5.1
[INFO] [stderr]   Downloaded server_fn v0.6.12
[INFO] [stderr]   Downloaded dioxus-core v0.5.1
[INFO] [stderr]   Downloaded krates v0.16.10
[INFO] [stderr]   Downloaded interprocess-docfix v1.2.2
[INFO] [stderr]   Downloaded dioxus-router v0.5.0
[INFO] [stderr]   Downloaded dioxus-html v0.5.1
[INFO] [stderr]   Downloaded enumset v1.1.3
[INFO] [stderr]   Downloaded sledgehammer_bindgen_macro v0.5.0
[INFO] [stderr]   Downloaded sledgehammer_bindgen v0.5.0
[INFO] [stderr]   Downloaded xxhash-rust v0.8.11
[INFO] [stderr]   Downloaded dioxus-fullstack v0.5.2
[INFO] [stderr]   Downloaded gloo v0.11.0
[INFO] [stderr]   Downloaded dioxus-debug-cell v0.1.1
[INFO] [stderr]   Downloaded internment v0.7.5
[INFO] [stderr]   Downloaded dioxus-rsx v0.5.1
[INFO] [stderr]   Downloaded dioxus-hooks v0.5.1
[INFO] [stderr]   Downloaded dioxus-signals v0.5.1
[INFO] [stderr]   Downloaded dioxus_server_macro v0.5.1
[INFO] [stderr]   Downloaded server_fn_macro_default v0.6.12
[INFO] running `Command { std: "docker" "create" "-v" "/var/lib/crater-agent-workspace/builds/worker-0-tc1/target:/opt/rustwide/target:rw,Z" "-v" "/var/lib/crater-agent-workspace/builds/worker-0-tc1/source:/opt/rustwide/workdir:ro,Z" "-v" "/var/lib/crater-agent-workspace/cargo-home:/opt/rustwide/cargo-home:ro,Z" "-v" "/var/lib/crater-agent-workspace/rustup-home:/opt/rustwide/rustup-home:ro,Z" "-e" "SOURCE_DIR=/opt/rustwide/workdir" "-e" "CARGO_TARGET_DIR=/opt/rustwide/target" "-e" "CARGO_HOME=/opt/rustwide/cargo-home" "-e" "RUSTUP_HOME=/opt/rustwide/rustup-home" "-w" "/opt/rustwide/workdir" "-m" "1610612736" "--user" "0:0" "--network" "none" "ghcr.io/rust-lang/crates-build-env/linux@sha256:f3a9d4ad9d972b27faf3965f35b62e55ba32bbce8f20bc8fe909558a86702fde" "/opt/rustwide/cargo-home/bin/cargo" "+1.83.0" "metadata" "--no-deps" "--format-version=1", kill_on_drop: false }`
[INFO] [stdout] e25c82ce72f122ed4be8ff4df5224862c80ed60089c1e1d748f7f05d4a6ab39d
[INFO] running `Command { std: "docker" "start" "-a" "e25c82ce72f122ed4be8ff4df5224862c80ed60089c1e1d748f7f05d4a6ab39d", kill_on_drop: false }`
[INFO] running `Command { std: "docker" "inspect" "e25c82ce72f122ed4be8ff4df5224862c80ed60089c1e1d748f7f05d4a6ab39d", kill_on_drop: false }`
[INFO] running `Command { std: "docker" "rm" "-f" "e25c82ce72f122ed4be8ff4df5224862c80ed60089c1e1d748f7f05d4a6ab39d", kill_on_drop: false }`
[INFO] [stdout] e25c82ce72f122ed4be8ff4df5224862c80ed60089c1e1d748f7f05d4a6ab39d
[INFO] running `Command { std: "docker" "create" "-v" "/var/lib/crater-agent-workspace/builds/worker-0-tc1/target:/opt/rustwide/target:rw,Z" "-v" "/var/lib/crater-agent-workspace/builds/worker-0-tc1/source:/opt/rustwide/workdir:ro,Z" "-v" "/var/lib/crater-agent-workspace/cargo-home:/opt/rustwide/cargo-home:ro,Z" "-v" "/var/lib/crater-agent-workspace/rustup-home:/opt/rustwide/rustup-home:ro,Z" "-e" "SOURCE_DIR=/opt/rustwide/workdir" "-e" "CARGO_TARGET_DIR=/opt/rustwide/target" "-e" "CARGO_INCREMENTAL=0" "-e" "RUST_BACKTRACE=full" "-e" "RUSTFLAGS=--cap-lints=warn" "-e" "RUSTDOCFLAGS=--cap-lints=warn" "-e" "CARGO_HOME=/opt/rustwide/cargo-home" "-e" "RUSTUP_HOME=/opt/rustwide/rustup-home" "-w" "/opt/rustwide/workdir" "-m" "1610612736" "--user" "0:0" "--network" "none" "ghcr.io/rust-lang/crates-build-env/linux@sha256:f3a9d4ad9d972b27faf3965f35b62e55ba32bbce8f20bc8fe909558a86702fde" "/opt/rustwide/cargo-home/bin/cargo" "+1.83.0" "build" "--frozen" "--message-format=json", kill_on_drop: false }`
[INFO] [stdout] d80903fb59e4369aa81cb4b42cbb71316a8e1af4b46ef7b05cc4d64a2300b360
[INFO] running `Command { std: "docker" "start" "-a" "d80903fb59e4369aa81cb4b42cbb71316a8e1af4b46ef7b05cc4d64a2300b360", kill_on_drop: false }`
[INFO] [stderr]    Compiling proc-macro2 v1.0.86
[INFO] [stderr]    Compiling unicode-ident v1.0.12
[INFO] [stderr]    Compiling cfg-if v1.0.0
[INFO] [stderr]    Compiling once_cell v1.19.0
[INFO] [stderr]    Compiling serde v1.0.203
[INFO] [stderr]    Compiling log v0.4.22
[INFO] [stderr]    Compiling itoa v1.0.11
[INFO] [stderr]    Compiling serde_json v1.0.120
[INFO] [stderr]    Compiling ryu v1.0.18
[INFO] [stderr]    Compiling wasm-bindgen-shared v0.2.92
[INFO] [stderr]    Compiling bumpalo v3.16.0
[INFO] [stderr]    Compiling autocfg v1.3.0
[INFO] [stderr]    Compiling wasm-bindgen v0.2.92
[INFO] [stderr]    Compiling pin-project-lite v0.2.14
[INFO] [stderr]    Compiling futures-core v0.3.30
[INFO] [stderr]    Compiling version_check v0.9.4
[INFO] [stderr]    Compiling smallvec v1.13.2
[INFO] [stderr]    Compiling thiserror v1.0.61
[INFO] [stderr]    Compiling zerocopy v0.7.35
[INFO] [stderr]    Compiling allocator-api2 v0.2.18
[INFO] [stderr]    Compiling scopeguard v1.2.0
[INFO] [stderr]    Compiling futures-sink v0.3.30
[INFO] [stderr]    Compiling parking_lot_core v0.9.10
[INFO] [stderr]    Compiling futures-channel v0.3.30
[INFO] [stderr]    Compiling slab v0.4.9
[INFO] [stderr]    Compiling ahash v0.8.11
[INFO] [stderr]    Compiling lock_api v0.4.12
[INFO] [stderr]    Compiling futures-task v0.3.30
[INFO] [stderr]    Compiling pin-utils v0.1.0
[INFO] [stderr]    Compiling quote v1.0.36
[INFO] [stderr]    Compiling libc v0.2.155
[INFO] [stderr]    Compiling futures-io v0.3.30
[INFO] [stderr]    Compiling syn v2.0.68
[INFO] [stderr]    Compiling tracing-core v0.1.32
[INFO] [stderr]    Compiling memchr v2.7.4
[INFO] [stderr]    Compiling fnv v1.0.7
[INFO] [stderr]    Compiling hashbrown v0.14.5
[INFO] [stderr]    Compiling overload v0.1.1
[INFO] [stderr]    Compiling lazy_static v1.5.0
[INFO] [stderr]    Compiling nu-ansi-term v0.46.0
[INFO] [stderr]    Compiling sharded-slab v0.1.7
[INFO] [stderr]    Compiling tracing-log v0.2.0
[INFO] [stderr]    Compiling thread_local v1.1.8
[INFO] [stderr]    Compiling semver v1.0.23
[INFO] [stderr]    Compiling rustc-hash v1.1.0
[INFO] [stderr]    Compiling equivalent v1.0.1
[INFO] [stderr]    Compiling longest-increasing-subsequence v0.1.0
[INFO] [stderr]    Compiling indexmap v2.2.6
[INFO] [stderr]    Compiling tracing-subscriber v0.3.18
[INFO] [stderr]    Compiling num-traits v0.2.19
[INFO] [stderr]    Compiling camino v1.1.7
[INFO] [stderr]    Compiling ident_case v1.0.1
[INFO] [stderr]    Compiling unicode-segmentation v1.11.0
[INFO] [stderr]    Compiling crossbeam-utils v0.8.20
[INFO] [stderr]    Compiling percent-encoding v2.3.1
[INFO] [stderr]    Compiling fixedbitset v0.4.2
[INFO] [stderr]    Compiling form_urlencoded v1.2.1
[INFO] [stderr]    Compiling petgraph v0.6.5
[INFO] [stderr]    Compiling convert_case v0.6.0
[INFO] [stderr]    Compiling cfg-expr v0.15.8
[INFO] [stderr]    Compiling parking_lot v0.12.3
[INFO] [stderr]    Compiling generational-box v0.5.1
[INFO] [stderr]    Compiling ordered-float v2.10.1
[INFO] [stderr]    Compiling concurrent-queue v2.5.0
[INFO] [stderr]    Compiling bytes v1.6.0
[INFO] [stderr]    Compiling parking v2.2.0
[INFO] [stderr]    Compiling event-listener v5.3.1
[INFO] [stderr]    Compiling futures-util v0.3.30
[INFO] [stderr]    Compiling tinyvec_macros v0.1.1
[INFO] [stderr]    Compiling http v0.2.12
[INFO] [stderr]    Compiling prettyplease v0.2.20
[INFO] [stderr]    Compiling tinyvec v1.7.0
[INFO] [stderr]    Compiling event-listener-strategy v0.5.2
[INFO] [stderr]    Compiling internment v0.7.5
[INFO] [stderr]    Compiling toml_datetime v0.6.6
[INFO] [stderr]    Compiling winnow v0.5.40
[INFO] [stderr]    Compiling md5 v0.7.0
[INFO] [stderr]    Compiling atomic-waker v1.1.2
[INFO] [stderr]    Compiling rustversion v1.0.17
[INFO] [stderr]    Compiling fastrand v2.1.0
[INFO] [stderr]    Compiling piper v0.2.3
[INFO] [stderr]    Compiling dioxus-interpreter-js v0.5.1
[INFO] [stderr]    Compiling unicode-normalization v0.1.23
[INFO] [stderr]    Compiling async-channel v2.3.1
[INFO] [stderr]    Compiling wasm-bindgen-backend v0.2.92
[INFO] [stderr]    Compiling darling_core v0.20.9
[INFO] [stderr]    Compiling lru v0.12.3
[INFO] [stderr]    Compiling futures-lite v2.3.0
[INFO] [stderr]    Compiling async-task v4.7.1
[INFO] [stderr]    Compiling anymap2 v0.13.0
[INFO] [stderr]    Compiling unicode-bidi v0.3.15
[INFO] [stderr]    Compiling wasm-bindgen-macro-support v0.2.92
[INFO] [stderr]    Compiling constcat v0.3.1
[INFO] [stderr]    Compiling dioxus-debug-cell v0.1.1
[INFO] [stderr]    Compiling dioxus-cli-config v0.5.0
[INFO] [stderr]    Compiling toml_edit v0.19.15
[INFO] [stderr]    Compiling idna v0.5.0
[INFO] [stderr]    Compiling blocking v1.6.1
[INFO] [stderr]    Compiling sledgehammer_utils v0.2.1
[INFO] [stderr]    Compiling serde_derive v1.0.203
[INFO] [stderr]    Compiling thiserror-impl v1.0.61
[INFO] [stderr]    Compiling wasm-bindgen-macro v0.2.92
[INFO] [stderr]    Compiling futures-macro v0.3.30
[INFO] [stderr]    Compiling tracing-attributes v0.1.27
[INFO] [stderr]    Compiling darling_macro v0.20.9
[INFO] [stderr]    Compiling pin-project-internal v1.1.5
[INFO] [stderr]    Compiling darling v0.20.9
[INFO] [stderr]    Compiling enumset_derive v0.8.1
[INFO] [stderr]    Compiling serde_repr v0.1.19
[INFO] [stderr]    Compiling pin-project v1.1.5
[INFO] [stderr]    Compiling dioxus-html-internal-macro v0.5.0
[INFO] [stderr]    Compiling tracing v0.1.40
[INFO] [stderr]    Compiling async-trait v0.1.80
[INFO] [stderr]    Compiling dioxus-core v0.5.1
[INFO] [stderr]    Compiling enumset v1.1.3
[INFO] [stderr]    Compiling sledgehammer_bindgen_macro v0.5.0
[INFO] [stderr]    Compiling proc-macro-crate v1.3.1
[INFO] [stderr]    Compiling spinning v0.1.0
[INFO] [stderr]    Compiling intmap v0.7.1
[INFO] [stderr]    Compiling to_method v1.1.0
[INFO] [stderr]    Compiling gloo-worker-macros v0.1.0
[INFO] [stderr]    Compiling dioxus-router-macro v0.5.1
[INFO] [stderr]    Compiling url v2.5.2
[INFO] [stderr]    Compiling futures-executor v0.3.30
[INFO] [stderr]    Compiling dioxus v0.5.1
[INFO] [stderr]    Compiling urlencoding v2.1.3
[INFO] [stderr]    Compiling futures v0.3.30
[INFO] [stderr]    Compiling pinned v0.1.0
[INFO] [stderr]    Compiling getrandom v0.2.15
[INFO] [stderr]    Compiling dioxus-config-macro v0.5.0
[INFO] [stderr]    Compiling dioxus-logger v0.5.1
[INFO] [stderr]    Compiling cargo-platform v0.1.8
[INFO] [stderr]    Compiling bitflags v2.6.0
[INFO] [stderr]    Compiling serde_urlencoded v0.7.1
[INFO] [stderr]    Compiling keyboard-types v0.7.0
[INFO] [stderr]    Compiling euclid v0.22.10
[INFO] [stderr]    Compiling bincode v1.3.3
[INFO] [stderr]    Compiling serde-value v0.7.0
[INFO] [stderr]    Compiling rustc_version v0.4.0
[INFO] [stderr]    Compiling uuid v1.9.1
[INFO] [stderr]    Compiling interprocess-docfix v1.2.2
[INFO] [stderr]    Compiling cargo_metadata v0.18.1
[INFO] [stderr]    Compiling dioxus-signals v0.5.1
[INFO] [stderr]    Compiling js-sys v0.3.69
[INFO] [stderr]    Compiling sledgehammer_bindgen v0.5.0
[INFO] [stderr]    Compiling dioxus-hooks v0.5.1
[INFO] [stderr]    Compiling console_error_panic_hook v0.1.7
[INFO] [stderr]    Compiling krates v0.16.10
[INFO] [stderr]    Compiling dioxus-rsx v0.5.1
[INFO] [stderr]    Compiling dioxus-core-macro v0.5.1
[INFO] [stderr]    Compiling web-sys v0.3.69
[INFO] [stderr]    Compiling wasm-bindgen-futures v0.4.42
[INFO] [stderr]    Compiling serde-wasm-bindgen v0.5.0
[INFO] [stderr]    Compiling gloo-timers v0.2.6
[INFO] [stderr]    Compiling serde-wasm-bindgen v0.6.5
[INFO] [stderr]    Compiling gloo-timers v0.3.0
[INFO] [stderr]    Compiling gloo-utils v0.1.7
[INFO] [stderr]    Compiling gloo-utils v0.2.0
[INFO] [stderr]    Compiling gloo-events v0.1.2
[INFO] [stderr]    Compiling dioxus-html v0.5.1
[INFO] [stderr]    Compiling gloo-dialogs v0.1.1
[INFO] [stderr]    Compiling gloo-render v0.1.1
[INFO] [stderr]    Compiling gloo-events v0.2.0
[INFO] [stderr]    Compiling gloo-console v0.2.3
[INFO] [stderr]    Compiling gloo-net v0.3.1
[INFO] [stderr]    Compiling gloo-history v0.1.5
[INFO] [stderr]    Compiling gloo-file v0.2.3
[INFO] [stderr]    Compiling gloo-worker v0.2.1
[INFO] [stderr]    Compiling gloo-storage v0.2.2
[INFO] [stderr]    Compiling gloo-file v0.3.0
[INFO] [stderr]    Compiling gloo-history v0.2.2
[INFO] [stderr]    Compiling gloo-net v0.5.0
[INFO] [stderr]    Compiling gloo-console v0.3.0
[INFO] [stderr]    Compiling gloo v0.8.1
[INFO] [stderr]    Compiling gloo-storage v0.3.0
[INFO] [stderr]    Compiling gloo-worker v0.5.0
[INFO] [stderr]    Compiling gloo-render v0.2.0
[INFO] [stderr]    Compiling gloo-dialogs v0.2.0
[INFO] [stderr]    Compiling gloo v0.11.0
[INFO] [stderr]    Compiling dioxus-lib v0.5.1
[INFO] [stderr]    Compiling dioxus-hot-reload v0.5.0
[INFO] [stderr]    Compiling dioxus-web v0.5.1
[INFO] [stderr]    Compiling dioxus-router v0.5.0
[INFO] [stderr]    Compiling firelog v0.1.0 (/opt/rustwide/workdir)
[INFO] [stderr]     Finished `dev` profile [unoptimized + debuginfo] target(s) in 2m 41s
[INFO] running `Command { std: "docker" "inspect" "d80903fb59e4369aa81cb4b42cbb71316a8e1af4b46ef7b05cc4d64a2300b360", kill_on_drop: false }`
[INFO] running `Command { std: "docker" "rm" "-f" "d80903fb59e4369aa81cb4b42cbb71316a8e1af4b46ef7b05cc4d64a2300b360", kill_on_drop: false }`
[INFO] [stdout] d80903fb59e4369aa81cb4b42cbb71316a8e1af4b46ef7b05cc4d64a2300b360
[INFO] running `Command { std: "docker" "create" "-v" "/var/lib/crater-agent-workspace/builds/worker-0-tc1/target:/opt/rustwide/target:rw,Z" "-v" "/var/lib/crater-agent-workspace/builds/worker-0-tc1/source:/opt/rustwide/workdir:ro,Z" "-v" "/var/lib/crater-agent-workspace/cargo-home:/opt/rustwide/cargo-home:ro,Z" "-v" "/var/lib/crater-agent-workspace/rustup-home:/opt/rustwide/rustup-home:ro,Z" "-e" "SOURCE_DIR=/opt/rustwide/workdir" "-e" "CARGO_TARGET_DIR=/opt/rustwide/target" "-e" "CARGO_INCREMENTAL=0" "-e" "RUST_BACKTRACE=full" "-e" "RUSTFLAGS=--cap-lints=warn" "-e" "RUSTDOCFLAGS=--cap-lints=warn" "-e" "CARGO_HOME=/opt/rustwide/cargo-home" "-e" "RUSTUP_HOME=/opt/rustwide/rustup-home" "-w" "/opt/rustwide/workdir" "-m" "1610612736" "--user" "0:0" "--network" "none" "ghcr.io/rust-lang/crates-build-env/linux@sha256:f3a9d4ad9d972b27faf3965f35b62e55ba32bbce8f20bc8fe909558a86702fde" "/opt/rustwide/cargo-home/bin/cargo" "+1.83.0" "test" "--frozen" "--no-run" "--message-format=json", kill_on_drop: false }`
[INFO] [stdout] 2ed6942e735e6c950b70bb209a75060061ad011498833fe5f6f05c814fb2424f
[INFO] running `Command { std: "docker" "start" "-a" "2ed6942e735e6c950b70bb209a75060061ad011498833fe5f6f05c814fb2424f", kill_on_drop: false }`
[INFO] [stderr]    Compiling firelog v0.1.0 (/opt/rustwide/workdir)
[INFO] [stdout] warning: variable `prev` is assigned to, but never used
[INFO] [stdout]    --> src/task.rs:669:17
[INFO] [stdout]     |
[INFO] [stdout] 669 |         let mut prev = 3.5073876 / decay;
[INFO] [stdout]     |                 ^^^^
[INFO] [stdout]     |
[INFO] [stdout]     = note: consider using `_prev` instead
[INFO] [stdout]     = note: `#[warn(unused_variables)]` on by default
[INFO] [stdout] 
[INFO] [stdout] 
[INFO] [stdout] warning: value assigned to `prev` is never read
[INFO] [stdout]    --> src/task.rs:677:13
[INFO] [stdout]     |
[INFO] [stdout] 677 |             prev = avg;
[INFO] [stdout]     |             ^^^^
[INFO] [stdout]     |
[INFO] [stdout]     = help: maybe it is overwritten before being read?
[INFO] [stdout]     = note: `#[warn(unused_assignments)]` on by default
[INFO] [stdout] 
[INFO] [stdout] 
[INFO] [stdout] warning: variable `prev` is assigned to, but never used
[INFO] [stdout]    --> src/task.rs:690:17
[INFO] [stdout]     |
[INFO] [stdout] 690 |         let mut prev = 3.5073876 / decay;
[INFO] [stdout]     |                 ^^^^
[INFO] [stdout]     |
[INFO] [stdout]     = note: consider using `_prev` instead
[INFO] [stdout] 
[INFO] [stdout] 
[INFO] [stdout] warning: value assigned to `prev` is never read
[INFO] [stdout]    --> src/task.rs:699:13
[INFO] [stdout]     |
[INFO] [stdout] 699 |             prev = avg;
[INFO] [stdout]     |             ^^^^
[INFO] [stdout]     |
[INFO] [stdout]     = help: maybe it is overwritten before being read?
[INFO] [stdout] 
[INFO] [stdout] 
[INFO] [stdout] warning: function `test_avg_stuff` is never used
[INFO] [stdout]    --> src/task.rs:687:8
[INFO] [stdout]     |
[INFO] [stdout] 687 |     fn test_avg_stuff() {
[INFO] [stdout]     |        ^^^^^^^^^^^^^^
[INFO] [stdout]     |
[INFO] [stdout]     = note: `#[warn(dead_code)]` on by default
[INFO] [stdout] 
[INFO] [stdout] 
[INFO] [stderr]     Finished `test` profile [unoptimized + debuginfo] target(s) in 2.11s
[INFO] running `Command { std: "docker" "inspect" "2ed6942e735e6c950b70bb209a75060061ad011498833fe5f6f05c814fb2424f", kill_on_drop: false }`
[INFO] running `Command { std: "docker" "rm" "-f" "2ed6942e735e6c950b70bb209a75060061ad011498833fe5f6f05c814fb2424f", kill_on_drop: false }`
[INFO] [stdout] 2ed6942e735e6c950b70bb209a75060061ad011498833fe5f6f05c814fb2424f
[INFO] running `Command { std: "docker" "create" "-v" "/var/lib/crater-agent-workspace/builds/worker-0-tc1/target:/opt/rustwide/target:rw,Z" "-v" "/var/lib/crater-agent-workspace/builds/worker-0-tc1/source:/opt/rustwide/workdir:ro,Z" "-v" "/var/lib/crater-agent-workspace/cargo-home:/opt/rustwide/cargo-home:ro,Z" "-v" "/var/lib/crater-agent-workspace/rustup-home:/opt/rustwide/rustup-home:ro,Z" "-e" "SOURCE_DIR=/opt/rustwide/workdir" "-e" "CARGO_TARGET_DIR=/opt/rustwide/target" "-e" "CARGO_INCREMENTAL=0" "-e" "RUST_BACKTRACE=full" "-e" "RUSTFLAGS=--cap-lints=warn" "-e" "RUSTDOCFLAGS=--cap-lints=warn" "-e" "CARGO_HOME=/opt/rustwide/cargo-home" "-e" "RUSTUP_HOME=/opt/rustwide/rustup-home" "-w" "/opt/rustwide/workdir" "-m" "1610612736" "--user" "0:0" "--network" "none" "ghcr.io/rust-lang/crates-build-env/linux@sha256:f3a9d4ad9d972b27faf3965f35b62e55ba32bbce8f20bc8fe909558a86702fde" "/opt/rustwide/cargo-home/bin/cargo" "+1.83.0" "test" "--frozen", kill_on_drop: false }`
[INFO] [stdout] 07d469a90ec1dd208b21dd4f28ca60315271e7c5c3bbd7fc7f4c068b062b21af
[INFO] running `Command { std: "docker" "start" "-a" "07d469a90ec1dd208b21dd4f28ca60315271e7c5c3bbd7fc7f4c068b062b21af", kill_on_drop: false }`
[INFO] [stderr] warning: variable `prev` is assigned to, but never used
[INFO] [stderr]    --> src/task.rs:669:17
[INFO] [stderr]     |
[INFO] [stderr] 669 |         let mut prev = 3.5073876 / decay;
[INFO] [stderr]     |                 ^^^^
[INFO] [stderr]     |
[INFO] [stderr]     = note: consider using `_prev` instead
[INFO] [stderr]     = note: `#[warn(unused_variables)]` on by default
[INFO] [stderr] 
[INFO] [stderr] warning: value assigned to `prev` is never read
[INFO] [stderr]    --> src/task.rs:677:13
[INFO] [stderr]     |
[INFO] [stderr] 677 |             prev = avg;
[INFO] [stderr]     |             ^^^^
[INFO] [stderr]     |
[INFO] [stderr]     = help: maybe it is overwritten before being read?
[INFO] [stderr]     = note: `#[warn(unused_assignments)]` on by default
[INFO] [stderr] 
[INFO] [stderr] warning: variable `prev` is assigned to, but never used
[INFO] [stderr]    --> src/task.rs:690:17
[INFO] [stderr]     |
[INFO] [stderr] 690 |         let mut prev = 3.5073876 / decay;
[INFO] [stderr]     |                 ^^^^
[INFO] [stderr]     |
[INFO] [stderr]     = note: consider using `_prev` instead
[INFO] [stderr] 
[INFO] [stderr] warning: value assigned to `prev` is never read
[INFO] [stderr]    --> src/task.rs:699:13
[INFO] [stderr]     |
[INFO] [stderr] 699 |             prev = avg;
[INFO] [stderr]     |             ^^^^
[INFO] [stderr]     |
[INFO] [stderr]     = help: maybe it is overwritten before being read?
[INFO] [stderr] 
[INFO] [stderr] warning: function `test_avg_stuff` is never used
[INFO] [stderr]    --> src/task.rs:687:8
[INFO] [stderr]     |
[INFO] [stderr] 687 |     fn test_avg_stuff() {
[INFO] [stderr]     |        ^^^^^^^^^^^^^^
[INFO] [stderr]     |
[INFO] [stderr]     = note: `#[warn(dead_code)]` on by default
[INFO] [stderr] 
[INFO] [stderr] warning: `firelog` (bin "firelog" test) generated 5 warnings
[INFO] [stderr]     Finished `test` profile [unoptimized + debuginfo] target(s) in 0.23s
[INFO] [stderr]      Running unittests src/main.rs (/opt/rustwide/target/debug/deps/firelog-ec173f561bf30879)
[INFO] [stdout] 
[INFO] [stdout] running 2 tests
[INFO] [stdout] test task::tests::test_day_stuff ... ok
[INFO] [stdout] test task::tests::loltest_avg_stuff ... FAILED
[INFO] [stdout] 
[INFO] [stdout] failures:
[INFO] [stdout] 
[INFO] [stdout] ---- task::tests::loltest_avg_stuff stdout ----
[INFO] [stdout] [src/task.rs:680:13] s = "decay: 0.8, day: 0, avg: 10"
[INFO] [stdout] [src/task.rs:680:13] s = "decay: 0.8, day: 1, avg: 3.1002555"
[INFO] [stdout] [src/task.rs:680:13] s = "decay: 0.8, day: 2, avg: 1.222707"
[INFO] [stdout] [src/task.rs:680:13] s = "decay: 0.8, day: 3, avg: 0.52078587"
[INFO] [stdout] [src/task.rs:680:13] s = "decay: 0.8, day: 4, avg: 0.22865361"
[INFO] [stdout] [src/task.rs:680:13] s = "decay: 0.8, day: 5, avg: 0.101695836"
[INFO] [stdout] [src/task.rs:680:13] s = "decay: 0.8, day: 6, avg: 0.045487043"
[INFO] [stdout] [src/task.rs:680:13] s = "decay: 0.8, day: 7, avg: 0.020396953"
[INFO] [stdout] [src/task.rs:680:13] s = "decay: 0.8, day: 8, avg: 0.009156548"
[INFO] [stdout] [src/task.rs:680:13] s = "decay: 0.8, day: 9, avg: 0.0041126115"
[INFO] [stdout] thread 'task::tests::loltest_avg_stuff' panicked at src/task.rs:683:9:
[INFO] [stdout] explicit panic
[INFO] [stdout] stack backtrace:
[INFO] [stdout]    0:     0x5a3e69fdf42a - std::backtrace_rs::backtrace::libunwind::trace::h5a5b8284f2d0c266
[INFO] [stdout]                                at /rustc/90b35a6239c3d8bdabc530a6a0816f7ff89a0aaf/library/std/src/../../backtrace/src/backtrace/libunwind.rs:116:5
[INFO] [stdout]    1:     0x5a3e69fdf42a - std::backtrace_rs::backtrace::trace_unsynchronized::h76d4f1c9b0b875e3
[INFO] [stdout]                                at /rustc/90b35a6239c3d8bdabc530a6a0816f7ff89a0aaf/library/std/src/../../backtrace/src/backtrace/mod.rs:66:5
[INFO] [stdout]    2:     0x5a3e69fdf42a - std::sys::backtrace::_print_fmt::hc4546b8364a537c6
[INFO] [stdout]                                at /rustc/90b35a6239c3d8bdabc530a6a0816f7ff89a0aaf/library/std/src/sys/backtrace.rs:66:9
[INFO] [stdout]    3:     0x5a3e69fdf42a - <std::sys::backtrace::BacktraceLock::print::DisplayBacktrace as core::fmt::Display>::fmt::h5b6bd5631a6d1f6b
[INFO] [stdout]                                at /rustc/90b35a6239c3d8bdabc530a6a0816f7ff89a0aaf/library/std/src/sys/backtrace.rs:39:26
[INFO] [stdout]    4:     0x5a3e6a0051c3 - core::fmt::rt::Argument::fmt::h270f6602a2b96f62
[INFO] [stdout]                                at /rustc/90b35a6239c3d8bdabc530a6a0816f7ff89a0aaf/library/core/src/fmt/rt.rs:177:76
[INFO] [stdout]    5:     0x5a3e6a0051c3 - core::fmt::write::h7550c97b06c86515
[INFO] [stdout]                                at /rustc/90b35a6239c3d8bdabc530a6a0816f7ff89a0aaf/library/core/src/fmt/mod.rs:1186:21
[INFO] [stdout]    6:     0x5a3e69fdc5f3 - std::io::Write::write_fmt::h509ff860e5956e5e
[INFO] [stdout]                                at /rustc/90b35a6239c3d8bdabc530a6a0816f7ff89a0aaf/library/std/src/io/mod.rs:1839:15
[INFO] [stdout]    7:     0x5a3e69fdf272 - std::sys::backtrace::BacktraceLock::print::h2395ccd2c84ba3aa
[INFO] [stdout]                                at /rustc/90b35a6239c3d8bdabc530a6a0816f7ff89a0aaf/library/std/src/sys/backtrace.rs:42:9
[INFO] [stdout]    8:     0x5a3e69fe088a - std::panicking::default_hook::{{closure}}::he19d4c7230e07961
[INFO] [stdout]                                at /rustc/90b35a6239c3d8bdabc530a6a0816f7ff89a0aaf/library/std/src/panicking.rs:268:22
[INFO] [stdout]    9:     0x5a3e69fe0694 - std::panicking::default_hook::hf614597d3c67bbdb
[INFO] [stdout]                                at /rustc/90b35a6239c3d8bdabc530a6a0816f7ff89a0aaf/library/std/src/panicking.rs:292:9
[INFO] [stdout]   10:     0x5a3e69fa8829 - <alloc::boxed::Box<F,A> as core::ops::function::Fn<Args>>::call::h39b51ce4599c23d1
[INFO] [stdout]                                at /rustc/90b35a6239c3d8bdabc530a6a0816f7ff89a0aaf/library/alloc/src/boxed.rs:2468:9
[INFO] [stdout]   11:     0x5a3e69fa8829 - test::test_main::{{closure}}::he977ae839a582784
[INFO] [stdout]                                at /rustc/90b35a6239c3d8bdabc530a6a0816f7ff89a0aaf/library/test/src/lib.rs:133:21
[INFO] [stdout]   12:     0x5a3e69fe0f28 - <alloc::boxed::Box<F,A> as core::ops::function::Fn<Args>>::call::h9455091b6b06f9fb
[INFO] [stdout]                                at /rustc/90b35a6239c3d8bdabc530a6a0816f7ff89a0aaf/library/alloc/src/boxed.rs:2468:9
[INFO] [stdout]   13:     0x5a3e69fe0f28 - std::panicking::rust_panic_with_hook::h8942133a8b252070
[INFO] [stdout]                                at /rustc/90b35a6239c3d8bdabc530a6a0816f7ff89a0aaf/library/std/src/panicking.rs:809:13
[INFO] [stdout]   14:     0x5a3e69fe0cea - std::panicking::begin_panic_handler::{{closure}}::hb5f5963570096b29
[INFO] [stdout]                                at /rustc/90b35a6239c3d8bdabc530a6a0816f7ff89a0aaf/library/std/src/panicking.rs:674:13
[INFO] [stdout]   15:     0x5a3e69fdf909 - std::sys::backtrace::__rust_end_short_backtrace::h6208cedc1922feda
[INFO] [stdout]                                at /rustc/90b35a6239c3d8bdabc530a6a0816f7ff89a0aaf/library/std/src/sys/backtrace.rs:170:18
[INFO] [stdout]   16:     0x5a3e69fe097c - rust_begin_unwind
[INFO] [stdout]                                at /rustc/90b35a6239c3d8bdabc530a6a0816f7ff89a0aaf/library/std/src/panicking.rs:665:5
[INFO] [stdout]   17:     0x5a3e69f6ba60 - core::panicking::panic_fmt::h0c3082644d1bf418
[INFO] [stdout]                                at /rustc/90b35a6239c3d8bdabc530a6a0816f7ff89a0aaf/library/core/src/panicking.rs:74:14
[INFO] [stdout]   18:     0x5a3e69f6bbe6 - core::panicking::panic_display::h735d9af8bded520c
[INFO] [stdout]                                at /rustc/90b35a6239c3d8bdabc530a6a0816f7ff89a0aaf/library/core/src/panicking.rs:264:5
[INFO] [stdout]   19:     0x5a3e69f6bbe6 - core::panicking::panic_explicit::h7c6d528b0860fceb
[INFO] [stdout]                                at /rustc/90b35a6239c3d8bdabc530a6a0816f7ff89a0aaf/library/core/src/panicking.rs:237:5
[INFO] [stdout]   20:     0x5a3e69f7051a - firelog::task::tests::loltest_avg_stuff::panic_cold_explicit::h680f02ff13eaec28
[INFO] [stdout]                                at /rustc/90b35a6239c3d8bdabc530a6a0816f7ff89a0aaf/library/core/src/panic.rs:88:13
[INFO] [stdout]   21:     0x5a3e69f6ff83 - firelog::task::tests::loltest_avg_stuff::h0cdd643627a89fa3
[INFO] [stdout]                                at /opt/rustwide/workdir/src/task.rs:683:9
[INFO] [stdout]   22:     0x5a3e69f6fdb7 - firelog::task::tests::loltest_avg_stuff::{{closure}}::hc4d50205b927a58e
[INFO] [stdout]                                at /opt/rustwide/workdir/src/task.rs:662:27
[INFO] [stdout]   23:     0x5a3e69f6cb96 - core::ops::function::FnOnce::call_once::h3cbd94ea1bc9bb67
[INFO] [stdout]                                at /rustc/90b35a6239c3d8bdabc530a6a0816f7ff89a0aaf/library/core/src/ops/function.rs:250:5
[INFO] [stdout]   24:     0x5a3e69fad1eb - core::ops::function::FnOnce::call_once::h109cf8051a59b34e
[INFO] [stdout]                                at /rustc/90b35a6239c3d8bdabc530a6a0816f7ff89a0aaf/library/core/src/ops/function.rs:250:5
[INFO] [stdout]   25:     0x5a3e69fad1eb - test::__rust_begin_short_backtrace::hf4fff89d377446ba
[INFO] [stdout]                                at /rustc/90b35a6239c3d8bdabc530a6a0816f7ff89a0aaf/library/test/src/lib.rs:621:18
[INFO] [stdout]   26:     0x5a3e69faca27 - test::run_test_in_process::{{closure}}::h0e39181dd7ee5a43
[INFO] [stdout]                                at /rustc/90b35a6239c3d8bdabc530a6a0816f7ff89a0aaf/library/test/src/lib.rs:644:60
[INFO] [stdout]   27:     0x5a3e69faca27 - <core::panic::unwind_safe::AssertUnwindSafe<F> as core::ops::function::FnOnce<()>>::call_once::hc5a66a30f0bdfd1f
[INFO] [stdout]                                at /rustc/90b35a6239c3d8bdabc530a6a0816f7ff89a0aaf/library/core/src/panic/unwind_safe.rs:272:9
[INFO] [stdout]   28:     0x5a3e69faca27 - std::panicking::try::do_call::h873b7cf639554a5e
[INFO] [stdout]                                at /rustc/90b35a6239c3d8bdabc530a6a0816f7ff89a0aaf/library/std/src/panicking.rs:557:40
[INFO] [stdout]   29:     0x5a3e69faca27 - std::panicking::try::hdb19862fad9c8bd1
[INFO] [stdout]                                at /rustc/90b35a6239c3d8bdabc530a6a0816f7ff89a0aaf/library/std/src/panicking.rs:520:19
[INFO] [stdout]   30:     0x5a3e69faca27 - std::panic::catch_unwind::h281fe732d236d260
[INFO] [stdout]                                at /rustc/90b35a6239c3d8bdabc530a6a0816f7ff89a0aaf/library/std/src/panic.rs:358:14
[INFO] [stdout]   31:     0x5a3e69faca27 - test::run_test_in_process::h949b6df8457ed338
[INFO] [stdout]                                at /rustc/90b35a6239c3d8bdabc530a6a0816f7ff89a0aaf/library/test/src/lib.rs:644:27
[INFO] [stdout]   32:     0x5a3e69faca27 - test::run_test::{{closure}}::h52c556a6d4740e10
[INFO] [stdout]                                at /rustc/90b35a6239c3d8bdabc530a6a0816f7ff89a0aaf/library/test/src/lib.rs:565:43
[INFO] [stdout]   33:     0x5a3e69f71d04 - test::run_test::{{closure}}::h4237f6381c45ccb9
[INFO] [stdout]                                at /rustc/90b35a6239c3d8bdabc530a6a0816f7ff89a0aaf/library/test/src/lib.rs:595:41
[INFO] [stdout]   34:     0x5a3e69f71d04 - std::sys::backtrace::__rust_begin_short_backtrace::h505c97a579eca628
[INFO] [stdout]                                at /rustc/90b35a6239c3d8bdabc530a6a0816f7ff89a0aaf/library/std/src/sys/backtrace.rs:154:18
[INFO] [stdout]   35:     0x5a3e69f753ce - std::thread::Builder::spawn_unchecked_::{{closure}}::{{closure}}::h9e86b2e2bc107ea3
[INFO] [stdout]                                at /rustc/90b35a6239c3d8bdabc530a6a0816f7ff89a0aaf/library/std/src/thread/mod.rs:538:17
[INFO] [stdout]   36:     0x5a3e69f753ce - <core::panic::unwind_safe::AssertUnwindSafe<F> as core::ops::function::FnOnce<()>>::call_once::h8b06ddb275ff4a25
[INFO] [stdout]                                at /rustc/90b35a6239c3d8bdabc530a6a0816f7ff89a0aaf/library/core/src/panic/unwind_safe.rs:272:9
[INFO] [stdout]   37:     0x5a3e69f753ce - std::panicking::try::do_call::hb26ecd7cd9a9355d
[INFO] [stdout]                                at /rustc/90b35a6239c3d8bdabc530a6a0816f7ff89a0aaf/library/std/src/panicking.rs:557:40
[INFO] [stdout]   38:     0x5a3e69f753ce - std::panicking::try::h8ddeca9d705f9069
[INFO] [stdout]                                at /rustc/90b35a6239c3d8bdabc530a6a0816f7ff89a0aaf/library/std/src/panicking.rs:520:19
[INFO] [stdout]   39:     0x5a3e69f753ce - std::panic::catch_unwind::h49e1c33078844c46
[INFO] [stdout]                                at /rustc/90b35a6239c3d8bdabc530a6a0816f7ff89a0aaf/library/std/src/panic.rs:358:14
[INFO] [stdout]   40:     0x5a3e69f753ce - std::thread::Builder::spawn_unchecked_::{{closure}}::h6073db6ff56ad35d
[INFO] [stdout]                                at /rustc/90b35a6239c3d8bdabc530a6a0816f7ff89a0aaf/library/std/src/thread/mod.rs:537:30
[INFO] [stdout]   41:     0x5a3e69f753ce - core::ops::function::FnOnce::call_once{{vtable.shim}}::h2c5a5f3779c774f1
[INFO] [stdout]                                at /rustc/90b35a6239c3d8bdabc530a6a0816f7ff89a0aaf/library/core/src/ops/function.rs:250:5
[INFO] [stdout]   42:     0x5a3e69fe4c7b - <alloc::boxed::Box<F,A> as core::ops::function::FnOnce<Args>>::call_once::hf75717d9f28faebf
[INFO] [stdout]                                at /rustc/90b35a6239c3d8bdabc530a6a0816f7ff89a0aaf/library/alloc/src/boxed.rs:2454:9
[INFO] [stdout]   43:     0x5a3e69fe4c7b - <alloc::boxed::Box<F,A> as core::ops::function::FnOnce<Args>>::call_once::h7bd883a5f3c5f3c1
[INFO] [stdout]                                at /rustc/90b35a6239c3d8bdabc530a6a0816f7ff89a0aaf/library/alloc/src/boxed.rs:2454:9
[INFO] [stdout]   44:     0x5a3e69fe4c7b - std::sys::pal::unix::thread::Thread::new::thread_start::hcc78f3943333fa94
[INFO] [stdout]                                at /rustc/90b35a6239c3d8bdabc530a6a0816f7ff89a0aaf/library/std/src/sys/pal/unix/thread.rs:105:17
[INFO] [stdout]   45:     0x70ca0be86ac3 - <unknown>
[INFO] [stdout]   46:     0x70ca0bf17a04 - clone
[INFO] [stdout]   47:                0x0 - <unknown>
[INFO] [stdout] 
[INFO] [stdout] 
[INFO] [stdout] failures:
[INFO] [stdout]     task::tests::loltest_avg_stuff
[INFO] [stdout] 
[INFO] [stdout] test result: FAILED. 1 passed; 1 failed; 0 ignored; 0 measured; 0 filtered out; finished in 0.05s
[INFO] [stdout] 
[INFO] [stderr] error: test failed, to rerun pass `--bin firelog`
[INFO] running `Command { std: "docker" "inspect" "07d469a90ec1dd208b21dd4f28ca60315271e7c5c3bbd7fc7f4c068b062b21af", kill_on_drop: false }`
[INFO] running `Command { std: "docker" "rm" "-f" "07d469a90ec1dd208b21dd4f28ca60315271e7c5c3bbd7fc7f4c068b062b21af", kill_on_drop: false }`
[INFO] [stdout] 07d469a90ec1dd208b21dd4f28ca60315271e7c5c3bbd7fc7f4c068b062b21af
