[INFO] cloning repository https://github.com/SwannHERRERA/advent-of-code-2022
[INFO] running `Command { std: "git" "-c" "credential.helper=" "-c" "credential.helper=/workspace/cargo-home/bin/git-credential-null" "clone" "--bare" "https://github.com/SwannHERRERA/advent-of-code-2022" "/workspace/cache/git-repos/https%3A%2F%2Fgithub.com%2FSwannHERRERA%2Fadvent-of-code-2022", kill_on_drop: false }`
[INFO] [stderr] Cloning into bare repository '/workspace/cache/git-repos/https%3A%2F%2Fgithub.com%2FSwannHERRERA%2Fadvent-of-code-2022'...
[INFO] running `Command { std: "git" "rev-parse" "HEAD", kill_on_drop: false }`
[INFO] [stdout] 7cc37319a901f152f4f0ae7b450f03540d551a5c
[INFO] testing SwannHERRERA/advent-of-code-2022 against 1.83.0 for beta-1.84.0-4-retry
[INFO] running `Command { std: "git" "clone" "/workspace/cache/git-repos/https%3A%2F%2Fgithub.com%2FSwannHERRERA%2Fadvent-of-code-2022" "/workspace/builds/worker-2-tc1/source", kill_on_drop: false }`
[INFO] [stderr] Cloning into '/workspace/builds/worker-2-tc1/source'...
[INFO] [stderr] done.
[INFO] validating manifest of git repo https://github.com/SwannHERRERA/advent-of-code-2022 on toolchain 1.83.0
[INFO] running `Command { std: CARGO_HOME="/workspace/cargo-home" RUSTUP_HOME="/workspace/rustup-home" "/workspace/cargo-home/bin/cargo" "+1.83.0" "metadata" "--manifest-path" "Cargo.toml" "--no-deps", kill_on_drop: false }`
[INFO] started tweaking git repo https://github.com/SwannHERRERA/advent-of-code-2022
[INFO] finished tweaking git repo https://github.com/SwannHERRERA/advent-of-code-2022
[INFO] tweaked toml for git repo https://github.com/SwannHERRERA/advent-of-code-2022 written to /workspace/builds/worker-2-tc1/source/Cargo.toml
[INFO] crate git repo https://github.com/SwannHERRERA/advent-of-code-2022 already has a lockfile, it will not be regenerated
[INFO] running `Command { std: CARGO_HOME="/workspace/cargo-home" RUSTUP_HOME="/workspace/rustup-home" "/workspace/cargo-home/bin/cargo" "+1.83.0" "fetch" "--manifest-path" "Cargo.toml", kill_on_drop: false }`
[INFO] [stderr] warning: virtual workspace defaulting to `resolver = "1"` despite one or more workspace members being on edition 2021 which implies `resolver = "2"`
[INFO] [stderr] note: to keep the current resolver, specify `workspace.resolver = "1"` in the workspace root's manifest
[INFO] [stderr] note: to use the edition 2021 resolver, specify `workspace.resolver = "2"` in the workspace root's manifest
[INFO] [stderr] note: for more details see https://doc.rust-lang.org/cargo/reference/resolver.html#resolver-versions
[INFO] [stderr]  Downloading crates ...
[INFO] [stderr]   Downloaded structmeta-derive v0.1.5
[INFO] [stderr]   Downloaded parse-display-derive v0.8.0
[INFO] [stderr]   Downloaded structmeta v0.1.5
[INFO] [stderr]   Downloaded parse-display v0.8.0
[INFO] running `Command { std: "docker" "create" "-v" "/var/lib/crater-agent-workspace/builds/worker-2-tc1/target:/opt/rustwide/target:rw,Z" "-v" "/var/lib/crater-agent-workspace/builds/worker-2-tc1/source:/opt/rustwide/workdir:ro,Z" "-v" "/var/lib/crater-agent-workspace/cargo-home:/opt/rustwide/cargo-home:ro,Z" "-v" "/var/lib/crater-agent-workspace/rustup-home:/opt/rustwide/rustup-home:ro,Z" "-e" "SOURCE_DIR=/opt/rustwide/workdir" "-e" "CARGO_TARGET_DIR=/opt/rustwide/target" "-e" "CARGO_HOME=/opt/rustwide/cargo-home" "-e" "RUSTUP_HOME=/opt/rustwide/rustup-home" "-w" "/opt/rustwide/workdir" "-m" "1610612736" "--user" "0:0" "--network" "none" "ghcr.io/rust-lang/crates-build-env/linux@sha256:f3a9d4ad9d972b27faf3965f35b62e55ba32bbce8f20bc8fe909558a86702fde" "/opt/rustwide/cargo-home/bin/cargo" "+1.83.0" "metadata" "--no-deps" "--format-version=1", kill_on_drop: false }`
[INFO] [stdout] e1c27fa0f1acfed2836a726973ac7febfa3e7bdc32b2981c32ceaaa2657eea20
[INFO] running `Command { std: "docker" "start" "-a" "e1c27fa0f1acfed2836a726973ac7febfa3e7bdc32b2981c32ceaaa2657eea20", kill_on_drop: false }`
[INFO] running `Command { std: "docker" "inspect" "e1c27fa0f1acfed2836a726973ac7febfa3e7bdc32b2981c32ceaaa2657eea20", kill_on_drop: false }`
[INFO] running `Command { std: "docker" "rm" "-f" "e1c27fa0f1acfed2836a726973ac7febfa3e7bdc32b2981c32ceaaa2657eea20", kill_on_drop: false }`
[INFO] [stdout] e1c27fa0f1acfed2836a726973ac7febfa3e7bdc32b2981c32ceaaa2657eea20
[INFO] running `Command { std: "docker" "create" "-v" "/var/lib/crater-agent-workspace/builds/worker-2-tc1/target:/opt/rustwide/target:rw,Z" "-v" "/var/lib/crater-agent-workspace/builds/worker-2-tc1/source:/opt/rustwide/workdir:ro,Z" "-v" "/var/lib/crater-agent-workspace/cargo-home:/opt/rustwide/cargo-home:ro,Z" "-v" "/var/lib/crater-agent-workspace/rustup-home:/opt/rustwide/rustup-home:ro,Z" "-e" "SOURCE_DIR=/opt/rustwide/workdir" "-e" "CARGO_TARGET_DIR=/opt/rustwide/target" "-e" "CARGO_INCREMENTAL=0" "-e" "RUST_BACKTRACE=full" "-e" "RUSTFLAGS=--cap-lints=warn" "-e" "RUSTDOCFLAGS=--cap-lints=warn" "-e" "CARGO_HOME=/opt/rustwide/cargo-home" "-e" "RUSTUP_HOME=/opt/rustwide/rustup-home" "-w" "/opt/rustwide/workdir" "-m" "1610612736" "--user" "0:0" "--network" "none" "ghcr.io/rust-lang/crates-build-env/linux@sha256:f3a9d4ad9d972b27faf3965f35b62e55ba32bbce8f20bc8fe909558a86702fde" "/opt/rustwide/cargo-home/bin/cargo" "+1.83.0" "build" "--frozen" "--message-format=json", kill_on_drop: false }`
[INFO] [stdout] 6fcb11f582350a314c869b84bb7a2c09b28dbacd22977132bb365d6b317b3887
[INFO] running `Command { std: "docker" "start" "-a" "6fcb11f582350a314c869b84bb7a2c09b28dbacd22977132bb365d6b317b3887", kill_on_drop: false }`
[INFO] [stderr] warning: virtual workspace defaulting to `resolver = "1"` despite one or more workspace members being on edition 2021 which implies `resolver = "2"`
[INFO] [stderr] note: to keep the current resolver, specify `workspace.resolver = "1"` in the workspace root's manifest
[INFO] [stderr] note: to use the edition 2021 resolver, specify `workspace.resolver = "2"` in the workspace root's manifest
[INFO] [stderr] note: for more details see https://doc.rust-lang.org/cargo/reference/resolver.html#resolver-versions
[INFO] [stderr]    Compiling autocfg v1.1.0
[INFO] [stderr]    Compiling proc-macro2 v1.0.47
[INFO] [stderr]    Compiling memchr v2.5.0
[INFO] [stderr]    Compiling unicode-ident v1.0.5
[INFO] [stderr]    Compiling quote v1.0.21
[INFO] [stderr]    Compiling syn v1.0.105
[INFO] [stderr]    Compiling crossbeam-utils v0.8.14
[INFO] [stderr]    Compiling cfg-if v1.0.0
[INFO] [stderr]    Compiling regex-syntax v0.6.28
[INFO] [stderr]    Compiling libc v0.2.138
[INFO] [stderr]    Compiling either v1.8.0
[INFO] [stderr]    Compiling scopeguard v1.1.0
[INFO] [stderr]    Compiling thiserror v1.0.37
[INFO] [stderr]    Compiling rayon-core v1.10.1
[INFO] [stderr]    Compiling test_utils v0.0.0 (/opt/rustwide/workdir/test_utils)
[INFO] [stderr]    Compiling minimal-lexical v0.2.1
[INFO] [stderr]    Compiling once_cell v1.16.0
[INFO] [stderr]    Compiling rawpointer v0.2.1
[INFO] [stderr]    Compiling anyhow v1.0.66
[INFO] [stderr]    Compiling two v0.0.0 (/opt/rustwide/workdir/02-two)
[INFO] [stderr]    Compiling matrixmultiply v0.3.2
[INFO] [stderr]    Compiling ten v0.0.0 (/opt/rustwide/workdir/10-ten)
[INFO] [stderr]    Compiling twenty-five v0.0.0 (/opt/rustwide/workdir/25-twenty-five)
[INFO] [stderr]    Compiling itertools v0.10.5
[INFO] [stderr]    Compiling twenty-two v0.0.0 (/opt/rustwide/workdir/22-twenty-two)
[INFO] [stderr]    Compiling num-traits v0.2.15
[INFO] [stdout] warning: unused variable: `input`
[INFO] [stdout]   --> 22-twenty-two/src/main.rs:13:13
[INFO] [stdout]    |
[INFO] [stdout] 13 | fn part_one(input: &str) -> i64 {
[INFO] [stdout]    |             ^^^^^ help: if this is intentional, prefix it with an underscore: `_input`
[INFO] [stdout]    |
[INFO] [stdout]    = note: `#[warn(unused_variables)]` on by default
[INFO] [stdout] 
[INFO] [stdout] 
[INFO] [stdout] warning: value assigned to `num_str` is never read
[INFO] [stdout]   --> 22-twenty-two/src/main.rs:57:17
[INFO] [stdout]    |
[INFO] [stdout] 57 |                 num_str = String::new();
[INFO] [stdout]    |                 ^^^^^^^
[INFO] [stdout]    |
[INFO] [stdout]    = help: maybe it is overwritten before being read?
[INFO] [stdout]    = note: `#[warn(unused_assignments)]` on by default
[INFO] [stdout] 
[INFO] [stdout] 
[INFO] [stdout] warning: function `part_one` is never used
[INFO] [stdout]   --> 22-twenty-two/src/main.rs:13:4
[INFO] [stdout]    |
[INFO] [stdout] 13 | fn part_one(input: &str) -> i64 {
[INFO] [stdout]    |    ^^^^^^^^
[INFO] [stdout]    |
[INFO] [stdout]    = note: `#[warn(dead_code)]` on by default
[INFO] [stdout] 
[INFO] [stdout] 
[INFO] [stdout] warning: function `usage` is never used
[INFO] [stdout]   --> 22-twenty-two/src/types.rs:39:4
[INFO] [stdout]    |
[INFO] [stdout] 39 | fn usage(progname: &String) {
[INFO] [stdout]    |    ^^^^^
[INFO] [stdout] 
[INFO] [stdout] 
[INFO] [stdout] warning: function `parse_args` is never used
[INFO] [stdout]   --> 22-twenty-two/src/types.rs:44:4
[INFO] [stdout]    |
[INFO] [stdout] 44 | fn parse_args() -> String {
[INFO] [stdout]    |    ^^^^^^^^^^
[INFO] [stdout] 
[INFO] [stdout] 
[INFO] [stdout] warning: function `read_input` is never used
[INFO] [stdout]   --> 22-twenty-two/src/types.rs:53:4
[INFO] [stdout]    |
[INFO] [stdout] 53 | fn read_input(filename: &String) -> String {
[INFO] [stdout]    |    ^^^^^^^^^^
[INFO] [stdout] 
[INFO] [stdout] 
[INFO] [stdout] warning: function `parse_input` is never used
[INFO] [stdout]   --> 22-twenty-two/src/types.rs:60:4
[INFO] [stdout]    |
[INFO] [stdout] 60 | fn parse_input(contents: &String) -> Map {
[INFO] [stdout]    |    ^^^^^^^^^^^
[INFO] [stdout] 
[INFO] [stdout] 
[INFO] [stdout] warning: function `wrap` is never used
[INFO] [stdout]    --> 22-twenty-two/src/types.rs:128:4
[INFO] [stdout]     |
[INFO] [stdout] 128 | fn wrap(filename: &String, pos: (u32, u32), facing: Direction) -> ((u32, u32), Direction) {
[INFO] [stdout]     |    ^^^^
[INFO] [stdout] 
[INFO] [stdout] 
[INFO] [stdout] warning: function `wrap_example` is never used
[INFO] [stdout]    --> 22-twenty-two/src/types.rs:138:4
[INFO] [stdout]     |
[INFO] [stdout] 138 | fn wrap_example(pos: (u32, u32), facing: Direction) -> ((u32, u32), Direction) {
[INFO] [stdout]     |    ^^^^^^^^^^^^
[INFO] [stdout] 
[INFO] [stdout] 
[INFO] [stdout] warning: function `wrap_input` is never used
[INFO] [stdout]    --> 22-twenty-two/src/types.rs:224:4
[INFO] [stdout]     |
[INFO] [stdout] 224 | fn wrap_input(pos: (u32, u32), facing: Direction) -> ((u32, u32), Direction) {
[INFO] [stdout]     |    ^^^^^^^^^^
[INFO] [stdout] 
[INFO] [stdout] 
[INFO] [stdout] warning: function `solve` is never used
[INFO] [stdout]    --> 22-twenty-two/src/types.rs:310:4
[INFO] [stdout]     |
[INFO] [stdout] 310 | fn solve(map: &Map, filename: &String) -> u32 {
[INFO] [stdout]     |    ^^^^^
[INFO] [stdout] 
[INFO] [stdout] 
[INFO] [stdout] warning: function `main` is never used
[INFO] [stdout]    --> 22-twenty-two/src/types.rs:372:4
[INFO] [stdout]     |
[INFO] [stdout] 372 | fn main() {
[INFO] [stdout]     |    ^^^^
[INFO] [stdout] 
[INFO] [stdout] 
[INFO] [stderr]    Compiling num-integer v0.1.45
[INFO] [stderr]    Compiling memoffset v0.7.1
[INFO] [stderr]    Compiling crossbeam-epoch v0.9.13
[INFO] [stderr]    Compiling num-bigint v0.4.3
[INFO] [stderr]    Compiling num-iter v0.1.43
[INFO] [stderr]    Compiling num-rational v0.4.1
[INFO] [stderr]    Compiling crossbeam-channel v0.5.6
[INFO] [stderr]    Compiling four v0.0.0 (/opt/rustwide/workdir/04-four)
[INFO] [stderr]    Compiling seventeen v0.0.0 (/opt/rustwide/workdir/17-seventeen)
[INFO] [stderr]    Compiling aho-corasick v0.7.20
[INFO] [stderr]    Compiling num_cpus v1.14.0
[INFO] [stderr]    Compiling nom v7.1.1
[INFO] [stderr]    Compiling one v0.0.0 (/opt/rustwide/workdir/01-one)
[INFO] [stderr]    Compiling crossbeam-deque v0.8.2
[INFO] [stderr]    Compiling fourteen v0.0.0 (/opt/rustwide/workdir/14-fourteen)
[INFO] [stderr]    Compiling twelve v0.0.0 (/opt/rustwide/workdir/12-twelve)
[INFO] [stderr]    Compiling twenty v0.0.0 (/opt/rustwide/workdir/20-twenty)
[INFO] [stderr]    Compiling eighteen v0.0.0 (/opt/rustwide/workdir/18-eighteen)
[INFO] [stderr]    Compiling eight v0.0.0 (/opt/rustwide/workdir/08-eight)
[INFO] [stdout] warning: variable does not need to be mutable
[INFO] [stdout]   --> 08-eight/src/main.rs:36:21
[INFO] [stdout]    |
[INFO] [stdout] 36 |                 let mut tree = &mut forest[i][j];
[INFO] [stdout]    |                     ----^^^^
[INFO] [stdout]    |                     |
[INFO] [stdout]    |                     help: remove this `mut`
[INFO] [stdout]    |
[INFO] [stdout]    = note: `#[warn(unused_mut)]` on by default
[INFO] [stdout] 
[INFO] [stdout] 
[INFO] [stdout] warning: variable does not need to be mutable
[INFO] [stdout]   --> 08-eight/src/main.rs:85:9
[INFO] [stdout]    |
[INFO] [stdout] 85 |     let mut tree = &mut forest[i][j];
[INFO] [stdout]    |         ----^^^^
[INFO] [stdout]    |         |
[INFO] [stdout]    |         help: remove this `mut`
[INFO] [stdout] 
[INFO] [stdout] 
[INFO] [stderr]    Compiling rayon v1.6.1
[INFO] [stderr]    Compiling num-complex v0.4.2
[INFO] [stderr]    Compiling thirteen v0.0.0 (/opt/rustwide/workdir/13-thirteen)
[INFO] [stderr]    Compiling regex v1.7.0
[INFO] [stdout] warning: a method with this name may be added to the standard library in the future
[INFO] [stdout]   --> 13-thirteen/src/value.rs:55:26
[INFO] [stdout]    |
[INFO] [stdout] 55 |                         .intersperse(",".to_string())
[INFO] [stdout]    |                          ^^^^^^^^^^^
[INFO] [stdout]    |
[INFO] [stdout]    = warning: once this associated item is added to the standard library, the ambiguity may cause an error or change in behavior!
[INFO] [stdout]    = note: for more information, see issue #48919 <https://github.com/rust-lang/rust/issues/48919>
[INFO] [stdout]    = help: call with fully qualified syntax `itertools::Itertools::intersperse(...)` to keep using the current method
[INFO] [stdout]    = note: `#[warn(unstable_name_collisions)]` on by default
[INFO] [stdout] 
[INFO] [stdout] 
[INFO] [stderr]    Compiling ndarray v0.15.6
[INFO] [stderr]    Compiling eleven v0.0.0 (/opt/rustwide/workdir/11-eleven)
[INFO] [stderr]    Compiling scan_fmt v0.2.6
[INFO] [stderr]    Compiling num v0.4.0
[INFO] [stderr]    Compiling fiveteen v0.0.0 (/opt/rustwide/workdir/15-fiveteen)
[INFO] [stderr]    Compiling twenty-four v0.0.0 (/opt/rustwide/workdir/24-twenty-four)
[INFO] [stderr]    Compiling nine v0.0.0 (/opt/rustwide/workdir/09-nine)
[INFO] [stderr]    Compiling three v0.0.0 (/opt/rustwide/workdir/03-three)
[INFO] [stdout] warning: function `print_grid` is never used
[INFO] [stdout]   --> 24-twenty-four/src/main.rs:10:4
[INFO] [stdout]    |
[INFO] [stdout] 10 | fn print_grid(valley: &Valley, blizzard: &Blizzard) {
[INFO] [stdout]    |    ^^^^^^^^^^
[INFO] [stdout]    |
[INFO] [stdout]    = note: `#[warn(dead_code)]` on by default
[INFO] [stdout] 
[INFO] [stdout] 
[INFO] [stdout] warning: function `is_border` is never used
[INFO] [stdout]   --> 24-twenty-four/src/main.rs:25:4
[INFO] [stdout]    |
[INFO] [stdout] 25 | fn is_border(i: usize, j: usize, valley: &Valley) -> bool {
[INFO] [stdout]    |    ^^^^^^^^^
[INFO] [stdout] 
[INFO] [stdout] 
[INFO] [stderr]    Compiling thiserror-impl v1.0.37
[INFO] [stderr]    Compiling structmeta-derive v0.1.5
[INFO] [stderr]    Compiling twenty-three v0.0.0 (/opt/rustwide/workdir/23-twenty-three)
[INFO] [stderr]    Compiling sixteen v0.0.0 (/opt/rustwide/workdir/16-sixteen)
[INFO] [stderr]    Compiling six v0.0.0 (/opt/rustwide/workdir/06-six)
[INFO] [stderr]    Compiling seven v0.0.0 (/opt/rustwide/workdir/07-seven)
[INFO] [stderr]    Compiling five v0.0.0 (/opt/rustwide/workdir/05-five)
[INFO] [stdout] warning: unused import: `std::format as f`
[INFO] [stdout]  --> 06-six/src/prelude.rs:9:9
[INFO] [stdout]   |
[INFO] [stdout] 9 | pub use std::format as f;
[INFO] [stdout]   |         ^^^^^^^^^^^^^^^^
[INFO] [stdout]   |
[INFO] [stdout]   = note: `#[warn(unused_imports)]` on by default
[INFO] [stdout] 
[INFO] [stdout] 
[INFO] [stdout] warning: unused import: `std::format as f`
[INFO] [stdout]  --> 05-five/src/prelude.rs:8:9
[INFO] [stdout]   |
[INFO] [stdout] 8 | pub use std::format as f;
[INFO] [stdout]   |         ^^^^^^^^^^^^^^^^
[INFO] [stdout]   |
[INFO] [stdout]   = note: `#[warn(unused_imports)]` on by default
[INFO] [stdout] 
[INFO] [stdout] 
[INFO] [stdout] warning: unused import: `std::format as f`
[INFO] [stdout]  --> 06-six/src/prelude.rs:9:9
[INFO] [stdout]   |
[INFO] [stdout] 9 | pub use std::format as f;
[INFO] [stdout]   |         ^^^^^^^^^^^^^^^^
[INFO] [stdout]   |
[INFO] [stdout]   = note: `#[warn(unused_imports)]` on by default
[INFO] [stdout] 
[INFO] [stdout] 
[INFO] [stderr]    Compiling structmeta v0.1.5
[INFO] [stderr]    Compiling parse-display-derive v0.8.0
[INFO] [stderr]    Compiling parse-display v0.8.0
[INFO] [stderr]    Compiling nineteen v0.0.0 (/opt/rustwide/workdir/19-nineteen)
[INFO] [stderr]    Compiling twenty-one v0.0.0 (/opt/rustwide/workdir/21-twenty-one)
[INFO] [stderr]     Finished `dev` profile [unoptimized + debuginfo] target(s) in 17.91s
[INFO] running `Command { std: "docker" "inspect" "6fcb11f582350a314c869b84bb7a2c09b28dbacd22977132bb365d6b317b3887", kill_on_drop: false }`
[INFO] running `Command { std: "docker" "rm" "-f" "6fcb11f582350a314c869b84bb7a2c09b28dbacd22977132bb365d6b317b3887", kill_on_drop: false }`
[INFO] [stdout] 6fcb11f582350a314c869b84bb7a2c09b28dbacd22977132bb365d6b317b3887
[INFO] running `Command { std: "docker" "create" "-v" "/var/lib/crater-agent-workspace/builds/worker-2-tc1/target:/opt/rustwide/target:rw,Z" "-v" "/var/lib/crater-agent-workspace/builds/worker-2-tc1/source:/opt/rustwide/workdir:ro,Z" "-v" "/var/lib/crater-agent-workspace/cargo-home:/opt/rustwide/cargo-home:ro,Z" "-v" "/var/lib/crater-agent-workspace/rustup-home:/opt/rustwide/rustup-home:ro,Z" "-e" "SOURCE_DIR=/opt/rustwide/workdir" "-e" "CARGO_TARGET_DIR=/opt/rustwide/target" "-e" "CARGO_INCREMENTAL=0" "-e" "RUST_BACKTRACE=full" "-e" "RUSTFLAGS=--cap-lints=warn" "-e" "RUSTDOCFLAGS=--cap-lints=warn" "-e" "CARGO_HOME=/opt/rustwide/cargo-home" "-e" "RUSTUP_HOME=/opt/rustwide/rustup-home" "-w" "/opt/rustwide/workdir" "-m" "1610612736" "--user" "0:0" "--network" "none" "ghcr.io/rust-lang/crates-build-env/linux@sha256:f3a9d4ad9d972b27faf3965f35b62e55ba32bbce8f20bc8fe909558a86702fde" "/opt/rustwide/cargo-home/bin/cargo" "+1.83.0" "test" "--frozen" "--no-run" "--message-format=json", kill_on_drop: false }`
[INFO] [stdout] 812d21a27c02fa7e2f23ce11bb93f99fce94d0166341abe483a8295ca1f1c8ed
[INFO] running `Command { std: "docker" "start" "-a" "812d21a27c02fa7e2f23ce11bb93f99fce94d0166341abe483a8295ca1f1c8ed", kill_on_drop: false }`
[INFO] [stderr] warning: virtual workspace defaulting to `resolver = "1"` despite one or more workspace members being on edition 2021 which implies `resolver = "2"`
[INFO] [stderr] note: to keep the current resolver, specify `workspace.resolver = "1"` in the workspace root's manifest
[INFO] [stderr] note: to use the edition 2021 resolver, specify `workspace.resolver = "2"` in the workspace root's manifest
[INFO] [stderr] note: for more details see https://doc.rust-lang.org/cargo/reference/resolver.html#resolver-versions
[INFO] [stderr]    Compiling serde_derive v1.0.149
[INFO] [stderr]    Compiling serde v1.0.149
[INFO] [stderr]    Compiling indexmap v1.9.2
[INFO] [stderr]    Compiling serde_json v1.0.89
[INFO] [stderr]    Compiling os_str_bytes v6.4.1
[INFO] [stderr]    Compiling hashbrown v0.12.3
[INFO] [stderr]    Compiling itoa v1.0.4
[INFO] [stderr]    Compiling plotters-backend v0.3.4
[INFO] [stderr]    Compiling half v1.8.2
[INFO] [stderr]    Compiling ciborium-io v0.2.0
[INFO] [stderr]    Compiling ryu v1.0.11
[INFO] [stderr]    Compiling same-file v1.0.6
[INFO] [stderr]    Compiling textwrap v0.16.0
[INFO] [stderr]    Compiling cast v0.3.0
[INFO] [stderr]    Compiling bitflags v1.3.2
[INFO] [stderr]    Compiling atty v0.2.14
[INFO] [stderr]    Compiling anes v0.1.6
[INFO] [stderr]    Compiling oorandom v11.1.3
[INFO] [stderr]    Compiling lazy_static v1.4.0
[INFO] [stderr]    Compiling walkdir v2.3.2
[INFO] [stderr]    Compiling sixteen v0.0.0 (/opt/rustwide/workdir/16-sixteen)
[INFO] [stdout] warning: unused import: `std::format as f`
[INFO] [stdout]  --> 06-six/src/prelude.rs:9:9
[INFO] [stdout]   |
[INFO] [stdout] 9 | pub use std::format as f;
[INFO] [stdout]   |         ^^^^^^^^^^^^^^^^
[INFO] [stdout]   |
[INFO] [stdout]   = note: `#[warn(unused_imports)]` on by default
[INFO] [stdout] 
[INFO] [stdout] 
[INFO] [stderr]    Compiling nineteen v0.0.0 (/opt/rustwide/workdir/19-nineteen)
[INFO] [stderr]    Compiling twenty-one v0.0.0 (/opt/rustwide/workdir/21-twenty-one)
[INFO] [stderr]    Compiling criterion-plot v0.5.0
[INFO] [stderr]    Compiling nine v0.0.0 (/opt/rustwide/workdir/09-nine)
[INFO] [stderr]    Compiling twenty-four v0.0.0 (/opt/rustwide/workdir/24-twenty-four)
[INFO] [stderr]    Compiling clap_lex v0.2.4
[INFO] [stderr]    Compiling plotters-svg v0.3.3
[INFO] [stderr]    Compiling three v0.0.0 (/opt/rustwide/workdir/03-three)
[INFO] [stdout] warning: function `print_grid` is never used
[INFO] [stdout]   --> 24-twenty-four/src/main.rs:10:4
[INFO] [stdout]    |
[INFO] [stdout] 10 | fn print_grid(valley: &Valley, blizzard: &Blizzard) {
[INFO] [stdout]    |    ^^^^^^^^^^
[INFO] [stdout]    |
[INFO] [stdout]    = note: `#[warn(dead_code)]` on by default
[INFO] [stdout] 
[INFO] [stdout] 
[INFO] [stdout] warning: function `is_border` is never used
[INFO] [stdout]   --> 24-twenty-four/src/main.rs:25:4
[INFO] [stdout]    |
[INFO] [stdout] 25 | fn is_border(i: usize, j: usize, valley: &Valley) -> bool {
[INFO] [stdout]    |    ^^^^^^^^^
[INFO] [stdout] 
[INFO] [stdout] 
[INFO] [stderr]    Compiling ciborium-ll v0.2.0
[INFO] [stderr]    Compiling plotters v0.3.4
[INFO] [stderr]    Compiling eleven v0.0.0 (/opt/rustwide/workdir/11-eleven)
[INFO] [stderr]    Compiling fiveteen v0.0.0 (/opt/rustwide/workdir/15-fiveteen)
[INFO] [stderr]    Compiling seven v0.0.0 (/opt/rustwide/workdir/07-seven)
[INFO] [stderr]    Compiling five v0.0.0 (/opt/rustwide/workdir/05-five)
[INFO] [stderr]    Compiling twenty-three v0.0.0 (/opt/rustwide/workdir/23-twenty-three)
[INFO] [stdout] warning: unused import: `std::format as f`
[INFO] [stdout]  --> 05-five/src/prelude.rs:8:9
[INFO] [stdout]   |
[INFO] [stdout] 8 | pub use std::format as f;
[INFO] [stdout]   |         ^^^^^^^^^^^^^^^^
[INFO] [stdout]   |
[INFO] [stdout]   = note: `#[warn(unused_imports)]` on by default
[INFO] [stdout] 
[INFO] [stdout] 
[INFO] [stderr]    Compiling fourteen v0.0.0 (/opt/rustwide/workdir/14-fourteen)
[INFO] [stderr]    Compiling thirteen v0.0.0 (/opt/rustwide/workdir/13-thirteen)
[INFO] [stderr]    Compiling two v0.0.0 (/opt/rustwide/workdir/02-two)
[INFO] [stderr]    Compiling eight v0.0.0 (/opt/rustwide/workdir/08-eight)
[INFO] [stdout] warning: a method with this name may be added to the standard library in the future
[INFO] [stdout]   --> 13-thirteen/src/value.rs:55:26
[INFO] [stdout]    |
[INFO] [stdout] 55 |                         .intersperse(",".to_string())
[INFO] [stdout]    |                          ^^^^^^^^^^^
[INFO] [stdout]    |
[INFO] [stdout]    = warning: once this associated item is added to the standard library, the ambiguity may cause an error or change in behavior!
[INFO] [stdout]    = note: for more information, see issue #48919 <https://github.com/rust-lang/rust/issues/48919>
[INFO] [stdout]    = help: call with fully qualified syntax `itertools::Itertools::intersperse(...)` to keep using the current method
[INFO] [stdout]    = note: `#[warn(unstable_name_collisions)]` on by default
[INFO] [stdout] 
[INFO] [stdout] 
[INFO] [stdout] warning: variable does not need to be mutable
[INFO] [stdout]   --> 08-eight/src/main.rs:36:21
[INFO] [stdout]    |
[INFO] [stdout] 36 |                 let mut tree = &mut forest[i][j];
[INFO] [stdout]    |                     ----^^^^
[INFO] [stdout]    |                     |
[INFO] [stdout]    |                     help: remove this `mut`
[INFO] [stdout]    |
[INFO] [stdout]    = note: `#[warn(unused_mut)]` on by default
[INFO] [stdout] 
[INFO] [stdout] 
[INFO] [stdout] warning: variable does not need to be mutable
[INFO] [stdout]   --> 08-eight/src/main.rs:85:9
[INFO] [stdout]    |
[INFO] [stdout] 85 |     let mut tree = &mut forest[i][j];
[INFO] [stdout]    |         ----^^^^
[INFO] [stdout]    |         |
[INFO] [stdout]    |         help: remove this `mut`
[INFO] [stdout] 
[INFO] [stdout] 
[INFO] [stderr]    Compiling seventeen v0.0.0 (/opt/rustwide/workdir/17-seventeen)
[INFO] [stderr]    Compiling test_utils v0.0.0 (/opt/rustwide/workdir/test_utils)
[INFO] [stderr]    Compiling twenty v0.0.0 (/opt/rustwide/workdir/20-twenty)
[INFO] [stderr]    Compiling twelve v0.0.0 (/opt/rustwide/workdir/12-twelve)
[INFO] [stderr]    Compiling eighteen v0.0.0 (/opt/rustwide/workdir/18-eighteen)
[INFO] [stderr]    Compiling twenty-five v0.0.0 (/opt/rustwide/workdir/25-twenty-five)
[INFO] [stderr]    Compiling one v0.0.0 (/opt/rustwide/workdir/01-one)
[INFO] [stderr]    Compiling twenty-two v0.0.0 (/opt/rustwide/workdir/22-twenty-two)
[INFO] [stderr]    Compiling four v0.0.0 (/opt/rustwide/workdir/04-four)
[INFO] [stderr]    Compiling clap v3.2.23
[INFO] [stderr]    Compiling ten v0.0.0 (/opt/rustwide/workdir/10-ten)
[INFO] [stdout] warning: unused variable: `input`
[INFO] [stdout]   --> 22-twenty-two/src/main.rs:13:13
[INFO] [stdout]    |
[INFO] [stdout] 13 | fn part_one(input: &str) -> i64 {
[INFO] [stdout]    |             ^^^^^ help: if this is intentional, prefix it with an underscore: `_input`
[INFO] [stdout]    |
[INFO] [stdout]    = note: `#[warn(unused_variables)]` on by default
[INFO] [stdout] 
[INFO] [stdout] 
[INFO] [stdout] warning: value assigned to `num_str` is never read
[INFO] [stdout]   --> 22-twenty-two/src/main.rs:57:17
[INFO] [stdout]    |
[INFO] [stdout] 57 |                 num_str = String::new();
[INFO] [stdout]    |                 ^^^^^^^
[INFO] [stdout]    |
[INFO] [stdout]    = help: maybe it is overwritten before being read?
[INFO] [stdout]    = note: `#[warn(unused_assignments)]` on by default
[INFO] [stdout] 
[INFO] [stdout] 
[INFO] [stdout] warning: function `usage` is never used
[INFO] [stdout]   --> 22-twenty-two/src/types.rs:39:4
[INFO] [stdout]    |
[INFO] [stdout] 39 | fn usage(progname: &String) {
[INFO] [stdout]    |    ^^^^^
[INFO] [stdout]    |
[INFO] [stdout]    = note: `#[warn(dead_code)]` on by default
[INFO] [stdout] 
[INFO] [stdout] 
[INFO] [stdout] warning: function `parse_args` is never used
[INFO] [stdout]   --> 22-twenty-two/src/types.rs:44:4
[INFO] [stdout]    |
[INFO] [stdout] 44 | fn parse_args() -> String {
[INFO] [stdout]    |    ^^^^^^^^^^
[INFO] [stdout] 
[INFO] [stdout] 
[INFO] [stdout] warning: function `read_input` is never used
[INFO] [stdout]   --> 22-twenty-two/src/types.rs:53:4
[INFO] [stdout]    |
[INFO] [stdout] 53 | fn read_input(filename: &String) -> String {
[INFO] [stdout]    |    ^^^^^^^^^^
[INFO] [stdout] 
[INFO] [stdout] 
[INFO] [stdout] warning: function `parse_input` is never used
[INFO] [stdout]   --> 22-twenty-two/src/types.rs:60:4
[INFO] [stdout]    |
[INFO] [stdout] 60 | fn parse_input(contents: &String) -> Map {
[INFO] [stdout]    |    ^^^^^^^^^^^
[INFO] [stdout] 
[INFO] [stdout] 
[INFO] [stdout] warning: function `wrap` is never used
[INFO] [stdout]    --> 22-twenty-two/src/types.rs:128:4
[INFO] [stdout]     |
[INFO] [stdout] 128 | fn wrap(filename: &String, pos: (u32, u32), facing: Direction) -> ((u32, u32), Direction) {
[INFO] [stdout]     |    ^^^^
[INFO] [stdout] 
[INFO] [stdout] 
[INFO] [stdout] warning: function `wrap_example` is never used
[INFO] [stdout]    --> 22-twenty-two/src/types.rs:138:4
[INFO] [stdout]     |
[INFO] [stdout] 138 | fn wrap_example(pos: (u32, u32), facing: Direction) -> ((u32, u32), Direction) {
[INFO] [stdout]     |    ^^^^^^^^^^^^
[INFO] [stdout] 
[INFO] [stdout] 
[INFO] [stdout] warning: function `wrap_input` is never used
[INFO] [stdout]    --> 22-twenty-two/src/types.rs:224:4
[INFO] [stdout]     |
[INFO] [stdout] 224 | fn wrap_input(pos: (u32, u32), facing: Direction) -> ((u32, u32), Direction) {
[INFO] [stdout]     |    ^^^^^^^^^^
[INFO] [stdout] 
[INFO] [stdout] 
[INFO] [stdout] warning: function `solve` is never used
[INFO] [stdout]    --> 22-twenty-two/src/types.rs:310:4
[INFO] [stdout]     |
[INFO] [stdout] 310 | fn solve(map: &Map, filename: &String) -> u32 {
[INFO] [stdout]     |    ^^^^^
[INFO] [stdout] 
[INFO] [stdout] 
[INFO] [stdout] warning: function `main` is never used
[INFO] [stdout]    --> 22-twenty-two/src/types.rs:372:4
[INFO] [stdout]     |
[INFO] [stdout] 372 | fn main() {
[INFO] [stdout]     |    ^^^^
[INFO] [stdout] 
[INFO] [stdout] 
[INFO] [stderr]    Compiling ciborium v0.2.0
[INFO] [stderr]    Compiling tinytemplate v1.2.1
[INFO] [stderr]    Compiling criterion v0.4.0
[INFO] [stderr]    Compiling six v0.0.0 (/opt/rustwide/workdir/06-six)
[INFO] [stdout] warning: unused import: `std::format as f`
[INFO] [stdout]  --> 06-six/src/prelude.rs:9:9
[INFO] [stdout]   |
[INFO] [stdout] 9 | pub use std::format as f;
[INFO] [stdout]   |         ^^^^^^^^^^^^^^^^
[INFO] [stdout]   |
[INFO] [stdout]   = note: `#[warn(unused_imports)]` on by default
[INFO] [stdout] 
[INFO] [stdout] 
[INFO] [stdout] warning: unused import: `std::format as f`
[INFO] [stdout]  --> 06-six/src/prelude.rs:9:9
[INFO] [stdout]   |
[INFO] [stdout] 9 | pub use std::format as f;
[INFO] [stdout]   |         ^^^^^^^^^^^^^^^^
[INFO] [stdout]   |
[INFO] [stdout]   = note: `#[warn(unused_imports)]` on by default
[INFO] [stdout] 
[INFO] [stdout] 
[INFO] [stderr]     Finished `test` profile [unoptimized + debuginfo] target(s) in 20.82s
[INFO] running `Command { std: "docker" "inspect" "812d21a27c02fa7e2f23ce11bb93f99fce94d0166341abe483a8295ca1f1c8ed", kill_on_drop: false }`
[INFO] running `Command { std: "docker" "rm" "-f" "812d21a27c02fa7e2f23ce11bb93f99fce94d0166341abe483a8295ca1f1c8ed", kill_on_drop: false }`
[INFO] [stdout] 812d21a27c02fa7e2f23ce11bb93f99fce94d0166341abe483a8295ca1f1c8ed
[INFO] running `Command { std: "docker" "create" "-v" "/var/lib/crater-agent-workspace/builds/worker-2-tc1/target:/opt/rustwide/target:rw,Z" "-v" "/var/lib/crater-agent-workspace/builds/worker-2-tc1/source:/opt/rustwide/workdir:ro,Z" "-v" "/var/lib/crater-agent-workspace/cargo-home:/opt/rustwide/cargo-home:ro,Z" "-v" "/var/lib/crater-agent-workspace/rustup-home:/opt/rustwide/rustup-home:ro,Z" "-e" "SOURCE_DIR=/opt/rustwide/workdir" "-e" "CARGO_TARGET_DIR=/opt/rustwide/target" "-e" "CARGO_INCREMENTAL=0" "-e" "RUST_BACKTRACE=full" "-e" "RUSTFLAGS=--cap-lints=warn" "-e" "RUSTDOCFLAGS=--cap-lints=warn" "-e" "CARGO_HOME=/opt/rustwide/cargo-home" "-e" "RUSTUP_HOME=/opt/rustwide/rustup-home" "-w" "/opt/rustwide/workdir" "-m" "1610612736" "--user" "0:0" "--network" "none" "ghcr.io/rust-lang/crates-build-env/linux@sha256:f3a9d4ad9d972b27faf3965f35b62e55ba32bbce8f20bc8fe909558a86702fde" "/opt/rustwide/cargo-home/bin/cargo" "+1.83.0" "test" "--frozen", kill_on_drop: false }`
[INFO] [stdout] 707708376c505a08078b45604b10df3bc4aa7d232069db3ba0354aeb4c44be74
[INFO] running `Command { std: "docker" "start" "-a" "707708376c505a08078b45604b10df3bc4aa7d232069db3ba0354aeb4c44be74", kill_on_drop: false }`
[INFO] [stderr] warning: virtual workspace defaulting to `resolver = "1"` despite one or more workspace members being on edition 2021 which implies `resolver = "2"`
[INFO] [stderr] note: to keep the current resolver, specify `workspace.resolver = "1"` in the workspace root's manifest
[INFO] [stderr] note: to use the edition 2021 resolver, specify `workspace.resolver = "2"` in the workspace root's manifest
[INFO] [stderr] note: for more details see https://doc.rust-lang.org/cargo/reference/resolver.html#resolver-versions
[INFO] [stderr] warning: unused import: `std::format as f`
[INFO] [stderr]  --> 06-six/src/prelude.rs:9:9
[INFO] [stderr]   |
[INFO] [stderr] 9 | pub use std::format as f;
[INFO] [stderr]   |         ^^^^^^^^^^^^^^^^
[INFO] [stderr]   |
[INFO] [stderr]   = note: `#[warn(unused_imports)]` on by default
[INFO] [stderr] 
[INFO] [stderr] warning: unused import: `std::format as f`
[INFO] [stderr]  --> 05-five/src/prelude.rs:8:9
[INFO] [stderr]   |
[INFO] [stderr] 8 | pub use std::format as f;
[INFO] [stderr]   |         ^^^^^^^^^^^^^^^^
[INFO] [stderr]   |
[INFO] [stderr]   = note: `#[warn(unused_imports)]` on by default
[INFO] [stderr] 
[INFO] [stderr] warning: a method with this name may be added to the standard library in the future
[INFO] [stderr]   --> 13-thirteen/src/value.rs:55:26
[INFO] [stderr]    |
[INFO] [stderr] 55 |                         .intersperse(",".to_string())
[INFO] [stderr]    |                          ^^^^^^^^^^^
[INFO] [stderr]    |
[INFO] [stderr]    = warning: once this associated item is added to the standard library, the ambiguity may cause an error or change in behavior!
[INFO] [stderr]    = note: for more information, see issue #48919 <https://github.com/rust-lang/rust/issues/48919>
[INFO] [stderr]    = help: call with fully qualified syntax `itertools::Itertools::intersperse(...)` to keep using the current method
[INFO] [stderr]    = note: `#[warn(unstable_name_collisions)]` on by default
[INFO] [stderr] 
[INFO] [stderr] warning: variable does not need to be mutable
[INFO] [stderr]   --> 08-eight/src/main.rs:36:21
[INFO] [stderr]    |
[INFO] [stderr] 36 |                 let mut tree = &mut forest[i][j];
[INFO] [stderr]    |                     ----^^^^
[INFO] [stderr]    |                     |
[INFO] [stderr]    |                     help: remove this `mut`
[INFO] [stderr]    |
[INFO] [stderr]    = note: `#[warn(unused_mut)]` on by default
[INFO] [stderr] 
[INFO] [stderr] warning: variable does not need to be mutable
[INFO] [stderr]   --> 08-eight/src/main.rs:85:9
[INFO] [stderr]    |
[INFO] [stderr] 85 |     let mut tree = &mut forest[i][j];
[INFO] [stderr]    |         ----^^^^
[INFO] [stderr]    |         |
[INFO] [stderr]    |         help: remove this `mut`
[INFO] [stderr] 
[INFO] [stderr] warning: `six` (lib) generated 1 warning (run `cargo fix --lib -p six` to apply 1 suggestion)
[INFO] [stderr] warning: `five` (bin "five" test) generated 1 warning (run `cargo fix --bin "five" --tests` to apply 1 suggestion)
[INFO] [stderr] warning: `thirteen` (bin "thirteen" test) generated 1 warning
[INFO] [stderr] warning: `eight` (bin "eight" test) generated 2 warnings (run `cargo fix --bin "eight" --tests` to apply 2 suggestions)
[INFO] [stderr] warning: function `print_grid` is never used
[INFO] [stderr]   --> 24-twenty-four/src/main.rs:10:4
[INFO] [stderr]    |
[INFO] [stderr] 10 | fn print_grid(valley: &Valley, blizzard: &Blizzard) {
[INFO] [stderr]    |    ^^^^^^^^^^
[INFO] [stderr]    |
[INFO] [stderr]    = note: `#[warn(dead_code)]` on by default
[INFO] [stderr] 
[INFO] [stderr] warning: function `is_border` is never used
[INFO] [stderr]   --> 24-twenty-four/src/main.rs:25:4
[INFO] [stderr]    |
[INFO] [stderr] 25 | fn is_border(i: usize, j: usize, valley: &Valley) -> bool {
[INFO] [stderr]    |    ^^^^^^^^^
[INFO] [stderr] 
[INFO] [stderr] warning: unused variable: `input`
[INFO] [stderr]   --> 22-twenty-two/src/main.rs:13:13
[INFO] [stderr]    |
[INFO] [stderr] 13 | fn part_one(input: &str) -> i64 {
[INFO] [stderr]    |             ^^^^^ help: if this is intentional, prefix it with an underscore: `_input`
[INFO] [stderr]    |
[INFO] [stderr]    = note: `#[warn(unused_variables)]` on by default
[INFO] [stderr] 
[INFO] [stderr] warning: value assigned to `num_str` is never read
[INFO] [stderr]   --> 22-twenty-two/src/main.rs:57:17
[INFO] [stderr]    |
[INFO] [stderr] 57 |                 num_str = String::new();
[INFO] [stderr]    |                 ^^^^^^^
[INFO] [stderr]    |
[INFO] [stderr]    = help: maybe it is overwritten before being read?
[INFO] [stderr]    = note: `#[warn(unused_assignments)]` on by default
[INFO] [stderr] 
[INFO] [stderr] warning: function `usage` is never used
[INFO] [stderr]   --> 22-twenty-two/src/types.rs:39:4
[INFO] [stderr]    |
[INFO] [stderr] 39 | fn usage(progname: &String) {
[INFO] [stderr]    |    ^^^^^
[INFO] [stderr]    |
[INFO] [stderr]    = note: `#[warn(dead_code)]` on by default
[INFO] [stderr] 
[INFO] [stderr] warning: function `parse_args` is never used
[INFO] [stderr]   --> 22-twenty-two/src/types.rs:44:4
[INFO] [stderr]    |
[INFO] [stderr] 44 | fn parse_args() -> String {
[INFO] [stderr]    |    ^^^^^^^^^^
[INFO] [stderr] 
[INFO] [stderr] warning: function `read_input` is never used
[INFO] [stderr]   --> 22-twenty-two/src/types.rs:53:4
[INFO] [stderr]    |
[INFO] [stderr] 53 | fn read_input(filename: &String) -> String {
[INFO] [stderr]    |    ^^^^^^^^^^
[INFO] [stderr] 
[INFO] [stderr] warning: function `parse_input` is never used
[INFO] [stderr]   --> 22-twenty-two/src/types.rs:60:4
[INFO] [stderr]    |
[INFO] [stderr] 60 | fn parse_input(contents: &String) -> Map {
[INFO] [stderr]    |    ^^^^^^^^^^^
[INFO] [stderr] 
[INFO] [stderr] warning: function `wrap` is never used
[INFO] [stderr]    --> 22-twenty-two/src/types.rs:128:4
[INFO] [stderr]     |
[INFO] [stderr] 128 | fn wrap(filename: &String, pos: (u32, u32), facing: Direction) -> ((u32, u32), Direction) {
[INFO] [stderr]     |    ^^^^
[INFO] [stderr] 
[INFO] [stderr] warning: function `wrap_example` is never used
[INFO] [stderr]    --> 22-twenty-two/src/types.rs:138:4
[INFO] [stderr]     |
[INFO] [stderr] 138 | fn wrap_example(pos: (u32, u32), facing: Direction) -> ((u32, u32), Direction) {
[INFO] [stderr]     |    ^^^^^^^^^^^^
[INFO] [stderr] 
[INFO] [stderr] warning: function `wrap_input` is never used
[INFO] [stderr]    --> 22-twenty-two/src/types.rs:224:4
[INFO] [stderr]     |
[INFO] [stderr] 224 | fn wrap_input(pos: (u32, u32), facing: Direction) -> ((u32, u32), Direction) {
[INFO] [stderr]     |    ^^^^^^^^^^
[INFO] [stderr] 
[INFO] [stderr] warning: function `solve` is never used
[INFO] [stderr]    --> 22-twenty-two/src/types.rs:310:4
[INFO] [stderr]     |
[INFO] [stderr] 310 | fn solve(map: &Map, filename: &String) -> u32 {
[INFO] [stderr]     |    ^^^^^
[INFO] [stderr] 
[INFO] [stderr] warning: function `main` is never used
[INFO] [stderr]    --> 22-twenty-two/src/types.rs:372:4
[INFO] [stderr]     |
[INFO] [stderr] 372 | fn main() {
[INFO] [stderr]     |    ^^^^
[INFO] [stderr] 
[INFO] [stderr] warning: `twenty-four` (bin "twenty-four" test) generated 2 warnings
[INFO] [stderr] warning: `twenty-two` (bin "twenty-two" test) generated 11 warnings
[INFO] [stderr] warning: `six` (lib test) generated 1 warning (1 duplicate)
[INFO] [stderr] warning: `six` (bin "six" test) generated 1 warning (1 duplicate)
[INFO] [stderr]     Finished `test` profile [unoptimized + debuginfo] target(s) in 0.13s
[INFO] [stderr]      Running unittests src/main.rs (/opt/rustwide/target/debug/deps/eight-8f73d0b084152977)
[INFO] [stdout] 
[INFO] [stdout] running 4 tests
[INFO] [stdout] test tests::test_is_hidden_tree ... ok
[INFO] [stdout] test tests::test_forest_creation ... ok
[INFO] [stdout] test tests::test_tree_viewing_distance ... ok
[INFO] [stdout] test tests::test_part_one ... ok
[INFO] [stdout] 
[INFO] [stdout] test result: ok. 4 passed; 0 failed; 0 ignored; 0 measured; 0 filtered out; finished in 0.01s
[INFO] [stdout] 
[INFO] [stderr]      Running unittests src/main.rs (/opt/rustwide/target/debug/deps/eighteen-f0c1a1e8c5a92524)
[INFO] [stdout] 
[INFO] [stdout] running 3 tests
[INFO] [stdout] test tests::test_adjacent_cube ... ok
[INFO] [stdout] test tests::test_part_one ... ok
[INFO] [stdout] test tests::test_part_two ... ok
[INFO] [stdout] 
[INFO] [stdout] test result: ok. 3 passed; 0 failed; 0 ignored; 0 measured; 0 filtered out; finished in 0.00s
[INFO] [stdout] 
[INFO] [stderr]      Running unittests src/main.rs (/opt/rustwide/target/debug/deps/eleven-fbafbf1ae68b83f0)
[INFO] [stdout] 
[INFO] [stdout] running 4 tests
[INFO] [stdout] test parsing::tests::test_parse_monkey ... ok
[INFO] [stdout] test parsing::tests::test_parse_monkeys ... ok
[INFO] [stdout] test tests::test_part_one ... ok
[INFO] [stdout] test tests::test_part_two ... ok
[INFO] [stdout] 
[INFO] [stdout] test result: ok. 4 passed; 0 failed; 0 ignored; 0 measured; 0 filtered out; finished in 0.07s
[INFO] [stdout] 
[INFO] [stderr]      Running unittests src/main.rs (/opt/rustwide/target/debug/deps/five-6cff0609a3d8dac7)
[INFO] [stdout] 
[INFO] [stdout] running 4 tests
[INFO] [stdout] test tests::test_parse_move ... ok
[INFO] [stdout] test tests::test_parse_stack_as_string ... ok
[INFO] [stdout] test tests::test_part_two ... ok
[INFO] [stdout] test tests::test_part_one ... ok
[INFO] [stdout] 
[INFO] [stdout] test result: ok. 4 passed; 0 failed; 0 ignored; 0 measured; 0 filtered out; finished in 0.01s
[INFO] [stdout] 
[INFO] [stderr]      Running unittests src/main.rs (/opt/rustwide/target/debug/deps/fiveteen-c491ec7671f16383)
[INFO] [stdout] 
[INFO] [stdout] running 2 tests
[INFO] [stdout] test tests::test_part_one ... ok
[INFO] [stdout] test tests::test_part_two ... ok
[INFO] [stdout] 
[INFO] [stdout] test result: ok. 2 passed; 0 failed; 0 ignored; 0 measured; 0 filtered out; finished in 0.00s
[INFO] [stdout] 
[INFO] [stdout] 
[INFO] [stderr]      Running unittests src/main.rs (/opt/rustwide/target/debug/deps/four-029f47e110613666)
[INFO] [stdout] running 2 tests
[INFO] [stdout] test tests::test_part_one ... ok
[INFO] [stdout] test tests::test_part_two ... ok
[INFO] [stdout] 
[INFO] [stdout] test result: ok. 2 passed; 0 failed; 0 ignored; 0 measured; 0 filtered out; finished in 0.00s
[INFO] [stdout] 
[INFO] [stderr]      Running unittests src/main.rs (/opt/rustwide/target/debug/deps/fourteen-123ad9771ad85449)
[INFO] [stdout] 
[INFO] [stdout] running 2 tests
[INFO] [stdout] test tests::test_part_one ... ok
[INFO] [stdout] test tests::test_part_two ... ok
[INFO] [stdout] 
[INFO] [stdout] test result: ok. 2 passed; 0 failed; 0 ignored; 0 measured; 0 filtered out; finished in 0.00s
[INFO] [stderr]      Running unittests src/main.rs (/opt/rustwide/target/debug/deps/nine-db12e938e186aae5)
[INFO] [stdout] 
[INFO] [stdout] 
[INFO] [stdout] running 3 tests
[INFO] [stdout] test rope::tests::test_is_tail_far_away ... ok
[INFO] [stdout] test tests::test_part_one ... ok
[INFO] [stdout] test tests::test_part_two ... ok
[INFO] [stderr]      Running unittests src/main.rs (/opt/rustwide/target/debug/deps/nineteen-727356806789bd43)
[INFO] [stdout] 
[INFO] [stdout] test result: ok. 3 passed; 0 failed; 0 ignored; 0 measured; 0 filtered out; finished in 0.01s
[INFO] [stdout] 
[INFO] [stdout] 
[INFO] [stdout] running 1 test
[INFO] [stdout] test tests::test_part_one ... ok
[INFO] [stdout] 
[INFO] [stdout] test result: ok. 1 passed; 0 failed; 0 ignored; 0 measured; 0 filtered out; finished in 0.01s
[INFO] [stdout] 
[INFO] [stderr]      Running unittests src/main.rs (/opt/rustwide/target/debug/deps/one-f639f953e7b049aa)
[INFO] [stdout] 
[INFO] [stdout] running 0 tests
[INFO] [stdout] 
[INFO] [stdout] test result: ok. 0 passed; 0 failed; 0 ignored; 0 measured; 0 filtered out; finished in 0.00s
[INFO] [stdout] 
[INFO] [stderr]      Running unittests src/main.rs (/opt/rustwide/target/debug/deps/seven-017d360b2e00137e)
[INFO] [stdout] 
[INFO] [stdout] running 11 tests
[INFO] [stdout] test builder::tests::test_add_folder_to_root ... ok
[INFO] [stdout] test builder::tests::test_moves ... ok
[INFO] [stdout] test parser::tests::test_parse_command_line ... ok
[INFO] [stdout] test builder::tests::test_add_file_to_root ... ok
[INFO] [stderr]      Running unittests src/main.rs (/opt/rustwide/target/debug/deps/seventeen-be34471b1bbcbc3f)
[INFO] [stdout] test parser::tests::test_parse_cd ... ok
[INFO] [stdout] test builder::tests::test_with_complexe_struct ... ok
[INFO] [stdout] test parser::tests::test_parse_commands ... ok
[INFO] [stdout] test tests::test_find_max_addition_under_limit ... ok
[INFO] [stdout] test tests::test_find_max_part2 ... ok
[INFO] [stdout] test parser::tests::test_parse_file_line ... ok
[INFO] [stdout] test types::tests::test_folder_equal ... ok
[INFO] [stdout] 
[INFO] [stdout] test result: ok. 11 passed; 0 failed; 0 ignored; 0 measured; 0 filtered out; finished in 0.01s
[INFO] [stdout] 
[INFO] [stdout] 
[INFO] [stdout] running 2 tests
[INFO] [stdout] test tests::test_with_1_000_000_000_000 ... ignored, to long
[INFO] [stdout] test tests::test_with_2022 ... ok
[INFO] [stdout] 
[INFO] [stdout] test result: ok. 1 passed; 0 failed; 1 ignored; 0 measured; 0 filtered out; finished in 0.28s
[INFO] [stdout] 
[INFO] [stderr]      Running unittests src/lib.rs (/opt/rustwide/target/debug/deps/six-46316c1df1617d98)
[INFO] [stdout] 
[INFO] [stdout] running 2 tests
[INFO] [stdout] test resolver::tests::test_part_one ... ok
[INFO] [stdout] test resolver::tests::test_part_two ... ok
[INFO] [stderr]      Running unittests src/main.rs (/opt/rustwide/target/debug/deps/six-51051d71b0641612)
[INFO] [stdout] 
[INFO] [stdout] test result: ok. 2 passed; 0 failed; 0 ignored; 0 measured; 0 filtered out; finished in 0.00s
[INFO] [stdout] 
[INFO] [stdout] 
[INFO] [stdout] running 2 tests
[INFO] [stdout] test resolver::tests::test_part_one ... ok
[INFO] [stdout] test resolver::tests::test_part_two ... ok
[INFO] [stdout] 
[INFO] [stdout] test result: ok. 2 passed; 0 failed; 0 ignored; 0 measured; 0 filtered out; finished in 0.00s
[INFO] [stdout] 
[INFO] [stdout] 
[INFO] [stderr]      Running unittests src/main.rs (/opt/rustwide/target/debug/deps/sixteen-415655edfcd59acd)
[INFO] [stdout] running 2 tests
[INFO] [stdout] test tests::test_part1 ... ok
[INFO] [stdout] test tests::test_part2 ... ok
[INFO] [stdout] 
[INFO] [stdout] test result: ok. 2 passed; 0 failed; 0 ignored; 0 measured; 0 filtered out; finished in 0.22s
[INFO] [stdout] 
[INFO] [stderr]      Running unittests src/main.rs (/opt/rustwide/target/debug/deps/ten-ad62d6d7b64bd571)
[INFO] [stdout] 
[INFO] [stdout] running 0 tests
[INFO] [stdout] 
[INFO] [stdout] test result: ok. 0 passed; 0 failed; 0 ignored; 0 measured; 0 filtered out; finished in 0.00s
[INFO] [stdout] 
[INFO] [stderr]      Running unittests src/lib.rs (/opt/rustwide/target/debug/deps/test_utils-1ef7f2d2af6241a0)
[INFO] [stdout] 
[INFO] [stdout] running 0 tests
[INFO] [stdout] 
[INFO] [stdout] test result: ok. 0 passed; 0 failed; 0 ignored; 0 measured; 0 filtered out; finished in 0.00s
[INFO] [stdout] 
[INFO] [stderr]      Running unittests src/main.rs (/opt/rustwide/target/debug/deps/thirteen-45112b5b1d4dea80)
[INFO] [stdout] 
[INFO] [stdout] running 6 tests
[INFO] [stdout] test tests::test_empty_arrays ... ok
[INFO] [stdout] test tests::test_parsing_with_sub_array ... ok
[INFO] [stdout] test tests::test_advanced_parsing ... ok
[INFO] [stdout] test tests::test_parsing ... ok
[INFO] [stdout] test tests::test_part_one ... ok
[INFO] [stderr]      Running unittests src/main.rs (/opt/rustwide/target/debug/deps/three-4c24ac099d839c4b)
[INFO] [stdout] test tests::test_part_two ... ok
[INFO] [stdout] 
[INFO] [stdout] test result: ok. 6 passed; 0 failed; 0 ignored; 0 measured; 0 filtered out; finished in 0.00s
[INFO] [stdout] 
[INFO] [stdout] 
[INFO] [stdout] running 6 tests
[INFO] [stdout] test common::tests::test_get_hashset_of_str ... ok
[INFO] [stdout] test part1::tests::test_find_common_items_single_thread ... ok
[INFO] [stdout] test part1::tests::test_split_at_center ... ok
[INFO] [stdout] test tests::test_part2 ... ok
[INFO] [stdout] test tests::test_part1 ... ok
[INFO] [stdout] test part1::tests::test_find_common_items ... ok
[INFO] [stdout] 
[INFO] [stdout] test result: ok. 6 passed; 0 failed; 0 ignored; 0 measured; 0 filtered out; finished in 0.02s
[INFO] [stdout] 
[INFO] [stderr]      Running unittests src/main.rs (/opt/rustwide/target/debug/deps/twelve-e0b3376ad83d21dd)
[INFO] [stdout] 
[INFO] [stderr]      Running unittests src/main.rs (/opt/rustwide/target/debug/deps/twenty-cea654e29df82a8e)
[INFO] [stdout] running 2 tests
[INFO] [stdout] test tests::test_part_one ... ok
[INFO] [stdout] test tests::test_part_two ... ok
[INFO] [stdout] 
[INFO] [stdout] test result: ok. 2 passed; 0 failed; 0 ignored; 0 measured; 0 filtered out; finished in 0.00s
[INFO] [stdout] 
[INFO] [stderr]      Running unittests src/main.rs (/opt/rustwide/target/debug/deps/twenty_five-64283080fbce4311)
[INFO] [stdout] 
[INFO] [stdout] running 2 tests
[INFO] [stdout] test tests::test_part_two ... ok
[INFO] [stdout] test tests::test_part_one ... ok
[INFO] [stdout] 
[INFO] [stdout] test result: ok. 2 passed; 0 failed; 0 ignored; 0 measured; 0 filtered out; finished in 0.00s
[INFO] [stdout] 
[INFO] [stdout] 
[INFO] [stdout] running 1 test
[INFO] [stdout] test tests::test_part_one ... ok
[INFO] [stdout] 
[INFO] [stdout] test result: ok. 1 passed; 0 failed; 0 ignored; 0 measured; 0 filtered out; finished in 0.01s
[INFO] [stdout] 
[INFO] [stderr]      Running unittests src/main.rs (/opt/rustwide/target/debug/deps/twenty_four-809d5d194c53ab4a)
[INFO] [stdout] 
[INFO] [stdout] running 2 tests
[INFO] [stdout] test tests::test_part_two ... FAILED
[INFO] [stdout] test tests::test_part_one ... FAILED
[INFO] [stdout] 
[INFO] [stdout] failures:
[INFO] [stdout] 
[INFO] [stdout] ---- tests::test_part_two stdout ----
[INFO] [stdout] step 10
[INFO] [stdout] step 20
[INFO] [stdout] thread 'tests::test_part_two' panicked at 24-twenty-four/src/main.rs:177:9:
[INFO] [stdout] assertion `left == right` failed
[INFO] [stdout]   left: 54
[INFO] [stdout]  right: 30
[INFO] [stdout] stack backtrace:
[INFO] [stdout]    0:     0x5638d11b01ca - std::backtrace_rs::backtrace::libunwind::trace::h5a5b8284f2d0c266
[INFO] [stdout]                                at /rustc/90b35a6239c3d8bdabc530a6a0816f7ff89a0aaf/library/std/src/../../backtrace/src/backtrace/libunwind.rs:116:5
[INFO] [stdout]    1:     0x5638d11b01ca - std::backtrace_rs::backtrace::trace_unsynchronized::h76d4f1c9b0b875e3
[INFO] [stdout]                                at /rustc/90b35a6239c3d8bdabc530a6a0816f7ff89a0aaf/library/std/src/../../backtrace/src/backtrace/mod.rs:66:5
[INFO] [stdout]    2:     0x5638d11b01ca - std::sys::backtrace::_print_fmt::hc4546b8364a537c6
[INFO] [stdout]                                at /rustc/90b35a6239c3d8bdabc530a6a0816f7ff89a0aaf/library/std/src/sys/backtrace.rs:66:9
[INFO] [stdout]    3:     0x5638d11b01ca - <std::sys::backtrace::BacktraceLock::print::DisplayBacktrace as core::fmt::Display>::fmt::h5b6bd5631a6d1f6b
[INFO] [stdout]                                at /rustc/90b35a6239c3d8bdabc530a6a0816f7ff89a0aaf/library/std/src/sys/backtrace.rs:39:26
[INFO] [stdout]    4:     0x5638d11d55e3 - core::fmt::rt::Argument::fmt::h270f6602a2b96f62
[INFO] [stdout]                                at /rustc/90b35a6239c3d8bdabc530a6a0816f7ff89a0aaf/library/core/src/fmt/rt.rs:177:76
[INFO] [stdout]    5:     0x5638d11d55e3 - core::fmt::write::h7550c97b06c86515
[INFO] [stdout]                                at /rustc/90b35a6239c3d8bdabc530a6a0816f7ff89a0aaf/library/core/src/fmt/mod.rs:1186:21
[INFO] [stdout]    6:     0x5638d11ad393 - std::io::Write::write_fmt::h509ff860e5956e5e
[INFO] [stdout]                                at /rustc/90b35a6239c3d8bdabc530a6a0816f7ff89a0aaf/library/std/src/io/mod.rs:1839:15
[INFO] [stdout]    7:     0x5638d11b0012 - std::sys::backtrace::BacktraceLock::print::h2395ccd2c84ba3aa
[INFO] [stdout]                                at /rustc/90b35a6239c3d8bdabc530a6a0816f7ff89a0aaf/library/std/src/sys/backtrace.rs:42:9
[INFO] [stdout]    8:     0x5638d11b162a - std::panicking::default_hook::{{closure}}::he19d4c7230e07961
[INFO] [stdout]                                at /rustc/90b35a6239c3d8bdabc530a6a0816f7ff89a0aaf/library/std/src/panicking.rs:268:22
[INFO] [stdout]    9:     0x5638d11b1434 - std::panicking::default_hook::hf614597d3c67bbdb
[INFO] [stdout]                                at /rustc/90b35a6239c3d8bdabc530a6a0816f7ff89a0aaf/library/std/src/panicking.rs:292:9
[INFO] [stdout]   10:     0x5638d117cd19 - <alloc::boxed::Box<F,A> as core::ops::function::Fn<Args>>::call::h39b51ce4599c23d1
[INFO] [stdout]                                at /rustc/90b35a6239c3d8bdabc530a6a0816f7ff89a0aaf/library/alloc/src/boxed.rs:2468:9
[INFO] [stdout]   11:     0x5638d117cd19 - test::test_main::{{closure}}::he977ae839a582784
[INFO] [stdout]                                at /rustc/90b35a6239c3d8bdabc530a6a0816f7ff89a0aaf/library/test/src/lib.rs:133:21
[INFO] [stdout]   12:     0x5638d11b1cc8 - <alloc::boxed::Box<F,A> as core::ops::function::Fn<Args>>::call::h9455091b6b06f9fb
[INFO] [stdout]                                at /rustc/90b35a6239c3d8bdabc530a6a0816f7ff89a0aaf/library/alloc/src/boxed.rs:2468:9
[INFO] [stdout]   13:     0x5638d11b1cc8 - std::panicking::rust_panic_with_hook::h8942133a8b252070
[INFO] [stdout]                                at /rustc/90b35a6239c3d8bdabc530a6a0816f7ff89a0aaf/library/std/src/panicking.rs:809:13
[INFO] [stdout]   14:     0x5638d11b1a8a - std::panicking::begin_panic_handler::{{closure}}::hb5f5963570096b29
[INFO] [stdout]                                at /rustc/90b35a6239c3d8bdabc530a6a0816f7ff89a0aaf/library/std/src/panicking.rs:674:13
[INFO] [stdout]   15:     0x5638d11b06a9 - std::sys::backtrace::__rust_end_short_backtrace::h6208cedc1922feda
[INFO] [stdout]                                at /rustc/90b35a6239c3d8bdabc530a6a0816f7ff89a0aaf/library/std/src/sys/backtrace.rs:170:18
[INFO] [stdout]   16:     0x5638d11b171c - rust_begin_unwind
[INFO] [stdout]                                at /rustc/90b35a6239c3d8bdabc530a6a0816f7ff89a0aaf/library/std/src/panicking.rs:665:5
[INFO] [stdout]   17:     0x5638d1133a60 - core::panicking::panic_fmt::h0c3082644d1bf418
[INFO] [stdout]                                at /rustc/90b35a6239c3d8bdabc530a6a0816f7ff89a0aaf/library/core/src/panicking.rs:74:14
[INFO] [stdout]   18:     0x5638d1133d8b - core::panicking::assert_failed_inner::h2ddf1fcc067fa858
[INFO] [stdout]   19:     0x5638d114395c - core::panicking::assert_failed::h07fbe5785b3274bf
[INFO] [stdout]                                at /rustc/90b35a6239c3d8bdabc530a6a0816f7ff89a0aaf/library/core/src/panicking.rs:367:5
[INFO] [stdout]   20:     0x5638d1144a3e - twenty_four::tests::test_part_two::hddf0fcc6301d0d3b
[INFO] [stdout]                                at /opt/rustwide/workdir/24-twenty-four/src/main.rs:177:9
[INFO] [stdout]   21:     0x5638d11449b7 - twenty_four::tests::test_part_two::{{closure}}::h4084f504184f044a
[INFO] [stdout]                                at /opt/rustwide/workdir/24-twenty-four/src/main.rs:175:23
[INFO] [stdout]   22:     0x5638d1142466 - core::ops::function::FnOnce::call_once::h5dc82bcc41d88459
[INFO] [stdout]                                at /rustc/90b35a6239c3d8bdabc530a6a0816f7ff89a0aaf/library/core/src/ops/function.rs:250:5
[INFO] [stdout]   23:     0x5638d11816db - core::ops::function::FnOnce::call_once::h109cf8051a59b34e
[INFO] [stdout]                                at /rustc/90b35a6239c3d8bdabc530a6a0816f7ff89a0aaf/library/core/src/ops/function.rs:250:5
[INFO] [stdout]   24:     0x5638d11816db - test::__rust_begin_short_backtrace::hf4fff89d377446ba
[INFO] [stdout]                                at /rustc/90b35a6239c3d8bdabc530a6a0816f7ff89a0aaf/library/test/src/lib.rs:621:18
[INFO] [stdout]   25:     0x5638d1180f17 - test::run_test_in_process::{{closure}}::h0e39181dd7ee5a43
[INFO] [stdout]                                at /rustc/90b35a6239c3d8bdabc530a6a0816f7ff89a0aaf/library/test/src/lib.rs:644:60
[INFO] [stdout]   26:     0x5638d1180f17 - <core::panic::unwind_safe::AssertUnwindSafe<F> as core::ops::function::FnOnce<()>>::call_once::hc5a66a30f0bdfd1f
[INFO] [stdout]                                at /rustc/90b35a6239c3d8bdabc530a6a0816f7ff89a0aaf/library/core/src/panic/unwind_safe.rs:272:9
[INFO] [stdout]   27:     0x5638d1180f17 - std::panicking::try::do_call::h873b7cf639554a5e
[INFO] [stdout]                                at /rustc/90b35a6239c3d8bdabc530a6a0816f7ff89a0aaf/library/std/src/panicking.rs:557:40
[INFO] [stdout]   28:     0x5638d1180f17 - std::panicking::try::hdb19862fad9c8bd1
[INFO] [stdout]                                at /rustc/90b35a6239c3d8bdabc530a6a0816f7ff89a0aaf/library/std/src/panicking.rs:520:19
[INFO] [stdout]   29:     0x5638d1180f17 - std::panic::catch_unwind::h281fe732d236d260
[INFO] [stdout]                                at /rustc/90b35a6239c3d8bdabc530a6a0816f7ff89a0aaf/library/std/src/panic.rs:358:14
[INFO] [stdout]   30:     0x5638d1180f17 - test::run_test_in_process::h949b6df8457ed338
[INFO] [stdout]                                at /rustc/90b35a6239c3d8bdabc530a6a0816f7ff89a0aaf/library/test/src/lib.rs:644:27
[INFO] [stdout]   31:     0x5638d1180f17 - test::run_test::{{closure}}::h52c556a6d4740e10
[INFO] [stdout]                                at /rustc/90b35a6239c3d8bdabc530a6a0816f7ff89a0aaf/library/test/src/lib.rs:565:43
[INFO] [stdout]   32:     0x5638d11461f4 - test::run_test::{{closure}}::h4237f6381c45ccb9
[INFO] [stdout]                                at /rustc/90b35a6239c3d8bdabc530a6a0816f7ff89a0aaf/library/test/src/lib.rs:595:41
[INFO] [stdout]   33:     0x5638d11461f4 - std::sys::backtrace::__rust_begin_short_backtrace::h505c97a579eca628
[INFO] [stdout]                                at /rustc/90b35a6239c3d8bdabc530a6a0816f7ff89a0aaf/library/std/src/sys/backtrace.rs:154:18
[INFO] [stdout]   34:     0x5638d11498be - std::thread::Builder::spawn_unchecked_::{{closure}}::{{closure}}::h9e86b2e2bc107ea3
[INFO] [stdout]                                at /rustc/90b35a6239c3d8bdabc530a6a0816f7ff89a0aaf/library/std/src/thread/mod.rs:538:17
[INFO] [stdout]   35:     0x5638d11498be - <core::panic::unwind_safe::AssertUnwindSafe<F> as core::ops::function::FnOnce<()>>::call_once::h8b06ddb275ff4a25
[INFO] [stdout]                                at /rustc/90b35a6239c3d8bdabc530a6a0816f7ff89a0aaf/library/core/src/panic/unwind_safe.rs:272:9
[INFO] [stdout]   36:     0x5638d11498be - std::panicking::try::do_call::hb26ecd7cd9a9355d
[INFO] [stdout]                                at /rustc/90b35a6239c3d8bdabc530a6a0816f7ff89a0aaf/library/std/src/panicking.rs:557:40
[INFO] [stdout]   37:     0x5638d11498be - std::panicking::try::h8ddeca9d705f9069
[INFO] [stdout]                                at /rustc/90b35a6239c3d8bdabc530a6a0816f7ff89a0aaf/library/std/src/panicking.rs:520:19
[INFO] [stdout]   38:     0x5638d11498be - std::panic::catch_unwind::h49e1c33078844c46
[INFO] [stdout]                                at /rustc/90b35a6239c3d8bdabc530a6a0816f7ff89a0aaf/library/std/src/panic.rs:358:14
[INFO] [stdout]   39:     0x5638d11498be - std::thread::Builder::spawn_unchecked_::{{closure}}::h6073db6ff56ad35d
[INFO] [stdout]                                at /rustc/90b35a6239c3d8bdabc530a6a0816f7ff89a0aaf/library/std/src/thread/mod.rs:537:30
[INFO] [stdout]   40:     0x5638d11498be - core::ops::function::FnOnce::call_once{{vtable.shim}}::h2c5a5f3779c774f1
[INFO] [stdout]                                at /rustc/90b35a6239c3d8bdabc530a6a0816f7ff89a0aaf/library/core/src/ops/function.rs:250:5
[INFO] [stdout]   41:     0x5638d11b5a1b - <alloc::boxed::Box<F,A> as core::ops::function::FnOnce<Args>>::call_once::hf75717d9f28faebf
[INFO] [stdout]                                at /rustc/90b35a6239c3d8bdabc530a6a0816f7ff89a0aaf/library/alloc/src/boxed.rs:2454:9
[INFO] [stdout]   42:     0x5638d11b5a1b - <alloc::boxed::Box<F,A> as core::ops::function::FnOnce<Args>>::call_once::h7bd883a5f3c5f3c1
[INFO] [stdout]                                at /rustc/90b35a6239c3d8bdabc530a6a0816f7ff89a0aaf/library/alloc/src/boxed.rs:2454:9
[INFO] [stdout]   43:     0x5638d11b5a1b - std::sys::pal::unix::thread::Thread::new::thread_start::hcc78f3943333fa94
[INFO] [stdout]                                at /rustc/90b35a6239c3d8bdabc530a6a0816f7ff89a0aaf/library/std/src/sys/pal/unix/thread.rs:105:17
[INFO] [stdout]   44:     0x7dfea54ddac3 - <unknown>
[INFO] [stdout]   45:     0x7dfea556ea04 - clone
[INFO] [stdout]   46:                0x0 - <unknown>
[INFO] [stdout] 
[INFO] [stdout] ---- tests::test_part_one stdout ----
[INFO] [stdout] thread 'tests::test_part_one' panicked at 24-twenty-four/src/main.rs:171:9:
[INFO] [stdout] assertion `left == right` failed
[INFO] [stdout]   left: 18
[INFO] [stdout]  right: 10
[INFO] [stdout] stack backtrace:
[INFO] [stdout]    0:     0x5638d11b01ca - std::backtrace_rs::backtrace::libunwind::trace::h5a5b8284f2d0c266
[INFO] [stdout]                                at /rustc/90b35a6239c3d8bdabc530a6a0816f7ff89a0aaf/library/std/src/../../backtrace/src/backtrace/libunwind.rs:116:5
[INFO] [stdout]    1:     0x5638d11b01ca - std::backtrace_rs::backtrace::trace_unsynchronized::h76d4f1c9b0b875e3
[INFO] [stdout]                                at /rustc/90b35a6239c3d8bdabc530a6a0816f7ff89a0aaf/library/std/src/../../backtrace/src/backtrace/mod.rs:66:5
[INFO] [stdout]    2:     0x5638d11b01ca - std::sys::backtrace::_print_fmt::hc4546b8364a537c6
[INFO] [stdout]                                at /rustc/90b35a6239c3d8bdabc530a6a0816f7ff89a0aaf/library/std/src/sys/backtrace.rs:66:9
[INFO] [stdout]    3:     0x5638d11b01ca - <std::sys::backtrace::BacktraceLock::print::DisplayBacktrace as core::fmt::Display>::fmt::h5b6bd5631a6d1f6b
[INFO] [stdout]                                at /rustc/90b35a6239c3d8bdabc530a6a0816f7ff89a0aaf/library/std/src/sys/backtrace.rs:39:26
[INFO] [stdout]    4:     0x5638d11d55e3 - core::fmt::rt::Argument::fmt::h270f6602a2b96f62
[INFO] [stdout]                                at /rustc/90b35a6239c3d8bdabc530a6a0816f7ff89a0aaf/library/core/src/fmt/rt.rs:177:76
[INFO] [stdout]    5:     0x5638d11d55e3 - core::fmt::write::h7550c97b06c86515
[INFO] [stdout]                                at /rustc/90b35a6239c3d8bdabc530a6a0816f7ff89a0aaf/library/core/src/fmt/mod.rs:1186:21
[INFO] [stdout]    6:     0x5638d11ad393 - std::io::Write::write_fmt::h509ff860e5956e5e
[INFO] [stdout]                                at /rustc/90b35a6239c3d8bdabc530a6a0816f7ff89a0aaf/library/std/src/io/mod.rs:1839:15
[INFO] [stdout]    7:     0x5638d11b0012 - std::sys::backtrace::BacktraceLock::print::h2395ccd2c84ba3aa
[INFO] [stdout]                                at /rustc/90b35a6239c3d8bdabc530a6a0816f7ff89a0aaf/library/std/src/sys/backtrace.rs:42:9
[INFO] [stdout]    8:     0x5638d11b162a - std::panicking::default_hook::{{closure}}::he19d4c7230e07961
[INFO] [stdout]                                at /rustc/90b35a6239c3d8bdabc530a6a0816f7ff89a0aaf/library/std/src/panicking.rs:268:22
[INFO] [stdout]    9:     0x5638d11b1434 - std::panicking::default_hook::hf614597d3c67bbdb
[INFO] [stdout]                                at /rustc/90b35a6239c3d8bdabc530a6a0816f7ff89a0aaf/library/std/src/panicking.rs:292:9
[INFO] [stdout]   10:     0x5638d117cd19 - <alloc::boxed::Box<F,A> as core::ops::function::Fn<Args>>::call::h39b51ce4599c23d1
[INFO] [stdout]                                at /rustc/90b35a6239c3d8bdabc530a6a0816f7ff89a0aaf/library/alloc/src/boxed.rs:2468:9
[INFO] [stdout]   11:     0x5638d117cd19 - test::test_main::{{closure}}::he977ae839a582784
[INFO] [stdout]                                at /rustc/90b35a6239c3d8bdabc530a6a0816f7ff89a0aaf/library/test/src/lib.rs:133:21
[INFO] [stdout]   12:     0x5638d11b1cc8 - <alloc::boxed::Box<F,A> as core::ops::function::Fn<Args>>::call::h9455091b6b06f9fb
[INFO] [stdout]                                at /rustc/90b35a6239c3d8bdabc530a6a0816f7ff89a0aaf/library/alloc/src/boxed.rs:2468:9
[INFO] [stdout]   13:     0x5638d11b1cc8 - std::panicking::rust_panic_with_hook::h8942133a8b252070
[INFO] [stdout]                                at /rustc/90b35a6239c3d8bdabc530a6a0816f7ff89a0aaf/library/std/src/panicking.rs:809:13
[INFO] [stdout]   14:     0x5638d11b1a8a - std::panicking::begin_panic_handler::{{closure}}::hb5f5963570096b29
[INFO] [stdout]                                at /rustc/90b35a6239c3d8bdabc530a6a0816f7ff89a0aaf/library/std/src/panicking.rs:674:13
[INFO] [stdout]   15:     0x5638d11b06a9 - std::sys::backtrace::__rust_end_short_backtrace::h6208cedc1922feda
[INFO] [stdout]                                at /rustc/90b35a6239c3d8bdabc530a6a0816f7ff89a0aaf/library/std/src/sys/backtrace.rs:170:18
[INFO] [stdout]   16:     0x5638d11b171c - rust_begin_unwind
[INFO] [stdout]                                at /rustc/90b35a6239c3d8bdabc530a6a0816f7ff89a0aaf/library/std/src/panicking.rs:665:5
[INFO] [stdout]   17:     0x5638d1133a60 - core::panicking::panic_fmt::h0c3082644d1bf418
[INFO] [stdout]                                at /rustc/90b35a6239c3d8bdabc530a6a0816f7ff89a0aaf/library/core/src/panicking.rs:74:14
[INFO] [stdout]   18:     0x5638d1133d8b - core::panicking::assert_failed_inner::h2ddf1fcc067fa858
[INFO] [stdout]   19:     0x5638d114395c - core::panicking::assert_failed::h07fbe5785b3274bf
[INFO] [stdout]                                at /rustc/90b35a6239c3d8bdabc530a6a0816f7ff89a0aaf/library/core/src/panicking.rs:367:5
[INFO] [stdout]   20:     0x5638d114498e - twenty_four::tests::test_part_one::h8a3908c5272e2d72
[INFO] [stdout]                                at /opt/rustwide/workdir/24-twenty-four/src/main.rs:171:9
[INFO] [stdout]   21:     0x5638d1144907 - twenty_four::tests::test_part_one::{{closure}}::hd62a3b2bd80df878
[INFO] [stdout]                                at /opt/rustwide/workdir/24-twenty-four/src/main.rs:169:23
[INFO] [stdout]   22:     0x5638d1142656 - core::ops::function::FnOnce::call_once::hf7afb7a5df2972b8
[INFO] [stdout]                                at /rustc/90b35a6239c3d8bdabc530a6a0816f7ff89a0aaf/library/core/src/ops/function.rs:250:5
[INFO] [stdout]   23:     0x5638d11816db - core::ops::function::FnOnce::call_once::h109cf8051a59b34e
[INFO] [stdout]                                at /rustc/90b35a6239c3d8bdabc530a6a0816f7ff89a0aaf/library/core/src/ops/function.rs:250:5
[INFO] [stdout]   24:     0x5638d11816db - test::__rust_begin_short_backtrace::hf4fff89d377446ba
[INFO] [stdout]                                at /rustc/90b35a6239c3d8bdabc530a6a0816f7ff89a0aaf/library/test/src/lib.rs:621:18
[INFO] [stdout]   25:     0x5638d1180f17 - test::run_test_in_process::{{closure}}::h0e39181dd7ee5a43
[INFO] [stdout]                                at /rustc/90b35a6239c3d8bdabc530a6a0816f7ff89a0aaf/library/test/src/lib.rs:644:60
[INFO] [stdout]   26:     0x5638d1180f17 - <core::panic::unwind_safe::AssertUnwindSafe<F> as core::ops::function::FnOnce<()>>::call_once::hc5a66a30f0bdfd1f
[INFO] [stdout]                                at /rustc/90b35a6239c3d8bdabc530a6a0816f7ff89a0aaf/library/core/src/panic/unwind_safe.rs:272:9
[INFO] [stdout]   27:     0x5638d1180f17 - std::panicking::try::do_call::h873b7cf639554a5e
[INFO] [stdout]                                at /rustc/90b35a6239c3d8bdabc530a6a0816f7ff89a0aaf/library/std/src/panicking.rs:557:40
[INFO] [stdout]   28:     0x5638d1180f17 - std::panicking::try::hdb19862fad9c8bd1
[INFO] [stdout]                                at /rustc/90b35a6239c3d8bdabc530a6a0816f7ff89a0aaf/library/std/src/panicking.rs:520:19
[INFO] [stdout]   29:     0x5638d1180f17 - std::panic::catch_unwind::h281fe732d236d260
[INFO] [stdout]                                at /rustc/90b35a6239c3d8bdabc530a6a0816f7ff89a0aaf/library/std/src/panic.rs:358:14
[INFO] [stdout]   30:     0x5638d1180f17 - test::run_test_in_process::h949b6df8457ed338
[INFO] [stdout]                                at /rustc/90b35a6239c3d8bdabc530a6a0816f7ff89a0aaf/library/test/src/lib.rs:644:27
[INFO] [stdout]   31:     0x5638d1180f17 - test::run_test::{{closure}}::h52c556a6d4740e10
[INFO] [stdout]                                at /rustc/90b35a6239c3d8bdabc530a6a0816f7ff89a0aaf/library/test/src/lib.rs:565:43
[INFO] [stdout]   32:     0x5638d11461f4 - test::run_test::{{closure}}::h4237f6381c45ccb9
[INFO] [stdout]                                at /rustc/90b35a6239c3d8bdabc530a6a0816f7ff89a0aaf/library/test/src/lib.rs:595:41
[INFO] [stdout]   33:     0x5638d11461f4 - std::sys::backtrace::__rust_begin_short_backtrace::h505c97a579eca628
[INFO] [stdout]                                at /rustc/90b35a6239c3d8bdabc530a6a0816f7ff89a0aaf/library/std/src/sys/backtrace.rs:154:18
[INFO] [stdout]   34:     0x5638d11498be - std::thread::Builder::spawn_unchecked_::{{closure}}::{{closure}}::h9e86b2e2bc107ea3
[INFO] [stdout]                                at /rustc/90b35a6239c3d8bdabc530a6a0816f7ff89a0aaf/library/std/src/thread/mod.rs:538:17
[INFO] [stdout]   35:     0x5638d11498be - <core::panic::unwind_safe::AssertUnwindSafe<F> as core::ops::function::FnOnce<()>>::call_once::h8b06ddb275ff4a25
[INFO] [stdout]                                at /rustc/90b35a6239c3d8bdabc530a6a0816f7ff89a0aaf/library/core/src/panic/unwind_safe.rs:272:9
[INFO] [stdout]   36:     0x5638d11498be - std::panicking::try::do_call::hb26ecd7cd9a9355d
[INFO] [stdout]                                at /rustc/90b35a6239c3d8bdabc530a6a0816f7ff89a0aaf/library/std/src/panicking.rs:557:40
[INFO] [stdout]   37:     0x5638d11498be - std::panicking::try::h8ddeca9d705f9069
[INFO] [stdout]                                at /rustc/90b35a6239c3d8bdabc530a6a0816f7ff89a0aaf/library/std/src/panicking.rs:520:19
[INFO] [stdout]   38:     0x5638d11498be - std::panic::catch_unwind::h49e1c33078844c46
[INFO] [stdout]                                at /rustc/90b35a6239c3d8bdabc530a6a0816f7ff89a0aaf/library/std/src/panic.rs:358:14
[INFO] [stdout]   39:     0x5638d11498be - std::thread::Builder::spawn_unchecked_::{{closure}}::h6073db6ff56ad35d
[INFO] [stdout]                                at /rustc/90b35a6239c3d8bdabc530a6a0816f7ff89a0aaf/library/std/src/thread/mod.rs:537:30
[INFO] [stdout]   40:     0x5638d11498be - core::ops::function::FnOnce::call_once{{vtable.shim}}::h2c5a5f3779c774f1
[INFO] [stdout]                                at /rustc/90b35a6239c3d8bdabc530a6a0816f7ff89a0aaf/library/core/src/ops/function.rs:250:5
[INFO] [stdout]   41:     0x5638d11b5a1b - <alloc::boxed::Box<F,A> as core::ops::function::FnOnce<Args>>::call_once::hf75717d9f28faebf
[INFO] [stdout]                                at /rustc/90b35a6239c3d8bdabc530a6a0816f7ff89a0aaf/library/alloc/src/boxed.rs:2454:9
[INFO] [stdout]   42:     0x5638d11b5a1b - <alloc::boxed::Box<F,A> as core::ops::function::FnOnce<Args>>::call_once::h7bd883a5f3c5f3c1
[INFO] [stdout]                                at /rustc/90b35a6239c3d8bdabc530a6a0816f7ff89a0aaf/library/alloc/src/boxed.rs:2454:9
[INFO] [stdout]   43:     0x5638d11b5a1b - std::sys::pal::unix::thread::Thread::new::thread_start::hcc78f3943333fa94
[INFO] [stdout]                                at /rustc/90b35a6239c3d8bdabc530a6a0816f7ff89a0aaf/library/std/src/sys/pal/unix/thread.rs:105:17
[INFO] [stdout]   44:     0x7dfea54ddac3 - <unknown>
[INFO] [stdout]   45:     0x7dfea556ea04 - clone
[INFO] [stdout]   46:                0x0 - <unknown>
[INFO] [stdout] 
[INFO] [stdout] 
[INFO] [stdout] failures:
[INFO] [stdout]     tests::test_part_one
[INFO] [stdout]     tests::test_part_two
[INFO] [stdout] 
[INFO] [stdout] test result: FAILED. 0 passed; 2 failed; 0 ignored; 0 measured; 0 filtered out; finished in 0.03s
[INFO] [stdout] 
[INFO] [stderr] error: test failed, to rerun pass `-p twenty-four --bin twenty-four`
[INFO] running `Command { std: "docker" "inspect" "707708376c505a08078b45604b10df3bc4aa7d232069db3ba0354aeb4c44be74", kill_on_drop: false }`
[INFO] running `Command { std: "docker" "rm" "-f" "707708376c505a08078b45604b10df3bc4aa7d232069db3ba0354aeb4c44be74", kill_on_drop: false }`
[INFO] [stdout] 707708376c505a08078b45604b10df3bc4aa7d232069db3ba0354aeb4c44be74
