[INFO] cloning repository https://github.com/SurajSSingh/make_a_lisp_typed_and_readable
[INFO] running `Command { std: "git" "-c" "credential.helper=" "-c" "credential.helper=/workspace/cargo-home/bin/git-credential-null" "clone" "--bare" "https://github.com/SurajSSingh/make_a_lisp_typed_and_readable" "/workspace/cache/git-repos/https%3A%2F%2Fgithub.com%2FSurajSSingh%2Fmake_a_lisp_typed_and_readable", kill_on_drop: false }`
[INFO] [stderr] Cloning into bare repository '/workspace/cache/git-repos/https%3A%2F%2Fgithub.com%2FSurajSSingh%2Fmake_a_lisp_typed_and_readable'...
[INFO] running `Command { std: "git" "rev-parse" "HEAD", kill_on_drop: false }`
[INFO] [stdout] d16bad136eec8d13dec317c0bcfc70019a214370
[INFO] testing SurajSSingh/make_a_lisp_typed_and_readable against 1.83.0 for beta-1.84.0-4-retry
[INFO] running `Command { std: "git" "clone" "/workspace/cache/git-repos/https%3A%2F%2Fgithub.com%2FSurajSSingh%2Fmake_a_lisp_typed_and_readable" "/workspace/builds/worker-4-tc1/source", kill_on_drop: false }`
[INFO] [stderr] Cloning into '/workspace/builds/worker-4-tc1/source'...
[INFO] [stderr] done.
[INFO] validating manifest of git repo https://github.com/SurajSSingh/make_a_lisp_typed_and_readable on toolchain 1.83.0
[INFO] running `Command { std: CARGO_HOME="/workspace/cargo-home" RUSTUP_HOME="/workspace/rustup-home" "/workspace/cargo-home/bin/cargo" "+1.83.0" "metadata" "--manifest-path" "Cargo.toml" "--no-deps", kill_on_drop: false }`
[INFO] started tweaking git repo https://github.com/SurajSSingh/make_a_lisp_typed_and_readable
[INFO] finished tweaking git repo https://github.com/SurajSSingh/make_a_lisp_typed_and_readable
[INFO] tweaked toml for git repo https://github.com/SurajSSingh/make_a_lisp_typed_and_readable written to /workspace/builds/worker-4-tc1/source/Cargo.toml
[INFO] crate git repo https://github.com/SurajSSingh/make_a_lisp_typed_and_readable already has a lockfile, it will not be regenerated
[INFO] running `Command { std: CARGO_HOME="/workspace/cargo-home" RUSTUP_HOME="/workspace/rustup-home" "/workspace/cargo-home/bin/cargo" "+1.83.0" "fetch" "--manifest-path" "Cargo.toml", kill_on_drop: false }`
[INFO] [stderr]     Updating crates.io index
[INFO] [stderr]  Downloading crates ...
[INFO] [stderr]   Downloaded ra_ap_stdx v0.0.145
[INFO] [stderr]   Downloaded ra_ap_vfs-notify v0.0.145
[INFO] [stderr]   Downloaded salsa-macros v0.17.0-pre.2
[INFO] [stderr]   Downloaded fd-lock v3.0.12
[INFO] [stderr]   Downloaded chalk-derive v0.88.0
[INFO] [stderr]   Downloaded ra_ap_limit v0.0.145
[INFO] [stderr]   Downloaded ra_ap_toolchain v0.0.145
[INFO] [stderr]   Downloaded drop_bomb v0.1.5
[INFO] [stderr]   Downloaded evcxr_input v1.0.0
[INFO] [stderr]   Downloaded jod-thread v0.1.2
[INFO] [stderr]   Downloaded evcxr v0.14.2
[INFO] [stderr]   Downloaded ariadne v0.1.5
[INFO] [stderr]   Downloaded dot v0.1.4
[INFO] [stderr]   Downloaded ra_ap_ide_ssr v0.0.145
[INFO] [stderr]   Downloaded chalk-solve v0.88.0
[INFO] [stderr]   Downloaded ra_ap_ide_completion v0.0.145
[INFO] [stderr]   Downloaded ra_ap_ide v0.0.145
[INFO] [stderr]   Downloaded ra_ap_ide_assists v0.0.145
[INFO] [stderr]   Downloaded salsa v0.17.0-pre.2
[INFO] [stderr]   Downloaded ra_ap_hir_ty v0.0.145
[INFO] [stderr]   Downloaded ra_ap_hir_def v0.0.145
[INFO] [stderr]   Downloaded ra_ap_ide_db v0.0.145
[INFO] [stderr]   Downloaded ra_ap_parser v0.0.145
[INFO] [stderr]   Downloaded ra_ap_cfg v0.0.145
[INFO] [stderr]   Downloaded ra_ap_vfs v0.0.145
[INFO] [stderr]   Downloaded ra_ap_syntax v0.0.145
[INFO] [stderr]   Downloaded chalk-ir v0.88.0
[INFO] [stderr]   Downloaded ra_ap_text_edit v0.0.145
[INFO] [stderr]   Downloaded ra_ap_hir_expand v0.0.145
[INFO] [stderr]   Downloaded ra_ap_la-arena v0.0.145
[INFO] [stderr]   Downloaded ra_ap_profile v0.0.145
[INFO] [stderr]   Downloaded dissimilar v1.0.6
[INFO] [stderr]   Downloaded ra_ap_project_model v0.0.145
[INFO] [stderr]   Downloaded ra_ap_paths v0.0.145
[INFO] [stderr]   Downloaded hkalbasi-rustc-ap-rustc_index v0.0.20221221
[INFO] [stderr]   Downloaded ra_ap_hir v0.0.145
[INFO] [stderr]   Downloaded perf-event-open-sys v4.0.0
[INFO] [stderr]   Downloaded pulldown-cmark-to-cmark v10.0.4
[INFO] [stderr]   Downloaded ra_ap_ide_diagnostics v0.0.145
[INFO] [stderr]   Downloaded chalk-recursive v0.88.0
[INFO] [stderr]   Downloaded ra_ap_mbe v0.0.145
[INFO] [stderr]   Downloaded ra_ap_tt v0.0.145
[INFO] [stderr]   Downloaded rowan v0.15.11
[INFO] [stderr]   Downloaded rustc-ap-rustc_lexer v725.0.0
[INFO] [stderr]   Downloaded hkalbasi-rustc-ap-rustc_abi v0.0.20221221
[INFO] [stderr]   Downloaded ra_ap_test_utils v0.0.145
[INFO] [stderr]   Downloaded ra_ap_base_db v0.0.145
[INFO] [stderr]   Downloaded cov-mark v2.0.0-pre.1
[INFO] [stderr]   Downloaded perf-event v0.4.8
[INFO] [stderr]   Downloaded smol_str v0.1.24
[INFO] [stderr]   Downloaded rustyline v11.0.0
[INFO] running `Command { std: "docker" "create" "-v" "/var/lib/crater-agent-workspace/builds/worker-4-tc1/target:/opt/rustwide/target:rw,Z" "-v" "/var/lib/crater-agent-workspace/builds/worker-4-tc1/source:/opt/rustwide/workdir:ro,Z" "-v" "/var/lib/crater-agent-workspace/cargo-home:/opt/rustwide/cargo-home:ro,Z" "-v" "/var/lib/crater-agent-workspace/rustup-home:/opt/rustwide/rustup-home:ro,Z" "-e" "SOURCE_DIR=/opt/rustwide/workdir" "-e" "CARGO_TARGET_DIR=/opt/rustwide/target" "-e" "CARGO_HOME=/opt/rustwide/cargo-home" "-e" "RUSTUP_HOME=/opt/rustwide/rustup-home" "-w" "/opt/rustwide/workdir" "-m" "1610612736" "--user" "0:0" "--network" "none" "ghcr.io/rust-lang/crates-build-env/linux@sha256:f3a9d4ad9d972b27faf3965f35b62e55ba32bbce8f20bc8fe909558a86702fde" "/opt/rustwide/cargo-home/bin/cargo" "+1.83.0" "metadata" "--no-deps" "--format-version=1", kill_on_drop: false }`
[INFO] [stdout] 644e43498912f2d2bac5a24306ecd77ae64a388a67387644bca03bcc6c0e7279
[INFO] running `Command { std: "docker" "start" "-a" "644e43498912f2d2bac5a24306ecd77ae64a388a67387644bca03bcc6c0e7279", kill_on_drop: false }`
[INFO] running `Command { std: "docker" "inspect" "644e43498912f2d2bac5a24306ecd77ae64a388a67387644bca03bcc6c0e7279", kill_on_drop: false }`
[INFO] running `Command { std: "docker" "rm" "-f" "644e43498912f2d2bac5a24306ecd77ae64a388a67387644bca03bcc6c0e7279", kill_on_drop: false }`
[INFO] [stdout] 644e43498912f2d2bac5a24306ecd77ae64a388a67387644bca03bcc6c0e7279
[INFO] running `Command { std: "docker" "create" "-v" "/var/lib/crater-agent-workspace/builds/worker-4-tc1/target:/opt/rustwide/target:rw,Z" "-v" "/var/lib/crater-agent-workspace/builds/worker-4-tc1/source:/opt/rustwide/workdir:ro,Z" "-v" "/var/lib/crater-agent-workspace/cargo-home:/opt/rustwide/cargo-home:ro,Z" "-v" "/var/lib/crater-agent-workspace/rustup-home:/opt/rustwide/rustup-home:ro,Z" "-e" "SOURCE_DIR=/opt/rustwide/workdir" "-e" "CARGO_TARGET_DIR=/opt/rustwide/target" "-e" "CARGO_INCREMENTAL=0" "-e" "RUST_BACKTRACE=full" "-e" "RUSTFLAGS=--cap-lints=warn" "-e" "RUSTDOCFLAGS=--cap-lints=warn" "-e" "CARGO_HOME=/opt/rustwide/cargo-home" "-e" "RUSTUP_HOME=/opt/rustwide/rustup-home" "-w" "/opt/rustwide/workdir" "-m" "1610612736" "--user" "0:0" "--network" "none" "ghcr.io/rust-lang/crates-build-env/linux@sha256:f3a9d4ad9d972b27faf3965f35b62e55ba32bbce8f20bc8fe909558a86702fde" "/opt/rustwide/cargo-home/bin/cargo" "+1.83.0" "build" "--frozen" "--message-format=json", kill_on_drop: false }`
[INFO] [stdout] 920d03c758854bf829d255525f1a7d5a2baea3eedacdee093580ef40de115016
[INFO] running `Command { std: "docker" "start" "-a" "920d03c758854bf829d255525f1a7d5a2baea3eedacdee093580ef40de115016", kill_on_drop: false }`
[INFO] [stderr]    Compiling libc v0.2.144
[INFO] [stderr]    Compiling proc-macro2 v1.0.60
[INFO] [stderr]    Compiling quote v1.0.28
[INFO] [stderr]    Compiling unicode-ident v1.0.9
[INFO] [stderr]    Compiling log v0.4.18
[INFO] [stderr]    Compiling smallvec v1.10.0
[INFO] [stderr]    Compiling once_cell v1.18.0
[INFO] [stderr]    Compiling hashbrown v0.12.3
[INFO] [stderr]    Compiling syn v1.0.109
[INFO] [stderr]    Compiling rustc-hash v1.1.0
[INFO] [stderr]    Compiling serde v1.0.164
[INFO] [stderr]    Compiling lock_api v0.4.10
[INFO] [stderr]    Compiling indexmap v1.9.3
[INFO] [stderr]    Compiling crossbeam-utils v0.8.16
[INFO] [stderr]    Compiling unicode-xid v0.2.4
[INFO] [stderr]    Compiling parking_lot_core v0.9.8
[INFO] [stderr]    Compiling memchr v2.5.0
[INFO] [stderr]    Compiling either v1.8.1
[INFO] [stderr]    Compiling memoffset v0.8.0
[INFO] [stderr]    Compiling itertools v0.10.5
[INFO] [stderr]    Compiling tracing-core v0.1.31
[INFO] [stderr]    Compiling text-size v1.1.0
[INFO] [stderr]    Compiling pin-project-lite v0.2.9
[INFO] [stderr]    Compiling unicode-segmentation v1.10.1
[INFO] [stderr]    Compiling fst v0.4.7
[INFO] [stderr]    Compiling parking_lot_core v0.8.6
[INFO] [stderr]    Compiling ra_ap_la-arena v0.0.145
[INFO] [stderr]    Compiling rustc-ap-rustc_lexer v725.0.0
[INFO] [stderr]    Compiling instant v0.1.12
[INFO] [stderr]    Compiling always-assert v0.1.3
[INFO] [stderr]    Compiling drop_bomb v0.1.5
[INFO] [stderr]    Compiling ra_ap_limit v0.0.145
[INFO] [stderr]    Compiling cov-mark v2.0.0-pre.1
[INFO] [stderr]    Compiling ra_ap_paths v0.0.145
[INFO] [stderr]    Compiling dissimilar v1.0.6
[INFO] [stderr]    Compiling oorandom v11.1.3
[INFO] [stderr]    Compiling memoffset v0.9.0
[INFO] [stderr]    Compiling ra_ap_parser v0.0.145
[INFO] [stderr]    Compiling heck v0.3.3
[INFO] [stderr]    Compiling crossbeam-epoch v0.9.15
[INFO] [stderr]    Compiling arrayvec v0.7.4
[INFO] [stderr]    Compiling fixedbitset v0.2.0
[INFO] [stderr]    Compiling io-lifetimes v1.0.11
[INFO] [stderr]    Compiling ena v0.14.2
[INFO] [stderr]    Compiling crossbeam-channel v0.5.8
[INFO] [stderr]    Compiling rustix v0.37.19
[INFO] [stderr]    Compiling hkalbasi-rustc-ap-rustc_index v0.0.20221221
[INFO] [stderr]    Compiling rayon-core v1.11.0
[INFO] [stderr]    Compiling linux-raw-sys v0.3.8
[INFO] [stderr]    Compiling anymap v1.0.0-beta.2
[INFO] [stderr]    Compiling scoped-tls v1.0.1
[INFO] [stderr]    Compiling syn v2.0.18
[INFO] [stderr]    Compiling petgraph v0.5.1
[INFO] [stderr]    Compiling typed-arena v2.0.2
[INFO] [stderr]    Compiling ra_ap_text_edit v0.0.145
[INFO] [stderr]    Compiling ahash v0.7.6
[INFO] [stderr]    Compiling aho-corasick v1.0.2
[INFO] [stderr]    Compiling serde_json v1.0.97
[INFO] [stderr]    Compiling regex-syntax v0.7.2
[INFO] [stderr]    Compiling unicase v2.6.0
[INFO] [stderr]    Compiling proc-macro-error-attr v1.0.4
[INFO] [stderr]    Compiling itoa v1.0.6
[INFO] [stderr]    Compiling ra_ap_stdx v0.0.145
[INFO] [stderr]    Compiling perf-event-open-sys v4.0.0
[INFO] [stderr]    Compiling crossbeam-deque v0.8.3
[INFO] [stderr]    Compiling perf-event v0.4.8
[INFO] [stderr]    Compiling num_cpus v1.15.0
[INFO] [stderr]    Compiling dashmap v5.4.0
[INFO] [stderr]    Compiling ra_ap_vfs v0.0.145
[INFO] [stderr]    Compiling parking_lot v0.11.2
[INFO] [stderr]    Compiling getrandom v0.2.10
[INFO] [stderr]    Compiling ryu v1.0.13
[INFO] [stderr]    Compiling tinyvec_macros v0.1.1
[INFO] [stderr]    Compiling thiserror v1.0.40
[INFO] [stderr]    Compiling cc v1.0.79
[INFO] [stderr]    Compiling tinyvec v1.6.0
[INFO] [stderr]    Compiling countme v3.0.1
[INFO] [stderr]    Compiling proc-macro-error v1.0.4
[INFO] [stderr]    Compiling pulldown-cmark v0.9.3
[INFO] [stderr]    Compiling semver v1.0.17
[INFO] [stderr]    Compiling gimli v0.27.3
[INFO] [stderr]    Compiling ra_ap_profile v0.0.145
[INFO] [stderr]    Compiling rowan v0.15.11
[INFO] [stderr]    Compiling camino v1.1.4
[INFO] [stderr]    Compiling ra_ap_test_utils v0.0.145
[INFO] [stderr]    Compiling rayon v1.7.0
[INFO] [stderr]    Compiling miniz_oxide v0.6.2
[INFO] [stderr]    Compiling unicode-normalization v0.1.22
[INFO] [stderr]    Compiling inotify-sys v0.1.5
[INFO] [stderr]    Compiling object v0.30.4
[INFO] [stderr]    Compiling unicode-bidi v0.3.13
[INFO] [stderr]    Compiling regex v1.8.4
[INFO] [stderr]    Compiling rustc-demangle v0.1.23
[INFO] [stderr]    Compiling home v0.5.5
[INFO] [stderr]    Compiling percent-encoding v2.3.0
[INFO] [stderr]    Compiling anyhow v1.0.71
[INFO] [stderr]    Compiling backtrace v0.3.67
[INFO] [stderr]    Compiling same-file v1.0.6
[INFO] [stderr]    Compiling walkdir v2.3.3
[INFO] [stderr]    Compiling form_urlencoded v1.2.0
[INFO] [stderr]    Compiling idna v0.4.0
[INFO] [stderr]    Compiling ra_ap_toolchain v0.0.145
[INFO] [stderr]    Compiling inotify v0.9.6
[INFO] [stderr]    Compiling mio v0.8.8
[INFO] [stderr]    Compiling filetime v0.2.21
[INFO] [stderr]    Compiling tempfile v3.6.0
[INFO] [stderr]    Compiling is-terminal v0.4.7
[INFO] [stderr]    Compiling regex-syntax v0.6.29
[INFO] [stderr]    Compiling beef v0.5.2
[INFO] [stderr]    Compiling unicode-width v0.1.10
[INFO] [stderr]    Compiling fnv v1.0.7
[INFO] [stderr]    Compiling url v2.4.0
[INFO] [stderr]    Compiling notify v5.2.0
[INFO] [stderr]    Compiling dirs-sys-next v0.1.2
[INFO] [stderr]    Compiling pulldown-cmark-to-cmark v10.0.4
[INFO] [stderr]    Compiling dirs-sys v0.3.7
[INFO] [stderr]    Compiling nibble_vec v0.1.0
[INFO] [stderr]    Compiling is_ci v1.1.1
[INFO] [stderr]    Compiling synstructure v0.12.6
[INFO] [stderr]    Compiling endian-type v0.1.2
[INFO] [stderr]    Compiling static_assertions v1.1.0
[INFO] [stderr]    Compiling yansi v0.5.1
[INFO] [stderr]    Compiling dot v0.1.4
[INFO] [stderr]    Compiling test-case-core v3.1.0
[INFO] [stderr]    Compiling jod-thread v0.1.2
[INFO] [stderr]    Compiling fastrand v1.9.0
[INFO] [stderr]    Compiling smawk v0.3.1
[INFO] [stderr]    Compiling addr2line v0.19.0
[INFO] [stderr]    Compiling ariadne v0.1.5
[INFO] [stderr]    Compiling nix v0.26.2
[INFO] [stderr]    Compiling radix_trie v0.2.1
[INFO] [stderr]    Compiling supports-color v2.0.0
[INFO] [stderr]    Compiling dirs v4.0.0
[INFO] [stderr]    Compiling dirs-next v2.0.0
[INFO] [stderr]    Compiling supports-unicode v2.0.0
[INFO] [stderr]    Compiling supports-hyperlinks v2.1.0
[INFO] [stderr]    Compiling fd-lock v3.0.12
[INFO] [stderr]    Compiling terminal_size v0.1.17
[INFO] [stderr]    Compiling sig v1.0.0
[INFO] [stderr]    Compiling which v4.4.0
[INFO] [stderr]    Compiling libloading v0.7.4
[INFO] [stderr]    Compiling evcxr_input v1.0.0
[INFO] [stderr]    Compiling json v0.12.4
[INFO] [stderr]    Compiling utf8parse v0.2.1
[INFO] [stderr]    Compiling owo-colors v3.5.0
[INFO] [stderr]    Compiling logos-codegen v0.13.0
[INFO] [stderr]    Compiling salsa-macros v0.17.0-pre.2
[INFO] [stderr]    Compiling serde_derive v1.0.164
[INFO] [stderr]    Compiling tracing-attributes v0.1.26
[INFO] [stderr]    Compiling chalk-derive v0.88.0
[INFO] [stderr]    Compiling thiserror-impl v1.0.40
[INFO] [stderr]    Compiling miette-derive v5.9.0
[INFO] [stderr]    Compiling test-case-macros v3.1.0
[INFO] [stderr]    Compiling unicode-linebreak v0.1.4
[INFO] [stderr]    Compiling rustyline v11.0.0
[INFO] [stderr]    Compiling backtrace-ext v0.2.1
[INFO] [stderr]    Compiling test-case v3.1.0
[INFO] [stderr]    Compiling chalk-ir v0.88.0
[INFO] [stderr]    Compiling tracing v0.1.37
[INFO] [stderr]    Compiling logos-derive v0.13.0
[INFO] [stderr]    Compiling hkalbasi-rustc-ap-rustc_abi v0.0.20221221
[INFO] [stderr]    Compiling ra_ap_vfs-notify v0.0.145
[INFO] [stderr]    Compiling salsa v0.17.0-pre.2
[INFO] [stderr]    Compiling textwrap v0.15.2
[INFO] [stderr]    Compiling logos v0.13.0
[INFO] [stderr]    Compiling miette v5.9.0
[INFO] [stderr]    Compiling chalk-solve v0.88.0
[INFO] [stderr]    Compiling chalk-recursive v0.88.0
[INFO] [stderr]    Compiling smol_str v0.1.24
[INFO] [stderr]    Compiling cargo-platform v0.1.2
[INFO] [stderr]    Compiling ra_ap_tt v0.0.145
[INFO] [stderr]    Compiling ra_ap_syntax v0.0.145
[INFO] [stderr]    Compiling ra_ap_cfg v0.0.145
[INFO] [stderr]    Compiling cargo_metadata v0.15.4
[INFO] [stderr]    Compiling ra_ap_base_db v0.0.145
[INFO] [stderr]    Compiling ra_ap_mbe v0.0.145
[INFO] [stderr]    Compiling ra_ap_project_model v0.0.145
[INFO] [stderr]    Compiling ra_ap_hir_expand v0.0.145
[INFO] [stderr]    Compiling ra_ap_hir_def v0.0.145
[INFO] [stderr]    Compiling ra_ap_hir_ty v0.0.145
[INFO] [stderr]    Compiling ra_ap_hir v0.0.145
[INFO] [stderr]    Compiling ra_ap_ide_db v0.0.145
[INFO] [stderr]    Compiling ra_ap_ide_diagnostics v0.0.145
[INFO] [stderr]    Compiling ra_ap_ide_assists v0.0.145
[INFO] [stderr]    Compiling ra_ap_ide_ssr v0.0.145
[INFO] [stderr]    Compiling ra_ap_ide_completion v0.0.145
[INFO] [stderr]    Compiling ra_ap_ide v0.0.145
[INFO] [stderr]    Compiling evcxr v0.14.2
[INFO] [stderr]    Compiling make_a_lisp_readable_with_types v0.1.0 (/opt/rustwide/workdir)
[INFO] [stdout] warning: function `rust_eval` is never used
[INFO] [stdout]    --> src/core.rs:733:8
[INFO] [stdout]     |
[INFO] [stdout] 733 | pub fn rust_eval(args: Vec<MalType>) -> MalResult {
[INFO] [stdout]     |        ^^^^^^^^^
[INFO] [stdout]     |
[INFO] [stdout]     = note: `#[warn(dead_code)]` on by default
[INFO] [stdout] 
[INFO] [stdout] 
[INFO] [stderr]     Finished `dev` profile [unoptimized + debuginfo] target(s) in 2m 04s
[INFO] [stderr] warning: the following packages contain code that will be rejected by a future version of Rust: anymap v1.0.0-beta.2
[INFO] [stderr] note: to see what the problems were, use the option `--future-incompat-report`, or run `cargo report future-incompatibilities --id 1`
[INFO] running `Command { std: "docker" "inspect" "920d03c758854bf829d255525f1a7d5a2baea3eedacdee093580ef40de115016", kill_on_drop: false }`
[INFO] running `Command { std: "docker" "rm" "-f" "920d03c758854bf829d255525f1a7d5a2baea3eedacdee093580ef40de115016", kill_on_drop: false }`
[INFO] [stdout] 920d03c758854bf829d255525f1a7d5a2baea3eedacdee093580ef40de115016
[INFO] running `Command { std: "docker" "create" "-v" "/var/lib/crater-agent-workspace/builds/worker-4-tc1/target:/opt/rustwide/target:rw,Z" "-v" "/var/lib/crater-agent-workspace/builds/worker-4-tc1/source:/opt/rustwide/workdir:ro,Z" "-v" "/var/lib/crater-agent-workspace/cargo-home:/opt/rustwide/cargo-home:ro,Z" "-v" "/var/lib/crater-agent-workspace/rustup-home:/opt/rustwide/rustup-home:ro,Z" "-e" "SOURCE_DIR=/opt/rustwide/workdir" "-e" "CARGO_TARGET_DIR=/opt/rustwide/target" "-e" "CARGO_INCREMENTAL=0" "-e" "RUST_BACKTRACE=full" "-e" "RUSTFLAGS=--cap-lints=warn" "-e" "RUSTDOCFLAGS=--cap-lints=warn" "-e" "CARGO_HOME=/opt/rustwide/cargo-home" "-e" "RUSTUP_HOME=/opt/rustwide/rustup-home" "-w" "/opt/rustwide/workdir" "-m" "1610612736" "--user" "0:0" "--network" "none" "ghcr.io/rust-lang/crates-build-env/linux@sha256:f3a9d4ad9d972b27faf3965f35b62e55ba32bbce8f20bc8fe909558a86702fde" "/opt/rustwide/cargo-home/bin/cargo" "+1.83.0" "test" "--frozen" "--no-run" "--message-format=json", kill_on_drop: false }`
[INFO] [stdout] c30905d8b82875e0dae5802c37c80e7b51384b65da21a09b896a622511588597
[INFO] running `Command { std: "docker" "start" "-a" "c30905d8b82875e0dae5802c37c80e7b51384b65da21a09b896a622511588597", kill_on_drop: false }`
[INFO] [stderr]    Compiling make_a_lisp_readable_with_types v0.1.0 (/opt/rustwide/workdir)
[INFO] [stdout] warning: function `rust_eval` is never used
[INFO] [stdout]    --> src/core.rs:733:8
[INFO] [stdout]     |
[INFO] [stdout] 733 | pub fn rust_eval(args: Vec<MalType>) -> MalResult {
[INFO] [stdout]     |        ^^^^^^^^^
[INFO] [stdout]     |
[INFO] [stdout]     = note: `#[warn(dead_code)]` on by default
[INFO] [stdout] 
[INFO] [stdout] 
[INFO] [stdout] warning: creating a mutable reference to mutable static is discouraged
[INFO] [stdout]    --> src/main.rs:562:18
[INFO] [stdout]     |
[INFO] [stdout] 562 |         unsafe { OUTPUT.push(string) };
[INFO] [stdout]     |                  ^^^^^^^^^^^^^^^^^^^ mutable reference to mutable static
[INFO] [stdout]     |
[INFO] [stdout]     = note: for more information, see <https://doc.rust-lang.org/nightly/edition-guide/rust-2024/static-mut-references.html>
[INFO] [stdout]     = note: mutable references to mutable statics are dangerous; it's undefined behavior if any other pointer to the static is used or if any other reference is created for the static while the mutable reference lives
[INFO] [stdout]     = note: `#[warn(static_mut_refs)]` on by default
[INFO] [stdout] 
[INFO] [stdout] 
[INFO] [stdout] warning: creating a mutable reference to mutable static is discouraged
[INFO] [stdout]    --> src/main.rs:569:13
[INFO] [stdout]     |
[INFO] [stdout] 569 | /             OUTPUT.extend(
[INFO] [stdout] 570 | |                 string
[INFO] [stdout] 571 | |                     .split('\n')
[INFO] [stdout] 572 | |                     .map(|s| s.to_string())
[INFO] [stdout] 573 | |                     .collect::<Vec<_>>(),
[INFO] [stdout] 574 | |             )
[INFO] [stdout]     | |_____________^ mutable reference to mutable static
[INFO] [stdout]     |
[INFO] [stdout]     = note: for more information, see <https://doc.rust-lang.org/nightly/edition-guide/rust-2024/static-mut-references.html>
[INFO] [stdout]     = note: mutable references to mutable statics are dangerous; it's undefined behavior if any other pointer to the static is used or if any other reference is created for the static while the mutable reference lives
[INFO] [stdout] 
[INFO] [stdout] 
[INFO] [stdout] warning: creating a shared reference to mutable static is discouraged
[INFO] [stdout]    --> src/main.rs:677:32
[INFO] [stdout]     |
[INFO] [stdout] 677 |                 match unsafe { OUTPUT.get(current_out_index) } {
[INFO] [stdout]     |                                ^^^^^^^^^^^^^^^^^^^^^^^^^^^^^ shared reference to mutable static
[INFO] [stdout]     |
[INFO] [stdout]     = note: for more information, see <https://doc.rust-lang.org/nightly/edition-guide/rust-2024/static-mut-references.html>
[INFO] [stdout]     = note: shared references to mutable statics are dangerous; it's undefined behavior if the static is mutated or if a mutable reference is created for it while the shared reference lives
[INFO] [stdout] 
[INFO] [stdout] 
[INFO] [stdout] warning: creating a mutable reference to mutable static is discouraged
[INFO] [stdout]    --> src/main.rs:686:26
[INFO] [stdout]     |
[INFO] [stdout] 686 |                 unsafe { OUTPUT.clear() };
[INFO] [stdout]     |                          ^^^^^^^^^^^^^^ mutable reference to mutable static
[INFO] [stdout]     |
[INFO] [stdout]     = note: for more information, see <https://doc.rust-lang.org/nightly/edition-guide/rust-2024/static-mut-references.html>
[INFO] [stdout]     = note: mutable references to mutable statics are dangerous; it's undefined behavior if any other pointer to the static is used or if any other reference is created for the static while the mutable reference lives
[INFO] [stdout] 
[INFO] [stdout] 
[INFO] [stdout] warning: creating a shared reference to mutable static is discouraged
[INFO] [stdout]    --> src/main.rs:687:46
[INFO] [stdout]     |
[INFO] [stdout] 687 |                 current_out_index = unsafe { OUTPUT.len() };
[INFO] [stdout]     |                                              ^^^^^^^^^^^^ shared reference to mutable static
[INFO] [stdout]     |
[INFO] [stdout]     = note: for more information, see <https://doc.rust-lang.org/nightly/edition-guide/rust-2024/static-mut-references.html>
[INFO] [stdout]     = note: shared references to mutable statics are dangerous; it's undefined behavior if the static is mutated or if a mutable reference is created for it while the shared reference lives
[INFO] [stdout] 
[INFO] [stdout] 
[INFO] [stderr]     Finished `test` profile [unoptimized + debuginfo] target(s) in 22.57s
[INFO] [stderr] warning: the following packages contain code that will be rejected by a future version of Rust: anymap v1.0.0-beta.2
[INFO] [stderr] note: to see what the problems were, use the option `--future-incompat-report`, or run `cargo report future-incompatibilities --id 1`
[INFO] running `Command { std: "docker" "inspect" "c30905d8b82875e0dae5802c37c80e7b51384b65da21a09b896a622511588597", kill_on_drop: false }`
[INFO] running `Command { std: "docker" "rm" "-f" "c30905d8b82875e0dae5802c37c80e7b51384b65da21a09b896a622511588597", kill_on_drop: false }`
[INFO] [stdout] c30905d8b82875e0dae5802c37c80e7b51384b65da21a09b896a622511588597
[INFO] running `Command { std: "docker" "create" "-v" "/var/lib/crater-agent-workspace/builds/worker-4-tc1/target:/opt/rustwide/target:rw,Z" "-v" "/var/lib/crater-agent-workspace/builds/worker-4-tc1/source:/opt/rustwide/workdir:ro,Z" "-v" "/var/lib/crater-agent-workspace/cargo-home:/opt/rustwide/cargo-home:ro,Z" "-v" "/var/lib/crater-agent-workspace/rustup-home:/opt/rustwide/rustup-home:ro,Z" "-e" "SOURCE_DIR=/opt/rustwide/workdir" "-e" "CARGO_TARGET_DIR=/opt/rustwide/target" "-e" "CARGO_INCREMENTAL=0" "-e" "RUST_BACKTRACE=full" "-e" "RUSTFLAGS=--cap-lints=warn" "-e" "RUSTDOCFLAGS=--cap-lints=warn" "-e" "CARGO_HOME=/opt/rustwide/cargo-home" "-e" "RUSTUP_HOME=/opt/rustwide/rustup-home" "-w" "/opt/rustwide/workdir" "-m" "1610612736" "--user" "0:0" "--network" "none" "ghcr.io/rust-lang/crates-build-env/linux@sha256:f3a9d4ad9d972b27faf3965f35b62e55ba32bbce8f20bc8fe909558a86702fde" "/opt/rustwide/cargo-home/bin/cargo" "+1.83.0" "test" "--frozen", kill_on_drop: false }`
[INFO] [stdout] c9a0d71a6450774c647af9d2224f7688f895293fe4b4a033893bd74ac2ee9b20
[INFO] running `Command { std: "docker" "start" "-a" "c9a0d71a6450774c647af9d2224f7688f895293fe4b4a033893bd74ac2ee9b20", kill_on_drop: false }`
[INFO] [stderr] warning: function `rust_eval` is never used
[INFO] [stderr]    --> src/core.rs:733:8
[INFO] [stderr]     |
[INFO] [stderr] 733 | pub fn rust_eval(args: Vec<MalType>) -> MalResult {
[INFO] [stderr]     |        ^^^^^^^^^
[INFO] [stderr]     |
[INFO] [stderr]     = note: `#[warn(dead_code)]` on by default
[INFO] [stderr] 
[INFO] [stderr] warning: creating a mutable reference to mutable static is discouraged
[INFO] [stderr]    --> src/main.rs:562:18
[INFO] [stderr]     |
[INFO] [stderr] 562 |         unsafe { OUTPUT.push(string) };
[INFO] [stderr]     |                  ^^^^^^^^^^^^^^^^^^^ mutable reference to mutable static
[INFO] [stderr]     |
[INFO] [stderr]     = note: for more information, see <https://doc.rust-lang.org/nightly/edition-guide/rust-2024/static-mut-references.html>
[INFO] [stderr]     = note: mutable references to mutable statics are dangerous; it's undefined behavior if any other pointer to the static is used or if any other reference is created for the static while the mutable reference lives
[INFO] [stderr]     = note: `#[warn(static_mut_refs)]` on by default
[INFO] [stderr] 
[INFO] [stderr] warning: creating a mutable reference to mutable static is discouraged
[INFO] [stderr]    --> src/main.rs:569:13
[INFO] [stderr]     |
[INFO] [stderr] 569 | /             OUTPUT.extend(
[INFO] [stderr] 570 | |                 string
[INFO] [stderr] 571 | |                     .split('\n')
[INFO] [stderr] 572 | |                     .map(|s| s.to_string())
[INFO] [stderr] 573 | |                     .collect::<Vec<_>>(),
[INFO] [stderr] 574 | |             )
[INFO] [stderr]     | |_____________^ mutable reference to mutable static
[INFO] [stderr]     |
[INFO] [stderr]     = note: for more information, see <https://doc.rust-lang.org/nightly/edition-guide/rust-2024/static-mut-references.html>
[INFO] [stderr]     = note: mutable references to mutable statics are dangerous; it's undefined behavior if any other pointer to the static is used or if any other reference is created for the static while the mutable reference lives
[INFO] [stderr] 
[INFO] [stderr] warning: creating a shared reference to mutable static is discouraged
[INFO] [stderr]    --> src/main.rs:677:32
[INFO] [stderr]     |
[INFO] [stderr] 677 |                 match unsafe { OUTPUT.get(current_out_index) } {
[INFO] [stderr]     |                                ^^^^^^^^^^^^^^^^^^^^^^^^^^^^^ shared reference to mutable static
[INFO] [stderr]     |
[INFO] [stderr]     = note: for more information, see <https://doc.rust-lang.org/nightly/edition-guide/rust-2024/static-mut-references.html>
[INFO] [stderr]     = note: shared references to mutable statics are dangerous; it's undefined behavior if the static is mutated or if a mutable reference is created for it while the shared reference lives
[INFO] [stderr] 
[INFO] [stderr] warning: creating a mutable reference to mutable static is discouraged
[INFO] [stderr]    --> src/main.rs:686:26
[INFO] [stderr]     |
[INFO] [stderr] 686 |                 unsafe { OUTPUT.clear() };
[INFO] [stderr]     |                          ^^^^^^^^^^^^^^ mutable reference to mutable static
[INFO] [stderr]     |
[INFO] [stderr]     = note: for more information, see <https://doc.rust-lang.org/nightly/edition-guide/rust-2024/static-mut-references.html>
[INFO] [stderr]     = note: mutable references to mutable statics are dangerous; it's undefined behavior if any other pointer to the static is used or if any other reference is created for the static while the mutable reference lives
[INFO] [stderr] 
[INFO] [stderr] warning: creating a shared reference to mutable static is discouraged
[INFO] [stderr]    --> src/main.rs:687:46
[INFO] [stderr]     |
[INFO] [stderr] 687 |                 current_out_index = unsafe { OUTPUT.len() };
[INFO] [stderr]     |                                              ^^^^^^^^^^^^ shared reference to mutable static
[INFO] [stderr]     |
[INFO] [stderr]     = note: for more information, see <https://doc.rust-lang.org/nightly/edition-guide/rust-2024/static-mut-references.html>
[INFO] [stderr]     = note: shared references to mutable statics are dangerous; it's undefined behavior if the static is mutated or if a mutable reference is created for it while the shared reference lives
[INFO] [stderr] 
[INFO] [stderr] warning: `make_a_lisp_readable_with_types` (bin "make_a_lisp_readable_with_types" test) generated 6 warnings
[INFO] [stderr]     Finished `test` profile [unoptimized + debuginfo] target(s) in 0.49s
[INFO] [stderr] warning: the following packages contain code that will be rejected by a future version of Rust: anymap v1.0.0-beta.2
[INFO] [stderr] note: to see what the problems were, use the option `--future-incompat-report`, or run `cargo report future-incompatibilities --id 1`
[INFO] [stderr]      Running unittests src/main.rs (/opt/rustwide/target/debug/deps/make_a_lisp_readable_with_types-85d905bd6b2c7b08)
[INFO] [stdout] 
[INFO] [stdout] running 8 tests
[INFO] [stdout] test tests::step_6_eval_tester ... ok
[INFO] [stdout] test tests::step_3_eval_tester ... ok
[INFO] [stdout] test tests::step_a_eval_tester ... ok
[INFO] [stdout] test tests::step_8_eval_tester ... ok
[INFO] [stdout] test tests::step_7_eval_tester ... ok
[INFO] [stdout] test tests::step_9_eval_tester ... FAILED
[INFO] [stdout] test tests::step_4_eval_tester ... FAILED
[INFO] [stdout] test tests::step_5_eval_tester ... ok
[INFO] [stdout] 
[INFO] [stdout] failures:
[INFO] [stdout] 
[INFO] [stdout] ---- tests::step_9_eval_tester stdout ----
[INFO] [stdout] "rust-mal"
[INFO] [stdout] (fn* (a) (if a false true))
[INFO] [stdout] (fn* (f) (eval (read-string (str "(do " (slurp f) "\nnil)"))))
[INFO] [stdout] (fn* (& xs) (if (> (count xs) 0) (list (quote if) (first xs) (if (> (count xs) 1) (nth xs 1) (throw "odd number of forms to cond")) (cons (quote cond) (rest (rest xs))))))
[INFO] [stdout] thread 'tests::step_9_eval_tester' panicked at src/main.rs:680:25:
[INFO] [stdout] See line 23 for error
[INFO] [stdout] stack backtrace:
[INFO] [stdout]    0:     0x61aed074408a - std::backtrace_rs::backtrace::libunwind::trace::h5a5b8284f2d0c266
[INFO] [stdout]                                at /rustc/90b35a6239c3d8bdabc530a6a0816f7ff89a0aaf/library/std/src/../../backtrace/src/backtrace/libunwind.rs:116:5
[INFO] [stdout]    1:     0x61aed074408a - std::backtrace_rs::backtrace::trace_unsynchronized::h76d4f1c9b0b875e3
[INFO] [stdout]                                at /rustc/90b35a6239c3d8bdabc530a6a0816f7ff89a0aaf/library/std/src/../../backtrace/src/backtrace/mod.rs:66:5
[INFO] [stdout]    2:     0x61aed074408a - std::sys::backtrace::_print_fmt::hc4546b8364a537c6
[INFO] [stdout]                                at /rustc/90b35a6239c3d8bdabc530a6a0816f7ff89a0aaf/library/std/src/sys/backtrace.rs:66:9
[INFO] [stdout]    3:     0x61aed074408a - <std::sys::backtrace::BacktraceLock::print::DisplayBacktrace as core::fmt::Display>::fmt::h5b6bd5631a6d1f6b
[INFO] [stdout]                                at /rustc/90b35a6239c3d8bdabc530a6a0816f7ff89a0aaf/library/std/src/sys/backtrace.rs:39:26
[INFO] [stdout]    4:     0x61aed076c573 - core::fmt::rt::Argument::fmt::h270f6602a2b96f62
[INFO] [stdout]                                at /rustc/90b35a6239c3d8bdabc530a6a0816f7ff89a0aaf/library/core/src/fmt/rt.rs:177:76
[INFO] [stdout]    5:     0x61aed076c573 - core::fmt::write::h7550c97b06c86515
[INFO] [stdout]                                at /rustc/90b35a6239c3d8bdabc530a6a0816f7ff89a0aaf/library/core/src/fmt/mod.rs:1186:21
[INFO] [stdout]    6:     0x61aed0740a03 - std::io::Write::write_fmt::h509ff860e5956e5e
[INFO] [stdout]                                at /rustc/90b35a6239c3d8bdabc530a6a0816f7ff89a0aaf/library/std/src/io/mod.rs:1839:15
[INFO] [stdout]    7:     0x61aed0743ed2 - std::sys::backtrace::BacktraceLock::print::h2395ccd2c84ba3aa
[INFO] [stdout]                                at /rustc/90b35a6239c3d8bdabc530a6a0816f7ff89a0aaf/library/std/src/sys/backtrace.rs:42:9
[INFO] [stdout]    8:     0x61aed07454ea - std::panicking::default_hook::{{closure}}::he19d4c7230e07961
[INFO] [stdout]                                at /rustc/90b35a6239c3d8bdabc530a6a0816f7ff89a0aaf/library/std/src/panicking.rs:268:22
[INFO] [stdout]    9:     0x61aed07452f4 - std::panicking::default_hook::hf614597d3c67bbdb
[INFO] [stdout]                                at /rustc/90b35a6239c3d8bdabc530a6a0816f7ff89a0aaf/library/std/src/panicking.rs:292:9
[INFO] [stdout]   10:     0x61aed068fcb9 - <alloc::boxed::Box<F,A> as core::ops::function::Fn<Args>>::call::h39b51ce4599c23d1
[INFO] [stdout]                                at /rustc/90b35a6239c3d8bdabc530a6a0816f7ff89a0aaf/library/alloc/src/boxed.rs:2468:9
[INFO] [stdout]   11:     0x61aed068fcb9 - test::test_main::{{closure}}::he977ae839a582784
[INFO] [stdout]                                at /rustc/90b35a6239c3d8bdabc530a6a0816f7ff89a0aaf/library/test/src/lib.rs:133:21
[INFO] [stdout]   12:     0x61aed0745b88 - <alloc::boxed::Box<F,A> as core::ops::function::Fn<Args>>::call::h9455091b6b06f9fb
[INFO] [stdout]                                at /rustc/90b35a6239c3d8bdabc530a6a0816f7ff89a0aaf/library/alloc/src/boxed.rs:2468:9
[INFO] [stdout]   13:     0x61aed0745b88 - std::panicking::rust_panic_with_hook::h8942133a8b252070
[INFO] [stdout]                                at /rustc/90b35a6239c3d8bdabc530a6a0816f7ff89a0aaf/library/std/src/panicking.rs:809:13
[INFO] [stdout]   14:     0x61aed074594a - std::panicking::begin_panic_handler::{{closure}}::hb5f5963570096b29
[INFO] [stdout]                                at /rustc/90b35a6239c3d8bdabc530a6a0816f7ff89a0aaf/library/std/src/panicking.rs:674:13
[INFO] [stdout]   15:     0x61aed0744569 - std::sys::backtrace::__rust_end_short_backtrace::h6208cedc1922feda
[INFO] [stdout]                                at /rustc/90b35a6239c3d8bdabc530a6a0816f7ff89a0aaf/library/std/src/sys/backtrace.rs:170:18
[INFO] [stdout]   16:     0x61aed07455dc - rust_begin_unwind
[INFO] [stdout]                                at /rustc/90b35a6239c3d8bdabc530a6a0816f7ff89a0aaf/library/std/src/panicking.rs:665:5
[INFO] [stdout]   17:     0x61aed04641c0 - core::panicking::panic_fmt::h0c3082644d1bf418
[INFO] [stdout]                                at /rustc/90b35a6239c3d8bdabc530a6a0816f7ff89a0aaf/library/core/src/panicking.rs:74:14
[INFO] [stdout]   18:     0x61aed04bc8d2 - make_a_lisp_readable_with_types::tests::run_test::h79a773e215f211eb
[INFO] [stdout]                                at /opt/rustwide/workdir/src/main.rs:680:25
[INFO] [stdout]   19:     0x61aed04bd414 - make_a_lisp_readable_with_types::tests::step_9_eval_tester::hd788c871c9d0ce46
[INFO] [stdout]                                at /opt/rustwide/workdir/src/main.rs:623:9
[INFO] [stdout]   20:     0x61aed04bd3c7 - make_a_lisp_readable_with_types::tests::step_9_eval_tester::{{closure}}::h0492394aebf3b8c0
[INFO] [stdout]                                at /opt/rustwide/workdir/src/main.rs:621:28
[INFO] [stdout]   21:     0x61aed04a3a26 - core::ops::function::FnOnce::call_once::h854cc555b6356bef
[INFO] [stdout]                                at /rustc/90b35a6239c3d8bdabc530a6a0816f7ff89a0aaf/library/core/src/ops/function.rs:250:5
[INFO] [stdout]   22:     0x61aed069467b - core::ops::function::FnOnce::call_once::h109cf8051a59b34e
[INFO] [stdout]                                at /rustc/90b35a6239c3d8bdabc530a6a0816f7ff89a0aaf/library/core/src/ops/function.rs:250:5
[INFO] [stdout]   23:     0x61aed069467b - test::__rust_begin_short_backtrace::hf4fff89d377446ba
[INFO] [stdout]                                at /rustc/90b35a6239c3d8bdabc530a6a0816f7ff89a0aaf/library/test/src/lib.rs:621:18
[INFO] [stdout]   24:     0x61aed0693eb7 - test::run_test_in_process::{{closure}}::h0e39181dd7ee5a43
[INFO] [stdout]                                at /rustc/90b35a6239c3d8bdabc530a6a0816f7ff89a0aaf/library/test/src/lib.rs:644:60
[INFO] [stdout]   25:     0x61aed0693eb7 - <core::panic::unwind_safe::AssertUnwindSafe<F> as core::ops::function::FnOnce<()>>::call_once::hc5a66a30f0bdfd1f
[INFO] [stdout]                                at /rustc/90b35a6239c3d8bdabc530a6a0816f7ff89a0aaf/library/core/src/panic/unwind_safe.rs:272:9
[INFO] [stdout]   26:     0x61aed0693eb7 - std::panicking::try::do_call::h873b7cf639554a5e
[INFO] [stdout]                                at /rustc/90b35a6239c3d8bdabc530a6a0816f7ff89a0aaf/library/std/src/panicking.rs:557:40
[INFO] [stdout]   27:     0x61aed0693eb7 - std::panicking::try::hdb19862fad9c8bd1
[INFO] [stdout]                                at /rustc/90b35a6239c3d8bdabc530a6a0816f7ff89a0aaf/library/std/src/panicking.rs:520:19
[INFO] [stdout]   28:     0x61aed0693eb7 - std::panic::catch_unwind::h281fe732d236d260
[INFO] [stdout]                                at /rustc/90b35a6239c3d8bdabc530a6a0816f7ff89a0aaf/library/std/src/panic.rs:358:14
[INFO] [stdout]   29:     0x61aed0693eb7 - test::run_test_in_process::h949b6df8457ed338
[INFO] [stdout]                                at /rustc/90b35a6239c3d8bdabc530a6a0816f7ff89a0aaf/library/test/src/lib.rs:644:27
[INFO] [stdout]   30:     0x61aed0693eb7 - test::run_test::{{closure}}::h52c556a6d4740e10
[INFO] [stdout]                                at /rustc/90b35a6239c3d8bdabc530a6a0816f7ff89a0aaf/library/test/src/lib.rs:565:43
[INFO] [stdout]   31:     0x61aed0659194 - test::run_test::{{closure}}::h4237f6381c45ccb9
[INFO] [stdout]                                at /rustc/90b35a6239c3d8bdabc530a6a0816f7ff89a0aaf/library/test/src/lib.rs:595:41
[INFO] [stdout]   32:     0x61aed0659194 - std::sys::backtrace::__rust_begin_short_backtrace::h505c97a579eca628
[INFO] [stdout]                                at /rustc/90b35a6239c3d8bdabc530a6a0816f7ff89a0aaf/library/std/src/sys/backtrace.rs:154:18
[INFO] [stdout]   33:     0x61aed065c85e - std::thread::Builder::spawn_unchecked_::{{closure}}::{{closure}}::h9e86b2e2bc107ea3
[INFO] [stdout]                                at /rustc/90b35a6239c3d8bdabc530a6a0816f7ff89a0aaf/library/std/src/thread/mod.rs:538:17
[INFO] [stdout]   34:     0x61aed065c85e - <core::panic::unwind_safe::AssertUnwindSafe<F> as core::ops::function::FnOnce<()>>::call_once::h8b06ddb275ff4a25
[INFO] [stdout]                                at /rustc/90b35a6239c3d8bdabc530a6a0816f7ff89a0aaf/library/core/src/panic/unwind_safe.rs:272:9
[INFO] [stdout]   35:     0x61aed065c85e - std::panicking::try::do_call::hb26ecd7cd9a9355d
[INFO] [stdout]                                at /rustc/90b35a6239c3d8bdabc530a6a0816f7ff89a0aaf/library/std/src/panicking.rs:557:40
[INFO] [stdout]   36:     0x61aed065c85e - std::panicking::try::h8ddeca9d705f9069
[INFO] [stdout]                                at /rustc/90b35a6239c3d8bdabc530a6a0816f7ff89a0aaf/library/std/src/panicking.rs:520:19
[INFO] [stdout]   37:     0x61aed065c85e - std::panic::catch_unwind::h49e1c33078844c46
[INFO] [stdout]                                at /rustc/90b35a6239c3d8bdabc530a6a0816f7ff89a0aaf/library/std/src/panic.rs:358:14
[INFO] [stdout]   38:     0x61aed065c85e - std::thread::Builder::spawn_unchecked_::{{closure}}::h6073db6ff56ad35d
[INFO] [stdout]                                at /rustc/90b35a6239c3d8bdabc530a6a0816f7ff89a0aaf/library/std/src/thread/mod.rs:537:30
[INFO] [stdout]   39:     0x61aed065c85e - core::ops::function::FnOnce::call_once{{vtable.shim}}::h2c5a5f3779c774f1
[INFO] [stdout]                                at /rustc/90b35a6239c3d8bdabc530a6a0816f7ff89a0aaf/library/core/src/ops/function.rs:250:5
[INFO] [stdout]   40:     0x61aed07499db - <alloc::boxed::Box<F,A> as core::ops::function::FnOnce<Args>>::call_once::hf75717d9f28faebf
[INFO] [stdout]                                at /rustc/90b35a6239c3d8bdabc530a6a0816f7ff89a0aaf/library/alloc/src/boxed.rs:2454:9
[INFO] [stdout]   41:     0x61aed07499db - <alloc::boxed::Box<F,A> as core::ops::function::FnOnce<Args>>::call_once::h7bd883a5f3c5f3c1
[INFO] [stdout]                                at /rustc/90b35a6239c3d8bdabc530a6a0816f7ff89a0aaf/library/alloc/src/boxed.rs:2454:9
[INFO] [stdout]   42:     0x61aed07499db - std::sys::pal::unix::thread::Thread::new::thread_start::hcc78f3943333fa94
[INFO] [stdout]                                at /rustc/90b35a6239c3d8bdabc530a6a0816f7ff89a0aaf/library/std/src/sys/pal/unix/thread.rs:105:17
[INFO] [stdout]   43:     0x7e84f2013ac3 - <unknown>
[INFO] [stdout]   44:     0x7e84f20a4a04 - clone
[INFO] [stdout]   45:                0x0 - <unknown>
[INFO] [stdout] 
[INFO] [stdout] ---- tests::step_4_eval_tester stdout ----
[INFO] [stdout] "rust-mal"
[INFO] [stdout] (fn* (a) (if a false true))
[INFO] [stdout] (fn* (f) (eval (read-string (str "(do " (slurp f) "\nnil)"))))
[INFO] [stdout] (fn* (& xs) (if (> (count xs) 0) (list (quote if) (first xs) (if (> (count xs) 1) (nth xs 1) (throw "odd number of forms to cond")) (cons (quote cond) (rest (rest xs))))))
[INFO] [stdout] thread 'tests::step_4_eval_tester' panicked at src/main.rs:680:25:
[INFO] [stdout] See line 172 for error
[INFO] [stdout] stack backtrace:
[INFO] [stdout]    0:     0x61aed074408a - std::backtrace_rs::backtrace::libunwind::trace::h5a5b8284f2d0c266
[INFO] [stdout]                                at /rustc/90b35a6239c3d8bdabc530a6a0816f7ff89a0aaf/library/std/src/../../backtrace/src/backtrace/libunwind.rs:116:5
[INFO] [stdout]    1:     0x61aed074408a - std::backtrace_rs::backtrace::trace_unsynchronized::h76d4f1c9b0b875e3
[INFO] [stdout]                                at /rustc/90b35a6239c3d8bdabc530a6a0816f7ff89a0aaf/library/std/src/../../backtrace/src/backtrace/mod.rs:66:5
[INFO] [stdout]    2:     0x61aed074408a - std::sys::backtrace::_print_fmt::hc4546b8364a537c6
[INFO] [stdout]                                at /rustc/90b35a6239c3d8bdabc530a6a0816f7ff89a0aaf/library/std/src/sys/backtrace.rs:66:9
[INFO] [stdout]    3:     0x61aed074408a - <std::sys::backtrace::BacktraceLock::print::DisplayBacktrace as core::fmt::Display>::fmt::h5b6bd5631a6d1f6b
[INFO] [stdout]                                at /rustc/90b35a6239c3d8bdabc530a6a0816f7ff89a0aaf/library/std/src/sys/backtrace.rs:39:26
[INFO] [stdout]    4:     0x61aed076c573 - core::fmt::rt::Argument::fmt::h270f6602a2b96f62
[INFO] [stdout]                                at /rustc/90b35a6239c3d8bdabc530a6a0816f7ff89a0aaf/library/core/src/fmt/rt.rs:177:76
[INFO] [stdout]    5:     0x61aed076c573 - core::fmt::write::h7550c97b06c86515
[INFO] [stdout]                                at /rustc/90b35a6239c3d8bdabc530a6a0816f7ff89a0aaf/library/core/src/fmt/mod.rs:1186:21
[INFO] [stdout]    6:     0x61aed0740a03 - std::io::Write::write_fmt::h509ff860e5956e5e
[INFO] [stdout]                                at /rustc/90b35a6239c3d8bdabc530a6a0816f7ff89a0aaf/library/std/src/io/mod.rs:1839:15
[INFO] [stdout]    7:     0x61aed0743ed2 - std::sys::backtrace::BacktraceLock::print::h2395ccd2c84ba3aa
[INFO] [stdout]                                at /rustc/90b35a6239c3d8bdabc530a6a0816f7ff89a0aaf/library/std/src/sys/backtrace.rs:42:9
[INFO] [stdout]    8:     0x61aed07454ea - std::panicking::default_hook::{{closure}}::he19d4c7230e07961
[INFO] [stdout]                                at /rustc/90b35a6239c3d8bdabc530a6a0816f7ff89a0aaf/library/std/src/panicking.rs:268:22
[INFO] [stdout]    9:     0x61aed07452f4 - std::panicking::default_hook::hf614597d3c67bbdb
[INFO] [stdout]                                at /rustc/90b35a6239c3d8bdabc530a6a0816f7ff89a0aaf/library/std/src/panicking.rs:292:9
[INFO] [stdout]   10:     0x61aed068fcb9 - <alloc::boxed::Box<F,A> as core::ops::function::Fn<Args>>::call::h39b51ce4599c23d1
[INFO] [stdout]                                at /rustc/90b35a6239c3d8bdabc530a6a0816f7ff89a0aaf/library/alloc/src/boxed.rs:2468:9
[INFO] [stdout]   11:     0x61aed068fcb9 - test::test_main::{{closure}}::he977ae839a582784
[INFO] [stdout]                                at /rustc/90b35a6239c3d8bdabc530a6a0816f7ff89a0aaf/library/test/src/lib.rs:133:21
[INFO] [stdout]   12:     0x61aed0745b88 - <alloc::boxed::Box<F,A> as core::ops::function::Fn<Args>>::call::h9455091b6b06f9fb
[INFO] [stdout]                                at /rustc/90b35a6239c3d8bdabc530a6a0816f7ff89a0aaf/library/alloc/src/boxed.rs:2468:9
[INFO] [stdout]   13:     0x61aed0745b88 - std::panicking::rust_panic_with_hook::h8942133a8b252070
[INFO] [stdout]                                at /rustc/90b35a6239c3d8bdabc530a6a0816f7ff89a0aaf/library/std/src/panicking.rs:809:13
[INFO] [stdout]   14:     0x61aed074594a - std::panicking::begin_panic_handler::{{closure}}::hb5f5963570096b29
[INFO] [stdout]                                at /rustc/90b35a6239c3d8bdabc530a6a0816f7ff89a0aaf/library/std/src/panicking.rs:674:13
[INFO] [stdout]   15:     0x61aed0744569 - std::sys::backtrace::__rust_end_short_backtrace::h6208cedc1922feda
[INFO] [stdout]                                at /rustc/90b35a6239c3d8bdabc530a6a0816f7ff89a0aaf/library/std/src/sys/backtrace.rs:170:18
[INFO] [stdout]   16:     0x61aed07455dc - rust_begin_unwind
[INFO] [stdout]                                at /rustc/90b35a6239c3d8bdabc530a6a0816f7ff89a0aaf/library/std/src/panicking.rs:665:5
[INFO] [stdout]   17:     0x61aed04641c0 - core::panicking::panic_fmt::h0c3082644d1bf418
[INFO] [stdout]                                at /rustc/90b35a6239c3d8bdabc530a6a0816f7ff89a0aaf/library/core/src/panicking.rs:74:14
[INFO] [stdout]   18:     0x61aed04bc8d2 - make_a_lisp_readable_with_types::tests::run_test::h79a773e215f211eb
[INFO] [stdout]                                at /opt/rustwide/workdir/src/main.rs:680:25
[INFO] [stdout]   19:     0x61aed04bd1e4 - make_a_lisp_readable_with_types::tests::step_4_eval_tester::h0a21277b3b56205e
[INFO] [stdout]                                at /opt/rustwide/workdir/src/main.rs:593:9
[INFO] [stdout]   20:     0x61aed04bd197 - make_a_lisp_readable_with_types::tests::step_4_eval_tester::{{closure}}::he91dd9ff1e502385
[INFO] [stdout]                                at /opt/rustwide/workdir/src/main.rs:591:28
[INFO] [stdout]   21:     0x61aed04a3aa6 - core::ops::function::FnOnce::call_once::h894260e4cc5ac404
[INFO] [stdout]                                at /rustc/90b35a6239c3d8bdabc530a6a0816f7ff89a0aaf/library/core/src/ops/function.rs:250:5
[INFO] [stdout]   22:     0x61aed069467b - core::ops::function::FnOnce::call_once::h109cf8051a59b34e
[INFO] [stdout]                                at /rustc/90b35a6239c3d8bdabc530a6a0816f7ff89a0aaf/library/core/src/ops/function.rs:250:5
[INFO] [stdout]   23:     0x61aed069467b - test::__rust_begin_short_backtrace::hf4fff89d377446ba
[INFO] [stdout]                                at /rustc/90b35a6239c3d8bdabc530a6a0816f7ff89a0aaf/library/test/src/lib.rs:621:18
[INFO] [stdout]   24:     0x61aed0693eb7 - test::run_test_in_process::{{closure}}::h0e39181dd7ee5a43
[INFO] [stdout]                                at /rustc/90b35a6239c3d8bdabc530a6a0816f7ff89a0aaf/library/test/src/lib.rs:644:60
[INFO] [stdout]   25:     0x61aed0693eb7 - <core::panic::unwind_safe::AssertUnwindSafe<F> as core::ops::function::FnOnce<()>>::call_once::hc5a66a30f0bdfd1f
[INFO] [stdout]                                at /rustc/90b35a6239c3d8bdabc530a6a0816f7ff89a0aaf/library/core/src/panic/unwind_safe.rs:272:9
[INFO] [stdout]   26:     0x61aed0693eb7 - std::panicking::try::do_call::h873b7cf639554a5e
[INFO] [stdout]                                at /rustc/90b35a6239c3d8bdabc530a6a0816f7ff89a0aaf/library/std/src/panicking.rs:557:40
[INFO] [stdout]   27:     0x61aed0693eb7 - std::panicking::try::hdb19862fad9c8bd1
[INFO] [stdout]                                at /rustc/90b35a6239c3d8bdabc530a6a0816f7ff89a0aaf/library/std/src/panicking.rs:520:19
[INFO] [stdout]   28:     0x61aed0693eb7 - std::panic::catch_unwind::h281fe732d236d260
[INFO] [stdout]                                at /rustc/90b35a6239c3d8bdabc530a6a0816f7ff89a0aaf/library/std/src/panic.rs:358:14
[INFO] [stdout]   29:     0x61aed0693eb7 - test::run_test_in_process::h949b6df8457ed338
[INFO] [stdout]                                at /rustc/90b35a6239c3d8bdabc530a6a0816f7ff89a0aaf/library/test/src/lib.rs:644:27
[INFO] [stdout]   30:     0x61aed0693eb7 - test::run_test::{{closure}}::h52c556a6d4740e10
[INFO] [stdout]                                at /rustc/90b35a6239c3d8bdabc530a6a0816f7ff89a0aaf/library/test/src/lib.rs:565:43
[INFO] [stdout]   31:     0x61aed0659194 - test::run_test::{{closure}}::h4237f6381c45ccb9
[INFO] [stdout]                                at /rustc/90b35a6239c3d8bdabc530a6a0816f7ff89a0aaf/library/test/src/lib.rs:595:41
[INFO] [stdout]   32:     0x61aed0659194 - std::sys::backtrace::__rust_begin_short_backtrace::h505c97a579eca628
[INFO] [stdout]                                at /rustc/90b35a6239c3d8bdabc530a6a0816f7ff89a0aaf/library/std/src/sys/backtrace.rs:154:18
[INFO] [stdout]   33:     0x61aed065c85e - std::thread::Builder::spawn_unchecked_::{{closure}}::{{closure}}::h9e86b2e2bc107ea3
[INFO] [stdout]                                at /rustc/90b35a6239c3d8bdabc530a6a0816f7ff89a0aaf/library/std/src/thread/mod.rs:538:17
[INFO] [stdout]   34:     0x61aed065c85e - <core::panic::unwind_safe::AssertUnwindSafe<F> as core::ops::function::FnOnce<()>>::call_once::h8b06ddb275ff4a25
[INFO] [stdout]                                at /rustc/90b35a6239c3d8bdabc530a6a0816f7ff89a0aaf/library/core/src/panic/unwind_safe.rs:272:9
[INFO] [stdout]   35:     0x61aed065c85e - std::panicking::try::do_call::hb26ecd7cd9a9355d
[INFO] [stdout]                                at /rustc/90b35a6239c3d8bdabc530a6a0816f7ff89a0aaf/library/std/src/panicking.rs:557:40
[INFO] [stdout]   36:     0x61aed065c85e - std::panicking::try::h8ddeca9d705f9069
[INFO] [stdout]                                at /rustc/90b35a6239c3d8bdabc530a6a0816f7ff89a0aaf/library/std/src/panicking.rs:520:19
[INFO] [stdout]   37:     0x61aed065c85e - std::panic::catch_unwind::h49e1c33078844c46
[INFO] [stdout]                                at /rustc/90b35a6239c3d8bdabc530a6a0816f7ff89a0aaf/library/std/src/panic.rs:358:14
[INFO] [stdout]   38:     0x61aed065c85e - std::thread::Builder::spawn_unchecked_::{{closure}}::h6073db6ff56ad35d
[INFO] [stdout]                                at /rustc/90b35a6239c3d8bdabc530a6a0816f7ff89a0aaf/library/std/src/thread/mod.rs:537:30
[INFO] [stdout]   39:     0x61aed065c85e - core::ops::function::FnOnce::call_once{{vtable.shim}}::h2c5a5f3779c774f1
[INFO] [stdout]                                at /rustc/90b35a6239c3d8bdabc530a6a0816f7ff89a0aaf/library/core/src/ops/function.rs:250:5
[INFO] [stdout]   40:     0x61aed07499db - <alloc::boxed::Box<F,A> as core::ops::function::FnOnce<Args>>::call_once::hf75717d9f28faebf
[INFO] [stdout]                                at /rustc/90b35a6239c3d8bdabc530a6a0816f7ff89a0aaf/library/alloc/src/boxed.rs:2454:9
[INFO] [stdout]   41:     0x61aed07499db - <alloc::boxed::Box<F,A> as core::ops::function::FnOnce<Args>>::call_once::h7bd883a5f3c5f3c1
[INFO] [stdout]                                at /rustc/90b35a6239c3d8bdabc530a6a0816f7ff89a0aaf/library/alloc/src/boxed.rs:2454:9
[INFO] [stdout]   42:     0x61aed07499db - std::sys::pal::unix::thread::Thread::new::thread_start::hcc78f3943333fa94
[INFO] [stdout]                                at /rustc/90b35a6239c3d8bdabc530a6a0816f7ff89a0aaf/library/std/src/sys/pal/unix/thread.rs:105:17
[INFO] [stdout]   43:     0x7e84f2013ac3 - <unknown>
[INFO] [stdout]   44:     0x7e84f20a4a04 - clone
[INFO] [stdout]   45:                0x0 - <unknown>
[INFO] [stdout] 
[INFO] [stdout] 
[INFO] [stdout] failures:
[INFO] [stdout]     tests::step_4_eval_tester
[INFO] [stdout]     tests::step_9_eval_tester
[INFO] [stdout] 
[INFO] [stdout] test result: FAILED. 6 passed; 2 failed; 0 ignored; 0 measured; 0 filtered out; finished in 1.29s
[INFO] [stdout] 
[INFO] [stderr] error: test failed, to rerun pass `--bin make_a_lisp_readable_with_types`
[INFO] running `Command { std: "docker" "inspect" "c9a0d71a6450774c647af9d2224f7688f895293fe4b4a033893bd74ac2ee9b20", kill_on_drop: false }`
[INFO] running `Command { std: "docker" "rm" "-f" "c9a0d71a6450774c647af9d2224f7688f895293fe4b4a033893bd74ac2ee9b20", kill_on_drop: false }`
[INFO] [stdout] c9a0d71a6450774c647af9d2224f7688f895293fe4b4a033893bd74ac2ee9b20
