[INFO] cloning repository https://github.com/SuperVenus0725/PunksMint
[INFO] running `Command { std: "git" "-c" "credential.helper=" "-c" "credential.helper=/workspace/cargo-home/bin/git-credential-null" "clone" "--bare" "https://github.com/SuperVenus0725/PunksMint" "/workspace/cache/git-repos/https%3A%2F%2Fgithub.com%2FSuperVenus0725%2FPunksMint", kill_on_drop: false }`
[INFO] [stderr] Cloning into bare repository '/workspace/cache/git-repos/https%3A%2F%2Fgithub.com%2FSuperVenus0725%2FPunksMint'...
[INFO] running `Command { std: "git" "rev-parse" "HEAD", kill_on_drop: false }`
[INFO] [stdout] ac58a78b5c356e03db41183299e56ece0afef813
[INFO] testing SuperVenus0725/PunksMint against beta-2024-12-08 for beta-1.84.0-4-retry
[INFO] running `Command { std: "git" "clone" "/workspace/cache/git-repos/https%3A%2F%2Fgithub.com%2FSuperVenus0725%2FPunksMint" "/workspace/builds/worker-4-tc2/source", kill_on_drop: false }`
[INFO] [stderr] Cloning into '/workspace/builds/worker-4-tc2/source'...
[INFO] [stderr] done.
[INFO] validating manifest of git repo https://github.com/SuperVenus0725/PunksMint on toolchain beta-2024-12-08
[INFO] running `Command { std: CARGO_HOME="/workspace/cargo-home" RUSTUP_HOME="/workspace/rustup-home" "/workspace/cargo-home/bin/cargo" "+beta-2024-12-08" "metadata" "--manifest-path" "Cargo.toml" "--no-deps", kill_on_drop: false }`
[INFO] removed /workspace/builds/worker-4-tc2/source/.cargo/config
[INFO] started tweaking git repo https://github.com/SuperVenus0725/PunksMint
[INFO] finished tweaking git repo https://github.com/SuperVenus0725/PunksMint
[INFO] tweaked toml for git repo https://github.com/SuperVenus0725/PunksMint written to /workspace/builds/worker-4-tc2/source/Cargo.toml
[INFO] crate git repo https://github.com/SuperVenus0725/PunksMint already has a lockfile, it will not be regenerated
[INFO] running `Command { std: CARGO_HOME="/workspace/cargo-home" RUSTUP_HOME="/workspace/rustup-home" "/workspace/cargo-home/bin/cargo" "+beta-2024-12-08" "fetch" "--manifest-path" "Cargo.toml", kill_on_drop: false }`
[INFO] running `Command { std: "docker" "create" "-v" "/var/lib/crater-agent-workspace/builds/worker-4-tc2/target:/opt/rustwide/target:rw,Z" "-v" "/var/lib/crater-agent-workspace/builds/worker-4-tc2/source:/opt/rustwide/workdir:ro,Z" "-v" "/var/lib/crater-agent-workspace/cargo-home:/opt/rustwide/cargo-home:ro,Z" "-v" "/var/lib/crater-agent-workspace/rustup-home:/opt/rustwide/rustup-home:ro,Z" "-e" "SOURCE_DIR=/opt/rustwide/workdir" "-e" "CARGO_TARGET_DIR=/opt/rustwide/target" "-e" "CARGO_HOME=/opt/rustwide/cargo-home" "-e" "RUSTUP_HOME=/opt/rustwide/rustup-home" "-w" "/opt/rustwide/workdir" "-m" "1610612736" "--user" "0:0" "--network" "none" "ghcr.io/rust-lang/crates-build-env/linux@sha256:f3a9d4ad9d972b27faf3965f35b62e55ba32bbce8f20bc8fe909558a86702fde" "/opt/rustwide/cargo-home/bin/cargo" "+beta-2024-12-08" "metadata" "--no-deps" "--format-version=1", kill_on_drop: false }`
[INFO] [stdout] 5bd21dc236dcb024cf8bba61f28d6ca3dd6c31759602e7776f77bf0b35bafc48
[INFO] running `Command { std: "docker" "start" "-a" "5bd21dc236dcb024cf8bba61f28d6ca3dd6c31759602e7776f77bf0b35bafc48", kill_on_drop: false }`
[INFO] running `Command { std: "docker" "inspect" "5bd21dc236dcb024cf8bba61f28d6ca3dd6c31759602e7776f77bf0b35bafc48", kill_on_drop: false }`
[INFO] running `Command { std: "docker" "rm" "-f" "5bd21dc236dcb024cf8bba61f28d6ca3dd6c31759602e7776f77bf0b35bafc48", kill_on_drop: false }`
[INFO] [stdout] 5bd21dc236dcb024cf8bba61f28d6ca3dd6c31759602e7776f77bf0b35bafc48
[INFO] running `Command { std: "docker" "create" "-v" "/var/lib/crater-agent-workspace/builds/worker-4-tc2/target:/opt/rustwide/target:rw,Z" "-v" "/var/lib/crater-agent-workspace/builds/worker-4-tc2/source:/opt/rustwide/workdir:ro,Z" "-v" "/var/lib/crater-agent-workspace/cargo-home:/opt/rustwide/cargo-home:ro,Z" "-v" "/var/lib/crater-agent-workspace/rustup-home:/opt/rustwide/rustup-home:ro,Z" "-e" "SOURCE_DIR=/opt/rustwide/workdir" "-e" "CARGO_TARGET_DIR=/opt/rustwide/target" "-e" "CARGO_INCREMENTAL=0" "-e" "RUST_BACKTRACE=full" "-e" "RUSTFLAGS=--cap-lints=warn" "-e" "RUSTDOCFLAGS=--cap-lints=warn" "-e" "CARGO_HOME=/opt/rustwide/cargo-home" "-e" "RUSTUP_HOME=/opt/rustwide/rustup-home" "-w" "/opt/rustwide/workdir" "-m" "1610612736" "--user" "0:0" "--network" "none" "ghcr.io/rust-lang/crates-build-env/linux@sha256:f3a9d4ad9d972b27faf3965f35b62e55ba32bbce8f20bc8fe909558a86702fde" "/opt/rustwide/cargo-home/bin/cargo" "+beta-2024-12-08" "build" "--frozen" "--message-format=json", kill_on_drop: false }`
[INFO] [stdout] 3533faf8de229c6515e960c9179c5c6448cb5edf4569f8649177153e69989379
[INFO] running `Command { std: "docker" "start" "-a" "3533faf8de229c6515e960c9179c5c6448cb5edf4569f8649177153e69989379", kill_on_drop: false }`
[INFO] [stderr]    Compiling libc v0.2.82
[INFO] [stderr]    Compiling version_check v0.9.2
[INFO] [stderr]    Compiling typenum v1.12.0
[INFO] [stderr]    Compiling proc-macro2 v1.0.29
[INFO] [stderr]    Compiling unicode-xid v0.2.1
[INFO] [stderr]    Compiling syn v1.0.80
[INFO] [stderr]    Compiling getrandom v0.2.2
[INFO] [stderr]    Compiling subtle v2.4.0
[INFO] [stderr]    Compiling serde_derive v1.0.120
[INFO] [stderr]    Compiling const-oid v0.6.1
[INFO] [stderr]    Compiling zeroize v1.3.0
[INFO] [stderr]    Compiling serde v1.0.120
[INFO] [stderr]    Compiling generic-array v0.14.4
[INFO] [stderr]    Compiling der v0.4.4
[INFO] [stderr]    Compiling opaque-debug v0.3.0
[INFO] [stderr]    Compiling byteorder v1.4.2
[INFO] [stderr]    Compiling cpuid-bool v0.1.2
[INFO] [stderr]    Compiling ryu v1.0.5
[INFO] [stderr]    Compiling crunchy v0.2.2
[INFO] [stderr]    Compiling hex v0.4.2
[INFO] [stderr]    Compiling quote v1.0.8
[INFO] [stderr]    Compiling serde_json v1.0.61
[INFO] [stderr]    Compiling schemars v0.8.6
[INFO] [stderr]    Compiling itoa v0.4.7
[INFO] [stderr]    Compiling spki v0.4.1
[INFO] [stderr]    Compiling getrandom v0.1.16
[INFO] [stderr]    Compiling pkcs8 v0.7.6
[INFO] [stderr]    Compiling dyn-clone v1.0.4
[INFO] [stderr]    Compiling rand_core v0.6.1
[INFO] [stderr]    Compiling rand_core v0.5.1
[INFO] [stderr]    Compiling static_assertions v1.1.0
[INFO] [stderr]    Compiling forward_ref v1.0.0
[INFO] [stderr]    Compiling ppv-lite86 v0.2.10
[INFO] [stderr]    Compiling uint v0.9.1
[INFO] [stderr]    Compiling base64 v0.12.3
[INFO] [stderr]    Compiling ff v0.10.1
[INFO] [stderr]    Compiling group v0.10.0
[INFO] [stderr]    Compiling rand_chacha v0.2.2
[INFO] [stderr]    Compiling digest v0.9.0
[INFO] [stderr]    Compiling crypto-mac v0.11.1
[INFO] [stderr]    Compiling crypto-bigint v0.2.10
[INFO] [stderr]    Compiling block-buffer v0.9.0
[INFO] [stderr]    Compiling hmac v0.11.0
[INFO] [stderr]    Compiling signature v1.3.1
[INFO] [stderr]    Compiling sha2 v0.9.2
[INFO] [stderr]    Compiling curve25519-dalek v3.1.0
[INFO] [stderr]    Compiling rand v0.7.3
[INFO] [stderr]    Compiling elliptic-curve v0.10.6
[INFO] [stderr]    Compiling ecdsa v0.12.4
[INFO] [stderr]    Compiling k256 v0.9.6
[INFO] [stderr]    Compiling serde_derive_internals v0.25.0
[INFO] [stderr]    Compiling thiserror-impl v1.0.23
[INFO] [stderr]    Compiling cosmwasm-derive v1.0.0-beta6
[INFO] [stderr]    Compiling schemars_derive v0.8.6
[INFO] [stderr]    Compiling thiserror v1.0.23
[INFO] [stderr]    Compiling ed25519-zebra v2.2.0
[INFO] [stderr]    Compiling serde-json-wasm v0.3.2
[INFO] [stderr]    Compiling cosmwasm-crypto v1.0.0-beta6
[INFO] [stderr]    Compiling cosmwasm-std v1.0.0-beta6
[INFO] [stderr]    Compiling cw-utils v0.12.1
[INFO] [stderr]    Compiling cw-storage-plus v0.12.1
[INFO] [stderr]    Compiling cw-utils v0.11.1
[INFO] [stderr]    Compiling cosmwasm-storage v1.0.0-beta
[INFO] [stderr]    Compiling cw721 v0.11.1
[INFO] [stderr]    Compiling cw721 v0.12.0
[INFO] [stderr]    Compiling cw20 v0.12.1
[INFO] [stderr]    Compiling cw2 v0.12.1
[INFO] [stderr]    Compiling cw721-base v0.12.0
[INFO] [stderr]    Compiling Juno_Punks v0.10.0 (/opt/rustwide/workdir)
[INFO] [stdout] warning: unused variable: `info`
[INFO] [stdout]   --> src/contract.rs:19:5
[INFO] [stdout]    |
[INFO] [stdout] 19 |     info: MessageInfo,
[INFO] [stdout]    |     ^^^^ help: if this is intentional, prefix it with an underscore: `_info`
[INFO] [stdout]    |
[INFO] [stdout]    = note: `#[warn(unused_variables)]` on by default
[INFO] [stdout] 
[INFO] [stdout] 
[INFO] [stdout] warning: unused variable: `env`
[INFO] [stdout]   --> src/contract.rs:56:5
[INFO] [stdout]    |
[INFO] [stdout] 56 |     env: Env,
[INFO] [stdout]    |     ^^^ help: if this is intentional, prefix it with an underscore: `_env`
[INFO] [stdout] 
[INFO] [stdout] 
[INFO] [stdout] warning: variable does not need to be mutable
[INFO] [stdout]   --> src/contract.rs:82:14
[INFO] [stdout]    |
[INFO] [stdout] 82 |             |mut user_info|->StdResult<_>{
[INFO] [stdout]    |              ----^^^^^^^^^
[INFO] [stdout]    |              |
[INFO] [stdout]    |              help: remove this `mut`
[INFO] [stdout]    |
[INFO] [stdout]    = note: `#[warn(unused_mut)]` on by default
[INFO] [stdout] 
[INFO] [stdout] 
[INFO] [stdout] warning: crate `Juno_Punks` should have a snake case name
[INFO] [stdout]   |
[INFO] [stdout]   = help: convert the identifier to snake case: `juno_punks`
[INFO] [stdout]   = note: `#[warn(non_snake_case)]` on by default
[INFO] [stdout] 
[INFO] [stdout] 
[INFO] [stderr]     Finished `dev` profile [unoptimized + debuginfo] target(s) in 57.13s
[INFO] running `Command { std: "docker" "inspect" "3533faf8de229c6515e960c9179c5c6448cb5edf4569f8649177153e69989379", kill_on_drop: false }`
[INFO] running `Command { std: "docker" "rm" "-f" "3533faf8de229c6515e960c9179c5c6448cb5edf4569f8649177153e69989379", kill_on_drop: false }`
[INFO] [stdout] 3533faf8de229c6515e960c9179c5c6448cb5edf4569f8649177153e69989379
[INFO] running `Command { std: "docker" "create" "-v" "/var/lib/crater-agent-workspace/builds/worker-4-tc2/target:/opt/rustwide/target:rw,Z" "-v" "/var/lib/crater-agent-workspace/builds/worker-4-tc2/source:/opt/rustwide/workdir:ro,Z" "-v" "/var/lib/crater-agent-workspace/cargo-home:/opt/rustwide/cargo-home:ro,Z" "-v" "/var/lib/crater-agent-workspace/rustup-home:/opt/rustwide/rustup-home:ro,Z" "-e" "SOURCE_DIR=/opt/rustwide/workdir" "-e" "CARGO_TARGET_DIR=/opt/rustwide/target" "-e" "CARGO_INCREMENTAL=0" "-e" "RUST_BACKTRACE=full" "-e" "RUSTFLAGS=--cap-lints=warn" "-e" "RUSTDOCFLAGS=--cap-lints=warn" "-e" "CARGO_HOME=/opt/rustwide/cargo-home" "-e" "RUSTUP_HOME=/opt/rustwide/rustup-home" "-w" "/opt/rustwide/workdir" "-m" "1610612736" "--user" "0:0" "--network" "none" "ghcr.io/rust-lang/crates-build-env/linux@sha256:f3a9d4ad9d972b27faf3965f35b62e55ba32bbce8f20bc8fe909558a86702fde" "/opt/rustwide/cargo-home/bin/cargo" "+beta-2024-12-08" "test" "--frozen" "--no-run" "--message-format=json", kill_on_drop: false }`
[INFO] [stdout] 02e9a62aba2318a202c117737861321791fbfdb45115d8c01e174a8e81c5fc32
[INFO] running `Command { std: "docker" "start" "-a" "02e9a62aba2318a202c117737861321791fbfdb45115d8c01e174a8e81c5fc32", kill_on_drop: false }`
[INFO] [stderr]    Compiling autocfg v1.0.1
[INFO] [stderr]    Compiling hashbrown v0.9.1
[INFO] [stderr]    Compiling bitflags v1.2.1
[INFO] [stderr]    Compiling fnv v1.0.7
[INFO] [stderr]    Compiling strsim v0.10.0
[INFO] [stderr]    Compiling ident_case v1.0.1
[INFO] [stderr]    Compiling rustversion v1.0.5
[INFO] [stderr]    Compiling ptr_meta_derive v0.1.4
[INFO] [stderr]    Compiling rkyv v0.6.7
[INFO] [stderr]    Compiling target-lexicon v0.12.2
[INFO] [stderr]    Compiling darling_core v0.12.4
[INFO] [stderr]    Compiling memoffset v0.6.1
[INFO] [stderr]    Compiling indexmap v1.6.1
[INFO] [stderr]    Compiling miniz_oxide v0.4.3
[INFO] [stderr]    Compiling rkyv_derive v0.6.7
[INFO] [stderr]    Compiling loupe-derive v0.1.3
[INFO] [stderr]    Compiling seahash v4.1.0
[INFO] [stderr]    Compiling cc v1.0.66
[INFO] [stderr]    Compiling ptr_meta v0.1.4
[INFO] [stderr]    Compiling smallvec v1.6.1
[INFO] [stderr]    Compiling adler v0.2.3
[INFO] [stderr]    Compiling gimli v0.23.0
[INFO] [stderr]    Compiling crossbeam-utils v0.8.1
[INFO] [stderr]    Compiling object v0.23.0
[INFO] [stderr]    Compiling rustc-demangle v0.1.18
[INFO] [stderr]    Compiling loupe v0.1.3
[INFO] [stderr]    Compiling wasmer-vm v2.0.0
[INFO] [stderr]    Compiling region v2.2.0
[INFO] [stderr]    Compiling const_fn v0.4.5
[INFO] [stderr]    Compiling more-asserts v0.2.1
[INFO] [stderr]    Compiling serde_bytes v0.11.5
[INFO] [stderr]    Compiling proc-macro-error-attr v1.0.4
[INFO] [stderr]    Compiling cranelift-entity v0.74.0
[INFO] [stderr]    Compiling wasmparser v0.78.2
[INFO] [stderr]    Compiling proc-macro-error v1.0.4
[INFO] [stderr]    Compiling rayon-core v1.9.0
[INFO] [stderr]    Compiling log v0.4.13
[INFO] [stderr]    Compiling cranelift-codegen-shared v0.74.0
[INFO] [stderr]    Compiling darling_macro v0.12.4
[INFO] [stderr]    Compiling cranelift-codegen-meta v0.74.0
[INFO] [stderr]    Compiling crossbeam-epoch v0.9.1
[INFO] [stderr]    Compiling memmap2 v0.2.0
[INFO] [stderr]    Compiling memchr v2.4.1
[INFO] [stderr]    Compiling addr2line v0.14.1
[INFO] [stderr]    Compiling cfg-if v0.1.10
[INFO] [stderr]    Compiling crc32fast v1.2.1
[INFO] [stderr]    Compiling darling v0.12.4
[INFO] [stderr]    Compiling backtrace v0.3.56
[INFO] [stderr]    Compiling enumset_derive v0.5.4
[INFO] [stderr]    Compiling crossbeam-deque v0.8.0
[INFO] [stderr]    Compiling crossbeam-channel v0.5.0
[INFO] [stderr]    Compiling rayon v1.5.0
[INFO] [stderr]    Compiling wasmer-types v2.0.0
[INFO] [stderr]    Compiling num_cpus v1.13.0
[INFO] [stderr]    Compiling stable_deref_trait v1.2.0
[INFO] [stderr]    Compiling fallible-iterator v0.2.0
[INFO] [stderr]    Compiling regalloc v0.0.31
[INFO] [stderr]    Compiling enumset v1.0.6
[INFO] [stderr]    Compiling gimli v0.24.0
[INFO] [stderr]    Compiling rand_chacha v0.3.0
[INFO] [stderr]    Compiling cranelift-bforest v0.74.0
[INFO] [stderr]    Compiling tracing-core v0.1.17
[INFO] [stderr]    Compiling tracing-attributes v0.1.11
[INFO] [stderr]    Compiling pin-project-lite v0.2.4
[INFO] [stderr]    Compiling either v1.6.1
[INFO] [stderr]    Compiling object v0.25.3
[INFO] [stderr]    Compiling rand v0.8.2
[INFO] [stderr]    Compiling wasmer-compiler v2.0.0
[INFO] [stderr]    Compiling tracing v0.1.22
[INFO] [stderr]    Compiling dynasm v1.0.1
[INFO] [stderr]    Compiling leb128 v0.2.4
[INFO] [stderr]    Compiling wasmer-compiler-cranelift v2.0.0
[INFO] [stderr]    Compiling remove_dir_all v0.5.3
[INFO] [stderr]    Compiling wasmer-engine v2.0.0
[INFO] [stderr]    Compiling wasmer-object v2.0.0
[INFO] [stderr]    Compiling tempfile v3.2.0
[INFO] [stderr]    Compiling which v4.0.2
[INFO] [stderr]    Compiling libloading v0.7.1
[INFO] [stderr]    Compiling wasmer-engine-universal v2.0.0
[INFO] [stderr]    Compiling wasmer-engine-dylib v2.0.0
[INFO] [stderr]    Compiling wasmer-derive v2.0.0
[INFO] [stderr]    Compiling clru v0.4.0
[INFO] [stderr]    Compiling parity-wasm v0.42.1
[INFO] [stderr]    Compiling cosmwasm-schema v1.0.0-beta
[INFO] [stdout] warning: unused variable: `info`
[INFO] [stdout]   --> src/contract.rs:19:5
[INFO] [stdout]    |
[INFO] [stdout] 19 |     info: MessageInfo,
[INFO] [stdout]    |     ^^^^ help: if this is intentional, prefix it with an underscore: `_info`
[INFO] [stdout]    |
[INFO] [stdout]    = note: `#[warn(unused_variables)]` on by default
[INFO] [stdout] 
[INFO] [stdout] 
[INFO] [stdout] warning: unused variable: `env`
[INFO] [stdout]   --> src/contract.rs:56:5
[INFO] [stdout]    |
[INFO] [stdout] 56 |     env: Env,
[INFO] [stdout]    |     ^^^ help: if this is intentional, prefix it with an underscore: `_env`
[INFO] [stdout] 
[INFO] [stdout] 
[INFO] [stdout] warning: variable does not need to be mutable
[INFO] [stdout]   --> src/contract.rs:82:14
[INFO] [stdout]    |
[INFO] [stdout] 82 |             |mut user_info|->StdResult<_>{
[INFO] [stdout]    |              ----^^^^^^^^^
[INFO] [stdout]    |              |
[INFO] [stdout]    |              help: remove this `mut`
[INFO] [stdout]    |
[INFO] [stdout]    = note: `#[warn(unused_mut)]` on by default
[INFO] [stdout] 
[INFO] [stdout] 
[INFO] [stdout] warning: crate `Juno_Punks` should have a snake case name
[INFO] [stdout]   |
[INFO] [stdout]   = help: convert the identifier to snake case: `juno_punks`
[INFO] [stdout]   = note: `#[warn(non_snake_case)]` on by default
[INFO] [stdout] 
[INFO] [stdout] 
[INFO] [stderr]    Compiling cranelift-codegen v0.74.0
[INFO] [stderr]    Compiling dynasmrt v1.0.1
[INFO] [stderr]    Compiling wasmer-compiler-singlepass v2.0.0
[INFO] [stderr]    Compiling cranelift-frontend v0.74.0
[INFO] [stderr]    Compiling wasmer v2.0.0
[INFO] [stderr]    Compiling wasmer-middlewares v2.0.0
[INFO] [stderr]    Compiling cosmwasm-vm v1.0.0-beta
[INFO] [stderr]    Compiling Juno_Punks v0.10.0 (/opt/rustwide/workdir)
[INFO] [stdout] warning: unused variable: `info`
[INFO] [stdout]   --> src/contract.rs:19:5
[INFO] [stdout]    |
[INFO] [stdout] 19 |     info: MessageInfo,
[INFO] [stdout]    |     ^^^^ help: if this is intentional, prefix it with an underscore: `_info`
[INFO] [stdout]    |
[INFO] [stdout]    = note: `#[warn(unused_variables)]` on by default
[INFO] [stdout] 
[INFO] [stdout] 
[INFO] [stdout] warning: unused variable: `env`
[INFO] [stdout]   --> src/contract.rs:56:5
[INFO] [stdout]    |
[INFO] [stdout] 56 |     env: Env,
[INFO] [stdout]    |     ^^^ help: if this is intentional, prefix it with an underscore: `_env`
[INFO] [stdout] 
[INFO] [stdout] 
[INFO] [stdout] warning: variable does not need to be mutable
[INFO] [stdout]   --> src/contract.rs:82:14
[INFO] [stdout]    |
[INFO] [stdout] 82 |             |mut user_info|->StdResult<_>{
[INFO] [stdout]    |              ----^^^^^^^^^
[INFO] [stdout]    |              |
[INFO] [stdout]    |              help: remove this `mut`
[INFO] [stdout]    |
[INFO] [stdout]    = note: `#[warn(unused_mut)]` on by default
[INFO] [stdout] 
[INFO] [stdout] 
[INFO] [stderr]     Finished `test` profile [unoptimized + debuginfo] target(s) in 2m 20s
[INFO] [stderr] warning: the following packages contain code that will be rejected by a future version of Rust: cranelift-codegen-meta v0.74.0, wasmer-compiler-singlepass v2.0.0, wasmparser v0.78.2
[INFO] [stderr] note: to see what the problems were, use the option `--future-incompat-report`, or run `cargo report future-incompatibilities --id 1`
[INFO] running `Command { std: "docker" "inspect" "02e9a62aba2318a202c117737861321791fbfdb45115d8c01e174a8e81c5fc32", kill_on_drop: false }`
[INFO] running `Command { std: "docker" "rm" "-f" "02e9a62aba2318a202c117737861321791fbfdb45115d8c01e174a8e81c5fc32", kill_on_drop: false }`
[INFO] [stdout] 02e9a62aba2318a202c117737861321791fbfdb45115d8c01e174a8e81c5fc32
[INFO] running `Command { std: "docker" "create" "-v" "/var/lib/crater-agent-workspace/builds/worker-4-tc2/target:/opt/rustwide/target:rw,Z" "-v" "/var/lib/crater-agent-workspace/builds/worker-4-tc2/source:/opt/rustwide/workdir:ro,Z" "-v" "/var/lib/crater-agent-workspace/cargo-home:/opt/rustwide/cargo-home:ro,Z" "-v" "/var/lib/crater-agent-workspace/rustup-home:/opt/rustwide/rustup-home:ro,Z" "-e" "SOURCE_DIR=/opt/rustwide/workdir" "-e" "CARGO_TARGET_DIR=/opt/rustwide/target" "-e" "CARGO_INCREMENTAL=0" "-e" "RUST_BACKTRACE=full" "-e" "RUSTFLAGS=--cap-lints=warn" "-e" "RUSTDOCFLAGS=--cap-lints=warn" "-e" "CARGO_HOME=/opt/rustwide/cargo-home" "-e" "RUSTUP_HOME=/opt/rustwide/rustup-home" "-w" "/opt/rustwide/workdir" "-m" "1610612736" "--user" "0:0" "--network" "none" "ghcr.io/rust-lang/crates-build-env/linux@sha256:f3a9d4ad9d972b27faf3965f35b62e55ba32bbce8f20bc8fe909558a86702fde" "/opt/rustwide/cargo-home/bin/cargo" "+beta-2024-12-08" "test" "--frozen", kill_on_drop: false }`
[INFO] [stdout] 84500d5a3fe0167d7dbd1b62c30aa299bbff57fcf814eff3636c80fb734cae0d
[INFO] running `Command { std: "docker" "start" "-a" "84500d5a3fe0167d7dbd1b62c30aa299bbff57fcf814eff3636c80fb734cae0d", kill_on_drop: false }`
[INFO] [stderr] warning: unused variable: `info`
[INFO] [stderr]   --> src/contract.rs:19:5
[INFO] [stderr]    |
[INFO] [stderr] 19 |     info: MessageInfo,
[INFO] [stderr]    |     ^^^^ help: if this is intentional, prefix it with an underscore: `_info`
[INFO] [stderr]    |
[INFO] [stderr]    = note: `#[warn(unused_variables)]` on by default
[INFO] [stderr] 
[INFO] [stderr] warning: unused variable: `env`
[INFO] [stderr]   --> src/contract.rs:56:5
[INFO] [stderr]    |
[INFO] [stderr] 56 |     env: Env,
[INFO] [stderr]    |     ^^^ help: if this is intentional, prefix it with an underscore: `_env`
[INFO] [stderr] 
[INFO] [stderr] warning: variable does not need to be mutable
[INFO] [stderr]   --> src/contract.rs:82:14
[INFO] [stderr]    |
[INFO] [stderr] 82 |             |mut user_info|->StdResult<_>{
[INFO] [stderr]    |              ----^^^^^^^^^
[INFO] [stderr]    |              |
[INFO] [stderr]    |              help: remove this `mut`
[INFO] [stderr]    |
[INFO] [stderr]    = note: `#[warn(unused_mut)]` on by default
[INFO] [stderr] 
[INFO] [stderr] warning: crate `Juno_Punks` should have a snake case name
[INFO] [stderr]   |
[INFO] [stderr]   = help: convert the identifier to snake case: `juno_punks`
[INFO] [stderr]   = note: `#[warn(non_snake_case)]` on by default
[INFO] [stderr] 
[INFO] [stderr] warning: `Juno_Punks` (lib) generated 4 warnings (run `cargo fix --lib -p Juno_Punks` to apply 1 suggestion)
[INFO] [stderr] warning: `Juno_Punks` (lib test) generated 3 warnings (3 duplicates)
[INFO] [stderr]     Finished `test` profile [unoptimized + debuginfo] target(s) in 0.32s
[INFO] [stderr] warning: the following packages contain code that will be rejected by a future version of Rust: cranelift-codegen-meta v0.74.0, wasmer-compiler-singlepass v2.0.0, wasmparser v0.78.2
[INFO] [stderr] note: to see what the problems were, use the option `--future-incompat-report`, or run `cargo report future-incompatibilities --id 1`
[INFO] [stderr]      Running unittests src/lib.rs (/opt/rustwide/target/debug/deps/Juno_Punks-576c6943a3f9d440)
[INFO] [stdout] 
[INFO] [stdout] running 1 test
[INFO] [stdout] test contract::tests::buy_token ... FAILED
[INFO] [stdout] 
[INFO] [stdout] failures:
[INFO] [stdout] 
[INFO] [stdout] ---- contract::tests::buy_token stdout ----
[INFO] [stdout] thread 'contract::tests::buy_token' panicked at src/contract.rs:331:9:
[INFO] [stdout] assertion `left == right` failed
[INFO] [stdout]   left: Wasm(Execute { contract_addr: "nft_address1", msg: Binary(7b226d696e74223a7b22746f6b656e5f6964223a224a756e6f50756e6b732e31222c226f776e6572223a2263726561746f72222c22746f6b656e5f757269223a2275726c312e6a736f6e222c22657874656e73696f6e223a7b226e616d65223a2232222c226465736372697074696f6e223a2264657363222c22696d616765223a22696d616765222c22646e61223a22646e61222c2265646974696f6e223a312c2264617465223a3132332c2261747472696275746573223a5b7b2274726169745f74797065223a22313233222c2276616c7565223a22636c61757365227d5d2c22636f6d70696c6572223a22636f6d70696c6572227d7d7d), funds: [] })
[INFO] [stdout]  right: Wasm(Execute { contract_addr: "nft_address1", msg: Binary(7b226d696e74223a7b22746f6b656e5f6964223a224a756e6f50756e6b732e31222c226f776e6572223a2263726561746f72222c22746f6b656e5f757269223a2275726c312e6a736f6e222c22657874656e73696f6e223a7b226e616d65223a6e756c6c2c226465736372697074696f6e223a6e756c6c2c22696d616765223a6e756c6c2c22646e61223a6e756c6c2c2265646974696f6e223a6e756c6c2c2264617465223a6e756c6c2c2261747472696275746573223a5b7b2274726169745f74797065223a6e756c6c2c2276616c7565223a6e756c6c7d5d2c22636f6d70696c6572223a6e756c6c7d7d7d), funds: [] })
[INFO] [stdout] stack backtrace:
[INFO] [stdout]    0:     0x61a054c7a4ba - std::backtrace_rs::backtrace::libunwind::trace::h8810477743020387
[INFO] [stdout]                                at /rustc/202008a1b8de96d2e5b6bc02d379db03a877d34d/library/std/src/../../backtrace/src/backtrace/libunwind.rs:116:5
[INFO] [stdout]    1:     0x61a054c7a4ba - std::backtrace_rs::backtrace::trace_unsynchronized::h3aa55355dd6c54a6
[INFO] [stdout]                                at /rustc/202008a1b8de96d2e5b6bc02d379db03a877d34d/library/std/src/../../backtrace/src/backtrace/mod.rs:66:5
[INFO] [stdout]    2:     0x61a054c7a4ba - std::sys::backtrace::_print_fmt::h8588b0f62410823f
[INFO] [stdout]                                at /rustc/202008a1b8de96d2e5b6bc02d379db03a877d34d/library/std/src/sys/backtrace.rs:66:9
[INFO] [stdout]    3:     0x61a054c7a4ba - <std::sys::backtrace::BacktraceLock::print::DisplayBacktrace as core::fmt::Display>::fmt::h98c26ac25ffe89bb
[INFO] [stdout]                                at /rustc/202008a1b8de96d2e5b6bc02d379db03a877d34d/library/std/src/sys/backtrace.rs:39:26
[INFO] [stdout]    4:     0x61a054ca0523 - core::fmt::rt::Argument::fmt::hf95377f4aebd453b
[INFO] [stdout]                                at /rustc/202008a1b8de96d2e5b6bc02d379db03a877d34d/library/core/src/fmt/rt.rs:177:76
[INFO] [stdout]    5:     0x61a054ca0523 - core::fmt::write::h0dd5f6e2238c7982
[INFO] [stdout]                                at /rustc/202008a1b8de96d2e5b6bc02d379db03a877d34d/library/core/src/fmt/mod.rs:1189:21
[INFO] [stdout]    6:     0x61a054c77653 - std::io::Write::write_fmt::h03bb0ca26e6faf8c
[INFO] [stdout]                                at /rustc/202008a1b8de96d2e5b6bc02d379db03a877d34d/library/std/src/io/mod.rs:1884:15
[INFO] [stdout]    7:     0x61a054c7a302 - std::sys::backtrace::BacktraceLock::print::h5c19c1c038ee186d
[INFO] [stdout]                                at /rustc/202008a1b8de96d2e5b6bc02d379db03a877d34d/library/std/src/sys/backtrace.rs:42:9
[INFO] [stdout]    8:     0x61a054c7b93d - std::panicking::default_hook::{{closure}}::h77172f079a1fcb13
[INFO] [stdout]                                at /rustc/202008a1b8de96d2e5b6bc02d379db03a877d34d/library/std/src/panicking.rs:268:22
[INFO] [stdout]    9:     0x61a054c7b747 - std::panicking::default_hook::he5f8e3b203ccddba
[INFO] [stdout]                                at /rustc/202008a1b8de96d2e5b6bc02d379db03a877d34d/library/std/src/panicking.rs:292:9
[INFO] [stdout]   10:     0x61a054b86017 - <alloc::boxed::Box<F,A> as core::ops::function::Fn<Args>>::call::h7a3c7b4a1ae77f2f
[INFO] [stdout]                                at /rustc/202008a1b8de96d2e5b6bc02d379db03a877d34d/library/alloc/src/boxed.rs:1986:9
[INFO] [stdout]   11:     0x61a054b86017 - test::test_main::{{closure}}::hf0d3b69ae9b353d1
[INFO] [stdout]                                at /rustc/202008a1b8de96d2e5b6bc02d379db03a877d34d/library/test/src/lib.rs:134:21
[INFO] [stdout]   12:     0x61a054c7bfe8 - <alloc::boxed::Box<F,A> as core::ops::function::Fn<Args>>::call::h6332e82e7b189abd
[INFO] [stdout]                                at /rustc/202008a1b8de96d2e5b6bc02d379db03a877d34d/library/alloc/src/boxed.rs:1986:9
[INFO] [stdout]   13:     0x61a054c7bfe8 - std::panicking::rust_panic_with_hook::h53863d4e9018df39
[INFO] [stdout]                                at /rustc/202008a1b8de96d2e5b6bc02d379db03a877d34d/library/std/src/panicking.rs:809:13
[INFO] [stdout]   14:     0x61a054c7bdaa - std::panicking::begin_panic_handler::{{closure}}::h67280e6fa0757873
[INFO] [stdout]                                at /rustc/202008a1b8de96d2e5b6bc02d379db03a877d34d/library/std/src/panicking.rs:674:13
[INFO] [stdout]   15:     0x61a054c7a999 - std::sys::backtrace::__rust_end_short_backtrace::h1dac3f54d6fbbeb2
[INFO] [stdout]                                at /rustc/202008a1b8de96d2e5b6bc02d379db03a877d34d/library/std/src/sys/backtrace.rs:170:18
[INFO] [stdout]   16:     0x61a054c7ba3c - rust_begin_unwind
[INFO] [stdout]                                at /rustc/202008a1b8de96d2e5b6bc02d379db03a877d34d/library/std/src/panicking.rs:665:5
[INFO] [stdout]   17:     0x61a054b0cab0 - core::panicking::panic_fmt::h6792bd1b2bf01041
[INFO] [stdout]                                at /rustc/202008a1b8de96d2e5b6bc02d379db03a877d34d/library/core/src/panicking.rs:76:14
[INFO] [stdout]   18:     0x61a054b0ce7b - core::panicking::assert_failed_inner::hf2c17e6d30928787
[INFO] [stdout]   19:     0x61a054b3060c - core::panicking::assert_failed::h1bf6fcd3d29bceed
[INFO] [stdout]                                at /rustc/202008a1b8de96d2e5b6bc02d379db03a877d34d/library/core/src/panicking.rs:373:5
[INFO] [stdout]   20:     0x61a054b38171 - Juno_Punks::contract::tests::buy_token::hfa1940f768077eff
[INFO] [stdout]                                at /opt/rustwide/workdir/src/contract.rs:331:9
[INFO] [stdout]   21:     0x61a054b34d87 - Juno_Punks::contract::tests::buy_token::{{closure}}::h12cff3536de13300
[INFO] [stdout]                                at /opt/rustwide/workdir/src/contract.rs:232:19
[INFO] [stdout]   22:     0x61a054b10aa6 - core::ops::function::FnOnce::call_once::h72f782c806773610
[INFO] [stdout]                                at /rustc/202008a1b8de96d2e5b6bc02d379db03a877d34d/library/core/src/ops/function.rs:250:5
[INFO] [stdout]   23:     0x61a054b8ab3b - core::ops::function::FnOnce::call_once::h871bf86719ec9aa4
[INFO] [stdout]                                at /rustc/202008a1b8de96d2e5b6bc02d379db03a877d34d/library/core/src/ops/function.rs:250:5
[INFO] [stdout]   24:     0x61a054b8ab3b - test::__rust_begin_short_backtrace::h2167df1e2b7d76fd
[INFO] [stdout]                                at /rustc/202008a1b8de96d2e5b6bc02d379db03a877d34d/library/test/src/lib.rs:632:18
[INFO] [stdout]   25:     0x61a054b8a528 - test::run_test_in_process::{{closure}}::h15d92f75a3adfb79
[INFO] [stdout]                                at /rustc/202008a1b8de96d2e5b6bc02d379db03a877d34d/library/test/src/lib.rs:655:60
[INFO] [stdout]   26:     0x61a054b8a528 - <core::panic::unwind_safe::AssertUnwindSafe<F> as core::ops::function::FnOnce<()>>::call_once::hb6c8955835a8dbbb
[INFO] [stdout]                                at /rustc/202008a1b8de96d2e5b6bc02d379db03a877d34d/library/core/src/panic/unwind_safe.rs:272:9
[INFO] [stdout]   27:     0x61a054b8a528 - std::panicking::try::do_call::hc79d0fc888a0bd30
[INFO] [stdout]                                at /rustc/202008a1b8de96d2e5b6bc02d379db03a877d34d/library/std/src/panicking.rs:557:40
[INFO] [stdout]   28:     0x61a054b8a528 - std::panicking::try::hb8a7878e3a8589d6
[INFO] [stdout]                                at /rustc/202008a1b8de96d2e5b6bc02d379db03a877d34d/library/std/src/panicking.rs:520:19
[INFO] [stdout]   29:     0x61a054b8a528 - std::panic::catch_unwind::hb8e4600ff0ff5cfa
[INFO] [stdout]                                at /rustc/202008a1b8de96d2e5b6bc02d379db03a877d34d/library/std/src/panic.rs:358:14
[INFO] [stdout]   30:     0x61a054b8a528 - test::run_test_in_process::hc2900b0b18688dd6
[INFO] [stdout]                                at /rustc/202008a1b8de96d2e5b6bc02d379db03a877d34d/library/test/src/lib.rs:655:27
[INFO] [stdout]   31:     0x61a054b8a528 - test::run_test::{{closure}}::hac2a9cb07be3d48d
[INFO] [stdout]                                at /rustc/202008a1b8de96d2e5b6bc02d379db03a877d34d/library/test/src/lib.rs:576:43
[INFO] [stdout]   32:     0x61a054b4dfca - test::run_test::{{closure}}::h4a5b729e66a38cd8
[INFO] [stdout]                                at /rustc/202008a1b8de96d2e5b6bc02d379db03a877d34d/library/test/src/lib.rs:606:41
[INFO] [stdout]   33:     0x61a054b4dfca - std::sys::backtrace::__rust_begin_short_backtrace::h0496fb742492f573
[INFO] [stdout]                                at /rustc/202008a1b8de96d2e5b6bc02d379db03a877d34d/library/std/src/sys/backtrace.rs:154:18
[INFO] [stdout]   34:     0x61a054b51944 - std::thread::Builder::spawn_unchecked_::{{closure}}::{{closure}}::hbb6d257c550a54bd
[INFO] [stdout]                                at /rustc/202008a1b8de96d2e5b6bc02d379db03a877d34d/library/std/src/thread/mod.rs:561:17
[INFO] [stdout]   35:     0x61a054b51944 - <core::panic::unwind_safe::AssertUnwindSafe<F> as core::ops::function::FnOnce<()>>::call_once::h46696fe4a6832328
[INFO] [stdout]                                at /rustc/202008a1b8de96d2e5b6bc02d379db03a877d34d/library/core/src/panic/unwind_safe.rs:272:9
[INFO] [stdout]   36:     0x61a054b51944 - std::panicking::try::do_call::h2625a51b667bfb64
[INFO] [stdout]                                at /rustc/202008a1b8de96d2e5b6bc02d379db03a877d34d/library/std/src/panicking.rs:557:40
[INFO] [stdout]   37:     0x61a054b51944 - std::panicking::try::hb956a59a1973aa4c
[INFO] [stdout]                                at /rustc/202008a1b8de96d2e5b6bc02d379db03a877d34d/library/std/src/panicking.rs:520:19
[INFO] [stdout]   38:     0x61a054b51944 - std::panic::catch_unwind::h64f3b9d1067ef6a0
[INFO] [stdout]                                at /rustc/202008a1b8de96d2e5b6bc02d379db03a877d34d/library/std/src/panic.rs:358:14
[INFO] [stdout]   39:     0x61a054b51944 - std::thread::Builder::spawn_unchecked_::{{closure}}::h42b2841295b6c0b2
[INFO] [stdout]                                at /rustc/202008a1b8de96d2e5b6bc02d379db03a877d34d/library/std/src/thread/mod.rs:559:30
[INFO] [stdout]   40:     0x61a054b51944 - core::ops::function::FnOnce::call_once{{vtable.shim}}::h6127de71b8124639
[INFO] [stdout]                                at /rustc/202008a1b8de96d2e5b6bc02d379db03a877d34d/library/core/src/ops/function.rs:250:5
[INFO] [stdout]   41:     0x61a054c7ff2b - <alloc::boxed::Box<F,A> as core::ops::function::FnOnce<Args>>::call_once::h42f0ba71002a1b2c
[INFO] [stdout]                                at /rustc/202008a1b8de96d2e5b6bc02d379db03a877d34d/library/alloc/src/boxed.rs:1972:9
[INFO] [stdout]   42:     0x61a054c7ff2b - <alloc::boxed::Box<F,A> as core::ops::function::FnOnce<Args>>::call_once::had9e47d7a3dcecb8
[INFO] [stdout]                                at /rustc/202008a1b8de96d2e5b6bc02d379db03a877d34d/library/alloc/src/boxed.rs:1972:9
[INFO] [stdout]   43:     0x61a054c7ff2b - std::sys::pal::unix::thread::Thread::new::thread_start::h48cf765408f6f5f2
[INFO] [stdout]                                at /rustc/202008a1b8de96d2e5b6bc02d379db03a877d34d/library/std/src/sys/pal/unix/thread.rs:105:17
[INFO] [stdout]   44:     0x7cc13d037ac3 - <unknown>
[INFO] [stdout]   45:     0x7cc13d0c8a04 - clone
[INFO] [stdout]   46:                0x0 - <unknown>
[INFO] [stdout] 
[INFO] [stdout] 
[INFO] [stdout] failures:
[INFO] [stdout]     contract::tests::buy_token
[INFO] [stdout] 
[INFO] [stdout] test result: FAILED. 0 passed; 1 failed; 0 ignored; 0 measured; 0 filtered out; finished in 0.05s
[INFO] [stdout] 
[INFO] [stderr] error: test failed, to rerun pass `--lib`
[INFO] running `Command { std: "docker" "inspect" "84500d5a3fe0167d7dbd1b62c30aa299bbff57fcf814eff3636c80fb734cae0d", kill_on_drop: false }`
[INFO] running `Command { std: "docker" "rm" "-f" "84500d5a3fe0167d7dbd1b62c30aa299bbff57fcf814eff3636c80fb734cae0d", kill_on_drop: false }`
[INFO] [stdout] 84500d5a3fe0167d7dbd1b62c30aa299bbff57fcf814eff3636c80fb734cae0d
