[INFO] cloning repository https://github.com/SrJohnathan/micro-rust-grpc
[INFO] running `Command { std: "git" "-c" "credential.helper=" "-c" "credential.helper=/workspace/cargo-home/bin/git-credential-null" "clone" "--bare" "https://github.com/SrJohnathan/micro-rust-grpc" "/workspace/cache/git-repos/https%3A%2F%2Fgithub.com%2FSrJohnathan%2Fmicro-rust-grpc", kill_on_drop: false }`
[INFO] [stderr] Cloning into bare repository '/workspace/cache/git-repos/https%3A%2F%2Fgithub.com%2FSrJohnathan%2Fmicro-rust-grpc'...
[INFO] running `Command { std: "git" "rev-parse" "HEAD", kill_on_drop: false }`
[INFO] [stdout] 0d9db72b4f008251327cf5e3566e1ade33ea4479
[INFO] testing SrJohnathan/micro-rust-grpc against beta-2024-12-08 for beta-1.84.0-4-retry
[INFO] running `Command { std: "git" "clone" "/workspace/cache/git-repos/https%3A%2F%2Fgithub.com%2FSrJohnathan%2Fmicro-rust-grpc" "/workspace/builds/worker-3-tc2/source", kill_on_drop: false }`
[INFO] [stderr] Cloning into '/workspace/builds/worker-3-tc2/source'...
[INFO] [stderr] done.
[INFO] validating manifest of git repo https://github.com/SrJohnathan/micro-rust-grpc on toolchain beta-2024-12-08
[INFO] running `Command { std: CARGO_HOME="/workspace/cargo-home" RUSTUP_HOME="/workspace/rustup-home" "/workspace/cargo-home/bin/cargo" "+beta-2024-12-08" "metadata" "--manifest-path" "Cargo.toml" "--no-deps", kill_on_drop: false }`
[INFO] started tweaking git repo https://github.com/SrJohnathan/micro-rust-grpc
[INFO] finished tweaking git repo https://github.com/SrJohnathan/micro-rust-grpc
[INFO] tweaked toml for git repo https://github.com/SrJohnathan/micro-rust-grpc written to /workspace/builds/worker-3-tc2/source/Cargo.toml
[INFO] crate git repo https://github.com/SrJohnathan/micro-rust-grpc already has a lockfile, it will not be regenerated
[INFO] running `Command { std: CARGO_HOME="/workspace/cargo-home" RUSTUP_HOME="/workspace/rustup-home" "/workspace/cargo-home/bin/cargo" "+beta-2024-12-08" "fetch" "--manifest-path" "Cargo.toml", kill_on_drop: false }`
[INFO] [stderr] warning: virtual workspace defaulting to `resolver = "1"` despite one or more workspace members being on edition 2021 which implies `resolver = "2"`
[INFO] [stderr] note: to keep the current resolver, specify `workspace.resolver = "1"` in the workspace root's manifest
[INFO] [stderr] note: to use the edition 2021 resolver, specify `workspace.resolver = "2"` in the workspace root's manifest
[INFO] [stderr] note: for more details see https://doc.rust-lang.org/cargo/reference/resolver.html#resolver-versions
[INFO] [stderr]     Blocking waiting for file lock on package cache
[INFO] running `Command { std: "docker" "create" "-v" "/var/lib/crater-agent-workspace/builds/worker-3-tc2/target:/opt/rustwide/target:rw,Z" "-v" "/var/lib/crater-agent-workspace/builds/worker-3-tc2/source:/opt/rustwide/workdir:ro,Z" "-v" "/var/lib/crater-agent-workspace/cargo-home:/opt/rustwide/cargo-home:ro,Z" "-v" "/var/lib/crater-agent-workspace/rustup-home:/opt/rustwide/rustup-home:ro,Z" "-e" "SOURCE_DIR=/opt/rustwide/workdir" "-e" "CARGO_TARGET_DIR=/opt/rustwide/target" "-e" "CARGO_HOME=/opt/rustwide/cargo-home" "-e" "RUSTUP_HOME=/opt/rustwide/rustup-home" "-w" "/opt/rustwide/workdir" "-m" "1610612736" "--user" "0:0" "--network" "none" "ghcr.io/rust-lang/crates-build-env/linux@sha256:f3a9d4ad9d972b27faf3965f35b62e55ba32bbce8f20bc8fe909558a86702fde" "/opt/rustwide/cargo-home/bin/cargo" "+beta-2024-12-08" "metadata" "--no-deps" "--format-version=1", kill_on_drop: false }`
[INFO] [stdout] 1362a4b295be756a5d8396d7e7f525f4d0a2120f74c6d330214c9261708b94f8
[INFO] running `Command { std: "docker" "start" "-a" "1362a4b295be756a5d8396d7e7f525f4d0a2120f74c6d330214c9261708b94f8", kill_on_drop: false }`
[INFO] running `Command { std: "docker" "inspect" "1362a4b295be756a5d8396d7e7f525f4d0a2120f74c6d330214c9261708b94f8", kill_on_drop: false }`
[INFO] running `Command { std: "docker" "rm" "-f" "1362a4b295be756a5d8396d7e7f525f4d0a2120f74c6d330214c9261708b94f8", kill_on_drop: false }`
[INFO] [stdout] 1362a4b295be756a5d8396d7e7f525f4d0a2120f74c6d330214c9261708b94f8
[INFO] running `Command { std: "docker" "create" "-v" "/var/lib/crater-agent-workspace/builds/worker-3-tc2/target:/opt/rustwide/target:rw,Z" "-v" "/var/lib/crater-agent-workspace/builds/worker-3-tc2/source:/opt/rustwide/workdir:ro,Z" "-v" "/var/lib/crater-agent-workspace/cargo-home:/opt/rustwide/cargo-home:ro,Z" "-v" "/var/lib/crater-agent-workspace/rustup-home:/opt/rustwide/rustup-home:ro,Z" "-e" "SOURCE_DIR=/opt/rustwide/workdir" "-e" "CARGO_TARGET_DIR=/opt/rustwide/target" "-e" "CARGO_INCREMENTAL=0" "-e" "RUST_BACKTRACE=full" "-e" "RUSTFLAGS=--cap-lints=warn" "-e" "RUSTDOCFLAGS=--cap-lints=warn" "-e" "CARGO_HOME=/opt/rustwide/cargo-home" "-e" "RUSTUP_HOME=/opt/rustwide/rustup-home" "-w" "/opt/rustwide/workdir" "-m" "1610612736" "--user" "0:0" "--network" "none" "ghcr.io/rust-lang/crates-build-env/linux@sha256:f3a9d4ad9d972b27faf3965f35b62e55ba32bbce8f20bc8fe909558a86702fde" "/opt/rustwide/cargo-home/bin/cargo" "+beta-2024-12-08" "build" "--frozen" "--message-format=json", kill_on_drop: false }`
[INFO] [stdout] e28f0eb8e67bb44af1c3907f85a8b328eebe071e3994b83f544f5ac0e494d2b5
[INFO] running `Command { std: "docker" "start" "-a" "e28f0eb8e67bb44af1c3907f85a8b328eebe071e3994b83f544f5ac0e494d2b5", kill_on_drop: false }`
[INFO] [stderr] warning: virtual workspace defaulting to `resolver = "1"` despite one or more workspace members being on edition 2021 which implies `resolver = "2"`
[INFO] [stderr] note: to keep the current resolver, specify `workspace.resolver = "1"` in the workspace root's manifest
[INFO] [stderr] note: to use the edition 2021 resolver, specify `workspace.resolver = "2"` in the workspace root's manifest
[INFO] [stderr] note: for more details see https://doc.rust-lang.org/cargo/reference/resolver.html#resolver-versions
[INFO] [stderr]    Compiling proc-macro2 v1.0.46
[INFO] [stderr]    Compiling unicode-ident v1.0.5
[INFO] [stderr]    Compiling quote v1.0.21
[INFO] [stderr]    Compiling syn v1.0.102
[INFO] [stderr]    Compiling libc v0.2.134
[INFO] [stderr]    Compiling serde_derive v1.0.145
[INFO] [stderr]    Compiling serde v1.0.145
[INFO] [stderr]    Compiling log v0.4.17
[INFO] [stderr]    Compiling parking_lot_core v0.9.3
[INFO] [stderr]    Compiling itoa v1.0.4
[INFO] [stderr]    Compiling smallvec v1.10.0
[INFO] [stderr]    Compiling memchr v2.5.0
[INFO] [stderr]    Compiling scopeguard v1.1.0
[INFO] [stderr]    Compiling lock_api v0.4.9
[INFO] [stderr]    Compiling typenum v1.15.0
[INFO] [stderr]    Compiling pin-project-lite v0.2.9
[INFO] [stderr]    Compiling cc v1.0.73
[INFO] [stderr]    Compiling generic-array v0.14.6
[INFO] [stderr]    Compiling futures-core v0.3.24
[INFO] [stderr]    Compiling once_cell v1.15.0
[INFO] [stderr]    Compiling bytes v1.2.1
[INFO] [stderr]    Compiling tokio v1.21.2
[INFO] [stderr]    Compiling slab v0.4.7
[INFO] [stderr]    Compiling futures-channel v0.3.24
[INFO] [stderr]    Compiling futures-sink v0.3.24
[INFO] [stderr]    Compiling futures-task v0.3.24
[INFO] [stderr]    Compiling futures-util v0.3.24
[INFO] [stderr]    Compiling pin-utils v0.1.0
[INFO] [stderr]    Compiling futures-io v0.3.24
[INFO] [stderr]    Compiling bitflags v1.3.2
[INFO] [stderr]    Compiling subtle v2.4.1
[INFO] [stderr]    Compiling num-traits v0.2.15
[INFO] [stderr]    Compiling proc-macro2-diagnostics v0.9.1
[INFO] [stderr]    Compiling indexmap v1.9.1
[INFO] [stderr]    Compiling tracing-core v0.1.30
[INFO] [stderr]    Compiling num-integer v0.1.45
[INFO] [stderr]    Compiling yansi v0.5.1
[INFO] [stderr]    Compiling hashbrown v0.12.3
[INFO] [stderr]    Compiling http v0.2.8
[INFO] [stderr]    Compiling getrandom v0.2.7
[INFO] [stderr]    Compiling signal-hook-registry v1.4.0
[INFO] [stderr]    Compiling num_cpus v1.13.1
[INFO] [stderr]    Compiling socket2 v0.4.7
[INFO] [stderr]    Compiling mio v0.8.4
[INFO] [stderr]    Compiling serde_json v1.0.85
[INFO] [stderr]    Compiling rand_core v0.6.4
[INFO] [stderr]    Compiling parking_lot v0.12.1
[INFO] [stderr]    Compiling cpufeatures v0.2.5
[INFO] [stderr]    Compiling ryu v1.0.11
[INFO] [stderr]    Compiling spin v0.5.2
[INFO] [stderr]    Compiling httparse v1.8.0
[INFO] [stderr]    Compiling untrusted v0.7.1
[INFO] [stderr]    Compiling base64 v0.13.0
[INFO] [stderr]    Compiling percent-encoding v2.2.0
[INFO] [stderr]    Compiling pkg-config v0.3.25
[INFO] [stderr]    Compiling num_threads v0.1.6
[INFO] [stderr]    Compiling try-lock v0.2.3
[INFO] [stderr]    Compiling time-macros v0.2.4
[INFO] [stderr]    Compiling opaque-debug v0.3.0
[INFO] [stderr]    Compiling want v0.3.0
[INFO] [stderr]    Compiling uncased v0.9.7
[INFO] [stderr]    Compiling httpdate v1.0.2
[INFO] [stderr]    Compiling rustls v0.20.6
[INFO] [stderr]    Compiling ppv-lite86 v0.2.16
[INFO] [stderr]    Compiling async-trait v0.1.57
[INFO] [stderr]    Compiling tower-service v0.3.2
[INFO] [stderr]    Compiling ring v0.16.20
[INFO] [stderr]    Compiling time v0.1.44
[INFO] [stderr]    Compiling cookie v0.16.1
[INFO] [stderr]    Compiling proc-macro-error-attr v1.0.4
[INFO] [stderr]    Compiling ref-cast v1.0.10
[INFO] [stderr]    Compiling http-body v0.4.5
[INFO] [stderr]    Compiling rand_chacha v0.3.1
[INFO] [stderr]    Compiling inlinable_string v0.1.15
[INFO] [stderr]    Compiling crypto-common v0.1.6
[INFO] [stderr]    Compiling inout v0.1.3
[INFO] [stderr]    Compiling block-buffer v0.10.3
[INFO] [stderr]    Compiling openssl-sys v0.9.76
[INFO] [stderr]    Compiling universal-hash v0.5.0
[INFO] [stderr]    Compiling aead v0.5.1
[INFO] [stderr]    Compiling iana-time-zone v0.1.51
[INFO] [stderr]    Compiling cipher v0.4.3
[INFO] [stderr]    Compiling digest v0.10.5
[INFO] [stderr]    Compiling polyval v0.6.0
[INFO] [stderr]    Compiling rand v0.8.5
[INFO] [stderr]    Compiling proc-macro-error v1.0.4
[INFO] [stderr]    Compiling foreign-types-shared v0.1.1
[INFO] [stderr]    Compiling encoding_rs v0.8.31
[INFO] [stderr]    Compiling hmac v0.12.1
[INFO] [stderr]    Compiling sha2 v0.10.6
[INFO] [stderr]    Compiling hkdf v0.12.3
[INFO] [stderr]    Compiling openssl v0.10.42
[INFO] [stderr]    Compiling chrono v0.4.22
[INFO] [stderr]    Compiling foreign-types v0.3.2
[INFO] [stderr]    Compiling ghash v0.5.0
[INFO] [stderr]    Compiling rustls-pemfile v1.0.1
[INFO] [stderr]    Compiling stable-pattern v0.1.0
[INFO] [stderr]    Compiling either v1.8.0
[INFO] [stderr]    Compiling pq-sys v0.4.7
[INFO] [stderr]    Compiling aes v0.8.1
[INFO] [stderr]    Compiling ctr v0.9.2
[INFO] [stderr]    Compiling native-tls v0.2.10
[INFO] [stderr]    Compiling ident_case v1.0.1
[INFO] [stderr]    Compiling tinyvec_macros v0.1.0
[INFO] [stderr]    Compiling state v0.5.3
[INFO] [stderr]    Compiling strsim v0.10.0
[INFO] [stderr]    Compiling time v0.3.15
[INFO] [stderr]    Compiling tinyvec v1.6.0
[INFO] [stderr]    Compiling scheduled-thread-pool v0.2.6
[INFO] [stderr]    Compiling num-bigint v0.4.3
[INFO] [stderr]    Compiling figment v0.10.8
[INFO] [stderr]    Compiling multer v2.0.4
[INFO] [stderr]    Compiling atomic v0.5.1
[INFO] [stderr]    Compiling openssl-probe v0.1.5
[INFO] [stderr]    Compiling schemars v0.8.11
[INFO] [stderr]    Compiling mime v0.3.16
[INFO] [stderr]    Compiling thiserror v1.0.37
[INFO] [stderr]    Compiling r2d2 v0.8.10
[INFO] [stderr]    Compiling form_urlencoded v1.1.0
[INFO] [stderr]    Compiling rocket v0.5.0-rc.2
[INFO] [stderr]    Compiling fastrand v1.8.0
[INFO] [stderr]    Compiling aes-gcm v0.10.1
[INFO] [stderr]    Compiling dyn-clone v1.0.9
[INFO] [stderr]    Compiling byteorder v1.4.3
[INFO] [stderr]    Compiling glob v0.3.0
[INFO] [stderr]    Compiling unicode-bidi v0.3.8
[INFO] [stderr]    Compiling spin v0.9.4
[INFO] [stderr]    Compiling unicode-xid v0.2.4
[INFO] [stderr]    Compiling dotenv v0.15.0
[INFO] [stderr]    Compiling remove_dir_all v0.5.3
[INFO] [stderr]    Compiling tempfile v3.3.0
[INFO] [stderr]    Compiling atty v0.2.14
[INFO] [stderr]    Compiling binascii v0.1.4
[INFO] [stderr]    Compiling pem v1.1.0
[INFO] [stderr]    Compiling ipnet v2.5.0
[INFO] [stderr]    Compiling unicode-normalization v0.1.22
[INFO] [stderr]    Compiling idna v0.3.0
[INFO] [stderr]    Compiling url v2.3.1
[INFO] [stderr]    Compiling serde_derive_internals v0.26.0
[INFO] [stderr]    Compiling darling_core v0.13.4
[INFO] [stderr]    Compiling webpki v0.22.0
[INFO] [stderr]    Compiling sct v0.7.0
[INFO] [stderr]    Compiling devise_core v0.3.1
[INFO] [stderr]    Compiling tokio-macros v1.8.0
[INFO] [stderr]    Compiling futures-macro v0.3.24
[INFO] [stderr]    Compiling tracing-attributes v0.1.23
[INFO] [stderr]    Compiling pear_codegen v0.2.3
[INFO] [stderr]    Compiling ref-cast-impl v1.0.10
[INFO] [stderr]    Compiling openssl-macros v0.1.0
[INFO] [stderr]    Compiling async-stream-impl v0.3.3
[INFO] [stderr]    Compiling thiserror-impl v1.0.37
[INFO] [stderr]    Compiling diesel_derives v2.0.1
[INFO] [stderr]    Compiling schemars_derive v0.8.11
[INFO] [stderr]    Compiling devise_codegen v0.3.1
[INFO] [stderr]    Compiling pear v0.2.3
[INFO] [stderr]    Compiling async-stream v0.3.3
[INFO] [stderr]    Compiling darling_macro v0.13.4
[INFO] [stderr]    Compiling tracing v0.1.37
[INFO] [stderr]    Compiling simple_asn1 v0.6.2
[INFO] [stderr]    Compiling devise v0.3.1
[INFO] [stderr]    Compiling darling v0.13.4
[INFO] [stderr]    Compiling futures-executor v0.3.24
[INFO] [stderr]    Compiling futures v0.3.24
[INFO] [stderr]    Compiling tokio-util v0.7.4
[INFO] [stderr]    Compiling tokio-rustls v0.23.4
[INFO] [stderr]    Compiling tokio-stream v0.1.11
[INFO] [stderr]    Compiling tokio-native-tls v0.3.0
[INFO] [stderr]    Compiling toml v0.5.9
[INFO] [stderr]    Compiling uuid v1.2.1
[INFO] [stderr]    Compiling ubyte v0.10.3
[INFO] [stderr]    Compiling serde_urlencoded v0.7.1
[INFO] [stderr]    Compiling h2 v0.3.14
[INFO] [stderr]    Compiling diesel v2.0.2
[INFO] [stderr]    Compiling migrations_internals v2.0.0
[INFO] [stderr]    Compiling jcore v0.1.0 (/opt/rustwide/workdir/jcore)
[INFO] [stderr]    Compiling jsonwebtoken v8.1.1
[INFO] [stderr]    Compiling migre v0.1.0 (/opt/rustwide/workdir/migre)
[INFO] [stdout] warning: unexpected `cfg` condition value: `diesel`
[INFO] [stdout]  --> migre/src/lib.rs:8:7
[INFO] [stdout]   |
[INFO] [stdout] 8 | #[cfg(feature = "diesel")]
[INFO] [stdout]   |       ^^^^^^^^^^^^^^^^^^
[INFO] [stdout]   |
[INFO] [stdout]   = note: expected values for `feature` are: `jcore`
[INFO] [stdout]   = help: consider adding `diesel` as a feature in `Cargo.toml`
[INFO] [stdout]   = note: see <https://doc.rust-lang.org/nightly/rustc/check-cfg/cargo-specifics.html> for more information about checking conditional configuration
[INFO] [stdout]   = note: `#[warn(unexpected_cfgs)]` on by default
[INFO] [stdout] 
[INFO] [stdout] 
[INFO] [stderr]    Compiling migrations_macros v2.0.0
[INFO] [stderr]    Compiling okapi v0.7.0-rc.1
[INFO] [stderr]    Compiling hyper v0.14.20
[INFO] [stderr]    Compiling rocket_http v0.5.0-rc.2
[INFO] [stderr]    Compiling hyper-tls v0.5.0
[INFO] [stderr]    Compiling reqwest v0.11.12
[INFO] [stderr]    Compiling rocket_codegen v0.5.0-rc.2
[INFO] [stderr]    Compiling rocket_okapi_codegen v0.8.0-rc.2
[INFO] [stderr]    Compiling tokio-diesel v0.3.0 (https://github.com/SrJohnathan/tokio-diesel#22e29d3d)
[INFO] [stderr]    Compiling diesel_migrations v2.0.0
[INFO] [stderr]    Compiling users v0.1.0 (/opt/rustwide/workdir/users)
[INFO] [stdout] warning: unused import: `PoolPgAsyncConnection`
[INFO] [stdout]  --> users/src/repository.rs:1:36
[INFO] [stdout]   |
[INFO] [stdout] 1 | use crate::db::{PgAsyncConnection, PoolPgAsyncConnection};
[INFO] [stdout]   |                                    ^^^^^^^^^^^^^^^^^^^^^
[INFO] [stdout]   |
[INFO] [stdout]   = note: `#[warn(unused_imports)]` on by default
[INFO] [stdout] 
[INFO] [stdout] 
[INFO] [stdout] warning: unused import: `AuthRes`
[INFO] [stdout]  --> users/src/repository.rs:2:49
[INFO] [stdout]   |
[INFO] [stdout] 2 | use crate::entity::db_models::{Auth, AuthLogin, AuthRes, NewAuth};
[INFO] [stdout]   |                                                 ^^^^^^^
[INFO] [stdout] 
[INFO] [stdout] 
[INFO] [stdout] warning: unused imports: `Connection`, `PgConnection`, and `debug_query`
[INFO] [stdout]  --> users/src/repository.rs:3:14
[INFO] [stdout]   |
[INFO] [stdout] 3 | use diesel::{Connection, debug_query, PgConnection, QueryDsl};
[INFO] [stdout]   |              ^^^^^^^^^^  ^^^^^^^^^^^  ^^^^^^^^^^^^
[INFO] [stdout] 
[INFO] [stdout] 
[INFO] [stdout] warning: unused import: `diesel::r2d2::Pool`
[INFO] [stdout]  --> users/src/repository.rs:5:5
[INFO] [stdout]   |
[INFO] [stdout] 5 | use diesel::r2d2::Pool;
[INFO] [stdout]   |     ^^^^^^^^^^^^^^^^^^
[INFO] [stdout] 
[INFO] [stdout] 
[INFO] [stdout] warning: unused import: `std::error::Error`
[INFO] [stdout]  --> users/src/db.rs:1:5
[INFO] [stdout]   |
[INFO] [stdout] 1 | use std::error::Error;
[INFO] [stdout]   |     ^^^^^^^^^^^^^^^^^
[INFO] [stdout] 
[INFO] [stdout] 
[INFO] [stdout] warning: unused imports: `Debug` and `Formatter`
[INFO] [stdout]  --> users/src/db.rs:2:16
[INFO] [stdout]   |
[INFO] [stdout] 2 | use std::fmt::{Debug, Formatter};
[INFO] [stdout]   |                ^^^^^  ^^^^^^^^^
[INFO] [stdout] 
[INFO] [stdout] 
[INFO] [stdout] warning: unused import: `std::path::Path`
[INFO] [stdout]  --> users/src/db.rs:4:5
[INFO] [stdout]   |
[INFO] [stdout] 4 | use std::path::Path;
[INFO] [stdout]   |     ^^^^^^^^^^^^^^^
[INFO] [stdout] 
[INFO] [stdout] 
[INFO] [stdout] warning: unused import: `std::str::FromStr`
[INFO] [stdout]  --> users/src/db.rs:5:5
[INFO] [stdout]   |
[INFO] [stdout] 5 | use std::str::FromStr;
[INFO] [stdout]   |     ^^^^^^^^^^^^^^^^^
[INFO] [stdout] 
[INFO] [stdout] 
[INFO] [stdout] warning: unused import: `diesel_migrations::embed_migrations`
[INFO] [stdout]  --> users/src/db.rs:8:5
[INFO] [stdout]   |
[INFO] [stdout] 8 | use diesel_migrations::embed_migrations;
[INFO] [stdout]   |     ^^^^^^^^^^^^^^^^^^^^^^^^^^^^^^^^^^^
[INFO] [stdout] 
[INFO] [stdout] 
[INFO] [stdout] warning: unused import: `crate::jcore::dotenv`
[INFO] [stdout]   --> users/src/db.rs:12:5
[INFO] [stdout]    |
[INFO] [stdout] 12 | use crate::jcore::dotenv;
[INFO] [stdout]    |     ^^^^^^^^^^^^^^^^^^^^
[INFO] [stdout] 
[INFO] [stdout] 
[INFO] [stdout] warning: `#[macro_use]` only has an effect on `extern crate` and modules
[INFO] [stdout]  --> users/src/lib.rs:2:1
[INFO] [stdout]   |
[INFO] [stdout] 2 | #[macro_use]
[INFO] [stdout]   | ^^^^^^^^^^^^
[INFO] [stdout]   |
[INFO] [stdout]   = note: `#[warn(unused_attributes)]` on by default
[INFO] [stdout] 
[INFO] [stdout] 
[INFO] [stdout] warning: unused variable: `con`
[INFO] [stdout]   --> users/src/repository.rs:23:21
[INFO] [stdout]    |
[INFO] [stdout] 23 |     async fn create(con: &PgAsyncConnection, value: NewAuth) -> Result<(bool, i32), String> {
[INFO] [stdout]    |                     ^^^ help: if this is intentional, prefix it with an underscore: `_con`
[INFO] [stdout]    |
[INFO] [stdout]    = note: `#[warn(unused_variables)]` on by default
[INFO] [stdout] 
[INFO] [stdout] 
[INFO] [stdout] warning: unused variable: `value`
[INFO] [stdout]   --> users/src/repository.rs:23:46
[INFO] [stdout]    |
[INFO] [stdout] 23 |     async fn create(con: &PgAsyncConnection, value: NewAuth) -> Result<(bool, i32), String> {
[INFO] [stdout]    |                                              ^^^^^ help: if this is intentional, prefix it with an underscore: `_value`
[INFO] [stdout] 
[INFO] [stdout] 
[INFO] [stdout] warning: unused variable: `con`
[INFO] [stdout]   --> users/src/repository.rs:27:21
[INFO] [stdout]    |
[INFO] [stdout] 27 |     async fn update(con: &PgAsyncConnection, value: NewAuth) -> Result<bool, String> {
[INFO] [stdout]    |                     ^^^ help: if this is intentional, prefix it with an underscore: `_con`
[INFO] [stdout] 
[INFO] [stdout] 
[INFO] [stdout] warning: unused variable: `value`
[INFO] [stdout]   --> users/src/repository.rs:27:46
[INFO] [stdout]    |
[INFO] [stdout] 27 |     async fn update(con: &PgAsyncConnection, value: NewAuth) -> Result<bool, String> {
[INFO] [stdout]    |                                              ^^^^^ help: if this is intentional, prefix it with an underscore: `_value`
[INFO] [stdout] 
[INFO] [stdout] 
[INFO] [stdout] warning: unused variable: `con`
[INFO] [stdout]   --> users/src/repository.rs:42:22
[INFO] [stdout]    |
[INFO] [stdout] 42 |     async fn get_all(con: &PgAsyncConnection) -> Result<Vec<Auth>, String> {
[INFO] [stdout]    |                      ^^^ help: if this is intentional, prefix it with an underscore: `_con`
[INFO] [stdout] 
[INFO] [stdout] 
[INFO] [stderr]    Compiling rocket_okapi v0.8.0-rc.2
[INFO] [stderr]    Compiling http_serve v0.1.0 (/opt/rustwide/workdir/http_serve)
[INFO] [stdout] warning: unused imports: `Response` and `State`
[INFO] [stdout]  --> http_serve/src/header.rs:1:77
[INFO] [stdout]   |
[INFO] [stdout] 1 | use rocket::{Request, outcome::Outcome, http::Status, request::FromRequest, State, Response};
[INFO] [stdout]   |                                                                             ^^^^^  ^^^^^^^^
[INFO] [stdout]   |
[INFO] [stdout]   = note: `#[warn(unused_imports)]` on by default
[INFO] [stdout] 
[INFO] [stdout] 
[INFO] [stdout] warning: unused import: `reqwest::Client`
[INFO] [stdout]  --> http_serve/src/header.rs:4:5
[INFO] [stdout]   |
[INFO] [stdout] 4 | use reqwest::Client;
[INFO] [stdout]   |     ^^^^^^^^^^^^^^^
[INFO] [stdout] 
[INFO] [stdout] 
[INFO] [stdout] warning: unused import: `rocket_okapi::gen::OpenApiGenerator`
[INFO] [stdout]  --> http_serve/src/header.rs:5:5
[INFO] [stdout]   |
[INFO] [stdout] 5 | use rocket_okapi::gen::OpenApiGenerator;
[INFO] [stdout]   |     ^^^^^^^^^^^^^^^^^^^^^^^^^^^^^^^^^^^
[INFO] [stdout] 
[INFO] [stdout] 
[INFO] [stdout] warning: unused import: `rocket_okapi::okapi::openapi3::Responses`
[INFO] [stdout]  --> http_serve/src/header.rs:6:5
[INFO] [stdout]   |
[INFO] [stdout] 6 | use rocket_okapi::okapi::openapi3::Responses;
[INFO] [stdout]   |     ^^^^^^^^^^^^^^^^^^^^^^^^^^^^^^^^^^^^^^^^
[INFO] [stdout] 
[INFO] [stdout] 
[INFO] [stdout] warning: unused imports: `JsonSchema` and `self`
[INFO] [stdout]  --> http_serve/src/header.rs:7:37
[INFO] [stdout]   |
[INFO] [stdout] 7 | use rocket_okapi::okapi::schemars::{self, JsonSchema};
[INFO] [stdout]   |                                     ^^^^  ^^^^^^^^^^
[INFO] [stdout] 
[INFO] [stdout] 
[INFO] [stdout] warning: unused imports: `OpenApiFromRequest` and `RequestHeaderInput`
[INFO] [stdout]  --> http_serve/src/header.rs:8:29
[INFO] [stdout]   |
[INFO] [stdout] 8 | use rocket_okapi::request::{OpenApiFromRequest, RequestHeaderInput};
[INFO] [stdout]   |                             ^^^^^^^^^^^^^^^^^^  ^^^^^^^^^^^^^^^^^^
[INFO] [stdout] 
[INFO] [stdout] 
[INFO] [stdout] warning: unused imports: `Responder` and `status`
[INFO] [stdout]   --> http_serve/src/header.rs:10:24
[INFO] [stdout]    |
[INFO] [stdout] 10 | use rocket::response::{Responder, status};
[INFO] [stdout]    |                        ^^^^^^^^^  ^^^^^^
[INFO] [stdout] 
[INFO] [stdout] 
[INFO] [stdout] warning: unused import: `jsonwebtoken::errors::Error`
[INFO] [stdout]  --> http_serve/src/lib.rs:3:5
[INFO] [stdout]   |
[INFO] [stdout] 3 | use jsonwebtoken::errors::Error;
[INFO] [stdout]   |     ^^^^^^^^^^^^^^^^^^^^^^^^^^^
[INFO] [stdout] 
[INFO] [stdout] 
[INFO] [stdout] warning: unused import: `jsonwebtoken::TokenData`
[INFO] [stdout]  --> http_serve/src/lib.rs:4:5
[INFO] [stdout]   |
[INFO] [stdout] 4 | use jsonwebtoken::TokenData;
[INFO] [stdout]   |     ^^^^^^^^^^^^^^^^^^^^^^^
[INFO] [stdout] 
[INFO] [stdout] 
[INFO] [stdout] warning: unused import: `routes`
[INFO] [stdout]   --> http_serve/src/lib.rs:12:14
[INFO] [stdout]    |
[INFO] [stdout] 12 | use rocket::{routes, Request};
[INFO] [stdout]    |              ^^^^^^
[INFO] [stdout] 
[INFO] [stdout] 
[INFO] [stdout] warning: unused variable: `e`
[INFO] [stdout]   --> http_serve/src/lib.rs:48:29
[INFO] [stdout]    |
[INFO] [stdout] 48 |                         Err(e) => Outcome::Failure((Status::Unauthorized, ())),
[INFO] [stdout]    |                             ^ help: if this is intentional, prefix it with an underscore: `_e`
[INFO] [stdout]    |
[INFO] [stdout]    = note: `#[warn(unused_variables)]` on by default
[INFO] [stdout] 
[INFO] [stdout] 
[INFO] [stderr]    Compiling auth_micro v0.1.0 (/opt/rustwide/workdir/auth_micro)
[INFO] [stdout] warning: unused import: `std::future::Future`
[INFO] [stdout]  --> auth_micro/src/main.rs:1:5
[INFO] [stdout]   |
[INFO] [stdout] 1 | use std::future::Future;
[INFO] [stdout]   |     ^^^^^^^^^^^^^^^^^^^
[INFO] [stdout]   |
[INFO] [stdout]   = note: `#[warn(unused_imports)]` on by default
[INFO] [stdout] 
[INFO] [stdout] 
[INFO] [stdout] warning: unused import: `std::path::Path`
[INFO] [stdout]  --> auth_micro/src/main.rs:2:5
[INFO] [stdout]   |
[INFO] [stdout] 2 | use std::path::Path;
[INFO] [stdout]   |     ^^^^^^^^^^^^^^^
[INFO] [stdout] 
[INFO] [stdout] 
[INFO] [stdout] warning: unused imports: `Created` and `NotFound`
[INFO] [stdout]  --> auth_micro/src/main.rs:8:32
[INFO] [stdout]   |
[INFO] [stdout] 8 | use rocket::response::status::{Created, NotFound};
[INFO] [stdout]   |                                ^^^^^^^  ^^^^^^^^
[INFO] [stdout] 
[INFO] [stdout] 
[INFO] [stdout] warning: unused import: `rocket::serde::json::Json`
[INFO] [stdout]  --> auth_micro/src/main.rs:9:5
[INFO] [stdout]   |
[INFO] [stdout] 9 | use rocket::serde::json::Json;
[INFO] [stdout]   |     ^^^^^^^^^^^^^^^^^^^^^^^^^
[INFO] [stdout] 
[INFO] [stdout] 
[INFO] [stdout] warning: unused import: `http_serve::header::BasicAuthRaw`
[INFO] [stdout]   --> auth_micro/src/main.rs:10:5
[INFO] [stdout]    |
[INFO] [stdout] 10 | use http_serve::header::BasicAuthRaw;
[INFO] [stdout]    |     ^^^^^^^^^^^^^^^^^^^^^^^^^^^^^^^^
[INFO] [stdout] 
[INFO] [stdout] 
[INFO] [stdout] warning: unused imports: `PoolPgAsyncConnection` and `Pool`
[INFO] [stdout]   --> auth_micro/src/main.rs:11:48
[INFO] [stdout]    |
[INFO] [stdout] 11 | use users::db::{connection, PgAsyncConnection, Pool, PoolPgAsyncConnection};
[INFO] [stdout]    |                                                ^^^^  ^^^^^^^^^^^^^^^^^^^^^
[INFO] [stdout] 
[INFO] [stdout] 
[INFO] [stdout] warning: unused import: `users::entity::db_models::AuthRes`
[INFO] [stdout]   --> auth_micro/src/main.rs:12:5
[INFO] [stdout]    |
[INFO] [stdout] 12 | use users::entity::db_models::AuthRes;
[INFO] [stdout]    |     ^^^^^^^^^^^^^^^^^^^^^^^^^^^^^^^^^
[INFO] [stdout] 
[INFO] [stdout] 
[INFO] [stdout] warning: unused import: `jcore::tokio`
[INFO] [stdout]   --> auth_micro/src/main.rs:13:5
[INFO] [stdout]    |
[INFO] [stdout] 13 | use jcore::tokio;
[INFO] [stdout]    |     ^^^^^^^^^^^^
[INFO] [stdout] 
[INFO] [stdout] 
[INFO] [stdout] warning: unused import: `std::ops::Deref`
[INFO] [stdout]  --> auth_micro/src/repository/mod.rs:1:5
[INFO] [stdout]   |
[INFO] [stdout] 1 | use std::ops::Deref;
[INFO] [stdout]   |     ^^^^^^^^^^^^^^^
[INFO] [stdout] 
[INFO] [stdout] 
[INFO] [stdout] warning: unused import: `Accepted`
[INFO] [stdout]  --> auth_micro/src/repository/mod.rs:5:32
[INFO] [stdout]   |
[INFO] [stdout] 5 | use rocket::response::status::{Accepted, Created, Custom, NotFound};
[INFO] [stdout]   |                                ^^^^^^^^
[INFO] [stdout] 
[INFO] [stdout] 
[INFO] [stdout] warning: unused import: `serde_json::json`
[INFO] [stdout]  --> auth_micro/src/repository/mod.rs:8:5
[INFO] [stdout]   |
[INFO] [stdout] 8 | use serde_json::json;
[INFO] [stdout]   |     ^^^^^^^^^^^^^^^^
[INFO] [stdout] 
[INFO] [stdout] 
[INFO] [stdout] warning: unused import: `users::db::connection`
[INFO] [stdout]   --> auth_micro/src/repository/mod.rs:10:5
[INFO] [stdout]    |
[INFO] [stdout] 10 | use users::db::connection;
[INFO] [stdout]    |     ^^^^^^^^^^^^^^^^^^^^^
[INFO] [stdout] 
[INFO] [stdout] 
[INFO] [stdout] warning: unused import: `Auth`
[INFO] [stdout]   --> auth_micro/src/repository/mod.rs:11:32
[INFO] [stdout]    |
[INFO] [stdout] 11 | use users::entity::db_models::{Auth, AuthLogin, AuthRes, AuthResponse};
[INFO] [stdout]    |                                ^^^^
[INFO] [stdout] 
[INFO] [stdout] 
[INFO] [stdout] warning: unused import: `login`
[INFO] [stdout]   --> auth_micro/src/repository/mod.rs:16:14
[INFO] [stdout]    |
[INFO] [stdout] 16 | pub async fn login(
[INFO] [stdout]    |              ^^^^^
[INFO] [stdout] 
[INFO] [stdout] 
[INFO] [stdout] warning: unused import: `get`
[INFO] [stdout]   --> auth_micro/src/repository/mod.rs:43:14
[INFO] [stdout]    |
[INFO] [stdout] 43 | pub async fn get(
[INFO] [stdout]    |              ^^^
[INFO] [stdout] 
[INFO] [stdout] 
[INFO] [stdout] warning: unused import: `delete`
[INFO] [stdout]   --> auth_micro/src/repository/mod.rs:71:14
[INFO] [stdout]    |
[INFO] [stdout] 71 | pub async fn delete(
[INFO] [stdout]    |              ^^^^^^
[INFO] [stdout] 
[INFO] [stdout] 
[INFO] [stdout] warning: `#[macro_use]` only has an effect on `extern crate` and modules
[INFO] [stdout]  --> auth_micro/src/main.rs:3:1
[INFO] [stdout]   |
[INFO] [stdout] 3 | #[macro_use]
[INFO] [stdout]   | ^^^^^^^^^^^^
[INFO] [stdout]   |
[INFO] [stdout]   = note: `#[warn(unused_attributes)]` on by default
[INFO] [stdout] 
[INFO] [stdout] 
[INFO] [stderr]     Finished `dev` profile [unoptimized + debuginfo] target(s) in 1m 51s
[INFO] running `Command { std: "docker" "inspect" "e28f0eb8e67bb44af1c3907f85a8b328eebe071e3994b83f544f5ac0e494d2b5", kill_on_drop: false }`
[INFO] running `Command { std: "docker" "rm" "-f" "e28f0eb8e67bb44af1c3907f85a8b328eebe071e3994b83f544f5ac0e494d2b5", kill_on_drop: false }`
[INFO] [stdout] e28f0eb8e67bb44af1c3907f85a8b328eebe071e3994b83f544f5ac0e494d2b5
[INFO] running `Command { std: "docker" "create" "-v" "/var/lib/crater-agent-workspace/builds/worker-3-tc2/target:/opt/rustwide/target:rw,Z" "-v" "/var/lib/crater-agent-workspace/builds/worker-3-tc2/source:/opt/rustwide/workdir:ro,Z" "-v" "/var/lib/crater-agent-workspace/cargo-home:/opt/rustwide/cargo-home:ro,Z" "-v" "/var/lib/crater-agent-workspace/rustup-home:/opt/rustwide/rustup-home:ro,Z" "-e" "SOURCE_DIR=/opt/rustwide/workdir" "-e" "CARGO_TARGET_DIR=/opt/rustwide/target" "-e" "CARGO_INCREMENTAL=0" "-e" "RUST_BACKTRACE=full" "-e" "RUSTFLAGS=--cap-lints=warn" "-e" "RUSTDOCFLAGS=--cap-lints=warn" "-e" "CARGO_HOME=/opt/rustwide/cargo-home" "-e" "RUSTUP_HOME=/opt/rustwide/rustup-home" "-w" "/opt/rustwide/workdir" "-m" "1610612736" "--user" "0:0" "--network" "none" "ghcr.io/rust-lang/crates-build-env/linux@sha256:f3a9d4ad9d972b27faf3965f35b62e55ba32bbce8f20bc8fe909558a86702fde" "/opt/rustwide/cargo-home/bin/cargo" "+beta-2024-12-08" "test" "--frozen" "--no-run" "--message-format=json", kill_on_drop: false }`
[INFO] [stdout] f7b183594191eaa13d7247487427dd88794e35d57f3f1058795265296d6c2d5a
[INFO] running `Command { std: "docker" "start" "-a" "f7b183594191eaa13d7247487427dd88794e35d57f3f1058795265296d6c2d5a", kill_on_drop: false }`
[INFO] [stderr] warning: virtual workspace defaulting to `resolver = "1"` despite one or more workspace members being on edition 2021 which implies `resolver = "2"`
[INFO] [stderr] note: to keep the current resolver, specify `workspace.resolver = "1"` in the workspace root's manifest
[INFO] [stderr] note: to use the edition 2021 resolver, specify `workspace.resolver = "2"` in the workspace root's manifest
[INFO] [stderr] note: for more details see https://doc.rust-lang.org/cargo/reference/resolver.html#resolver-versions
[INFO] [stdout] warning: unexpected `cfg` condition value: `diesel`
[INFO] [stdout]  --> migre/src/lib.rs:8:7
[INFO] [stdout]   |
[INFO] [stdout] 8 | #[cfg(feature = "diesel")]
[INFO] [stdout]   |       ^^^^^^^^^^^^^^^^^^
[INFO] [stdout]   |
[INFO] [stdout]   = note: expected values for `feature` are: `jcore`
[INFO] [stdout]   = help: consider adding `diesel` as a feature in `Cargo.toml`
[INFO] [stdout]   = note: see <https://doc.rust-lang.org/nightly/rustc/check-cfg/cargo-specifics.html> for more information about checking conditional configuration
[INFO] [stdout]   = note: `#[warn(unexpected_cfgs)]` on by default
[INFO] [stdout] 
[INFO] [stdout] 
[INFO] [stdout] warning: unused import: `PoolPgAsyncConnection`
[INFO] [stdout]  --> users/src/repository.rs:1:36
[INFO] [stdout]   |
[INFO] [stdout] 1 | use crate::db::{PgAsyncConnection, PoolPgAsyncConnection};
[INFO] [stdout]   |                                    ^^^^^^^^^^^^^^^^^^^^^
[INFO] [stdout]   |
[INFO] [stdout]   = note: `#[warn(unused_imports)]` on by default
[INFO] [stdout] 
[INFO] [stdout] 
[INFO] [stdout] warning: unused import: `AuthRes`
[INFO] [stdout]  --> users/src/repository.rs:2:49
[INFO] [stdout]   |
[INFO] [stdout] 2 | use crate::entity::db_models::{Auth, AuthLogin, AuthRes, NewAuth};
[INFO] [stdout]   |                                                 ^^^^^^^
[INFO] [stdout] 
[INFO] [stdout] 
[INFO] [stdout] warning: unused imports: `Connection`, `PgConnection`, and `debug_query`
[INFO] [stdout]  --> users/src/repository.rs:3:14
[INFO] [stdout]   |
[INFO] [stdout] 3 | use diesel::{Connection, debug_query, PgConnection, QueryDsl};
[INFO] [stdout]   |              ^^^^^^^^^^  ^^^^^^^^^^^  ^^^^^^^^^^^^
[INFO] [stdout] 
[INFO] [stdout] 
[INFO] [stdout] warning: unused import: `diesel::r2d2::Pool`
[INFO] [stdout]  --> users/src/repository.rs:5:5
[INFO] [stdout]   |
[INFO] [stdout] 5 | use diesel::r2d2::Pool;
[INFO] [stdout]   |     ^^^^^^^^^^^^^^^^^^
[INFO] [stdout] 
[INFO] [stdout] 
[INFO] [stdout] warning: unused import: `std::error::Error`
[INFO] [stdout]  --> users/src/db.rs:1:5
[INFO] [stdout]   |
[INFO] [stdout] 1 | use std::error::Error;
[INFO] [stdout]   |     ^^^^^^^^^^^^^^^^^
[INFO] [stdout] 
[INFO] [stdout] 
[INFO] [stdout] warning: unused imports: `Debug` and `Formatter`
[INFO] [stdout]  --> users/src/db.rs:2:16
[INFO] [stdout]   |
[INFO] [stdout] 2 | use std::fmt::{Debug, Formatter};
[INFO] [stdout]   |                ^^^^^  ^^^^^^^^^
[INFO] [stdout] 
[INFO] [stdout] 
[INFO] [stdout] warning: unused import: `std::path::Path`
[INFO] [stdout]  --> users/src/db.rs:4:5
[INFO] [stdout]   |
[INFO] [stdout] 4 | use std::path::Path;
[INFO] [stdout]   |     ^^^^^^^^^^^^^^^
[INFO] [stdout] 
[INFO] [stdout] 
[INFO] [stdout] warning: unused import: `std::str::FromStr`
[INFO] [stdout]  --> users/src/db.rs:5:5
[INFO] [stdout]   |
[INFO] [stdout] 5 | use std::str::FromStr;
[INFO] [stdout]   |     ^^^^^^^^^^^^^^^^^
[INFO] [stdout] 
[INFO] [stdout] 
[INFO] [stdout] warning: unused import: `diesel_migrations::embed_migrations`
[INFO] [stdout]  --> users/src/db.rs:8:5
[INFO] [stdout]   |
[INFO] [stdout] 8 | use diesel_migrations::embed_migrations;
[INFO] [stdout]   |     ^^^^^^^^^^^^^^^^^^^^^^^^^^^^^^^^^^^
[INFO] [stdout] 
[INFO] [stdout] 
[INFO] [stdout] warning: unused import: `crate::jcore::dotenv`
[INFO] [stdout]   --> users/src/db.rs:12:5
[INFO] [stdout]    |
[INFO] [stdout] 12 | use crate::jcore::dotenv;
[INFO] [stdout]    |     ^^^^^^^^^^^^^^^^^^^^
[INFO] [stdout] 
[INFO] [stdout] 
[INFO] [stdout] warning: `#[macro_use]` only has an effect on `extern crate` and modules
[INFO] [stdout]  --> users/src/lib.rs:2:1
[INFO] [stdout]   |
[INFO] [stdout] 2 | #[macro_use]
[INFO] [stdout]   | ^^^^^^^^^^^^
[INFO] [stdout]   |
[INFO] [stdout]   = note: `#[warn(unused_attributes)]` on by default
[INFO] [stdout] 
[INFO] [stdout] 
[INFO] [stderr]    Compiling users v0.1.0 (/opt/rustwide/workdir/users)
[INFO] [stdout] warning: unused variable: `con`
[INFO] [stdout]   --> users/src/repository.rs:23:21
[INFO] [stdout]    |
[INFO] [stdout] 23 |     async fn create(con: &PgAsyncConnection, value: NewAuth) -> Result<(bool, i32), String> {
[INFO] [stdout]    |                     ^^^ help: if this is intentional, prefix it with an underscore: `_con`
[INFO] [stdout]    |
[INFO] [stdout]    = note: `#[warn(unused_variables)]` on by default
[INFO] [stdout] 
[INFO] [stdout] 
[INFO] [stderr]    Compiling migre v0.1.0 (/opt/rustwide/workdir/migre)
[INFO] [stdout] warning: unused variable: `value`
[INFO] [stdout]   --> users/src/repository.rs:23:46
[INFO] [stdout]    |
[INFO] [stdout] 23 |     async fn create(con: &PgAsyncConnection, value: NewAuth) -> Result<(bool, i32), String> {
[INFO] [stdout]    |                                              ^^^^^ help: if this is intentional, prefix it with an underscore: `_value`
[INFO] [stdout] 
[INFO] [stdout] 
[INFO] [stderr]    Compiling jcore v0.1.0 (/opt/rustwide/workdir/jcore)
[INFO] [stdout] warning: unused variable: `con`
[INFO] [stdout]   --> users/src/repository.rs:27:21
[INFO] [stdout]    |
[INFO] [stdout] 27 |     async fn update(con: &PgAsyncConnection, value: NewAuth) -> Result<bool, String> {
[INFO] [stdout]    |                     ^^^ help: if this is intentional, prefix it with an underscore: `_con`
[INFO] [stdout] 
[INFO] [stdout] 
[INFO] [stdout] warning: unused variable: `value`
[INFO] [stdout]   --> users/src/repository.rs:27:46
[INFO] [stdout]    |
[INFO] [stdout] 27 |     async fn update(con: &PgAsyncConnection, value: NewAuth) -> Result<bool, String> {
[INFO] [stdout]    |                                              ^^^^^ help: if this is intentional, prefix it with an underscore: `_value`
[INFO] [stdout] 
[INFO] [stdout] 
[INFO] [stdout] warning: unused variable: `con`
[INFO] [stdout]   --> users/src/repository.rs:42:22
[INFO] [stdout]    |
[INFO] [stdout] 42 |     async fn get_all(con: &PgAsyncConnection) -> Result<Vec<Auth>, String> {
[INFO] [stdout]    |                      ^^^ help: if this is intentional, prefix it with an underscore: `_con`
[INFO] [stdout] 
[INFO] [stdout] 
[INFO] [stdout] warning: unused imports: `Response` and `State`
[INFO] [stdout]  --> http_serve/src/header.rs:1:77
[INFO] [stdout]   |
[INFO] [stdout] 1 | use rocket::{Request, outcome::Outcome, http::Status, request::FromRequest, State, Response};
[INFO] [stdout]   |                                                                             ^^^^^  ^^^^^^^^
[INFO] [stdout]   |
[INFO] [stdout]   = note: `#[warn(unused_imports)]` on by default
[INFO] [stdout] 
[INFO] [stdout] 
[INFO] [stdout] warning: unused import: `reqwest::Client`
[INFO] [stdout]  --> http_serve/src/header.rs:4:5
[INFO] [stdout]   |
[INFO] [stdout] 4 | use reqwest::Client;
[INFO] [stdout]   |     ^^^^^^^^^^^^^^^
[INFO] [stdout] 
[INFO] [stdout] 
[INFO] [stdout] warning: unused import: `rocket_okapi::gen::OpenApiGenerator`
[INFO] [stdout]  --> http_serve/src/header.rs:5:5
[INFO] [stdout]   |
[INFO] [stdout] 5 | use rocket_okapi::gen::OpenApiGenerator;
[INFO] [stdout]   |     ^^^^^^^^^^^^^^^^^^^^^^^^^^^^^^^^^^^
[INFO] [stdout] 
[INFO] [stdout] 
[INFO] [stdout] warning: unused import: `rocket_okapi::okapi::openapi3::Responses`
[INFO] [stdout]  --> http_serve/src/header.rs:6:5
[INFO] [stdout]   |
[INFO] [stdout] 6 | use rocket_okapi::okapi::openapi3::Responses;
[INFO] [stdout]   |     ^^^^^^^^^^^^^^^^^^^^^^^^^^^^^^^^^^^^^^^^
[INFO] [stdout] 
[INFO] [stdout] 
[INFO] [stdout] warning: unused imports: `JsonSchema` and `self`
[INFO] [stdout]  --> http_serve/src/header.rs:7:37
[INFO] [stdout]   |
[INFO] [stdout] 7 | use rocket_okapi::okapi::schemars::{self, JsonSchema};
[INFO] [stdout]   |                                     ^^^^  ^^^^^^^^^^
[INFO] [stdout] 
[INFO] [stdout] 
[INFO] [stdout] warning: unused imports: `OpenApiFromRequest` and `RequestHeaderInput`
[INFO] [stdout]  --> http_serve/src/header.rs:8:29
[INFO] [stdout]   |
[INFO] [stdout] 8 | use rocket_okapi::request::{OpenApiFromRequest, RequestHeaderInput};
[INFO] [stdout]   |                             ^^^^^^^^^^^^^^^^^^  ^^^^^^^^^^^^^^^^^^
[INFO] [stdout] 
[INFO] [stdout] 
[INFO] [stdout] warning: unused imports: `Responder` and `status`
[INFO] [stdout]   --> http_serve/src/header.rs:10:24
[INFO] [stdout]    |
[INFO] [stdout] 10 | use rocket::response::{Responder, status};
[INFO] [stdout]    |                        ^^^^^^^^^  ^^^^^^
[INFO] [stdout] 
[INFO] [stdout] 
[INFO] [stdout] warning: unused import: `jsonwebtoken::errors::Error`
[INFO] [stdout]  --> http_serve/src/lib.rs:3:5
[INFO] [stdout]   |
[INFO] [stdout] 3 | use jsonwebtoken::errors::Error;
[INFO] [stdout]   |     ^^^^^^^^^^^^^^^^^^^^^^^^^^^
[INFO] [stdout] 
[INFO] [stdout] 
[INFO] [stdout] warning: unused import: `jsonwebtoken::TokenData`
[INFO] [stdout]  --> http_serve/src/lib.rs:4:5
[INFO] [stdout]   |
[INFO] [stdout] 4 | use jsonwebtoken::TokenData;
[INFO] [stdout]   |     ^^^^^^^^^^^^^^^^^^^^^^^
[INFO] [stdout] 
[INFO] [stdout] 
[INFO] [stdout] warning: unused import: `routes`
[INFO] [stdout]   --> http_serve/src/lib.rs:12:14
[INFO] [stdout]    |
[INFO] [stdout] 12 | use rocket::{routes, Request};
[INFO] [stdout]    |              ^^^^^^
[INFO] [stdout] 
[INFO] [stdout] 
[INFO] [stdout] warning: unused variable: `e`
[INFO] [stdout]   --> http_serve/src/lib.rs:48:29
[INFO] [stdout]    |
[INFO] [stdout] 48 |                         Err(e) => Outcome::Failure((Status::Unauthorized, ())),
[INFO] [stdout]    |                             ^ help: if this is intentional, prefix it with an underscore: `_e`
[INFO] [stdout]    |
[INFO] [stdout]    = note: `#[warn(unused_variables)]` on by default
[INFO] [stdout] 
[INFO] [stdout] 
[INFO] [stderr]    Compiling http_serve v0.1.0 (/opt/rustwide/workdir/http_serve)
[INFO] [stderr]    Compiling auth_micro v0.1.0 (/opt/rustwide/workdir/auth_micro)
[INFO] [stdout] warning: unexpected `cfg` condition value: `diesel`
[INFO] [stdout]  --> migre/src/lib.rs:8:7
[INFO] [stdout]   |
[INFO] [stdout] 8 | #[cfg(feature = "diesel")]
[INFO] [stdout]   |       ^^^^^^^^^^^^^^^^^^
[INFO] [stdout]   |
[INFO] [stdout]   = note: expected values for `feature` are: `jcore`
[INFO] [stdout]   = help: consider adding `diesel` as a feature in `Cargo.toml`
[INFO] [stdout]   = note: see <https://doc.rust-lang.org/nightly/rustc/check-cfg/cargo-specifics.html> for more information about checking conditional configuration
[INFO] [stdout]   = note: `#[warn(unexpected_cfgs)]` on by default
[INFO] [stdout] 
[INFO] [stdout] 
[INFO] [stdout] warning: unused import: `std::path::Path`
[INFO] [stdout]  --> users/tests/integration_test.rs:2:5
[INFO] [stdout]   |
[INFO] [stdout] 2 | use std::path::Path;
[INFO] [stdout]   |     ^^^^^^^^^^^^^^^
[INFO] [stdout]   |
[INFO] [stdout]   = note: `#[warn(unused_imports)]` on by default
[INFO] [stdout] 
[INFO] [stdout] 
[INFO] [stdout] warning: unused import: `users::db::PgAsyncConnection`
[INFO] [stdout]  --> users/tests/integration_test.rs:5:5
[INFO] [stdout]   |
[INFO] [stdout] 5 | use users::db::PgAsyncConnection;
[INFO] [stdout]   |     ^^^^^^^^^^^^^^^^^^^^^^^^^^^^
[INFO] [stdout] 
[INFO] [stdout] 
[INFO] [stdout] warning: unused import: `Auth`
[INFO] [stdout]  --> users/tests/integration_test.rs:6:32
[INFO] [stdout]   |
[INFO] [stdout] 6 | use users::entity::db_models::{Auth, AuthLogin};
[INFO] [stdout]   |                                ^^^^
[INFO] [stdout] 
[INFO] [stdout] 
[INFO] [stdout] warning: unused import: `std::future::Future`
[INFO] [stdout]  --> auth_micro/src/main.rs:1:5
[INFO] [stdout]   |
[INFO] [stdout] 1 | use std::future::Future;
[INFO] [stdout]   |     ^^^^^^^^^^^^^^^^^^^
[INFO] [stdout]   |
[INFO] [stdout]   = note: `#[warn(unused_imports)]` on by default
[INFO] [stdout] 
[INFO] [stdout] 
[INFO] [stdout] warning: unused import: `std::path::Path`
[INFO] [stdout]  --> auth_micro/src/main.rs:2:5
[INFO] [stdout]   |
[INFO] [stdout] 2 | use std::path::Path;
[INFO] [stdout]   |     ^^^^^^^^^^^^^^^
[INFO] [stdout] 
[INFO] [stdout] 
[INFO] [stdout] warning: unused imports: `Created` and `NotFound`
[INFO] [stdout]  --> auth_micro/src/main.rs:8:32
[INFO] [stdout]   |
[INFO] [stdout] 8 | use rocket::response::status::{Created, NotFound};
[INFO] [stdout]   |                                ^^^^^^^  ^^^^^^^^
[INFO] [stdout] 
[INFO] [stdout] 
[INFO] [stdout] warning: unused import: `rocket::serde::json::Json`
[INFO] [stdout]  --> auth_micro/src/main.rs:9:5
[INFO] [stdout]   |
[INFO] [stdout] 9 | use rocket::serde::json::Json;
[INFO] [stdout]   |     ^^^^^^^^^^^^^^^^^^^^^^^^^
[INFO] [stdout] 
[INFO] [stdout] 
[INFO] [stdout] warning: unused import: `http_serve::header::BasicAuthRaw`
[INFO] [stdout]   --> auth_micro/src/main.rs:10:5
[INFO] [stdout]    |
[INFO] [stdout] 10 | use http_serve::header::BasicAuthRaw;
[INFO] [stdout]    |     ^^^^^^^^^^^^^^^^^^^^^^^^^^^^^^^^
[INFO] [stdout] 
[INFO] [stdout] 
[INFO] [stdout] warning: unused imports: `PoolPgAsyncConnection` and `Pool`
[INFO] [stdout]   --> auth_micro/src/main.rs:11:48
[INFO] [stdout]    |
[INFO] [stdout] 11 | use users::db::{connection, PgAsyncConnection, Pool, PoolPgAsyncConnection};
[INFO] [stdout]    |                                                ^^^^  ^^^^^^^^^^^^^^^^^^^^^
[INFO] [stdout] 
[INFO] [stdout] 
[INFO] [stdout] warning: unused import: `users::entity::db_models::AuthRes`
[INFO] [stdout]   --> auth_micro/src/main.rs:12:5
[INFO] [stdout]    |
[INFO] [stdout] 12 | use users::entity::db_models::AuthRes;
[INFO] [stdout]    |     ^^^^^^^^^^^^^^^^^^^^^^^^^^^^^^^^^
[INFO] [stdout] 
[INFO] [stdout] 
[INFO] [stdout] warning: unused import: `jcore::tokio`
[INFO] [stdout]   --> auth_micro/src/main.rs:13:5
[INFO] [stdout]    |
[INFO] [stdout] 13 | use jcore::tokio;
[INFO] [stdout]    |     ^^^^^^^^^^^^
[INFO] [stdout] 
[INFO] [stdout] 
[INFO] [stdout] warning: unused import: `std::ops::Deref`
[INFO] [stdout]  --> auth_micro/src/repository/mod.rs:1:5
[INFO] [stdout]   |
[INFO] [stdout] 1 | use std::ops::Deref;
[INFO] [stdout]   |     ^^^^^^^^^^^^^^^
[INFO] [stdout] 
[INFO] [stdout] 
[INFO] [stdout] warning: unused import: `Accepted`
[INFO] [stdout]  --> auth_micro/src/repository/mod.rs:5:32
[INFO] [stdout]   |
[INFO] [stdout] 5 | use rocket::response::status::{Accepted, Created, Custom, NotFound};
[INFO] [stdout]   |                                ^^^^^^^^
[INFO] [stdout] 
[INFO] [stdout] 
[INFO] [stdout] warning: unused import: `serde_json::json`
[INFO] [stdout]  --> auth_micro/src/repository/mod.rs:8:5
[INFO] [stdout]   |
[INFO] [stdout] 8 | use serde_json::json;
[INFO] [stdout]   |     ^^^^^^^^^^^^^^^^
[INFO] [stdout] 
[INFO] [stdout] 
[INFO] [stdout] warning: unused import: `users::db::connection`
[INFO] [stdout]   --> auth_micro/src/repository/mod.rs:10:5
[INFO] [stdout]    |
[INFO] [stdout] 10 | use users::db::connection;
[INFO] [stdout]    |     ^^^^^^^^^^^^^^^^^^^^^
[INFO] [stdout] 
[INFO] [stdout] 
[INFO] [stdout] warning: unused import: `Auth`
[INFO] [stdout]   --> auth_micro/src/repository/mod.rs:11:32
[INFO] [stdout]    |
[INFO] [stdout] 11 | use users::entity::db_models::{Auth, AuthLogin, AuthRes, AuthResponse};
[INFO] [stdout]    |                                ^^^^
[INFO] [stdout] 
[INFO] [stdout] 
[INFO] [stdout] warning: unused import: `login`
[INFO] [stdout]   --> auth_micro/src/repository/mod.rs:16:14
[INFO] [stdout]    |
[INFO] [stdout] 16 | pub async fn login(
[INFO] [stdout]    |              ^^^^^
[INFO] [stdout] 
[INFO] [stdout] 
[INFO] [stdout] warning: unused import: `get`
[INFO] [stdout]   --> auth_micro/src/repository/mod.rs:43:14
[INFO] [stdout]    |
[INFO] [stdout] 43 | pub async fn get(
[INFO] [stdout]    |              ^^^
[INFO] [stdout] 
[INFO] [stdout] 
[INFO] [stdout] warning: unused variable: `error`
[INFO] [stdout]   --> users/tests/integration_test.rs:26:13
[INFO] [stdout]    |
[INFO] [stdout] 26 |         Err(error) => {}
[INFO] [stdout]    |             ^^^^^ help: if this is intentional, prefix it with an underscore: `_error`
[INFO] [stdout]    |
[INFO] [stdout]    = note: `#[warn(unused_variables)]` on by default
[INFO] [stdout] 
[INFO] [stdout] 
[INFO] [stdout] warning: unused import: `delete`
[INFO] [stdout]   --> auth_micro/src/repository/mod.rs:71:14
[INFO] [stdout]    |
[INFO] [stdout] 71 | pub async fn delete(
[INFO] [stdout]    |              ^^^^^^
[INFO] [stdout] 
[INFO] [stdout] 
[INFO] [stdout] warning: `#[macro_use]` only has an effect on `extern crate` and modules
[INFO] [stdout]  --> auth_micro/src/main.rs:3:1
[INFO] [stdout]   |
[INFO] [stdout] 3 | #[macro_use]
[INFO] [stdout]   | ^^^^^^^^^^^^
[INFO] [stdout]   |
[INFO] [stdout]   = note: `#[warn(unused_attributes)]` on by default
[INFO] [stdout] 
[INFO] [stdout] 
[INFO] [stdout] warning: unused imports: `Response` and `State`
[INFO] [stdout]  --> http_serve/src/header.rs:1:77
[INFO] [stdout]   |
[INFO] [stdout] 1 | use rocket::{Request, outcome::Outcome, http::Status, request::FromRequest, State, Response};
[INFO] [stdout]   |                                                                             ^^^^^  ^^^^^^^^
[INFO] [stdout]   |
[INFO] [stdout]   = note: `#[warn(unused_imports)]` on by default
[INFO] [stdout] 
[INFO] [stdout] 
[INFO] [stdout] warning: unused import: `reqwest::Client`
[INFO] [stdout]  --> http_serve/src/header.rs:4:5
[INFO] [stdout]   |
[INFO] [stdout] 4 | use reqwest::Client;
[INFO] [stdout]   |     ^^^^^^^^^^^^^^^
[INFO] [stdout] 
[INFO] [stdout] 
[INFO] [stdout] warning: unused import: `rocket_okapi::gen::OpenApiGenerator`
[INFO] [stdout]  --> http_serve/src/header.rs:5:5
[INFO] [stdout]   |
[INFO] [stdout] 5 | use rocket_okapi::gen::OpenApiGenerator;
[INFO] [stdout]   |     ^^^^^^^^^^^^^^^^^^^^^^^^^^^^^^^^^^^
[INFO] [stdout] 
[INFO] [stdout] 
[INFO] [stdout] warning: unused import: `rocket_okapi::okapi::openapi3::Responses`
[INFO] [stdout]  --> http_serve/src/header.rs:6:5
[INFO] [stdout]   |
[INFO] [stdout] 6 | use rocket_okapi::okapi::openapi3::Responses;
[INFO] [stdout]   |     ^^^^^^^^^^^^^^^^^^^^^^^^^^^^^^^^^^^^^^^^
[INFO] [stdout] 
[INFO] [stdout] 
[INFO] [stdout] warning: unused imports: `JsonSchema` and `self`
[INFO] [stdout]  --> http_serve/src/header.rs:7:37
[INFO] [stdout]   |
[INFO] [stdout] 7 | use rocket_okapi::okapi::schemars::{self, JsonSchema};
[INFO] [stdout]   |                                     ^^^^  ^^^^^^^^^^
[INFO] [stdout] 
[INFO] [stdout] 
[INFO] [stdout] warning: unused imports: `OpenApiFromRequest` and `RequestHeaderInput`
[INFO] [stdout]  --> http_serve/src/header.rs:8:29
[INFO] [stdout]   |
[INFO] [stdout] 8 | use rocket_okapi::request::{OpenApiFromRequest, RequestHeaderInput};
[INFO] [stdout]   |                             ^^^^^^^^^^^^^^^^^^  ^^^^^^^^^^^^^^^^^^
[INFO] [stdout] 
[INFO] [stdout] 
[INFO] [stdout] warning: unused imports: `Responder` and `status`
[INFO] [stdout]   --> http_serve/src/header.rs:10:24
[INFO] [stdout]    |
[INFO] [stdout] 10 | use rocket::response::{Responder, status};
[INFO] [stdout]    |                        ^^^^^^^^^  ^^^^^^
[INFO] [stdout] 
[INFO] [stdout] 
[INFO] [stdout] warning: unused import: `jsonwebtoken::errors::Error`
[INFO] [stdout]  --> http_serve/src/lib.rs:3:5
[INFO] [stdout]   |
[INFO] [stdout] 3 | use jsonwebtoken::errors::Error;
[INFO] [stdout]   |     ^^^^^^^^^^^^^^^^^^^^^^^^^^^
[INFO] [stdout] 
[INFO] [stdout] 
[INFO] [stdout] warning: unused import: `jsonwebtoken::TokenData`
[INFO] [stdout]  --> http_serve/src/lib.rs:4:5
[INFO] [stdout]   |
[INFO] [stdout] 4 | use jsonwebtoken::TokenData;
[INFO] [stdout]   |     ^^^^^^^^^^^^^^^^^^^^^^^
[INFO] [stdout] 
[INFO] [stdout] 
[INFO] [stdout] warning: unused import: `routes`
[INFO] [stdout]   --> http_serve/src/lib.rs:12:14
[INFO] [stdout]    |
[INFO] [stdout] 12 | use rocket::{routes, Request};
[INFO] [stdout]    |              ^^^^^^
[INFO] [stdout] 
[INFO] [stdout] 
[INFO] [stdout] warning: unused import: `PoolPgAsyncConnection`
[INFO] [stdout]  --> users/src/repository.rs:1:36
[INFO] [stdout]   |
[INFO] [stdout] 1 | use crate::db::{PgAsyncConnection, PoolPgAsyncConnection};
[INFO] [stdout]   |                                    ^^^^^^^^^^^^^^^^^^^^^
[INFO] [stdout]   |
[INFO] [stdout]   = note: `#[warn(unused_imports)]` on by default
[INFO] [stdout] 
[INFO] [stdout] 
[INFO] [stdout] warning: unused import: `AuthRes`
[INFO] [stdout]  --> users/src/repository.rs:2:49
[INFO] [stdout]   |
[INFO] [stdout] 2 | use crate::entity::db_models::{Auth, AuthLogin, AuthRes, NewAuth};
[INFO] [stdout]   |                                                 ^^^^^^^
[INFO] [stdout] 
[INFO] [stdout] 
[INFO] [stdout] warning: unused imports: `Connection`, `PgConnection`, and `debug_query`
[INFO] [stdout]  --> users/src/repository.rs:3:14
[INFO] [stdout]   |
[INFO] [stdout] 3 | use diesel::{Connection, debug_query, PgConnection, QueryDsl};
[INFO] [stdout]   |              ^^^^^^^^^^  ^^^^^^^^^^^  ^^^^^^^^^^^^
[INFO] [stdout] 
[INFO] [stdout] 
[INFO] [stdout] warning: unused import: `diesel::r2d2::Pool`
[INFO] [stdout]  --> users/src/repository.rs:5:5
[INFO] [stdout]   |
[INFO] [stdout] 5 | use diesel::r2d2::Pool;
[INFO] [stdout]   |     ^^^^^^^^^^^^^^^^^^
[INFO] [stdout] 
[INFO] [stdout] 
[INFO] [stdout] warning: unused import: `std::error::Error`
[INFO] [stdout]  --> users/src/db.rs:1:5
[INFO] [stdout]   |
[INFO] [stdout] 1 | use std::error::Error;
[INFO] [stdout]   |     ^^^^^^^^^^^^^^^^^
[INFO] [stdout] 
[INFO] [stdout] 
[INFO] [stdout] warning: unused imports: `Debug` and `Formatter`
[INFO] [stdout]  --> users/src/db.rs:2:16
[INFO] [stdout]   |
[INFO] [stdout] 2 | use std::fmt::{Debug, Formatter};
[INFO] [stdout]   |                ^^^^^  ^^^^^^^^^
[INFO] [stdout] 
[INFO] [stdout] 
[INFO] [stdout] warning: unused import: `std::path::Path`
[INFO] [stdout]  --> users/src/db.rs:4:5
[INFO] [stdout]   |
[INFO] [stdout] 4 | use std::path::Path;
[INFO] [stdout]   |     ^^^^^^^^^^^^^^^
[INFO] [stdout] 
[INFO] [stdout] 
[INFO] [stdout] warning: unused import: `std::str::FromStr`
[INFO] [stdout]  --> users/src/db.rs:5:5
[INFO] [stdout]   |
[INFO] [stdout] 5 | use std::str::FromStr;
[INFO] [stdout]   |     ^^^^^^^^^^^^^^^^^
[INFO] [stdout] 
[INFO] [stdout] 
[INFO] [stdout] warning: unused import: `diesel_migrations::embed_migrations`
[INFO] [stdout]  --> users/src/db.rs:8:5
[INFO] [stdout]   |
[INFO] [stdout] 8 | use diesel_migrations::embed_migrations;
[INFO] [stdout]   |     ^^^^^^^^^^^^^^^^^^^^^^^^^^^^^^^^^^^
[INFO] [stdout] 
[INFO] [stdout] 
[INFO] [stdout] warning: unused import: `crate::jcore::dotenv`
[INFO] [stdout]   --> users/src/db.rs:12:5
[INFO] [stdout]    |
[INFO] [stdout] 12 | use crate::jcore::dotenv;
[INFO] [stdout]    |     ^^^^^^^^^^^^^^^^^^^^
[INFO] [stdout] 
[INFO] [stdout] 
[INFO] [stdout] warning: `#[macro_use]` only has an effect on `extern crate` and modules
[INFO] [stdout]  --> users/src/lib.rs:2:1
[INFO] [stdout]   |
[INFO] [stdout] 2 | #[macro_use]
[INFO] [stdout]   | ^^^^^^^^^^^^
[INFO] [stdout]   |
[INFO] [stdout]   = note: `#[warn(unused_attributes)]` on by default
[INFO] [stdout] 
[INFO] [stdout] 
[INFO] [stdout] warning: unused variable: `e`
[INFO] [stdout]   --> http_serve/src/lib.rs:48:29
[INFO] [stdout]    |
[INFO] [stdout] 48 |                         Err(e) => Outcome::Failure((Status::Unauthorized, ())),
[INFO] [stdout]    |                             ^ help: if this is intentional, prefix it with an underscore: `_e`
[INFO] [stdout]    |
[INFO] [stdout]    = note: `#[warn(unused_variables)]` on by default
[INFO] [stdout] 
[INFO] [stdout] 
[INFO] [stdout] warning: unused variable: `con`
[INFO] [stdout]   --> users/src/repository.rs:23:21
[INFO] [stdout]    |
[INFO] [stdout] 23 |     async fn create(con: &PgAsyncConnection, value: NewAuth) -> Result<(bool, i32), String> {
[INFO] [stdout]    |                     ^^^ help: if this is intentional, prefix it with an underscore: `_con`
[INFO] [stdout]    |
[INFO] [stdout]    = note: `#[warn(unused_variables)]` on by default
[INFO] [stdout] 
[INFO] [stdout] 
[INFO] [stdout] warning: unused variable: `value`
[INFO] [stdout]   --> users/src/repository.rs:23:46
[INFO] [stdout]    |
[INFO] [stdout] 23 |     async fn create(con: &PgAsyncConnection, value: NewAuth) -> Result<(bool, i32), String> {
[INFO] [stdout]    |                                              ^^^^^ help: if this is intentional, prefix it with an underscore: `_value`
[INFO] [stdout] 
[INFO] [stdout] 
[INFO] [stdout] warning: unused variable: `con`
[INFO] [stdout]   --> users/src/repository.rs:27:21
[INFO] [stdout]    |
[INFO] [stdout] 27 |     async fn update(con: &PgAsyncConnection, value: NewAuth) -> Result<bool, String> {
[INFO] [stdout]    |                     ^^^ help: if this is intentional, prefix it with an underscore: `_con`
[INFO] [stdout] 
[INFO] [stdout] 
[INFO] [stdout] warning: unused variable: `value`
[INFO] [stdout]   --> users/src/repository.rs:27:46
[INFO] [stdout]    |
[INFO] [stdout] 27 |     async fn update(con: &PgAsyncConnection, value: NewAuth) -> Result<bool, String> {
[INFO] [stdout]    |                                              ^^^^^ help: if this is intentional, prefix it with an underscore: `_value`
[INFO] [stdout] 
[INFO] [stdout] 
[INFO] [stdout] warning: unused variable: `con`
[INFO] [stdout]   --> users/src/repository.rs:42:22
[INFO] [stdout]    |
[INFO] [stdout] 42 |     async fn get_all(con: &PgAsyncConnection) -> Result<Vec<Auth>, String> {
[INFO] [stdout]    |                      ^^^ help: if this is intentional, prefix it with an underscore: `_con`
[INFO] [stdout] 
[INFO] [stdout] 
[INFO] [stderr]     Finished `test` profile [unoptimized + debuginfo] target(s) in 3.51s
[INFO] running `Command { std: "docker" "inspect" "f7b183594191eaa13d7247487427dd88794e35d57f3f1058795265296d6c2d5a", kill_on_drop: false }`
[INFO] running `Command { std: "docker" "rm" "-f" "f7b183594191eaa13d7247487427dd88794e35d57f3f1058795265296d6c2d5a", kill_on_drop: false }`
[INFO] [stdout] f7b183594191eaa13d7247487427dd88794e35d57f3f1058795265296d6c2d5a
[INFO] running `Command { std: "docker" "create" "-v" "/var/lib/crater-agent-workspace/builds/worker-3-tc2/target:/opt/rustwide/target:rw,Z" "-v" "/var/lib/crater-agent-workspace/builds/worker-3-tc2/source:/opt/rustwide/workdir:ro,Z" "-v" "/var/lib/crater-agent-workspace/cargo-home:/opt/rustwide/cargo-home:ro,Z" "-v" "/var/lib/crater-agent-workspace/rustup-home:/opt/rustwide/rustup-home:ro,Z" "-e" "SOURCE_DIR=/opt/rustwide/workdir" "-e" "CARGO_TARGET_DIR=/opt/rustwide/target" "-e" "CARGO_INCREMENTAL=0" "-e" "RUST_BACKTRACE=full" "-e" "RUSTFLAGS=--cap-lints=warn" "-e" "RUSTDOCFLAGS=--cap-lints=warn" "-e" "CARGO_HOME=/opt/rustwide/cargo-home" "-e" "RUSTUP_HOME=/opt/rustwide/rustup-home" "-w" "/opt/rustwide/workdir" "-m" "1610612736" "--user" "0:0" "--network" "none" "ghcr.io/rust-lang/crates-build-env/linux@sha256:f3a9d4ad9d972b27faf3965f35b62e55ba32bbce8f20bc8fe909558a86702fde" "/opt/rustwide/cargo-home/bin/cargo" "+beta-2024-12-08" "test" "--frozen", kill_on_drop: false }`
[INFO] [stdout] 2fabc5813d2b3cbb23c6b7b34c419b396bedf89a3eebd79402d370faac25485e
[INFO] running `Command { std: "docker" "start" "-a" "2fabc5813d2b3cbb23c6b7b34c419b396bedf89a3eebd79402d370faac25485e", kill_on_drop: false }`
[INFO] [stderr] warning: virtual workspace defaulting to `resolver = "1"` despite one or more workspace members being on edition 2021 which implies `resolver = "2"`
[INFO] [stderr] note: to keep the current resolver, specify `workspace.resolver = "1"` in the workspace root's manifest
[INFO] [stderr] note: to use the edition 2021 resolver, specify `workspace.resolver = "2"` in the workspace root's manifest
[INFO] [stderr] note: for more details see https://doc.rust-lang.org/cargo/reference/resolver.html#resolver-versions
[INFO] [stderr] warning: unexpected `cfg` condition value: `diesel`
[INFO] [stderr]  --> migre/src/lib.rs:8:7
[INFO] [stderr]   |
[INFO] [stderr] 8 | #[cfg(feature = "diesel")]
[INFO] [stderr]   |       ^^^^^^^^^^^^^^^^^^
[INFO] [stderr]   |
[INFO] [stderr]   = note: expected values for `feature` are: `jcore`
[INFO] [stderr]   = help: consider adding `diesel` as a feature in `Cargo.toml`
[INFO] [stderr]   = note: see <https://doc.rust-lang.org/nightly/rustc/check-cfg/cargo-specifics.html> for more information about checking conditional configuration
[INFO] [stderr]   = note: `#[warn(unexpected_cfgs)]` on by default
[INFO] [stderr] 
[INFO] [stderr] warning: `migre` (lib) generated 1 warning
[INFO] [stderr] warning: unused import: `PoolPgAsyncConnection`
[INFO] [stderr]  --> users/src/repository.rs:1:36
[INFO] [stderr]   |
[INFO] [stderr] 1 | use crate::db::{PgAsyncConnection, PoolPgAsyncConnection};
[INFO] [stderr]   |                                    ^^^^^^^^^^^^^^^^^^^^^
[INFO] [stderr]   |
[INFO] [stderr]   = note: `#[warn(unused_imports)]` on by default
[INFO] [stderr] 
[INFO] [stderr] warning: unused import: `AuthRes`
[INFO] [stderr]  --> users/src/repository.rs:2:49
[INFO] [stderr]   |
[INFO] [stderr] 2 | use crate::entity::db_models::{Auth, AuthLogin, AuthRes, NewAuth};
[INFO] [stderr]   |                                                 ^^^^^^^
[INFO] [stderr] 
[INFO] [stderr] warning: unused imports: `Connection`, `PgConnection`, and `debug_query`
[INFO] [stderr]  --> users/src/repository.rs:3:14
[INFO] [stderr]   |
[INFO] [stderr] 3 | use diesel::{Connection, debug_query, PgConnection, QueryDsl};
[INFO] [stderr]   |              ^^^^^^^^^^  ^^^^^^^^^^^  ^^^^^^^^^^^^
[INFO] [stderr] 
[INFO] [stderr] warning: unused import: `diesel::r2d2::Pool`
[INFO] [stderr]  --> users/src/repository.rs:5:5
[INFO] [stderr]   |
[INFO] [stderr] 5 | use diesel::r2d2::Pool;
[INFO] [stderr]   |     ^^^^^^^^^^^^^^^^^^
[INFO] [stderr] 
[INFO] [stderr] warning: unused import: `std::error::Error`
[INFO] [stderr]  --> users/src/db.rs:1:5
[INFO] [stderr]   |
[INFO] [stderr] 1 | use std::error::Error;
[INFO] [stderr]   |     ^^^^^^^^^^^^^^^^^
[INFO] [stderr] 
[INFO] [stderr] warning: unused imports: `Debug` and `Formatter`
[INFO] [stderr]  --> users/src/db.rs:2:16
[INFO] [stderr]   |
[INFO] [stderr] 2 | use std::fmt::{Debug, Formatter};
[INFO] [stderr]   |                ^^^^^  ^^^^^^^^^
[INFO] [stderr] 
[INFO] [stderr] warning: unused import: `std::path::Path`
[INFO] [stderr]  --> users/src/db.rs:4:5
[INFO] [stderr]   |
[INFO] [stderr] 4 | use std::path::Path;
[INFO] [stderr]   |     ^^^^^^^^^^^^^^^
[INFO] [stderr] 
[INFO] [stderr] warning: unused import: `std::str::FromStr`
[INFO] [stderr]  --> users/src/db.rs:5:5
[INFO] [stderr]   |
[INFO] [stderr] 5 | use std::str::FromStr;
[INFO] [stderr]   |     ^^^^^^^^^^^^^^^^^
[INFO] [stderr] 
[INFO] [stderr] warning: unused import: `diesel_migrations::embed_migrations`
[INFO] [stderr]  --> users/src/db.rs:8:5
[INFO] [stderr]   |
[INFO] [stderr] 8 | use diesel_migrations::embed_migrations;
[INFO] [stderr]   |     ^^^^^^^^^^^^^^^^^^^^^^^^^^^^^^^^^^^
[INFO] [stderr] 
[INFO] [stderr] warning: unused import: `crate::jcore::dotenv`
[INFO] [stderr]   --> users/src/db.rs:12:5
[INFO] [stderr]    |
[INFO] [stderr] 12 | use crate::jcore::dotenv;
[INFO] [stderr]    |     ^^^^^^^^^^^^^^^^^^^^
[INFO] [stderr] 
[INFO] [stderr] warning: `#[macro_use]` only has an effect on `extern crate` and modules
[INFO] [stderr]  --> users/src/lib.rs:2:1
[INFO] [stderr]   |
[INFO] [stderr] 2 | #[macro_use]
[INFO] [stderr]   | ^^^^^^^^^^^^
[INFO] [stderr]   |
[INFO] [stderr]   = note: `#[warn(unused_attributes)]` on by default
[INFO] [stderr] 
[INFO] [stderr] warning: unused variable: `con`
[INFO] [stderr]   --> users/src/repository.rs:23:21
[INFO] [stderr]    |
[INFO] [stderr] 23 |     async fn create(con: &PgAsyncConnection, value: NewAuth) -> Result<(bool, i32), String> {
[INFO] [stderr]    |                     ^^^ help: if this is intentional, prefix it with an underscore: `_con`
[INFO] [stderr]    |
[INFO] [stderr]    = note: `#[warn(unused_variables)]` on by default
[INFO] [stderr] 
[INFO] [stderr] warning: unused variable: `value`
[INFO] [stderr]   --> users/src/repository.rs:23:46
[INFO] [stderr]    |
[INFO] [stderr] 23 |     async fn create(con: &PgAsyncConnection, value: NewAuth) -> Result<(bool, i32), String> {
[INFO] [stderr]    |                                              ^^^^^ help: if this is intentional, prefix it with an underscore: `_value`
[INFO] [stderr] 
[INFO] [stderr] warning: unused variable: `con`
[INFO] [stderr]   --> users/src/repository.rs:27:21
[INFO] [stderr]    |
[INFO] [stderr] 27 |     async fn update(con: &PgAsyncConnection, value: NewAuth) -> Result<bool, String> {
[INFO] [stderr]    |                     ^^^ help: if this is intentional, prefix it with an underscore: `_con`
[INFO] [stderr] 
[INFO] [stderr] warning: unused variable: `value`
[INFO] [stderr]   --> users/src/repository.rs:27:46
[INFO] [stderr]    |
[INFO] [stderr] 27 |     async fn update(con: &PgAsyncConnection, value: NewAuth) -> Result<bool, String> {
[INFO] [stderr]    |                                              ^^^^^ help: if this is intentional, prefix it with an underscore: `_value`
[INFO] [stderr] 
[INFO] [stderr] warning: unused variable: `con`
[INFO] [stderr]   --> users/src/repository.rs:42:22
[INFO] [stderr]    |
[INFO] [stderr] 42 |     async fn get_all(con: &PgAsyncConnection) -> Result<Vec<Auth>, String> {
[INFO] [stderr]    |                      ^^^ help: if this is intentional, prefix it with an underscore: `_con`
[INFO] [stderr] 
[INFO] [stderr] warning: `users` (lib) generated 16 warnings (run `cargo fix --lib -p users` to apply 10 suggestions)
[INFO] [stderr] warning: `users` (lib test) generated 16 warnings (16 duplicates)
[INFO] [stderr] warning: `migre` (lib test) generated 1 warning (1 duplicate)
[INFO] [stderr] warning: unused import: `std::path::Path`
[INFO] [stderr]  --> users/tests/integration_test.rs:2:5
[INFO] [stderr]   |
[INFO] [stderr] 2 | use std::path::Path;
[INFO] [stderr]   |     ^^^^^^^^^^^^^^^
[INFO] [stderr]   |
[INFO] [stderr]   = note: `#[warn(unused_imports)]` on by default
[INFO] [stderr] 
[INFO] [stderr] warning: unused import: `users::db::PgAsyncConnection`
[INFO] [stderr]  --> users/tests/integration_test.rs:5:5
[INFO] [stderr]   |
[INFO] [stderr] 5 | use users::db::PgAsyncConnection;
[INFO] [stderr]   |     ^^^^^^^^^^^^^^^^^^^^^^^^^^^^
[INFO] [stderr] 
[INFO] [stderr] warning: unused import: `Auth`
[INFO] [stderr]  --> users/tests/integration_test.rs:6:32
[INFO] [stderr]   |
[INFO] [stderr] 6 | use users::entity::db_models::{Auth, AuthLogin};
[INFO] [stderr]   |                                ^^^^
[INFO] [stderr] 
[INFO] [stderr] warning: unused variable: `error`
[INFO] [stderr]   --> users/tests/integration_test.rs:26:13
[INFO] [stderr]    |
[INFO] [stderr] 26 |         Err(error) => {}
[INFO] [stderr]    |             ^^^^^ help: if this is intentional, prefix it with an underscore: `_error`
[INFO] [stderr]    |
[INFO] [stderr]    = note: `#[warn(unused_variables)]` on by default
[INFO] [stderr] 
[INFO] [stderr] warning: `users` (test "integration_test") generated 4 warnings (run `cargo fix --test "integration_test"` to apply 3 suggestions)
[INFO] [stderr] warning: unused imports: `Response` and `State`
[INFO] [stderr]  --> http_serve/src/header.rs:1:77
[INFO] [stderr]   |
[INFO] [stderr] 1 | use rocket::{Request, outcome::Outcome, http::Status, request::FromRequest, State, Response};
[INFO] [stderr]   |                                                                             ^^^^^  ^^^^^^^^
[INFO] [stderr]   |
[INFO] [stderr]   = note: `#[warn(unused_imports)]` on by default
[INFO] [stderr] 
[INFO] [stderr] warning: unused import: `reqwest::Client`
[INFO] [stderr]  --> http_serve/src/header.rs:4:5
[INFO] [stderr]   |
[INFO] [stderr] 4 | use reqwest::Client;
[INFO] [stderr]   |     ^^^^^^^^^^^^^^^
[INFO] [stderr] 
[INFO] [stderr] warning: unused import: `rocket_okapi::gen::OpenApiGenerator`
[INFO] [stderr]  --> http_serve/src/header.rs:5:5
[INFO] [stderr]   |
[INFO] [stderr] 5 | use rocket_okapi::gen::OpenApiGenerator;
[INFO] [stderr]   |     ^^^^^^^^^^^^^^^^^^^^^^^^^^^^^^^^^^^
[INFO] [stderr] 
[INFO] [stderr] warning: unused import: `rocket_okapi::okapi::openapi3::Responses`
[INFO] [stderr]  --> http_serve/src/header.rs:6:5
[INFO] [stderr]   |
[INFO] [stderr] 6 | use rocket_okapi::okapi::openapi3::Responses;
[INFO] [stderr]   |     ^^^^^^^^^^^^^^^^^^^^^^^^^^^^^^^^^^^^^^^^
[INFO] [stderr] 
[INFO] [stderr] warning: unused imports: `JsonSchema` and `self`
[INFO] [stderr]  --> http_serve/src/header.rs:7:37
[INFO] [stderr]   |
[INFO] [stderr] 7 | use rocket_okapi::okapi::schemars::{self, JsonSchema};
[INFO] [stderr]   |                                     ^^^^  ^^^^^^^^^^
[INFO] [stderr] 
[INFO] [stderr] warning: unused imports: `OpenApiFromRequest` and `RequestHeaderInput`
[INFO] [stderr]  --> http_serve/src/header.rs:8:29
[INFO] [stderr]   |
[INFO] [stderr] 8 | use rocket_okapi::request::{OpenApiFromRequest, RequestHeaderInput};
[INFO] [stderr]   |                             ^^^^^^^^^^^^^^^^^^  ^^^^^^^^^^^^^^^^^^
[INFO] [stderr] 
[INFO] [stderr] warning: unused imports: `Responder` and `status`
[INFO] [stderr]   --> http_serve/src/header.rs:10:24
[INFO] [stderr]    |
[INFO] [stderr] 10 | use rocket::response::{Responder, status};
[INFO] [stderr]    |                        ^^^^^^^^^  ^^^^^^
[INFO] [stderr] 
[INFO] [stderr] warning: unused import: `jsonwebtoken::errors::Error`
[INFO] [stderr]  --> http_serve/src/lib.rs:3:5
[INFO] [stderr]   |
[INFO] [stderr] 3 | use jsonwebtoken::errors::Error;
[INFO] [stderr]   |     ^^^^^^^^^^^^^^^^^^^^^^^^^^^
[INFO] [stderr] 
[INFO] [stderr] warning: unused import: `jsonwebtoken::TokenData`
[INFO] [stderr]  --> http_serve/src/lib.rs:4:5
[INFO] [stderr]   |
[INFO] [stderr] 4 | use jsonwebtoken::TokenData;
[INFO] [stderr]   |     ^^^^^^^^^^^^^^^^^^^^^^^
[INFO] [stderr] 
[INFO] [stderr] warning: unused import: `routes`
[INFO] [stderr]   --> http_serve/src/lib.rs:12:14
[INFO] [stderr]    |
[INFO] [stderr] 12 | use rocket::{routes, Request};
[INFO] [stderr]    |              ^^^^^^
[INFO] [stderr] 
[INFO] [stderr] warning: unused variable: `e`
[INFO] [stderr]   --> http_serve/src/lib.rs:48:29
[INFO] [stderr]    |
[INFO] [stderr] 48 |                         Err(e) => Outcome::Failure((Status::Unauthorized, ())),
[INFO] [stderr]    |                             ^ help: if this is intentional, prefix it with an underscore: `_e`
[INFO] [stderr]    |
[INFO] [stderr]    = note: `#[warn(unused_variables)]` on by default
[INFO] [stderr] 
[INFO] [stderr] warning: `http_serve` (lib) generated 11 warnings (run `cargo fix --lib -p http_serve` to apply 10 suggestions)
[INFO] [stderr] warning: `http_serve` (lib test) generated 11 warnings (11 duplicates)
[INFO] [stderr] warning: unused import: `std::future::Future`
[INFO] [stderr]  --> auth_micro/src/main.rs:1:5
[INFO] [stderr]   |
[INFO] [stderr] 1 | use std::future::Future;
[INFO] [stderr]   |     ^^^^^^^^^^^^^^^^^^^
[INFO] [stderr]   |
[INFO] [stderr]   = note: `#[warn(unused_imports)]` on by default
[INFO] [stderr] 
[INFO] [stderr] warning: unused import: `std::path::Path`
[INFO] [stderr]  --> auth_micro/src/main.rs:2:5
[INFO] [stderr]   |
[INFO] [stderr] 2 | use std::path::Path;
[INFO] [stderr]   |     ^^^^^^^^^^^^^^^
[INFO] [stderr] 
[INFO] [stderr] warning: unused imports: `Created` and `NotFound`
[INFO] [stderr]  --> auth_micro/src/main.rs:8:32
[INFO] [stderr]   |
[INFO] [stderr] 8 | use rocket::response::status::{Created, NotFound};
[INFO] [stderr]   |                                ^^^^^^^  ^^^^^^^^
[INFO] [stderr] 
[INFO] [stderr] warning: unused import: `rocket::serde::json::Json`
[INFO] [stderr]  --> auth_micro/src/main.rs:9:5
[INFO] [stderr]   |
[INFO] [stderr] 9 | use rocket::serde::json::Json;
[INFO] [stderr]   |     ^^^^^^^^^^^^^^^^^^^^^^^^^
[INFO] [stderr] 
[INFO] [stderr] warning: unused import: `http_serve::header::BasicAuthRaw`
[INFO] [stderr]   --> auth_micro/src/main.rs:10:5
[INFO] [stderr]    |
[INFO] [stderr] 10 | use http_serve::header::BasicAuthRaw;
[INFO] [stderr]    |     ^^^^^^^^^^^^^^^^^^^^^^^^^^^^^^^^
[INFO] [stderr] 
[INFO] [stderr] warning: unused imports: `PoolPgAsyncConnection` and `Pool`
[INFO] [stderr]   --> auth_micro/src/main.rs:11:48
[INFO] [stderr]    |
[INFO] [stderr] 11 | use users::db::{connection, PgAsyncConnection, Pool, PoolPgAsyncConnection};
[INFO] [stderr]    |                                                ^^^^  ^^^^^^^^^^^^^^^^^^^^^
[INFO] [stderr] 
[INFO] [stderr] warning: unused import: `users::entity::db_models::AuthRes`
[INFO] [stderr]   --> auth_micro/src/main.rs:12:5
[INFO] [stderr]    |
[INFO] [stderr] 12 | use users::entity::db_models::AuthRes;
[INFO] [stderr]    |     ^^^^^^^^^^^^^^^^^^^^^^^^^^^^^^^^^
[INFO] [stderr] 
[INFO] [stderr] warning: unused import: `jcore::tokio`
[INFO] [stderr]   --> auth_micro/src/main.rs:13:5
[INFO] [stderr]    |
[INFO] [stderr] 13 | use jcore::tokio;
[INFO] [stderr]    |     ^^^^^^^^^^^^
[INFO] [stderr] 
[INFO] [stderr] warning: unused import: `std::ops::Deref`
[INFO] [stderr]  --> auth_micro/src/repository/mod.rs:1:5
[INFO] [stderr]   |
[INFO] [stderr] 1 | use std::ops::Deref;
[INFO] [stderr]   |     ^^^^^^^^^^^^^^^
[INFO] [stderr] 
[INFO] [stderr] warning: unused import: `Accepted`
[INFO] [stderr]  --> auth_micro/src/repository/mod.rs:5:32
[INFO] [stderr]   |
[INFO] [stderr] 5 | use rocket::response::status::{Accepted, Created, Custom, NotFound};
[INFO] [stderr]   |                                ^^^^^^^^
[INFO] [stderr] 
[INFO] [stderr] warning: unused import: `serde_json::json`
[INFO] [stderr]  --> auth_micro/src/repository/mod.rs:8:5
[INFO] [stderr]   |
[INFO] [stderr] 8 | use serde_json::json;
[INFO] [stderr]   |     ^^^^^^^^^^^^^^^^
[INFO] [stderr] 
[INFO] [stderr] warning: unused import: `users::db::connection`
[INFO] [stderr]   --> auth_micro/src/repository/mod.rs:10:5
[INFO] [stderr]    |
[INFO] [stderr] 10 | use users::db::connection;
[INFO] [stderr]    |     ^^^^^^^^^^^^^^^^^^^^^
[INFO] [stderr] 
[INFO] [stderr] warning: unused import: `Auth`
[INFO] [stderr]   --> auth_micro/src/repository/mod.rs:11:32
[INFO] [stderr]    |
[INFO] [stderr] 11 | use users::entity::db_models::{Auth, AuthLogin, AuthRes, AuthResponse};
[INFO] [stderr]    |                                ^^^^
[INFO] [stderr] 
[INFO] [stderr] warning: unused import: `login`
[INFO] [stderr]   --> auth_micro/src/repository/mod.rs:16:14
[INFO] [stderr]    |
[INFO] [stderr] 16 | pub async fn login(
[INFO] [stderr]    |              ^^^^^
[INFO] [stderr] 
[INFO] [stderr] warning: unused import: `get`
[INFO] [stderr]   --> auth_micro/src/repository/mod.rs:43:14
[INFO] [stderr]    |
[INFO] [stderr] 43 | pub async fn get(
[INFO] [stderr]    |              ^^^
[INFO] [stderr] 
[INFO] [stderr] warning: unused import: `delete`
[INFO] [stderr]   --> auth_micro/src/repository/mod.rs:71:14
[INFO] [stderr]    |
[INFO] [stderr] 71 | pub async fn delete(
[INFO] [stderr]    |              ^^^^^^
[INFO] [stderr] 
[INFO] [stderr] warning: `#[macro_use]` only has an effect on `extern crate` and modules
[INFO] [stderr]  --> auth_micro/src/main.rs:3:1
[INFO] [stderr]   |
[INFO] [stderr] 3 | #[macro_use]
[INFO] [stderr]   | ^^^^^^^^^^^^
[INFO] [stderr]   |
[INFO] [stderr]   = note: `#[warn(unused_attributes)]` on by default
[INFO] [stderr] 
[INFO] [stderr] warning: `auth_micro` (bin "auth_micro" test) generated 17 warnings (run `cargo fix --bin "auth_micro" --tests` to apply 16 suggestions)
[INFO] [stderr]     Finished `test` profile [unoptimized + debuginfo] target(s) in 0.28s
[INFO] [stderr]      Running unittests src/main.rs (/opt/rustwide/target/debug/deps/auth_micro-09663779d2faaa7b)
[INFO] [stdout] 
[INFO] [stdout] running 0 tests
[INFO] [stdout] 
[INFO] [stdout] test result: ok. 0 passed; 0 failed; 0 ignored; 0 measured; 0 filtered out; finished in 0.00s
[INFO] [stdout] 
[INFO] [stdout] 
[INFO] [stderr]      Running unittests src/lib.rs (/opt/rustwide/target/debug/deps/http_serve-159dc7b031aad232)
[INFO] [stdout] running 0 tests
[INFO] [stderr]      Running unittests src/lib.rs (/opt/rustwide/target/debug/deps/jcore-16df4678ca5a21a7)
[INFO] [stdout] 
[INFO] [stdout] test result: ok. 0 passed; 0 failed; 0 ignored; 0 measured; 0 filtered out; finished in 0.00s
[INFO] [stdout] 
[INFO] [stdout] 
[INFO] [stdout] running 0 tests
[INFO] [stdout] 
[INFO] [stdout] test result: ok. 0 passed; 0 failed; 0 ignored; 0 measured; 0 filtered out; finished in 0.00s
[INFO] [stdout] 
[INFO] [stderr]      Running unittests src/lib.rs (/opt/rustwide/target/debug/deps/migre-33b1114f11f352ef)
[INFO] [stdout] 
[INFO] [stdout] running 1 test
[INFO] [stdout] test test::tests::it_works ... ok
[INFO] [stdout] 
[INFO] [stdout] test result: ok. 1 passed; 0 failed; 0 ignored; 0 measured; 0 filtered out; finished in 0.01s
[INFO] [stdout] 
[INFO] [stderr]      Running unittests src/lib.rs (/opt/rustwide/target/debug/deps/users-6bb6619047d15a64)
[INFO] [stdout] 
[INFO] [stdout] running 0 tests
[INFO] [stdout] 
[INFO] [stdout] test result: ok. 0 passed; 0 failed; 0 ignored; 0 measured; 0 filtered out; finished in 0.00s
[INFO] [stdout] 
[INFO] [stderr]      Running tests/integration_test.rs (/opt/rustwide/target/debug/deps/integration_test-de1981ff97b78d4b)
[INFO] [stdout] 
[INFO] [stdout] running 1 test
[INFO] [stdout] test test_db_ops ... FAILED
[INFO] [stdout] 
[INFO] [stdout] failures:
[INFO] [stdout] 
[INFO] [stdout] ---- test_db_ops stdout ----
[INFO] [stdout] thread 'test_db_ops' panicked at /opt/rustwide/workdir/users/src/db.rs:44:14:
[INFO] [stdout] called `Result::unwrap()` on an `Err` value: Io(Custom { kind: NotFound, error: "path not found" })
[INFO] [stdout] stack backtrace:
[INFO] [stdout]    0:     0x5d1911c2673a - std::backtrace_rs::backtrace::libunwind::trace::h8810477743020387
[INFO] [stdout]                                at /rustc/202008a1b8de96d2e5b6bc02d379db03a877d34d/library/std/src/../../backtrace/src/backtrace/libunwind.rs:116:5
[INFO] [stdout]    1:     0x5d1911c2673a - std::backtrace_rs::backtrace::trace_unsynchronized::h3aa55355dd6c54a6
[INFO] [stdout]                                at /rustc/202008a1b8de96d2e5b6bc02d379db03a877d34d/library/std/src/../../backtrace/src/backtrace/mod.rs:66:5
[INFO] [stdout]    2:     0x5d1911c2673a - std::sys::backtrace::_print_fmt::h8588b0f62410823f
[INFO] [stdout]                                at /rustc/202008a1b8de96d2e5b6bc02d379db03a877d34d/library/std/src/sys/backtrace.rs:66:9
[INFO] [stdout]    3:     0x5d1911c2673a - <std::sys::backtrace::BacktraceLock::print::DisplayBacktrace as core::fmt::Display>::fmt::h98c26ac25ffe89bb
[INFO] [stdout]                                at /rustc/202008a1b8de96d2e5b6bc02d379db03a877d34d/library/std/src/sys/backtrace.rs:39:26
[INFO] [stdout]    4:     0x5d1911c4c943 - core::fmt::rt::Argument::fmt::hf95377f4aebd453b
[INFO] [stdout]                                at /rustc/202008a1b8de96d2e5b6bc02d379db03a877d34d/library/core/src/fmt/rt.rs:177:76
[INFO] [stdout]    5:     0x5d1911c4c943 - core::fmt::write::h0dd5f6e2238c7982
[INFO] [stdout]                                at /rustc/202008a1b8de96d2e5b6bc02d379db03a877d34d/library/core/src/fmt/mod.rs:1189:21
[INFO] [stdout]    6:     0x5d1911c23543 - std::io::Write::write_fmt::h03bb0ca26e6faf8c
[INFO] [stdout]                                at /rustc/202008a1b8de96d2e5b6bc02d379db03a877d34d/library/std/src/io/mod.rs:1884:15
[INFO] [stdout]    7:     0x5d1911c26582 - std::sys::backtrace::BacktraceLock::print::h5c19c1c038ee186d
[INFO] [stdout]                                at /rustc/202008a1b8de96d2e5b6bc02d379db03a877d34d/library/std/src/sys/backtrace.rs:42:9
[INFO] [stdout]    8:     0x5d1911c27bbd - std::panicking::default_hook::{{closure}}::h77172f079a1fcb13
[INFO] [stdout]                                at /rustc/202008a1b8de96d2e5b6bc02d379db03a877d34d/library/std/src/panicking.rs:268:22
[INFO] [stdout]    9:     0x5d1911c279c7 - std::panicking::default_hook::he5f8e3b203ccddba
[INFO] [stdout]                                at /rustc/202008a1b8de96d2e5b6bc02d379db03a877d34d/library/std/src/panicking.rs:292:9
[INFO] [stdout]   10:     0x5d1911ad2667 - <alloc::boxed::Box<F,A> as core::ops::function::Fn<Args>>::call::h7a3c7b4a1ae77f2f
[INFO] [stdout]                                at /rustc/202008a1b8de96d2e5b6bc02d379db03a877d34d/library/alloc/src/boxed.rs:1986:9
[INFO] [stdout]   11:     0x5d1911ad2667 - test::test_main::{{closure}}::hf0d3b69ae9b353d1
[INFO] [stdout]                                at /rustc/202008a1b8de96d2e5b6bc02d379db03a877d34d/library/test/src/lib.rs:134:21
[INFO] [stdout]   12:     0x5d1911c28268 - <alloc::boxed::Box<F,A> as core::ops::function::Fn<Args>>::call::h6332e82e7b189abd
[INFO] [stdout]                                at /rustc/202008a1b8de96d2e5b6bc02d379db03a877d34d/library/alloc/src/boxed.rs:1986:9
[INFO] [stdout]   13:     0x5d1911c28268 - std::panicking::rust_panic_with_hook::h53863d4e9018df39
[INFO] [stdout]                                at /rustc/202008a1b8de96d2e5b6bc02d379db03a877d34d/library/std/src/panicking.rs:809:13
[INFO] [stdout]   14:     0x5d1911c2802a - std::panicking::begin_panic_handler::{{closure}}::h67280e6fa0757873
[INFO] [stdout]                                at /rustc/202008a1b8de96d2e5b6bc02d379db03a877d34d/library/std/src/panicking.rs:674:13
[INFO] [stdout]   15:     0x5d1911c26c19 - std::sys::backtrace::__rust_end_short_backtrace::h1dac3f54d6fbbeb2
[INFO] [stdout]                                at /rustc/202008a1b8de96d2e5b6bc02d379db03a877d34d/library/std/src/sys/backtrace.rs:170:18
[INFO] [stdout]   16:     0x5d1911c27cbc - rust_begin_unwind
[INFO] [stdout]                                at /rustc/202008a1b8de96d2e5b6bc02d379db03a877d34d/library/std/src/panicking.rs:665:5
[INFO] [stdout]   17:     0x5d1911a8ec60 - core::panicking::panic_fmt::h6792bd1b2bf01041
[INFO] [stdout]                                at /rustc/202008a1b8de96d2e5b6bc02d379db03a877d34d/library/core/src/panicking.rs:76:14
[INFO] [stdout]   18:     0x5d1911a8f0e6 - core::result::unwrap_failed::h05e0602ed34287c5
[INFO] [stdout]                                at /rustc/202008a1b8de96d2e5b6bc02d379db03a877d34d/library/core/src/result.rs:1699:5
[INFO] [stdout]   19:     0x5d1911a96e84 - core::result::Result<T,E>::unwrap::he67c9a9f8cfe71df
[INFO] [stdout]                                at /rustc/202008a1b8de96d2e5b6bc02d379db03a877d34d/library/core/src/result.rs:1104:23
[INFO] [stdout]   20:     0x5d1911a96e84 - users::db::connection::{{closure}}::had15855fdf051b3a
[INFO] [stdout]                                at /opt/rustwide/workdir/users/src/db.rs:44:5
[INFO] [stdout]   21:     0x5d1911a98803 - integration_test::test_db_ops::{{closure}}::h7b02ab99ad55d9ae
[INFO] [stdout]                                at /opt/rustwide/workdir/users/tests/integration_test.rs:11:56
[INFO] [stdout]   22:     0x5d1911a9481e - tokio::park::thread::CachedParkThread::block_on::{{closure}}::h91716d121d894a3e
[INFO] [stdout]                                at /opt/rustwide/cargo-home/registry/src/index.crates.io-6f17d22bba15001f/tokio-1.21.2/src/park/thread.rs:267:54
[INFO] [stdout]   23:     0x5d1911a93e6d - tokio::coop::with_budget::{{closure}}::hb9df806b7516987b
[INFO] [stdout]                                at /opt/rustwide/cargo-home/registry/src/index.crates.io-6f17d22bba15001f/tokio-1.21.2/src/coop.rs:102:9
[INFO] [stdout]   24:     0x5d1911a904e4 - std::thread::local::LocalKey<T>::try_with::hb16b31322e3b9596
[INFO] [stdout]                                at /rustc/202008a1b8de96d2e5b6bc02d379db03a877d34d/library/std/src/thread/local.rs:283:12
[INFO] [stdout]   25:     0x5d1911a8ffad - std::thread::local::LocalKey<T>::with::h4105be46156060a6
[INFO] [stdout]                                at /rustc/202008a1b8de96d2e5b6bc02d379db03a877d34d/library/std/src/thread/local.rs:260:9
[INFO] [stdout]   26:     0x5d1911a9429d - tokio::coop::with_budget::hfeed81e8f8ec049d
[INFO] [stdout]                                at /opt/rustwide/cargo-home/registry/src/index.crates.io-6f17d22bba15001f/tokio-1.21.2/src/coop.rs:95:5
[INFO] [stdout]   27:     0x5d1911a9429d - tokio::coop::budget::hf54e93838de2b189
[INFO] [stdout]                                at /opt/rustwide/cargo-home/registry/src/index.crates.io-6f17d22bba15001f/tokio-1.21.2/src/coop.rs:72:5
[INFO] [stdout]   28:     0x5d1911a9429d - tokio::park::thread::CachedParkThread::block_on::h506cb99ee03efd22
[INFO] [stdout]                                at /opt/rustwide/cargo-home/registry/src/index.crates.io-6f17d22bba15001f/tokio-1.21.2/src/park/thread.rs:267:31
[INFO] [stdout]   29:     0x5d1911a94c67 - tokio::runtime::enter::Enter::block_on::hd17f0985a046ee32
[INFO] [stdout]                                at /opt/rustwide/cargo-home/registry/src/index.crates.io-6f17d22bba15001f/tokio-1.21.2/src/runtime/enter.rs:152:13
[INFO] [stdout]   30:     0x5d1911a94f77 - tokio::runtime::scheduler::multi_thread::MultiThread::block_on::hb2f4c1f6be3c4e2f
[INFO] [stdout]                                at /opt/rustwide/cargo-home/registry/src/index.crates.io-6f17d22bba15001f/tokio-1.21.2/src/runtime/scheduler/multi_thread/mod.rs:79:9
[INFO] [stdout]   31:     0x5d1911a94e1d - tokio::runtime::Runtime::block_on::hd9146252e0351c20
[INFO] [stdout]                                at /opt/rustwide/cargo-home/registry/src/index.crates.io-6f17d22bba15001f/tokio-1.21.2/src/runtime/mod.rs:492:44
[INFO] [stdout]   32:     0x5d1911a985aa - integration_test::test_db_ops::hf53becac09f0d85b
[INFO] [stdout]                                at /opt/rustwide/workdir/users/tests/integration_test.rs:30:5
[INFO] [stdout]   33:     0x5d1911a98457 - integration_test::test_db_ops::{{closure}}::h1fc25aa9c28e7bce
[INFO] [stdout]                                at /opt/rustwide/workdir/users/tests/integration_test.rs:9:27
[INFO] [stdout]   34:     0x5d1911a908d6 - core::ops::function::FnOnce::call_once::h0bf03838693de6ae
[INFO] [stdout]                                at /rustc/202008a1b8de96d2e5b6bc02d379db03a877d34d/library/core/src/ops/function.rs:250:5
[INFO] [stdout]   35:     0x5d1911ad718b - core::ops::function::FnOnce::call_once::h871bf86719ec9aa4
[INFO] [stdout]                                at /rustc/202008a1b8de96d2e5b6bc02d379db03a877d34d/library/core/src/ops/function.rs:250:5
[INFO] [stdout]   36:     0x5d1911ad718b - test::__rust_begin_short_backtrace::h2167df1e2b7d76fd
[INFO] [stdout]                                at /rustc/202008a1b8de96d2e5b6bc02d379db03a877d34d/library/test/src/lib.rs:632:18
[INFO] [stdout]   37:     0x5d1911ad6b78 - test::run_test_in_process::{{closure}}::h15d92f75a3adfb79
[INFO] [stdout]                                at /rustc/202008a1b8de96d2e5b6bc02d379db03a877d34d/library/test/src/lib.rs:655:60
[INFO] [stdout]   38:     0x5d1911ad6b78 - <core::panic::unwind_safe::AssertUnwindSafe<F> as core::ops::function::FnOnce<()>>::call_once::hb6c8955835a8dbbb
[INFO] [stdout]                                at /rustc/202008a1b8de96d2e5b6bc02d379db03a877d34d/library/core/src/panic/unwind_safe.rs:272:9
[INFO] [stdout]   39:     0x5d1911ad6b78 - std::panicking::try::do_call::hc79d0fc888a0bd30
[INFO] [stdout]                                at /rustc/202008a1b8de96d2e5b6bc02d379db03a877d34d/library/std/src/panicking.rs:557:40
[INFO] [stdout]   40:     0x5d1911ad6b78 - std::panicking::try::hb8a7878e3a8589d6
[INFO] [stdout]                                at /rustc/202008a1b8de96d2e5b6bc02d379db03a877d34d/library/std/src/panicking.rs:520:19
[INFO] [stdout]   41:     0x5d1911ad6b78 - std::panic::catch_unwind::hb8e4600ff0ff5cfa
[INFO] [stdout]                                at /rustc/202008a1b8de96d2e5b6bc02d379db03a877d34d/library/std/src/panic.rs:358:14
[INFO] [stdout]   42:     0x5d1911ad6b78 - test::run_test_in_process::hc2900b0b18688dd6
[INFO] [stdout]                                at /rustc/202008a1b8de96d2e5b6bc02d379db03a877d34d/library/test/src/lib.rs:655:27
[INFO] [stdout]   43:     0x5d1911ad6b78 - test::run_test::{{closure}}::hac2a9cb07be3d48d
[INFO] [stdout]                                at /rustc/202008a1b8de96d2e5b6bc02d379db03a877d34d/library/test/src/lib.rs:576:43
[INFO] [stdout]   44:     0x5d1911a9a61a - test::run_test::{{closure}}::h4a5b729e66a38cd8
[INFO] [stdout]                                at /rustc/202008a1b8de96d2e5b6bc02d379db03a877d34d/library/test/src/lib.rs:606:41
[INFO] [stdout]   45:     0x5d1911a9a61a - std::sys::backtrace::__rust_begin_short_backtrace::h0496fb742492f573
[INFO] [stdout]                                at /rustc/202008a1b8de96d2e5b6bc02d379db03a877d34d/library/std/src/sys/backtrace.rs:154:18
[INFO] [stdout]   46:     0x5d1911a9df94 - std::thread::Builder::spawn_unchecked_::{{closure}}::{{closure}}::hbb6d257c550a54bd
[INFO] [stdout]                                at /rustc/202008a1b8de96d2e5b6bc02d379db03a877d34d/library/std/src/thread/mod.rs:561:17
[INFO] [stdout]   47:     0x5d1911a9df94 - <core::panic::unwind_safe::AssertUnwindSafe<F> as core::ops::function::FnOnce<()>>::call_once::h46696fe4a6832328
[INFO] [stdout]                                at /rustc/202008a1b8de96d2e5b6bc02d379db03a877d34d/library/core/src/panic/unwind_safe.rs:272:9
[INFO] [stdout]   48:     0x5d1911a9df94 - std::panicking::try::do_call::h2625a51b667bfb64
[INFO] [stdout]                                at /rustc/202008a1b8de96d2e5b6bc02d379db03a877d34d/library/std/src/panicking.rs:557:40
[INFO] [stdout]   49:     0x5d1911a9df94 - std::panicking::try::hb956a59a1973aa4c
[INFO] [stdout]                                at /rustc/202008a1b8de96d2e5b6bc02d379db03a877d34d/library/std/src/panicking.rs:520:19
[INFO] [stdout]   50:     0x5d1911a9df94 - std::panic::catch_unwind::h64f3b9d1067ef6a0
[INFO] [stdout]                                at /rustc/202008a1b8de96d2e5b6bc02d379db03a877d34d/library/std/src/panic.rs:358:14
[INFO] [stdout]   51:     0x5d1911a9df94 - std::thread::Builder::spawn_unchecked_::{{closure}}::h42b2841295b6c0b2
[INFO] [stdout]                                at /rustc/202008a1b8de96d2e5b6bc02d379db03a877d34d/library/std/src/thread/mod.rs:559:30
[INFO] [stdout]   52:     0x5d1911a9df94 - core::ops::function::FnOnce::call_once{{vtable.shim}}::h6127de71b8124639
[INFO] [stdout]                                at /rustc/202008a1b8de96d2e5b6bc02d379db03a877d34d/library/core/src/ops/function.rs:250:5
[INFO] [stdout]   53:     0x5d1911c2c71b - <alloc::boxed::Box<F,A> as core::ops::function::FnOnce<Args>>::call_once::h42f0ba71002a1b2c
[INFO] [stdout]                                at /rustc/202008a1b8de96d2e5b6bc02d379db03a877d34d/library/alloc/src/boxed.rs:1972:9
[INFO] [stdout]   54:     0x5d1911c2c71b - <alloc::boxed::Box<F,A> as core::ops::function::FnOnce<Args>>::call_once::had9e47d7a3dcecb8
[INFO] [stdout]                                at /rustc/202008a1b8de96d2e5b6bc02d379db03a877d34d/library/alloc/src/boxed.rs:1972:9
[INFO] [stdout]   55:     0x5d1911c2c71b - std::sys::pal::unix::thread::Thread::new::thread_start::h48cf765408f6f5f2
[INFO] [stdout]                                at /rustc/202008a1b8de96d2e5b6bc02d379db03a877d34d/library/std/src/sys/pal/unix/thread.rs:105:17
[INFO] [stdout]   56:     0x7f15f37a1ac3 - <unknown>
[INFO] [stdout]   57:     0x7f15f3832a04 - clone
[INFO] [stdout]   58:                0x0 - <unknown>
[INFO] [stdout] 
[INFO] [stdout] 
[INFO] [stdout] failures:
[INFO] [stdout]     test_db_ops
[INFO] [stdout] 
[INFO] [stdout] test result: FAILED. 0 passed; 1 failed; 0 ignored; 0 measured; 0 filtered out; finished in 0.11s
[INFO] [stdout] 
[INFO] [stderr] error: test failed, to rerun pass `-p users --test integration_test`
[INFO] running `Command { std: "docker" "inspect" "2fabc5813d2b3cbb23c6b7b34c419b396bedf89a3eebd79402d370faac25485e", kill_on_drop: false }`
[INFO] running `Command { std: "docker" "rm" "-f" "2fabc5813d2b3cbb23c6b7b34c419b396bedf89a3eebd79402d370faac25485e", kill_on_drop: false }`
[INFO] [stdout] 2fabc5813d2b3cbb23c6b7b34c419b396bedf89a3eebd79402d370faac25485e
