[INFO] cloning repository https://github.com/Spirus10/malice
[INFO] running `Command { std: "git" "-c" "credential.helper=" "-c" "credential.helper=/workspace/cargo-home/bin/git-credential-null" "clone" "--bare" "https://github.com/Spirus10/malice" "/workspace/cache/git-repos/https%3A%2F%2Fgithub.com%2FSpirus10%2Fmalice", kill_on_drop: false }`
[INFO] [stderr] Cloning into bare repository '/workspace/cache/git-repos/https%3A%2F%2Fgithub.com%2FSpirus10%2Fmalice'...
[INFO] running `Command { std: "git" "rev-parse" "HEAD", kill_on_drop: false }`
[INFO] [stdout] b5c1d42553630c4869ac49390ad87cbef7a0acf8
[INFO] testing Spirus10/malice against 1.83.0 for beta-1.84.0-4-retry
[INFO] running `Command { std: "git" "clone" "/workspace/cache/git-repos/https%3A%2F%2Fgithub.com%2FSpirus10%2Fmalice" "/workspace/builds/worker-2-tc1/source", kill_on_drop: false }`
[INFO] [stderr] Cloning into '/workspace/builds/worker-2-tc1/source'...
[INFO] [stderr] done.
[INFO] validating manifest of git repo https://github.com/Spirus10/malice on toolchain 1.83.0
[INFO] running `Command { std: CARGO_HOME="/workspace/cargo-home" RUSTUP_HOME="/workspace/rustup-home" "/workspace/cargo-home/bin/cargo" "+1.83.0" "metadata" "--manifest-path" "Cargo.toml" "--no-deps", kill_on_drop: false }`
[INFO] started tweaking git repo https://github.com/Spirus10/malice
[INFO] finished tweaking git repo https://github.com/Spirus10/malice
[INFO] tweaked toml for git repo https://github.com/Spirus10/malice written to /workspace/builds/worker-2-tc1/source/Cargo.toml
[INFO] crate git repo https://github.com/Spirus10/malice already has a lockfile, it will not be regenerated
[INFO] running `Command { std: CARGO_HOME="/workspace/cargo-home" RUSTUP_HOME="/workspace/rustup-home" "/workspace/cargo-home/bin/cargo" "+1.83.0" "fetch" "--manifest-path" "Cargo.toml", kill_on_drop: false }`
[INFO] [stderr]     Blocking waiting for file lock on package cache
[INFO] [stderr]     Blocking waiting for file lock on package cache
[INFO] [stderr]  Downloading crates ...
[INFO] [stderr]   Downloaded iana-time-zone-haiku v0.1.0
[INFO] [stderr]   Downloaded cxxbridge-flags v1.0.78
[INFO] [stderr]   Downloaded cxxbridge-macro v1.0.78
[INFO] [stderr]   Downloaded cxx-build v1.0.78
[INFO] [stderr]   Downloaded cxx v1.0.78
[INFO] running `Command { std: "docker" "create" "-v" "/var/lib/crater-agent-workspace/builds/worker-2-tc1/target:/opt/rustwide/target:rw,Z" "-v" "/var/lib/crater-agent-workspace/builds/worker-2-tc1/source:/opt/rustwide/workdir:ro,Z" "-v" "/var/lib/crater-agent-workspace/cargo-home:/opt/rustwide/cargo-home:ro,Z" "-v" "/var/lib/crater-agent-workspace/rustup-home:/opt/rustwide/rustup-home:ro,Z" "-e" "SOURCE_DIR=/opt/rustwide/workdir" "-e" "CARGO_TARGET_DIR=/opt/rustwide/target" "-e" "CARGO_HOME=/opt/rustwide/cargo-home" "-e" "RUSTUP_HOME=/opt/rustwide/rustup-home" "-w" "/opt/rustwide/workdir" "-m" "1610612736" "--user" "0:0" "--network" "none" "ghcr.io/rust-lang/crates-build-env/linux@sha256:f3a9d4ad9d972b27faf3965f35b62e55ba32bbce8f20bc8fe909558a86702fde" "/opt/rustwide/cargo-home/bin/cargo" "+1.83.0" "metadata" "--no-deps" "--format-version=1", kill_on_drop: false }`
[INFO] [stdout] 6a8973faad6a7f794a98eca3a0b0ecebb262abf36f593ab44975d8bcd0b68f1b
[INFO] running `Command { std: "docker" "start" "-a" "6a8973faad6a7f794a98eca3a0b0ecebb262abf36f593ab44975d8bcd0b68f1b", kill_on_drop: false }`
[INFO] running `Command { std: "docker" "inspect" "6a8973faad6a7f794a98eca3a0b0ecebb262abf36f593ab44975d8bcd0b68f1b", kill_on_drop: false }`
[INFO] running `Command { std: "docker" "rm" "-f" "6a8973faad6a7f794a98eca3a0b0ecebb262abf36f593ab44975d8bcd0b68f1b", kill_on_drop: false }`
[INFO] [stdout] 6a8973faad6a7f794a98eca3a0b0ecebb262abf36f593ab44975d8bcd0b68f1b
[INFO] running `Command { std: "docker" "create" "-v" "/var/lib/crater-agent-workspace/builds/worker-2-tc1/target:/opt/rustwide/target:rw,Z" "-v" "/var/lib/crater-agent-workspace/builds/worker-2-tc1/source:/opt/rustwide/workdir:ro,Z" "-v" "/var/lib/crater-agent-workspace/cargo-home:/opt/rustwide/cargo-home:ro,Z" "-v" "/var/lib/crater-agent-workspace/rustup-home:/opt/rustwide/rustup-home:ro,Z" "-e" "SOURCE_DIR=/opt/rustwide/workdir" "-e" "CARGO_TARGET_DIR=/opt/rustwide/target" "-e" "CARGO_INCREMENTAL=0" "-e" "RUST_BACKTRACE=full" "-e" "RUSTFLAGS=--cap-lints=warn" "-e" "RUSTDOCFLAGS=--cap-lints=warn" "-e" "CARGO_HOME=/opt/rustwide/cargo-home" "-e" "RUSTUP_HOME=/opt/rustwide/rustup-home" "-w" "/opt/rustwide/workdir" "-m" "1610612736" "--user" "0:0" "--network" "none" "ghcr.io/rust-lang/crates-build-env/linux@sha256:f3a9d4ad9d972b27faf3965f35b62e55ba32bbce8f20bc8fe909558a86702fde" "/opt/rustwide/cargo-home/bin/cargo" "+1.83.0" "build" "--frozen" "--message-format=json", kill_on_drop: false }`
[INFO] [stdout] 843648a4b153bca32be3a81c405bc33dc63acb0c5314aa2c86fd9925a1c330f2
[INFO] running `Command { std: "docker" "start" "-a" "843648a4b153bca32be3a81c405bc33dc63acb0c5314aa2c86fd9925a1c330f2", kill_on_drop: false }`
[INFO] [stderr]    Compiling proc-macro2 v1.0.86
[INFO] [stderr]    Compiling unicode-ident v1.0.5
[INFO] [stderr]    Compiling libc v0.2.158
[INFO] [stderr]    Compiling bytes v1.7.2
[INFO] [stderr]    Compiling fnv v1.0.7
[INFO] [stderr]    Compiling pin-project-lite v0.2.14
[INFO] [stderr]    Compiling futures-sink v0.3.30
[INFO] [stderr]    Compiling futures-core v0.3.30
[INFO] [stderr]    Compiling smallvec v1.13.2
[INFO] [stderr]    Compiling log v0.4.17
[INFO] [stderr]    Compiling lock_api v0.4.12
[INFO] [stderr]    Compiling slab v0.4.9
[INFO] [stderr]    Compiling generic-array v0.14.7
[INFO] [stderr]    Compiling pin-utils v0.1.0
[INFO] [stderr]    Compiling futures-task v0.3.30
[INFO] [stderr]    Compiling httparse v1.9.4
[INFO] [stderr]    Compiling once_cell v1.15.0
[INFO] [stderr]    Compiling hashbrown v0.14.5
[INFO] [stderr]    Compiling byteorder v1.5.0
[INFO] [stderr]    Compiling tinyvec v1.8.0
[INFO] [stderr]    Compiling unicase v2.7.0
[INFO] [stderr]    Compiling percent-encoding v2.3.1
[INFO] [stderr]    Compiling try-lock v0.2.5
[INFO] [stderr]    Compiling unicode-bidi v0.3.15
[INFO] [stderr]    Compiling form_urlencoded v1.2.1
[INFO] [stderr]    Compiling serde v1.0.210
[INFO] [stderr]    Compiling thiserror v1.0.63
[INFO] [stderr]    Compiling tracing-core v0.1.32
[INFO] [stderr]    Compiling cpufeatures v0.2.14
[INFO] [stderr]    Compiling httpdate v1.0.3
[INFO] [stderr]    Compiling want v0.3.1
[INFO] [stderr]    Compiling http v1.1.0
[INFO] [stderr]    Compiling http v0.2.12
[INFO] [stderr]    Compiling futures-util v0.3.30
[INFO] [stderr]    Compiling futures-channel v0.3.30
[INFO] [stderr]    Compiling num-traits v0.2.15
[INFO] [stderr]    Compiling mime v0.3.17
[INFO] [stderr]    Compiling tower-service v0.3.3
[INFO] [stderr]    Compiling mime_guess v2.0.5
[INFO] [stderr]    Compiling indexmap v2.5.0
[INFO] [stderr]    Compiling quote v1.0.37
[INFO] [stderr]    Compiling unicode-normalization v0.1.24
[INFO] [stderr]    Compiling tracing v0.1.40
[INFO] [stderr]    Compiling parking_lot_core v0.9.10
[INFO] [stderr]    Compiling socket2 v0.5.7
[INFO] [stderr]    Compiling syn v2.0.77
[INFO] [stderr]    Compiling mio v1.0.2
[INFO] [stderr]    Compiling signal-hook-registry v1.4.2
[INFO] [stderr]    Compiling getrandom v0.2.8
[INFO] [stderr]    Compiling crypto-common v0.1.6
[INFO] [stderr]    Compiling parking_lot v0.12.3
[INFO] [stderr]    Compiling block-buffer v0.10.4
[INFO] [stderr]    Compiling idna v0.5.0
[INFO] [stderr]    Compiling rand_core v0.6.4
[INFO] [stderr]    Compiling digest v0.10.7
[INFO] [stderr]    Compiling multer v2.1.0
[INFO] [stderr]    Compiling http-body v1.0.1
[INFO] [stderr]    Compiling num-integer v0.1.45
[INFO] [stderr]    Compiling utf-8 v0.7.6
[INFO] [stderr]    Compiling serde_json v1.0.128
[INFO] [stderr]    Compiling data-encoding v2.6.0
[INFO] [stderr]    Compiling memchr v2.7.4
[INFO] [stderr]    Compiling sha1 v0.10.6
[INFO] [stderr]    Compiling atomic-waker v1.1.2
[INFO] [stderr]    Compiling headers-core v0.2.0
[INFO] [stderr]    Compiling http-body v0.4.6
[INFO] [stderr]    Compiling encoding_rs v0.8.34
[INFO] [stderr]    Compiling url v2.5.2
[INFO] [stderr]    Compiling base64 v0.21.7
[INFO] [stderr]    Compiling spin v0.9.8
[INFO] [stderr]    Compiling tower-layer v0.3.3
[INFO] [stderr]    Compiling atty v0.2.14
[INFO] [stderr]    Compiling time v0.1.44
[INFO] [stderr]    Compiling scoped-tls v1.0.1
[INFO] [stderr]    Compiling iana-time-zone v0.1.51
[INFO] [stderr]    Compiling colored v2.0.0
[INFO] [stderr]    Compiling uuid v1.10.0
[INFO] [stderr]    Compiling headers v0.3.9
[INFO] [stderr]    Compiling http-body-util v0.1.2
[INFO] [stderr]    Compiling chrono v0.4.22
[INFO] [stderr]    Compiling tokio-macros v2.4.0
[INFO] [stderr]    Compiling zerocopy-derive v0.7.35
[INFO] [stderr]    Compiling thiserror-impl v1.0.63
[INFO] [stderr]    Compiling pin-project-internal v1.1.5
[INFO] [stderr]    Compiling serde_derive v1.0.210
[INFO] [stderr]    Compiling tokio v1.40.0
[INFO] [stderr]    Compiling zerocopy v0.7.35
[INFO] [stderr]    Compiling pin-project v1.1.5
[INFO] [stderr]    Compiling ppv-lite86 v0.2.20
[INFO] [stderr]    Compiling rand_chacha v0.3.1
[INFO] [stderr]    Compiling rand v0.8.5
[INFO] [stderr]    Compiling tungstenite v0.21.0
[INFO] [stderr]    Compiling serde_urlencoded v0.7.1
[INFO] [stderr]    Compiling tokio-util v0.7.12
[INFO] [stderr]    Compiling tokio-tungstenite v0.21.0
[INFO] [stderr]    Compiling tower v0.4.13
[INFO] [stderr]    Compiling h2 v0.4.6
[INFO] [stderr]    Compiling h2 v0.3.26
[INFO] [stderr]    Compiling hyper v0.14.30
[INFO] [stderr]    Compiling hyper v1.4.1
[INFO] [stderr]    Compiling hyper-util v0.1.8
[INFO] [stderr]    Compiling warp v0.3.7
[INFO] [stderr]    Compiling malice-rs v0.1.0 (/opt/rustwide/workdir)
[INFO] [stdout] warning: unused imports: `Arc`, `Mutex`, and `mpsc`
[INFO] [stdout]  --> src/main.rs:4:17
[INFO] [stdout]   |
[INFO] [stdout] 4 | use std::sync::{Arc, Mutex, mpsc};
[INFO] [stdout]   |                 ^^^  ^^^^^  ^^^^
[INFO] [stdout]   |
[INFO] [stdout]   = note: `#[warn(unused_imports)]` on by default
[INFO] [stdout] 
[INFO] [stdout] 
[INFO] [stdout] warning: unused imports: `Arc` and `mpsc`
[INFO] [stdout]  --> src/util/command.rs:4:17
[INFO] [stdout]   |
[INFO] [stdout] 4 | use std::sync::{Arc, mpsc};
[INFO] [stdout]   |                 ^^^  ^^^^
[INFO] [stdout] 
[INFO] [stdout] 
[INFO] [stdout] warning: unused import: `tokio::task`
[INFO] [stdout]  --> src/util/command.rs:6:5
[INFO] [stdout]   |
[INFO] [stdout] 6 | use tokio::task;
[INFO] [stdout]   |     ^^^^^^^^^^^
[INFO] [stdout] 
[INFO] [stdout] 
[INFO] [stdout] warning: unused import: `tokio::sync::Mutex`
[INFO] [stdout]  --> src/util/command.rs:7:5
[INFO] [stdout]   |
[INFO] [stdout] 7 | use tokio::sync::Mutex;
[INFO] [stdout]   |     ^^^^^^^^^^^^^^^^^^
[INFO] [stdout] 
[INFO] [stdout] 
[INFO] [stdout] warning: unused import: `tokio_util::sync::CancellationToken`
[INFO] [stdout]  --> src/util/command.rs:9:5
[INFO] [stdout]   |
[INFO] [stdout] 9 | use tokio_util::sync::CancellationToken;
[INFO] [stdout]   |     ^^^^^^^^^^^^^^^^^^^^^^^^^^^^^^^^^^^
[INFO] [stdout] 
[INFO] [stdout] 
[INFO] [stdout] warning: unused import: `uuid::Uuid`
[INFO] [stdout]   --> src/util/command.rs:14:5
[INFO] [stdout]    |
[INFO] [stdout] 14 | use uuid::Uuid;
[INFO] [stdout]    |     ^^^^^^^^^^
[INFO] [stdout] 
[INFO] [stdout] 
[INFO] [stdout] warning: unused imports: `Incoming` and `io::Write`
[INFO] [stdout]  --> src/util/httpserver.rs:2:54
[INFO] [stdout]   |
[INFO] [stdout] 2 |     collections::HashMap, convert::Infallible, net::{Incoming, SocketAddr}, 
[INFO] [stdout]   |                                                      ^^^^^^^^
[INFO] [stdout] ...
[INFO] [stdout] 8 |     io::Write,
[INFO] [stdout]   |     ^^^^^^^^^
[INFO] [stdout] 
[INFO] [stdout] 
[INFO] [stdout] warning: unused import: `Service`
[INFO] [stdout]   --> src/util/httpserver.rs:14:34
[INFO] [stdout]    |
[INFO] [stdout] 14 | use hyper::service::{service_fn, Service};
[INFO] [stdout]    |                                  ^^^^^^^
[INFO] [stdout] 
[INFO] [stdout] 
[INFO] [stdout] warning: unused imports: `AsyncWriteExt as _` and `self`
[INFO] [stdout]   --> src/util/httpserver.rs:26:9
[INFO] [stdout]    |
[INFO] [stdout] 26 |         self,
[INFO] [stdout]    |         ^^^^
[INFO] [stdout] 27 |         AsyncWriteExt as _,
[INFO] [stdout]    |         ^^^^^^^^^^^^^^^^^^
[INFO] [stdout] 
[INFO] [stdout] 
[INFO] [stdout] warning: unused imports: `Value` and `json`
[INFO] [stdout]   --> src/util/httpserver.rs:33:18
[INFO] [stdout]    |
[INFO] [stdout] 33 | use serde_json::{Value, json};
[INFO] [stdout]    |                  ^^^^^  ^^^^
[INFO] [stdout] 
[INFO] [stdout] 
[INFO] [stdout] warning: unused import: `warp::test`
[INFO] [stdout]   --> src/util/httpserver.rs:34:5
[INFO] [stdout]    |
[INFO] [stdout] 34 | use warp::test;
[INFO] [stdout]    |     ^^^^^^^^^^
[INFO] [stdout] 
[INFO] [stdout] 
[INFO] [stdout] warning: unused imports: `AtomicBool` and `Ordering`
[INFO] [stdout]  --> src/util/tasks.rs:3:18
[INFO] [stdout]   |
[INFO] [stdout] 3 |         atomic::{AtomicBool, Ordering},
[INFO] [stdout]   |                  ^^^^^^^^^^  ^^^^^^^^
[INFO] [stdout] 
[INFO] [stdout] 
[INFO] [stdout] warning: unused import: `task`
[INFO] [stdout]   --> src/util/tasks.rs:15:5
[INFO] [stdout]    |
[INFO] [stdout] 15 |     task,
[INFO] [stdout]    |     ^^^^
[INFO] [stdout] 
[INFO] [stdout] 
[INFO] [stdout] warning: unused imports: `Value` and `json`
[INFO] [stdout]   --> src/util/tasks.rs:18:18
[INFO] [stdout]    |
[INFO] [stdout] 18 | use serde_json::{Value, json};
[INFO] [stdout]    |                  ^^^^^  ^^^^
[INFO] [stdout] 
[INFO] [stdout] 
[INFO] [stdout] warning: unused imports: `Arc`, `AtomicBool`, `Incoming`, `Ordering`, `Write`, `collections::HashMap`, and `convert::Infallible`
[INFO] [stdout]  --> src/util/packet.rs:2:5
[INFO] [stdout]   |
[INFO] [stdout] 2 |     collections::HashMap, convert::Infallible, net::{Incoming, SocketAddr}, 
[INFO] [stdout]   |     ^^^^^^^^^^^^^^^^^^^^  ^^^^^^^^^^^^^^^^^^^        ^^^^^^^^
[INFO] [stdout] 3 |     sync::{
[INFO] [stdout] 4 |         atomic::{AtomicBool, Ordering},
[INFO] [stdout]   |                  ^^^^^^^^^^  ^^^^^^^^
[INFO] [stdout] 5 |         Arc,
[INFO] [stdout]   |         ^^^
[INFO] [stdout] ...
[INFO] [stdout] 9 |         Write,
[INFO] [stdout]   |         ^^^^^
[INFO] [stdout] 
[INFO] [stdout] 
[INFO] [stdout] warning: unused imports: `Value` and `json`
[INFO] [stdout]   --> src/util/packet.rs:15:18
[INFO] [stdout]    |
[INFO] [stdout] 15 | use serde_json::{Value, json};
[INFO] [stdout]    |                  ^^^^^  ^^^^
[INFO] [stdout] 
[INFO] [stdout] 
[INFO] [stdout] warning: unused import: `uuid::Uuid`
[INFO] [stdout]   --> src/util/packet.rs:17:5
[INFO] [stdout]    |
[INFO] [stdout] 17 | use uuid::Uuid;
[INFO] [stdout]    |     ^^^^^^^^^^
[INFO] [stdout] 
[INFO] [stdout] 
[INFO] [stdout] warning: variant `FETCH_TASK` should have an upper camel case name
[INFO] [stdout]   --> src/util/packet.rs:37:5
[INFO] [stdout]    |
[INFO] [stdout] 37 |     FETCH_TASK,
[INFO] [stdout]    |     ^^^^^^^^^^ help: convert the identifier to upper camel case: `FetchTask`
[INFO] [stdout]    |
[INFO] [stdout]    = note: `#[warn(non_camel_case_types)]` on by default
[INFO] [stdout] 
[INFO] [stdout] 
[INFO] [stdout] warning: variant `TASK_RESULT` should have an upper camel case name
[INFO] [stdout]   --> src/util/packet.rs:38:5
[INFO] [stdout]    |
[INFO] [stdout] 38 |     TASK_RESULT,
[INFO] [stdout]    |     ^^^^^^^^^^^ help: convert the identifier to upper camel case: `TaskResult`
[INFO] [stdout] 
[INFO] [stdout] 
[INFO] [stdout] warning: unused variable: `server`
[INFO] [stdout]   --> src/util/httpserver.rs:70:9
[INFO] [stdout]    |
[INFO] [stdout] 70 |         server: &HttpServer, 
[INFO] [stdout]    |         ^^^^^^ help: if this is intentional, prefix it with an underscore: `_server`
[INFO] [stdout]    |
[INFO] [stdout]    = note: `#[warn(unused_variables)]` on by default
[INFO] [stdout] 
[INFO] [stdout] 
[INFO] [stdout] warning: unused variable: `uuid`
[INFO] [stdout]    --> src/util/httpserver.rs:276:35
[INFO] [stdout]     |
[INFO] [stdout] 276 |     pub async fn task_post(&self, uuid: &Uuid) -> Result<Response<Full<Bytes>>, Infallible> {
[INFO] [stdout]     |                                   ^^^^ help: if this is intentional, prefix it with an underscore: `_uuid`
[INFO] [stdout] 
[INFO] [stdout] 
[INFO] [stdout] warning: unused import: `Buf`
[INFO] [stdout]   --> src/util/httpserver.rs:12:19
[INFO] [stdout]    |
[INFO] [stdout] 12 | use hyper::body::{Buf, Bytes};
[INFO] [stdout]    |                   ^^^
[INFO] [stdout] 
[INFO] [stdout] 
[INFO] [stdout] warning: function `good` is never used
[INFO] [stdout]  --> src/util/logger.rs:4:12
[INFO] [stdout]   |
[INFO] [stdout] 4 |     pub fn good(msg: &str) {
[INFO] [stdout]   |            ^^^^
[INFO] [stdout]   |
[INFO] [stdout]   = note: `#[warn(dead_code)]` on by default
[INFO] [stdout] 
[INFO] [stdout] 
[INFO] [stdout] warning: methods `task_post` and `task_get` are never used
[INFO] [stdout]    --> src/util/httpserver.rs:276:18
[INFO] [stdout]     |
[INFO] [stdout] 64  | impl HttpServer {
[INFO] [stdout]     | --------------- methods in this implementation
[INFO] [stdout] ...
[INFO] [stdout] 276 |     pub async fn task_post(&self, uuid: &Uuid) -> Result<Response<Full<Bytes>>, Infallible> {
[INFO] [stdout]     |                  ^^^^^^^^^
[INFO] [stdout] ...
[INFO] [stdout] 280 |     pub async fn task_get(&self, uuid: &Uuid) -> (u8, Result<Response<Full<Bytes>>, Infallible>) {
[INFO] [stdout]     |                  ^^^^^^^^
[INFO] [stdout] 
[INFO] [stdout] 
[INFO] [stdout] warning: associated function `new` is never used
[INFO] [stdout]   --> src/util/tasks.rs:31:12
[INFO] [stdout]    |
[INFO] [stdout] 29 | impl Task {
[INFO] [stdout]    | --------- associated function in this implementation
[INFO] [stdout] 30 |
[INFO] [stdout] 31 |     pub fn new(task_type: String, task_options: Vec<String>) -> Self {
[INFO] [stdout]    |            ^^^
[INFO] [stdout] 
[INFO] [stdout] 
[INFO] [stdout] warning: method `get_tasks` is never used
[INFO] [stdout]   --> src/util/tasks.rs:96:18
[INFO] [stdout]    |
[INFO] [stdout] 60 | impl TaskManager {
[INFO] [stdout]    | ---------------- method in this implementation
[INFO] [stdout] ...
[INFO] [stdout] 96 |     pub async fn get_tasks(&self, uuid: &Uuid) -> Option<(u8, Vec<String>)> {
[INFO] [stdout]    |                  ^^^^^^^^^
[INFO] [stdout] 
[INFO] [stdout] 
[INFO] [stdout] warning: fields `peer_addr`, `clientid`, `data`, and `data_length` are never read
[INFO] [stdout]   --> src/util/packet.rs:29:5
[INFO] [stdout]    |
[INFO] [stdout] 27 | pub struct Packet {
[INFO] [stdout]    |            ------ fields in this struct
[INFO] [stdout] 28 |     opcode: u8,
[INFO] [stdout] 29 |     peer_addr: SocketAddr,
[INFO] [stdout]    |     ^^^^^^^^^
[INFO] [stdout] 30 |     clientid: String,
[INFO] [stdout]    |     ^^^^^^^^
[INFO] [stdout] 31 |     data: String,
[INFO] [stdout]    |     ^^^^
[INFO] [stdout] 32 |     data_length: usize,
[INFO] [stdout]    |     ^^^^^^^^^^^
[INFO] [stdout]    |
[INFO] [stdout]    = note: `Packet` has a derived impl for the trait `Debug`, but this is intentionally ignored during dead code analysis
[INFO] [stdout] 
[INFO] [stdout] 
[INFO] [stdout] warning: associated items `build`, `peer_addr`, and `clientid` are never used
[INFO] [stdout]    --> src/util/packet.rs:99:12
[INFO] [stdout]     |
[INFO] [stdout] 62  | impl Packet {
[INFO] [stdout]     | ----------- associated items in this implementation
[INFO] [stdout] ...
[INFO] [stdout] 99  |     pub fn build<T: Serialize>(opcode: u8, clientid: &String, data: T)  -> Result<Vec<u8>> {
[INFO] [stdout]     |            ^^^^^
[INFO] [stdout] ...
[INFO] [stdout] 120 |     pub fn peer_addr(&self) -> SocketAddr {
[INFO] [stdout]     |            ^^^^^^^^^
[INFO] [stdout] ...
[INFO] [stdout] 124 |     pub fn clientid(&self) -> String {
[INFO] [stdout]     |            ^^^^^^^^
[INFO] [stdout] 
[INFO] [stdout] 
[INFO] [stderr]     Finished `dev` profile [unoptimized + debuginfo] target(s) in 51.86s
[INFO] running `Command { std: "docker" "inspect" "843648a4b153bca32be3a81c405bc33dc63acb0c5314aa2c86fd9925a1c330f2", kill_on_drop: false }`
[INFO] running `Command { std: "docker" "rm" "-f" "843648a4b153bca32be3a81c405bc33dc63acb0c5314aa2c86fd9925a1c330f2", kill_on_drop: false }`
[INFO] [stdout] 843648a4b153bca32be3a81c405bc33dc63acb0c5314aa2c86fd9925a1c330f2
[INFO] running `Command { std: "docker" "create" "-v" "/var/lib/crater-agent-workspace/builds/worker-2-tc1/target:/opt/rustwide/target:rw,Z" "-v" "/var/lib/crater-agent-workspace/builds/worker-2-tc1/source:/opt/rustwide/workdir:ro,Z" "-v" "/var/lib/crater-agent-workspace/cargo-home:/opt/rustwide/cargo-home:ro,Z" "-v" "/var/lib/crater-agent-workspace/rustup-home:/opt/rustwide/rustup-home:ro,Z" "-e" "SOURCE_DIR=/opt/rustwide/workdir" "-e" "CARGO_TARGET_DIR=/opt/rustwide/target" "-e" "CARGO_INCREMENTAL=0" "-e" "RUST_BACKTRACE=full" "-e" "RUSTFLAGS=--cap-lints=warn" "-e" "RUSTDOCFLAGS=--cap-lints=warn" "-e" "CARGO_HOME=/opt/rustwide/cargo-home" "-e" "RUSTUP_HOME=/opt/rustwide/rustup-home" "-w" "/opt/rustwide/workdir" "-m" "1610612736" "--user" "0:0" "--network" "none" "ghcr.io/rust-lang/crates-build-env/linux@sha256:f3a9d4ad9d972b27faf3965f35b62e55ba32bbce8f20bc8fe909558a86702fde" "/opt/rustwide/cargo-home/bin/cargo" "+1.83.0" "test" "--frozen" "--no-run" "--message-format=json", kill_on_drop: false }`
[INFO] [stdout] 30d9b9a656a599594e0812696284041bd60ccb462cad82db7fb5bcf30e01bb91
[INFO] running `Command { std: "docker" "start" "-a" "30d9b9a656a599594e0812696284041bd60ccb462cad82db7fb5bcf30e01bb91", kill_on_drop: false }`
[INFO] [stderr]    Compiling malice-rs v0.1.0 (/opt/rustwide/workdir)
[INFO] [stdout] warning: unused imports: `Arc`, `Mutex`, and `mpsc`
[INFO] [stdout]  --> src/main.rs:4:17
[INFO] [stdout]   |
[INFO] [stdout] 4 | use std::sync::{Arc, Mutex, mpsc};
[INFO] [stdout]   |                 ^^^  ^^^^^  ^^^^
[INFO] [stdout]   |
[INFO] [stdout]   = note: `#[warn(unused_imports)]` on by default
[INFO] [stdout] 
[INFO] [stdout] 
[INFO] [stdout] warning: unused imports: `Arc` and `mpsc`
[INFO] [stdout]  --> src/util/command.rs:4:17
[INFO] [stdout]   |
[INFO] [stdout] 4 | use std::sync::{Arc, mpsc};
[INFO] [stdout]   |                 ^^^  ^^^^
[INFO] [stdout] 
[INFO] [stdout] 
[INFO] [stdout] warning: unused import: `tokio::task`
[INFO] [stdout]  --> src/util/command.rs:6:5
[INFO] [stdout]   |
[INFO] [stdout] 6 | use tokio::task;
[INFO] [stdout]   |     ^^^^^^^^^^^
[INFO] [stdout] 
[INFO] [stdout] 
[INFO] [stdout] warning: unused import: `tokio::sync::Mutex`
[INFO] [stdout]  --> src/util/command.rs:7:5
[INFO] [stdout]   |
[INFO] [stdout] 7 | use tokio::sync::Mutex;
[INFO] [stdout]   |     ^^^^^^^^^^^^^^^^^^
[INFO] [stdout] 
[INFO] [stdout] 
[INFO] [stdout] warning: unused import: `tokio_util::sync::CancellationToken`
[INFO] [stdout]  --> src/util/command.rs:9:5
[INFO] [stdout]   |
[INFO] [stdout] 9 | use tokio_util::sync::CancellationToken;
[INFO] [stdout]   |     ^^^^^^^^^^^^^^^^^^^^^^^^^^^^^^^^^^^
[INFO] [stdout] 
[INFO] [stdout] 
[INFO] [stdout] warning: unused import: `uuid::Uuid`
[INFO] [stdout]   --> src/util/command.rs:14:5
[INFO] [stdout]    |
[INFO] [stdout] 14 | use uuid::Uuid;
[INFO] [stdout]    |     ^^^^^^^^^^
[INFO] [stdout] 
[INFO] [stdout] 
[INFO] [stdout] warning: unused imports: `Incoming` and `io::Write`
[INFO] [stdout]  --> src/util/httpserver.rs:2:54
[INFO] [stdout]   |
[INFO] [stdout] 2 |     collections::HashMap, convert::Infallible, net::{Incoming, SocketAddr}, 
[INFO] [stdout]   |                                                      ^^^^^^^^
[INFO] [stdout] ...
[INFO] [stdout] 8 |     io::Write,
[INFO] [stdout]   |     ^^^^^^^^^
[INFO] [stdout] 
[INFO] [stdout] 
[INFO] [stdout] warning: unused import: `Service`
[INFO] [stdout]   --> src/util/httpserver.rs:14:34
[INFO] [stdout]    |
[INFO] [stdout] 14 | use hyper::service::{service_fn, Service};
[INFO] [stdout]    |                                  ^^^^^^^
[INFO] [stdout] 
[INFO] [stdout] 
[INFO] [stdout] warning: unused imports: `AsyncWriteExt as _` and `self`
[INFO] [stdout]   --> src/util/httpserver.rs:26:9
[INFO] [stdout]    |
[INFO] [stdout] 26 |         self,
[INFO] [stdout]    |         ^^^^
[INFO] [stdout] 27 |         AsyncWriteExt as _,
[INFO] [stdout]    |         ^^^^^^^^^^^^^^^^^^
[INFO] [stdout] 
[INFO] [stdout] 
[INFO] [stdout] warning: unused imports: `Value` and `json`
[INFO] [stdout]   --> src/util/httpserver.rs:33:18
[INFO] [stdout]    |
[INFO] [stdout] 33 | use serde_json::{Value, json};
[INFO] [stdout]    |                  ^^^^^  ^^^^
[INFO] [stdout] 
[INFO] [stdout] 
[INFO] [stdout] warning: unused import: `warp::test`
[INFO] [stdout]   --> src/util/httpserver.rs:34:5
[INFO] [stdout]    |
[INFO] [stdout] 34 | use warp::test;
[INFO] [stdout]    |     ^^^^^^^^^^
[INFO] [stdout] 
[INFO] [stdout] 
[INFO] [stdout] warning: unused imports: `AtomicBool` and `Ordering`
[INFO] [stdout]  --> src/util/tasks.rs:3:18
[INFO] [stdout]   |
[INFO] [stdout] 3 |         atomic::{AtomicBool, Ordering},
[INFO] [stdout]   |                  ^^^^^^^^^^  ^^^^^^^^
[INFO] [stdout] 
[INFO] [stdout] 
[INFO] [stdout] warning: unused import: `task`
[INFO] [stdout]   --> src/util/tasks.rs:15:5
[INFO] [stdout]    |
[INFO] [stdout] 15 |     task,
[INFO] [stdout]    |     ^^^^
[INFO] [stdout] 
[INFO] [stdout] 
[INFO] [stdout] warning: unused imports: `Value` and `json`
[INFO] [stdout]   --> src/util/tasks.rs:18:18
[INFO] [stdout]    |
[INFO] [stdout] 18 | use serde_json::{Value, json};
[INFO] [stdout]    |                  ^^^^^  ^^^^
[INFO] [stdout] 
[INFO] [stdout] 
[INFO] [stdout] warning: unused imports: `Arc`, `AtomicBool`, `Incoming`, `Ordering`, `Write`, `collections::HashMap`, and `convert::Infallible`
[INFO] [stdout]  --> src/util/packet.rs:2:5
[INFO] [stdout]   |
[INFO] [stdout] 2 |     collections::HashMap, convert::Infallible, net::{Incoming, SocketAddr}, 
[INFO] [stdout]   |     ^^^^^^^^^^^^^^^^^^^^  ^^^^^^^^^^^^^^^^^^^        ^^^^^^^^
[INFO] [stdout] 3 |     sync::{
[INFO] [stdout] 4 |         atomic::{AtomicBool, Ordering},
[INFO] [stdout]   |                  ^^^^^^^^^^  ^^^^^^^^
[INFO] [stdout] 5 |         Arc,
[INFO] [stdout]   |         ^^^
[INFO] [stdout] ...
[INFO] [stdout] 9 |         Write,
[INFO] [stdout]   |         ^^^^^
[INFO] [stdout] 
[INFO] [stdout] 
[INFO] [stdout] warning: unused imports: `Value` and `json`
[INFO] [stdout]   --> src/util/packet.rs:15:18
[INFO] [stdout]    |
[INFO] [stdout] 15 | use serde_json::{Value, json};
[INFO] [stdout]    |                  ^^^^^  ^^^^
[INFO] [stdout] 
[INFO] [stdout] 
[INFO] [stdout] warning: unused import: `uuid::Uuid`
[INFO] [stdout]   --> src/util/packet.rs:17:5
[INFO] [stdout]    |
[INFO] [stdout] 17 | use uuid::Uuid;
[INFO] [stdout]    |     ^^^^^^^^^^
[INFO] [stdout] 
[INFO] [stdout] 
[INFO] [stdout] warning: variant `FETCH_TASK` should have an upper camel case name
[INFO] [stdout]   --> src/util/packet.rs:37:5
[INFO] [stdout]    |
[INFO] [stdout] 37 |     FETCH_TASK,
[INFO] [stdout]    |     ^^^^^^^^^^ help: convert the identifier to upper camel case: `FetchTask`
[INFO] [stdout]    |
[INFO] [stdout]    = note: `#[warn(non_camel_case_types)]` on by default
[INFO] [stdout] 
[INFO] [stdout] 
[INFO] [stdout] warning: variant `TASK_RESULT` should have an upper camel case name
[INFO] [stdout]   --> src/util/packet.rs:38:5
[INFO] [stdout]    |
[INFO] [stdout] 38 |     TASK_RESULT,
[INFO] [stdout]    |     ^^^^^^^^^^^ help: convert the identifier to upper camel case: `TaskResult`
[INFO] [stdout] 
[INFO] [stdout] 
[INFO] [stdout] warning: unused variable: `server`
[INFO] [stdout]   --> src/util/httpserver.rs:70:9
[INFO] [stdout]    |
[INFO] [stdout] 70 |         server: &HttpServer, 
[INFO] [stdout]    |         ^^^^^^ help: if this is intentional, prefix it with an underscore: `_server`
[INFO] [stdout]    |
[INFO] [stdout]    = note: `#[warn(unused_variables)]` on by default
[INFO] [stdout] 
[INFO] [stdout] 
[INFO] [stdout] warning: unused variable: `uuid`
[INFO] [stdout]    --> src/util/httpserver.rs:276:35
[INFO] [stdout]     |
[INFO] [stdout] 276 |     pub async fn task_post(&self, uuid: &Uuid) -> Result<Response<Full<Bytes>>, Infallible> {
[INFO] [stdout]     |                                   ^^^^ help: if this is intentional, prefix it with an underscore: `_uuid`
[INFO] [stdout] 
[INFO] [stdout] 
[INFO] [stdout] warning: variable does not need to be mutable
[INFO] [stdout]    --> src/util/httpserver.rs:324:18
[INFO] [stdout]     |
[INFO] [stdout] 324 |             let (mut sender, conn) = hyper::client::conn::http1::handshake(io).await.unwrap();
[INFO] [stdout]     |                  ----^^^^^^
[INFO] [stdout]     |                  |
[INFO] [stdout]     |                  help: remove this `mut`
[INFO] [stdout]     |
[INFO] [stdout]     = note: `#[warn(unused_mut)]` on by default
[INFO] [stdout] 
[INFO] [stdout] 
[INFO] [stdout] warning: unused import: `Buf`
[INFO] [stdout]   --> src/util/httpserver.rs:12:19
[INFO] [stdout]    |
[INFO] [stdout] 12 | use hyper::body::{Buf, Bytes};
[INFO] [stdout]    |                   ^^^
[INFO] [stdout] 
[INFO] [stdout] 
[INFO] [stdout] warning: variable does not need to be mutable
[INFO] [stdout]    --> src/util/httpserver.rs:363:13
[INFO] [stdout]     |
[INFO] [stdout] 363 |         let mut res = client.sender.send_request(req).await.unwrap();
[INFO] [stdout]     |             ----^^^
[INFO] [stdout]     |             |
[INFO] [stdout]     |             help: remove this `mut`
[INFO] [stdout] 
[INFO] [stdout] 
[INFO] [stdout] warning: function `good` is never used
[INFO] [stdout]  --> src/util/logger.rs:4:12
[INFO] [stdout]   |
[INFO] [stdout] 4 |     pub fn good(msg: &str) {
[INFO] [stdout]   |            ^^^^
[INFO] [stdout]   |
[INFO] [stdout]   = note: `#[warn(dead_code)]` on by default
[INFO] [stdout] 
[INFO] [stdout] 
[INFO] [stdout] warning: methods `task_post` and `task_get` are never used
[INFO] [stdout]    --> src/util/httpserver.rs:276:18
[INFO] [stdout]     |
[INFO] [stdout] 64  | impl HttpServer {
[INFO] [stdout]     | --------------- methods in this implementation
[INFO] [stdout] ...
[INFO] [stdout] 276 |     pub async fn task_post(&self, uuid: &Uuid) -> Result<Response<Full<Bytes>>, Infallible> {
[INFO] [stdout]     |                  ^^^^^^^^^
[INFO] [stdout] ...
[INFO] [stdout] 280 |     pub async fn task_get(&self, uuid: &Uuid) -> (u8, Result<Response<Full<Bytes>>, Infallible>) {
[INFO] [stdout]     |                  ^^^^^^^^
[INFO] [stdout] 
[INFO] [stdout] 
[INFO] [stdout] warning: fields `peer_addr`, `clientid`, `data`, and `data_length` are never read
[INFO] [stdout]   --> src/util/packet.rs:29:5
[INFO] [stdout]    |
[INFO] [stdout] 27 | pub struct Packet {
[INFO] [stdout]    |            ------ fields in this struct
[INFO] [stdout] 28 |     opcode: u8,
[INFO] [stdout] 29 |     peer_addr: SocketAddr,
[INFO] [stdout]    |     ^^^^^^^^^
[INFO] [stdout] 30 |     clientid: String,
[INFO] [stdout]    |     ^^^^^^^^
[INFO] [stdout] 31 |     data: String,
[INFO] [stdout]    |     ^^^^
[INFO] [stdout] 32 |     data_length: usize,
[INFO] [stdout]    |     ^^^^^^^^^^^
[INFO] [stdout]    |
[INFO] [stdout]    = note: `Packet` has a derived impl for the trait `Debug`, but this is intentionally ignored during dead code analysis
[INFO] [stdout] 
[INFO] [stdout] 
[INFO] [stdout] warning: associated items `build`, `peer_addr`, and `clientid` are never used
[INFO] [stdout]    --> src/util/packet.rs:99:12
[INFO] [stdout]     |
[INFO] [stdout] 62  | impl Packet {
[INFO] [stdout]     | ----------- associated items in this implementation
[INFO] [stdout] ...
[INFO] [stdout] 99  |     pub fn build<T: Serialize>(opcode: u8, clientid: &String, data: T)  -> Result<Vec<u8>> {
[INFO] [stdout]     |            ^^^^^
[INFO] [stdout] ...
[INFO] [stdout] 120 |     pub fn peer_addr(&self) -> SocketAddr {
[INFO] [stdout]     |            ^^^^^^^^^
[INFO] [stdout] ...
[INFO] [stdout] 124 |     pub fn clientid(&self) -> String {
[INFO] [stdout]     |            ^^^^^^^^
[INFO] [stdout] 
[INFO] [stdout] 
[INFO] [stderr]     Finished `test` profile [unoptimized + debuginfo] target(s) in 4.70s
[INFO] running `Command { std: "docker" "inspect" "30d9b9a656a599594e0812696284041bd60ccb462cad82db7fb5bcf30e01bb91", kill_on_drop: false }`
[INFO] running `Command { std: "docker" "rm" "-f" "30d9b9a656a599594e0812696284041bd60ccb462cad82db7fb5bcf30e01bb91", kill_on_drop: false }`
[INFO] [stdout] 30d9b9a656a599594e0812696284041bd60ccb462cad82db7fb5bcf30e01bb91
[INFO] running `Command { std: "docker" "create" "-v" "/var/lib/crater-agent-workspace/builds/worker-2-tc1/target:/opt/rustwide/target:rw,Z" "-v" "/var/lib/crater-agent-workspace/builds/worker-2-tc1/source:/opt/rustwide/workdir:ro,Z" "-v" "/var/lib/crater-agent-workspace/cargo-home:/opt/rustwide/cargo-home:ro,Z" "-v" "/var/lib/crater-agent-workspace/rustup-home:/opt/rustwide/rustup-home:ro,Z" "-e" "SOURCE_DIR=/opt/rustwide/workdir" "-e" "CARGO_TARGET_DIR=/opt/rustwide/target" "-e" "CARGO_INCREMENTAL=0" "-e" "RUST_BACKTRACE=full" "-e" "RUSTFLAGS=--cap-lints=warn" "-e" "RUSTDOCFLAGS=--cap-lints=warn" "-e" "CARGO_HOME=/opt/rustwide/cargo-home" "-e" "RUSTUP_HOME=/opt/rustwide/rustup-home" "-w" "/opt/rustwide/workdir" "-m" "1610612736" "--user" "0:0" "--network" "none" "ghcr.io/rust-lang/crates-build-env/linux@sha256:f3a9d4ad9d972b27faf3965f35b62e55ba32bbce8f20bc8fe909558a86702fde" "/opt/rustwide/cargo-home/bin/cargo" "+1.83.0" "test" "--frozen", kill_on_drop: false }`
[INFO] [stdout] 74c1530fa5682f21058721adfc4e273ee5d765350d76b807b8047f6d8da96196
[INFO] running `Command { std: "docker" "start" "-a" "74c1530fa5682f21058721adfc4e273ee5d765350d76b807b8047f6d8da96196", kill_on_drop: false }`
[INFO] [stderr] warning: unused imports: `Arc`, `Mutex`, and `mpsc`
[INFO] [stderr]  --> src/main.rs:4:17
[INFO] [stderr]   |
[INFO] [stderr] 4 | use std::sync::{Arc, Mutex, mpsc};
[INFO] [stderr]   |                 ^^^  ^^^^^  ^^^^
[INFO] [stderr]   |
[INFO] [stderr]   = note: `#[warn(unused_imports)]` on by default
[INFO] [stderr] 
[INFO] [stderr] warning: unused imports: `Arc` and `mpsc`
[INFO] [stderr]  --> src/util/command.rs:4:17
[INFO] [stderr]   |
[INFO] [stderr] 4 | use std::sync::{Arc, mpsc};
[INFO] [stderr]   |                 ^^^  ^^^^
[INFO] [stderr] 
[INFO] [stderr] warning: unused import: `tokio::task`
[INFO] [stderr]  --> src/util/command.rs:6:5
[INFO] [stderr]   |
[INFO] [stderr] 6 | use tokio::task;
[INFO] [stderr]   |     ^^^^^^^^^^^
[INFO] [stderr] 
[INFO] [stderr] warning: unused import: `tokio::sync::Mutex`
[INFO] [stderr]  --> src/util/command.rs:7:5
[INFO] [stderr]   |
[INFO] [stderr] 7 | use tokio::sync::Mutex;
[INFO] [stderr]   |     ^^^^^^^^^^^^^^^^^^
[INFO] [stderr] 
[INFO] [stderr] warning: unused import: `tokio_util::sync::CancellationToken`
[INFO] [stderr]  --> src/util/command.rs:9:5
[INFO] [stderr]   |
[INFO] [stderr] 9 | use tokio_util::sync::CancellationToken;
[INFO] [stderr]   |     ^^^^^^^^^^^^^^^^^^^^^^^^^^^^^^^^^^^
[INFO] [stderr] 
[INFO] [stderr] warning: unused import: `uuid::Uuid`
[INFO] [stderr]   --> src/util/command.rs:14:5
[INFO] [stderr]    |
[INFO] [stderr] 14 | use uuid::Uuid;
[INFO] [stderr]    |     ^^^^^^^^^^
[INFO] [stderr] 
[INFO] [stderr] warning: unused imports: `Incoming` and `io::Write`
[INFO] [stderr]  --> src/util/httpserver.rs:2:54
[INFO] [stderr]   |
[INFO] [stderr] 2 |     collections::HashMap, convert::Infallible, net::{Incoming, SocketAddr}, 
[INFO] [stderr]   |                                                      ^^^^^^^^
[INFO] [stderr] ...
[INFO] [stderr] 8 |     io::Write,
[INFO] [stderr]   |     ^^^^^^^^^
[INFO] [stderr] 
[INFO] [stderr] warning: unused import: `Service`
[INFO] [stderr]   --> src/util/httpserver.rs:14:34
[INFO] [stderr]    |
[INFO] [stderr] 14 | use hyper::service::{service_fn, Service};
[INFO] [stderr]    |                                  ^^^^^^^
[INFO] [stderr] 
[INFO] [stderr] warning: unused imports: `AsyncWriteExt as _` and `self`
[INFO] [stderr]   --> src/util/httpserver.rs:26:9
[INFO] [stderr]    |
[INFO] [stderr] 26 |         self,
[INFO] [stderr]    |         ^^^^
[INFO] [stderr] 27 |         AsyncWriteExt as _,
[INFO] [stderr]    |         ^^^^^^^^^^^^^^^^^^
[INFO] [stderr] 
[INFO] [stderr] warning: unused imports: `Value` and `json`
[INFO] [stderr]   --> src/util/httpserver.rs:33:18
[INFO] [stderr]    |
[INFO] [stderr] 33 | use serde_json::{Value, json};
[INFO] [stderr]    |                  ^^^^^  ^^^^
[INFO] [stderr] 
[INFO] [stderr] warning: unused import: `warp::test`
[INFO] [stderr]   --> src/util/httpserver.rs:34:5
[INFO] [stderr]    |
[INFO] [stderr] 34 | use warp::test;
[INFO] [stderr]    |     ^^^^^^^^^^
[INFO] [stderr] 
[INFO] [stderr] warning: unused imports: `AtomicBool` and `Ordering`
[INFO] [stderr]  --> src/util/tasks.rs:3:18
[INFO] [stderr]   |
[INFO] [stderr] 3 |         atomic::{AtomicBool, Ordering},
[INFO] [stderr]   |                  ^^^^^^^^^^  ^^^^^^^^
[INFO] [stderr] 
[INFO] [stderr] warning: unused import: `task`
[INFO] [stderr]   --> src/util/tasks.rs:15:5
[INFO] [stderr]    |
[INFO] [stderr] 15 |     task,
[INFO] [stderr]    |     ^^^^
[INFO] [stderr] 
[INFO] [stderr] warning: unused imports: `Value` and `json`
[INFO] [stderr]   --> src/util/tasks.rs:18:18
[INFO] [stderr]    |
[INFO] [stderr] 18 | use serde_json::{Value, json};
[INFO] [stderr]    |                  ^^^^^  ^^^^
[INFO] [stderr] 
[INFO] [stderr] warning: unused imports: `Arc`, `AtomicBool`, `Incoming`, `Ordering`, `Write`, `collections::HashMap`, and `convert::Infallible`
[INFO] [stderr]  --> src/util/packet.rs:2:5
[INFO] [stderr]   |
[INFO] [stderr] 2 |     collections::HashMap, convert::Infallible, net::{Incoming, SocketAddr}, 
[INFO] [stderr]   |     ^^^^^^^^^^^^^^^^^^^^  ^^^^^^^^^^^^^^^^^^^        ^^^^^^^^
[INFO] [stderr] 3 |     sync::{
[INFO] [stderr] 4 |         atomic::{AtomicBool, Ordering},
[INFO] [stderr]   |                  ^^^^^^^^^^  ^^^^^^^^
[INFO] [stderr] 5 |         Arc,
[INFO] [stderr]   |         ^^^
[INFO] [stderr] ...
[INFO] [stderr] 9 |         Write,
[INFO] [stderr]   |         ^^^^^
[INFO] [stderr] 
[INFO] [stderr] warning: unused imports: `Value` and `json`
[INFO] [stderr]   --> src/util/packet.rs:15:18
[INFO] [stderr]    |
[INFO] [stderr] 15 | use serde_json::{Value, json};
[INFO] [stderr]    |                  ^^^^^  ^^^^
[INFO] [stderr] 
[INFO] [stderr] warning: unused import: `uuid::Uuid`
[INFO] [stderr]   --> src/util/packet.rs:17:5
[INFO] [stderr]    |
[INFO] [stderr] 17 | use uuid::Uuid;
[INFO] [stderr]    |     ^^^^^^^^^^
[INFO] [stderr] 
[INFO] [stderr] warning: variant `FETCH_TASK` should have an upper camel case name
[INFO] [stderr]   --> src/util/packet.rs:37:5
[INFO] [stderr]    |
[INFO] [stderr] 37 |     FETCH_TASK,
[INFO] [stderr]    |     ^^^^^^^^^^ help: convert the identifier to upper camel case: `FetchTask`
[INFO] [stderr]    |
[INFO] [stderr]    = note: `#[warn(non_camel_case_types)]` on by default
[INFO] [stderr] 
[INFO] [stderr] warning: variant `TASK_RESULT` should have an upper camel case name
[INFO] [stderr]   --> src/util/packet.rs:38:5
[INFO] [stderr]    |
[INFO] [stderr] 38 |     TASK_RESULT,
[INFO] [stderr]    |     ^^^^^^^^^^^ help: convert the identifier to upper camel case: `TaskResult`
[INFO] [stderr] 
[INFO] [stderr] warning: unused variable: `server`
[INFO] [stderr]   --> src/util/httpserver.rs:70:9
[INFO] [stderr]    |
[INFO] [stderr] 70 |         server: &HttpServer, 
[INFO] [stderr]    |         ^^^^^^ help: if this is intentional, prefix it with an underscore: `_server`
[INFO] [stderr]    |
[INFO] [stderr]    = note: `#[warn(unused_variables)]` on by default
[INFO] [stderr] 
[INFO] [stderr] warning: unused variable: `uuid`
[INFO] [stderr]    --> src/util/httpserver.rs:276:35
[INFO] [stderr]     |
[INFO] [stderr] 276 |     pub async fn task_post(&self, uuid: &Uuid) -> Result<Response<Full<Bytes>>, Infallible> {
[INFO] [stderr]     |                                   ^^^^ help: if this is intentional, prefix it with an underscore: `_uuid`
[INFO] [stderr] 
[INFO] [stderr] warning: variable does not need to be mutable
[INFO] [stderr]    --> src/util/httpserver.rs:324:18
[INFO] [stderr]     |
[INFO] [stderr] 324 |             let (mut sender, conn) = hyper::client::conn::http1::handshake(io).await.unwrap();
[INFO] [stderr]     |                  ----^^^^^^
[INFO] [stderr]     |                  |
[INFO] [stderr]     |                  help: remove this `mut`
[INFO] [stderr]     |
[INFO] [stderr]     = note: `#[warn(unused_mut)]` on by default
[INFO] [stderr] 
[INFO] [stderr] warning: unused import: `Buf`
[INFO] [stderr]   --> src/util/httpserver.rs:12:19
[INFO] [stderr]    |
[INFO] [stderr] 12 | use hyper::body::{Buf, Bytes};
[INFO] [stderr]    |                   ^^^
[INFO] [stderr] 
[INFO] [stderr] warning: variable does not need to be mutable
[INFO] [stderr]    --> src/util/httpserver.rs:363:13
[INFO] [stderr]     |
[INFO] [stderr] 363 |         let mut res = client.sender.send_request(req).await.unwrap();
[INFO] [stderr]     |             ----^^^
[INFO] [stderr]     |             |
[INFO] [stderr]     |             help: remove this `mut`
[INFO] [stderr] 
[INFO] [stderr] warning: function `good` is never used
[INFO] [stderr]  --> src/util/logger.rs:4:12
[INFO] [stderr]   |
[INFO] [stderr] 4 |     pub fn good(msg: &str) {
[INFO] [stderr]   |            ^^^^
[INFO] [stderr]   |
[INFO] [stderr]   = note: `#[warn(dead_code)]` on by default
[INFO] [stderr] 
[INFO] [stderr] warning: methods `task_post` and `task_get` are never used
[INFO] [stderr]    --> src/util/httpserver.rs:276:18
[INFO] [stderr]     |
[INFO] [stderr] 64  | impl HttpServer {
[INFO] [stderr]     | --------------- methods in this implementation
[INFO] [stderr] ...
[INFO] [stderr] 276 |     pub async fn task_post(&self, uuid: &Uuid) -> Result<Response<Full<Bytes>>, Infallible> {
[INFO] [stderr]     |                  ^^^^^^^^^
[INFO] [stderr] ...
[INFO] [stderr] 280 |     pub async fn task_get(&self, uuid: &Uuid) -> (u8, Result<Response<Full<Bytes>>, Infallible>) {
[INFO] [stderr]     |                  ^^^^^^^^
[INFO] [stderr] 
[INFO] [stderr] warning: fields `peer_addr`, `clientid`, `data`, and `data_length` are never read
[INFO] [stderr]   --> src/util/packet.rs:29:5
[INFO] [stderr]    |
[INFO] [stderr] 27 | pub struct Packet {
[INFO] [stderr]    |            ------ fields in this struct
[INFO] [stderr] 28 |     opcode: u8,
[INFO] [stderr] 29 |     peer_addr: SocketAddr,
[INFO] [stderr]    |     ^^^^^^^^^
[INFO] [stderr] 30 |     clientid: String,
[INFO] [stderr]    |     ^^^^^^^^
[INFO] [stderr] 31 |     data: String,
[INFO] [stderr]    |     ^^^^
[INFO] [stderr] 32 |     data_length: usize,
[INFO] [stderr]    |     ^^^^^^^^^^^
[INFO] [stderr]    |
[INFO] [stderr]    = note: `Packet` has a derived impl for the trait `Debug`, but this is intentionally ignored during dead code analysis
[INFO] [stderr] 
[INFO] [stderr] warning: associated items `build`, `peer_addr`, and `clientid` are never used
[INFO] [stderr]    --> src/util/packet.rs:99:12
[INFO] [stderr]     |
[INFO] [stderr] 62  | impl Packet {
[INFO] [stderr]     | ----------- associated items in this implementation
[INFO] [stderr] ...
[INFO] [stderr] 99  |     pub fn build<T: Serialize>(opcode: u8, clientid: &String, data: T)  -> Result<Vec<u8>> {
[INFO] [stderr]     |            ^^^^^
[INFO] [stderr] ...
[INFO] [stderr] 120 |     pub fn peer_addr(&self) -> SocketAddr {
[INFO] [stderr]     |            ^^^^^^^^^
[INFO] [stderr] ...
[INFO] [stderr] 124 |     pub fn clientid(&self) -> String {
[INFO] [stderr]     |            ^^^^^^^^
[INFO] [stderr] 
[INFO] [stderr] warning: `malice-rs` (bin "malice-rs" test) generated 28 warnings (run `cargo fix --bin "malice-rs" --tests` to apply 19 suggestions)
[INFO] [stderr]     Finished `test` profile [unoptimized + debuginfo] target(s) in 0.29s
[INFO] [stderr]      Running unittests src/main.rs (/opt/rustwide/target/debug/deps/malice_rs-0bce24c1f529d8a5)
[INFO] [stdout] 
[INFO] [stdout] running 3 tests
[INFO] [stdout] test util::tasks::tests::test_json_output ... ok
[INFO] [stdout] test util::httpserver::tests::test_task_get_api ... ok
[INFO] [stdout] test util::tasks::tests::test_task_manager_add_function ... FAILED
[INFO] [stdout] 
[INFO] [stdout] failures:
[INFO] [stdout] 
[INFO] [stdout] ---- util::tasks::tests::test_task_manager_add_function stdout ----
[INFO] [stdout] thread 'util::tasks::tests::test_task_manager_add_function' panicked at src/util/tasks.rs:175:9:
[INFO] [stdout] assertion `left == right` failed
[INFO] [stdout]   left: "[1,[\"{\\\"task_type\\\":\\\"ping\\\",\\\"task_options\\\":[\\\"verbose\\\",\\\"etc\\\"]}\"]]"
[INFO] [stdout]  right: "{\"task_type\":\"ping\",\"task_options\":[\"verbose\",\"etc\"]}"
[INFO] [stdout] stack backtrace:
[INFO] [stdout]    0:     0x5778a4d89aca - std::backtrace_rs::backtrace::libunwind::trace::h5a5b8284f2d0c266
[INFO] [stdout]                                at /rustc/90b35a6239c3d8bdabc530a6a0816f7ff89a0aaf/library/std/src/../../backtrace/src/backtrace/libunwind.rs:116:5
[INFO] [stdout]    1:     0x5778a4d89aca - std::backtrace_rs::backtrace::trace_unsynchronized::h76d4f1c9b0b875e3
[INFO] [stdout]                                at /rustc/90b35a6239c3d8bdabc530a6a0816f7ff89a0aaf/library/std/src/../../backtrace/src/backtrace/mod.rs:66:5
[INFO] [stdout]    2:     0x5778a4d89aca - std::sys::backtrace::_print_fmt::hc4546b8364a537c6
[INFO] [stdout]                                at /rustc/90b35a6239c3d8bdabc530a6a0816f7ff89a0aaf/library/std/src/sys/backtrace.rs:66:9
[INFO] [stdout]    3:     0x5778a4d89aca - <std::sys::backtrace::BacktraceLock::print::DisplayBacktrace as core::fmt::Display>::fmt::h5b6bd5631a6d1f6b
[INFO] [stdout]                                at /rustc/90b35a6239c3d8bdabc530a6a0816f7ff89a0aaf/library/std/src/sys/backtrace.rs:39:26
[INFO] [stdout]    4:     0x5778a4db26a3 - core::fmt::rt::Argument::fmt::h270f6602a2b96f62
[INFO] [stdout]                                at /rustc/90b35a6239c3d8bdabc530a6a0816f7ff89a0aaf/library/core/src/fmt/rt.rs:177:76
[INFO] [stdout]    5:     0x5778a4db26a3 - core::fmt::write::h7550c97b06c86515
[INFO] [stdout]                                at /rustc/90b35a6239c3d8bdabc530a6a0816f7ff89a0aaf/library/core/src/fmt/mod.rs:1186:21
[INFO] [stdout]    6:     0x5778a4d86453 - std::io::Write::write_fmt::h509ff860e5956e5e
[INFO] [stdout]                                at /rustc/90b35a6239c3d8bdabc530a6a0816f7ff89a0aaf/library/std/src/io/mod.rs:1839:15
[INFO] [stdout]    7:     0x5778a4d89912 - std::sys::backtrace::BacktraceLock::print::h2395ccd2c84ba3aa
[INFO] [stdout]                                at /rustc/90b35a6239c3d8bdabc530a6a0816f7ff89a0aaf/library/std/src/sys/backtrace.rs:42:9
[INFO] [stdout]    8:     0x5778a4d8af2a - std::panicking::default_hook::{{closure}}::he19d4c7230e07961
[INFO] [stdout]                                at /rustc/90b35a6239c3d8bdabc530a6a0816f7ff89a0aaf/library/std/src/panicking.rs:268:22
[INFO] [stdout]    9:     0x5778a4d8ad34 - std::panicking::default_hook::hf614597d3c67bbdb
[INFO] [stdout]                                at /rustc/90b35a6239c3d8bdabc530a6a0816f7ff89a0aaf/library/std/src/panicking.rs:292:9
[INFO] [stdout]   10:     0x5778a4bbfc89 - <alloc::boxed::Box<F,A> as core::ops::function::Fn<Args>>::call::h39b51ce4599c23d1
[INFO] [stdout]                                at /rustc/90b35a6239c3d8bdabc530a6a0816f7ff89a0aaf/library/alloc/src/boxed.rs:2468:9
[INFO] [stdout]   11:     0x5778a4bbfc89 - test::test_main::{{closure}}::he977ae839a582784
[INFO] [stdout]                                at /rustc/90b35a6239c3d8bdabc530a6a0816f7ff89a0aaf/library/test/src/lib.rs:133:21
[INFO] [stdout]   12:     0x5778a4d8b5c8 - <alloc::boxed::Box<F,A> as core::ops::function::Fn<Args>>::call::h9455091b6b06f9fb
[INFO] [stdout]                                at /rustc/90b35a6239c3d8bdabc530a6a0816f7ff89a0aaf/library/alloc/src/boxed.rs:2468:9
[INFO] [stdout]   13:     0x5778a4d8b5c8 - std::panicking::rust_panic_with_hook::h8942133a8b252070
[INFO] [stdout]                                at /rustc/90b35a6239c3d8bdabc530a6a0816f7ff89a0aaf/library/std/src/panicking.rs:809:13
[INFO] [stdout]   14:     0x5778a4d8b38a - std::panicking::begin_panic_handler::{{closure}}::hb5f5963570096b29
[INFO] [stdout]                                at /rustc/90b35a6239c3d8bdabc530a6a0816f7ff89a0aaf/library/std/src/panicking.rs:674:13
[INFO] [stdout]   15:     0x5778a4d89fa9 - std::sys::backtrace::__rust_end_short_backtrace::h6208cedc1922feda
[INFO] [stdout]                                at /rustc/90b35a6239c3d8bdabc530a6a0816f7ff89a0aaf/library/std/src/sys/backtrace.rs:170:18
[INFO] [stdout]   16:     0x5778a4d8b01c - rust_begin_unwind
[INFO] [stdout]                                at /rustc/90b35a6239c3d8bdabc530a6a0816f7ff89a0aaf/library/std/src/panicking.rs:665:5
[INFO] [stdout]   17:     0x5778a4b081b0 - core::panicking::panic_fmt::h0c3082644d1bf418
[INFO] [stdout]                                at /rustc/90b35a6239c3d8bdabc530a6a0816f7ff89a0aaf/library/core/src/panicking.rs:74:14
[INFO] [stdout]   18:     0x5778a4b08615 - core::panicking::assert_failed_inner::h2ddf1fcc067fa858
[INFO] [stdout]   19:     0x5778a4b13d40 - core::panicking::assert_failed::hc5d9c048f9f305a6
[INFO] [stdout]                                at /rustc/90b35a6239c3d8bdabc530a6a0816f7ff89a0aaf/library/core/src/panicking.rs:367:5
[INFO] [stdout]   20:     0x5778a4b82395 - malice_rs::util::tasks::tests::test_task_manager_add_function::{{closure}}::h49a0e707569ceddd
[INFO] [stdout]                                at /opt/rustwide/workdir/src/util/tasks.rs:175:9
[INFO] [stdout]   21:     0x5778a4b5d372 - <core::pin::Pin<P> as core::future::future::Future>::poll::h4a603b0b343ac7d6
[INFO] [stdout]                                at /rustc/90b35a6239c3d8bdabc530a6a0816f7ff89a0aaf/library/core/src/future/future.rs:123:9
[INFO] [stdout]   22:     0x5778a4b5d3ad - <core::pin::Pin<P> as core::future::future::Future>::poll::h8a708a44fc48db03
[INFO] [stdout]                                at /rustc/90b35a6239c3d8bdabc530a6a0816f7ff89a0aaf/library/core/src/future/future.rs:123:9
[INFO] [stdout]   23:     0x5778a4b11b9f - tokio::runtime::scheduler::current_thread::CoreGuard::block_on::{{closure}}::{{closure}}::{{closure}}::h87b99cf7135cbcfc
[INFO] [stdout]                                at /opt/rustwide/cargo-home/registry/src/index.crates.io-6f17d22bba15001f/tokio-1.40.0/src/runtime/scheduler/current_thread/mod.rs:696:57
[INFO] [stdout]   24:     0x5778a4b118f5 - tokio::runtime::coop::with_budget::h16ec82bb5972245d
[INFO] [stdout]                                at /opt/rustwide/cargo-home/registry/src/index.crates.io-6f17d22bba15001f/tokio-1.40.0/src/runtime/coop.rs:107:5
[INFO] [stdout]   25:     0x5778a4b118f5 - tokio::runtime::coop::budget::hecab9a164e473530
[INFO] [stdout]                                at /opt/rustwide/cargo-home/registry/src/index.crates.io-6f17d22bba15001f/tokio-1.40.0/src/runtime/coop.rs:73:5
[INFO] [stdout]   26:     0x5778a4b118f5 - tokio::runtime::scheduler::current_thread::CoreGuard::block_on::{{closure}}::{{closure}}::h51ae50df5843f196
[INFO] [stdout]                                at /opt/rustwide/cargo-home/registry/src/index.crates.io-6f17d22bba15001f/tokio-1.40.0/src/runtime/scheduler/current_thread/mod.rs:696:25
[INFO] [stdout]   27:     0x5778a4b0f6e0 - tokio::runtime::scheduler::current_thread::Context::enter::ha9e315a843420edd
[INFO] [stdout]                                at /opt/rustwide/cargo-home/registry/src/index.crates.io-6f17d22bba15001f/tokio-1.40.0/src/runtime/scheduler/current_thread/mod.rs:423:19
[INFO] [stdout]   28:     0x5778a4b108ae - tokio::runtime::scheduler::current_thread::CoreGuard::block_on::{{closure}}::h10f41f42dbd6ab74
[INFO] [stdout]                                at /opt/rustwide/cargo-home/registry/src/index.crates.io-6f17d22bba15001f/tokio-1.40.0/src/runtime/scheduler/current_thread/mod.rs:695:36
[INFO] [stdout]   29:     0x5778a4b105c4 - tokio::runtime::scheduler::current_thread::CoreGuard::enter::{{closure}}::he4a135960d2c147f
[INFO] [stdout]                                at /opt/rustwide/cargo-home/registry/src/index.crates.io-6f17d22bba15001f/tokio-1.40.0/src/runtime/scheduler/current_thread/mod.rs:774:68
[INFO] [stdout]   30:     0x5778a4b7a23b - tokio::runtime::context::scoped::Scoped<T>::set::h44ae79ef35eb5769
[INFO] [stdout]                                at /opt/rustwide/cargo-home/registry/src/index.crates.io-6f17d22bba15001f/tokio-1.40.0/src/runtime/context/scoped.rs:40:9
[INFO] [stdout]   31:     0x5778a4b79f39 - tokio::runtime::context::set_scheduler::{{closure}}::h15ceba81ed40a0d3
[INFO] [stdout]                                at /opt/rustwide/cargo-home/registry/src/index.crates.io-6f17d22bba15001f/tokio-1.40.0/src/runtime/context.rs:180:26
[INFO] [stdout]   32:     0x5778a4b7b2dd - std::thread::local::LocalKey<T>::try_with::h48659012da2b391c
[INFO] [stdout]                                at /rustc/90b35a6239c3d8bdabc530a6a0816f7ff89a0aaf/library/std/src/thread/local.rs:283:12
[INFO] [stdout]   33:     0x5778a4b7ad1a - std::thread::local::LocalKey<T>::with::h6a0d412437ada876
[INFO] [stdout]                                at /rustc/90b35a6239c3d8bdabc530a6a0816f7ff89a0aaf/library/std/src/thread/local.rs:260:9
[INFO] [stdout]   34:     0x5778a4b79eed - tokio::runtime::context::set_scheduler::hdf8d5fdf90b23125
[INFO] [stdout]                                at /opt/rustwide/cargo-home/registry/src/index.crates.io-6f17d22bba15001f/tokio-1.40.0/src/runtime/context.rs:180:9
[INFO] [stdout]   35:     0x5778a4b0ff30 - tokio::runtime::scheduler::current_thread::CoreGuard::enter::h5b285d46368e301a
[INFO] [stdout]                                at /opt/rustwide/cargo-home/registry/src/index.crates.io-6f17d22bba15001f/tokio-1.40.0/src/runtime/scheduler/current_thread/mod.rs:774:27
[INFO] [stdout]   36:     0x5778a4b10643 - tokio::runtime::scheduler::current_thread::CoreGuard::block_on::h9ccc4557a1ddbb9b
[INFO] [stdout]                                at /opt/rustwide/cargo-home/registry/src/index.crates.io-6f17d22bba15001f/tokio-1.40.0/src/runtime/scheduler/current_thread/mod.rs:683:19
[INFO] [stdout]   37:     0x5778a4b0dcfa - tokio::runtime::scheduler::current_thread::CurrentThread::block_on::{{closure}}::hb991f96256f66987
[INFO] [stdout]                                at /opt/rustwide/cargo-home/registry/src/index.crates.io-6f17d22bba15001f/tokio-1.40.0/src/runtime/scheduler/current_thread/mod.rs:191:28
[INFO] [stdout]   38:     0x5778a4b1eb86 - tokio::runtime::context::runtime::enter_runtime::hed5051d21352a15d
[INFO] [stdout]                                at /opt/rustwide/cargo-home/registry/src/index.crates.io-6f17d22bba15001f/tokio-1.40.0/src/runtime/context/runtime.rs:65:16
[INFO] [stdout]   39:     0x5778a4b0d621 - tokio::runtime::scheduler::current_thread::CurrentThread::block_on::h63b3b302e2920c90
[INFO] [stdout]                                at /opt/rustwide/cargo-home/registry/src/index.crates.io-6f17d22bba15001f/tokio-1.40.0/src/runtime/scheduler/current_thread/mod.rs:179:9
[INFO] [stdout]   40:     0x5778a4b4edcd - tokio::runtime::runtime::Runtime::block_on_inner::h8bb495f0ac232aba
[INFO] [stdout]                                at /opt/rustwide/cargo-home/registry/src/index.crates.io-6f17d22bba15001f/tokio-1.40.0/src/runtime/runtime.rs:361:47
[INFO] [stdout]   41:     0x5778a4b4eff5 - tokio::runtime::runtime::Runtime::block_on::h45011c9be7a409f8
[INFO] [stdout]                                at /opt/rustwide/cargo-home/registry/src/index.crates.io-6f17d22bba15001f/tokio-1.40.0/src/runtime/runtime.rs:335:13
[INFO] [stdout]   42:     0x5778a4b81921 - malice_rs::util::tasks::tests::test_task_manager_add_function::heecb3267c085a040
[INFO] [stdout]                                at /opt/rustwide/workdir/src/util/tasks.rs:175:9
[INFO] [stdout]   43:     0x5778a4b817c7 - malice_rs::util::tasks::tests::test_task_manager_add_function::{{closure}}::hd1122718c22188d5
[INFO] [stdout]                                at /opt/rustwide/workdir/src/util/tasks.rs:161:46
[INFO] [stdout]   44:     0x5778a4b5e076 - core::ops::function::FnOnce::call_once::h1eb7fb59b444e229
[INFO] [stdout]                                at /rustc/90b35a6239c3d8bdabc530a6a0816f7ff89a0aaf/library/core/src/ops/function.rs:250:5
[INFO] [stdout]   45:     0x5778a4bc464b - core::ops::function::FnOnce::call_once::h109cf8051a59b34e
[INFO] [stdout]                                at /rustc/90b35a6239c3d8bdabc530a6a0816f7ff89a0aaf/library/core/src/ops/function.rs:250:5
[INFO] [stdout]   46:     0x5778a4bc464b - test::__rust_begin_short_backtrace::hf4fff89d377446ba
[INFO] [stdout]                                at /rustc/90b35a6239c3d8bdabc530a6a0816f7ff89a0aaf/library/test/src/lib.rs:621:18
[INFO] [stdout]   47:     0x5778a4bc3e87 - test::run_test_in_process::{{closure}}::h0e39181dd7ee5a43
[INFO] [stdout]                                at /rustc/90b35a6239c3d8bdabc530a6a0816f7ff89a0aaf/library/test/src/lib.rs:644:60
[INFO] [stdout]   48:     0x5778a4bc3e87 - <core::panic::unwind_safe::AssertUnwindSafe<F> as core::ops::function::FnOnce<()>>::call_once::hc5a66a30f0bdfd1f
[INFO] [stdout]                                at /rustc/90b35a6239c3d8bdabc530a6a0816f7ff89a0aaf/library/core/src/panic/unwind_safe.rs:272:9
[INFO] [stdout]   49:     0x5778a4bc3e87 - std::panicking::try::do_call::h873b7cf639554a5e
[INFO] [stdout]                                at /rustc/90b35a6239c3d8bdabc530a6a0816f7ff89a0aaf/library/std/src/panicking.rs:557:40
[INFO] [stdout]   50:     0x5778a4bc3e87 - std::panicking::try::hdb19862fad9c8bd1
[INFO] [stdout]                                at /rustc/90b35a6239c3d8bdabc530a6a0816f7ff89a0aaf/library/std/src/panicking.rs:520:19
[INFO] [stdout]   51:     0x5778a4bc3e87 - std::panic::catch_unwind::h281fe732d236d260
[INFO] [stdout]                                at /rustc/90b35a6239c3d8bdabc530a6a0816f7ff89a0aaf/library/std/src/panic.rs:358:14
[INFO] [stdout]   52:     0x5778a4bc3e87 - test::run_test_in_process::h949b6df8457ed338
[INFO] [stdout]                                at /rustc/90b35a6239c3d8bdabc530a6a0816f7ff89a0aaf/library/test/src/lib.rs:644:27
[INFO] [stdout]   53:     0x5778a4bc3e87 - test::run_test::{{closure}}::h52c556a6d4740e10
[INFO] [stdout]                                at /rustc/90b35a6239c3d8bdabc530a6a0816f7ff89a0aaf/library/test/src/lib.rs:565:43
[INFO] [stdout]   54:     0x5778a4b89164 - test::run_test::{{closure}}::h4237f6381c45ccb9
[INFO] [stdout]                                at /rustc/90b35a6239c3d8bdabc530a6a0816f7ff89a0aaf/library/test/src/lib.rs:595:41
[INFO] [stdout]   55:     0x5778a4b89164 - std::sys::backtrace::__rust_begin_short_backtrace::h505c97a579eca628
[INFO] [stdout]                                at /rustc/90b35a6239c3d8bdabc530a6a0816f7ff89a0aaf/library/std/src/sys/backtrace.rs:154:18
[INFO] [stdout]   56:     0x5778a4b8c82e - std::thread::Builder::spawn_unchecked_::{{closure}}::{{closure}}::h9e86b2e2bc107ea3
[INFO] [stdout]                                at /rustc/90b35a6239c3d8bdabc530a6a0816f7ff89a0aaf/library/std/src/thread/mod.rs:538:17
[INFO] [stdout]   57:     0x5778a4b8c82e - <core::panic::unwind_safe::AssertUnwindSafe<F> as core::ops::function::FnOnce<()>>::call_once::h8b06ddb275ff4a25
[INFO] [stdout]                                at /rustc/90b35a6239c3d8bdabc530a6a0816f7ff89a0aaf/library/core/src/panic/unwind_safe.rs:272:9
[INFO] [stdout]   58:     0x5778a4b8c82e - std::panicking::try::do_call::hb26ecd7cd9a9355d
[INFO] [stdout]                                at /rustc/90b35a6239c3d8bdabc530a6a0816f7ff89a0aaf/library/std/src/panicking.rs:557:40
[INFO] [stdout]   59:     0x5778a4b8c82e - std::panicking::try::h8ddeca9d705f9069
[INFO] [stdout]                                at /rustc/90b35a6239c3d8bdabc530a6a0816f7ff89a0aaf/library/std/src/panicking.rs:520:19
[INFO] [stdout]   60:     0x5778a4b8c82e - std::panic::catch_unwind::h49e1c33078844c46
[INFO] [stdout]                                at /rustc/90b35a6239c3d8bdabc530a6a0816f7ff89a0aaf/library/std/src/panic.rs:358:14
[INFO] [stdout]   61:     0x5778a4b8c82e - std::thread::Builder::spawn_unchecked_::{{closure}}::h6073db6ff56ad35d
[INFO] [stdout]                                at /rustc/90b35a6239c3d8bdabc530a6a0816f7ff89a0aaf/library/std/src/thread/mod.rs:537:30
[INFO] [stdout]   62:     0x5778a4b8c82e - core::ops::function::FnOnce::call_once{{vtable.shim}}::h2c5a5f3779c774f1
[INFO] [stdout]                                at /rustc/90b35a6239c3d8bdabc530a6a0816f7ff89a0aaf/library/core/src/ops/function.rs:250:5
[INFO] [stdout]   63:     0x5778a4d8f5ab - <alloc::boxed::Box<F,A> as core::ops::function::FnOnce<Args>>::call_once::hf75717d9f28faebf
[INFO] [stdout]                                at /rustc/90b35a6239c3d8bdabc530a6a0816f7ff89a0aaf/library/alloc/src/boxed.rs:2454:9
[INFO] [stdout]   64:     0x5778a4d8f5ab - <alloc::boxed::Box<F,A> as core::ops::function::FnOnce<Args>>::call_once::h7bd883a5f3c5f3c1
[INFO] [stdout]                                at /rustc/90b35a6239c3d8bdabc530a6a0816f7ff89a0aaf/library/alloc/src/boxed.rs:2454:9
[INFO] [stdout]   65:     0x5778a4d8f5ab - std::sys::pal::unix::thread::Thread::new::thread_start::hcc78f3943333fa94
[INFO] [stdout]                                at /rustc/90b35a6239c3d8bdabc530a6a0816f7ff89a0aaf/library/std/src/sys/pal/unix/thread.rs:105:17
[INFO] [stdout]   66:     0x7917f1de6ac3 - <unknown>
[INFO] [stdout]   67:     0x7917f1e77a04 - clone
[INFO] [stdout]   68:                0x0 - <unknown>
[INFO] [stdout] 
[INFO] [stdout] 
[INFO] [stdout] failures:
[INFO] [stdout]     util::tasks::tests::test_task_manager_add_function
[INFO] [stdout] 
[INFO] [stdout] test result: FAILED. 2 passed; 1 failed; 0 ignored; 0 measured; 0 filtered out; finished in 0.22s
[INFO] [stdout] 
[INFO] [stderr] error: test failed, to rerun pass `--bin malice-rs`
[INFO] running `Command { std: "docker" "inspect" "74c1530fa5682f21058721adfc4e273ee5d765350d76b807b8047f6d8da96196", kill_on_drop: false }`
[INFO] running `Command { std: "docker" "rm" "-f" "74c1530fa5682f21058721adfc4e273ee5d765350d76b807b8047f6d8da96196", kill_on_drop: false }`
[INFO] [stdout] 74c1530fa5682f21058721adfc4e273ee5d765350d76b807b8047f6d8da96196
