[INFO] cloning repository https://github.com/Speykious/oSUS
[INFO] running `Command { std: "git" "-c" "credential.helper=" "-c" "credential.helper=/workspace/cargo-home/bin/git-credential-null" "clone" "--bare" "https://github.com/Speykious/oSUS" "/workspace/cache/git-repos/https%3A%2F%2Fgithub.com%2FSpeykious%2FoSUS", kill_on_drop: false }`
[INFO] [stderr] Cloning into bare repository '/workspace/cache/git-repos/https%3A%2F%2Fgithub.com%2FSpeykious%2FoSUS'...
[INFO] running `Command { std: "git" "rev-parse" "HEAD", kill_on_drop: false }`
[INFO] [stdout] 664fcf20f42f0996cb3ba7acda7090a5c05b6b13
[INFO] testing Speykious/oSUS against 1.83.0 for beta-1.84.0-4-retry
[INFO] running `Command { std: "git" "clone" "/workspace/cache/git-repos/https%3A%2F%2Fgithub.com%2FSpeykious%2FoSUS" "/workspace/builds/worker-3-tc1/source", kill_on_drop: false }`
[INFO] [stderr] Cloning into '/workspace/builds/worker-3-tc1/source'...
[INFO] [stderr] done.
[INFO] validating manifest of git repo https://github.com/Speykious/oSUS on toolchain 1.83.0
[INFO] running `Command { std: CARGO_HOME="/workspace/cargo-home" RUSTUP_HOME="/workspace/rustup-home" "/workspace/cargo-home/bin/cargo" "+1.83.0" "metadata" "--manifest-path" "Cargo.toml" "--no-deps", kill_on_drop: false }`
[INFO] started tweaking git repo https://github.com/Speykious/oSUS
[INFO] finished tweaking git repo https://github.com/Speykious/oSUS
[INFO] tweaked toml for git repo https://github.com/Speykious/oSUS written to /workspace/builds/worker-3-tc1/source/Cargo.toml
[INFO] crate git repo https://github.com/Speykious/oSUS already has a lockfile, it will not be regenerated
[INFO] running `Command { std: CARGO_HOME="/workspace/cargo-home" RUSTUP_HOME="/workspace/rustup-home" "/workspace/cargo-home/bin/cargo" "+1.83.0" "fetch" "--manifest-path" "Cargo.toml", kill_on_drop: false }`
[INFO] [stderr] warning: profiles for the non root package will be ignored, specify profiles at the workspace root:
[INFO] [stderr] package:   /workspace/builds/worker-3-tc1/source/osus/Cargo.toml
[INFO] [stderr] workspace: /workspace/builds/worker-3-tc1/source/Cargo.toml
[INFO] [stderr] warning: profiles for the non root package will be ignored, specify profiles at the workspace root:
[INFO] [stderr] package:   /workspace/builds/worker-3-tc1/source/osus-cli/Cargo.toml
[INFO] [stderr] workspace: /workspace/builds/worker-3-tc1/source/Cargo.toml
[INFO] running `Command { std: "docker" "create" "-v" "/var/lib/crater-agent-workspace/builds/worker-3-tc1/target:/opt/rustwide/target:rw,Z" "-v" "/var/lib/crater-agent-workspace/builds/worker-3-tc1/source:/opt/rustwide/workdir:ro,Z" "-v" "/var/lib/crater-agent-workspace/cargo-home:/opt/rustwide/cargo-home:ro,Z" "-v" "/var/lib/crater-agent-workspace/rustup-home:/opt/rustwide/rustup-home:ro,Z" "-e" "SOURCE_DIR=/opt/rustwide/workdir" "-e" "CARGO_TARGET_DIR=/opt/rustwide/target" "-e" "CARGO_HOME=/opt/rustwide/cargo-home" "-e" "RUSTUP_HOME=/opt/rustwide/rustup-home" "-w" "/opt/rustwide/workdir" "-m" "1610612736" "--user" "0:0" "--network" "none" "ghcr.io/rust-lang/crates-build-env/linux@sha256:f3a9d4ad9d972b27faf3965f35b62e55ba32bbce8f20bc8fe909558a86702fde" "/opt/rustwide/cargo-home/bin/cargo" "+1.83.0" "metadata" "--no-deps" "--format-version=1", kill_on_drop: false }`
[INFO] [stdout] 8b1fd5a8c17a02742f949f9cae230e4da566c171a891e8b5a7db9d7561da4e43
[INFO] running `Command { std: "docker" "start" "-a" "8b1fd5a8c17a02742f949f9cae230e4da566c171a891e8b5a7db9d7561da4e43", kill_on_drop: false }`
[INFO] running `Command { std: "docker" "inspect" "8b1fd5a8c17a02742f949f9cae230e4da566c171a891e8b5a7db9d7561da4e43", kill_on_drop: false }`
[INFO] running `Command { std: "docker" "rm" "-f" "8b1fd5a8c17a02742f949f9cae230e4da566c171a891e8b5a7db9d7561da4e43", kill_on_drop: false }`
[INFO] [stdout] 8b1fd5a8c17a02742f949f9cae230e4da566c171a891e8b5a7db9d7561da4e43
[INFO] running `Command { std: "docker" "create" "-v" "/var/lib/crater-agent-workspace/builds/worker-3-tc1/target:/opt/rustwide/target:rw,Z" "-v" "/var/lib/crater-agent-workspace/builds/worker-3-tc1/source:/opt/rustwide/workdir:ro,Z" "-v" "/var/lib/crater-agent-workspace/cargo-home:/opt/rustwide/cargo-home:ro,Z" "-v" "/var/lib/crater-agent-workspace/rustup-home:/opt/rustwide/rustup-home:ro,Z" "-e" "SOURCE_DIR=/opt/rustwide/workdir" "-e" "CARGO_TARGET_DIR=/opt/rustwide/target" "-e" "CARGO_INCREMENTAL=0" "-e" "RUST_BACKTRACE=full" "-e" "RUSTFLAGS=--cap-lints=warn" "-e" "RUSTDOCFLAGS=--cap-lints=warn" "-e" "CARGO_HOME=/opt/rustwide/cargo-home" "-e" "RUSTUP_HOME=/opt/rustwide/rustup-home" "-w" "/opt/rustwide/workdir" "-m" "1610612736" "--user" "0:0" "--network" "none" "ghcr.io/rust-lang/crates-build-env/linux@sha256:f3a9d4ad9d972b27faf3965f35b62e55ba32bbce8f20bc8fe909558a86702fde" "/opt/rustwide/cargo-home/bin/cargo" "+1.83.0" "build" "--frozen" "--message-format=json", kill_on_drop: false }`
[INFO] [stdout] a4c07ffe7a93f7eff6debe387daed4c6ee69ec1eed1cb84290078301d19264a2
[INFO] running `Command { std: "docker" "start" "-a" "a4c07ffe7a93f7eff6debe387daed4c6ee69ec1eed1cb84290078301d19264a2", kill_on_drop: false }`
[INFO] [stderr] warning: profiles for the non root package will be ignored, specify profiles at the workspace root:
[INFO] [stderr] package:   /opt/rustwide/workdir/osus/Cargo.toml
[INFO] [stderr] workspace: /opt/rustwide/workdir/Cargo.toml
[INFO] [stderr] warning: profiles for the non root package will be ignored, specify profiles at the workspace root:
[INFO] [stderr] package:   /opt/rustwide/workdir/osus-cli/Cargo.toml
[INFO] [stderr] workspace: /opt/rustwide/workdir/Cargo.toml
[INFO] [stderr]    Compiling proc-macro2 v1.0.89
[INFO] [stderr]    Compiling unicode-ident v1.0.13
[INFO] [stderr]    Compiling once_cell v1.20.2
[INFO] [stderr]    Compiling utf8parse v0.2.2
[INFO] [stderr]    Compiling colorchoice v1.0.3
[INFO] [stderr]    Compiling thiserror v1.0.65
[INFO] [stderr]    Compiling anstyle-query v1.1.2
[INFO] [stderr]    Compiling anstyle v1.0.9
[INFO] [stderr]    Compiling is_terminal_polyfill v1.70.1
[INFO] [stderr]    Compiling log v0.4.22
[INFO] [stderr]    Compiling heck v0.5.0
[INFO] [stderr]    Compiling clap_lex v0.7.2
[INFO] [stderr]    Compiling overload v0.1.1
[INFO] [stderr]    Compiling lazy_static v1.5.0
[INFO] [stderr]    Compiling cfg-if v1.0.0
[INFO] [stderr]    Compiling strsim v0.11.1
[INFO] [stderr]    Compiling anstyle-parse v0.2.6
[INFO] [stderr]    Compiling pin-project-lite v0.2.15
[INFO] [stderr]    Compiling nu-ansi-term v0.46.0
[INFO] [stderr]    Compiling sharded-slab v0.1.7
[INFO] [stderr]    Compiling smallvec v1.13.2
[INFO] [stderr]    Compiling same-file v1.0.6
[INFO] [stderr]    Compiling tracing-core v0.1.32
[INFO] [stderr]    Compiling thread_local v1.1.8
[INFO] [stderr]    Compiling anstream v0.6.17
[INFO] [stderr]    Compiling walkdir v2.5.0
[INFO] [stderr]    Compiling clap_builder v4.5.20
[INFO] [stderr]    Compiling tracing-log v0.2.0
[INFO] [stderr]    Compiling tracing-subscriber v0.3.18
[INFO] [stderr]    Compiling quote v1.0.37
[INFO] [stderr]    Compiling syn v2.0.85
[INFO] [stderr]    Compiling thiserror-impl v1.0.65
[INFO] [stderr]    Compiling tracing-attributes v0.1.27
[INFO] [stderr]    Compiling clap_derive v4.5.18
[INFO] [stderr]    Compiling tracing v0.1.40
[INFO] [stderr]    Compiling osus v0.1.0 (/opt/rustwide/workdir/osus)
[INFO] [stderr]    Compiling clap v4.5.20
[INFO] [stderr]    Compiling osus-cli v0.1.0 (/opt/rustwide/workdir/osus-cli)
[INFO] [stderr]     Finished `dev` profile [unoptimized + debuginfo] target(s) in 19.66s
[INFO] running `Command { std: "docker" "inspect" "a4c07ffe7a93f7eff6debe387daed4c6ee69ec1eed1cb84290078301d19264a2", kill_on_drop: false }`
[INFO] running `Command { std: "docker" "rm" "-f" "a4c07ffe7a93f7eff6debe387daed4c6ee69ec1eed1cb84290078301d19264a2", kill_on_drop: false }`
[INFO] [stdout] a4c07ffe7a93f7eff6debe387daed4c6ee69ec1eed1cb84290078301d19264a2
[INFO] running `Command { std: "docker" "create" "-v" "/var/lib/crater-agent-workspace/builds/worker-3-tc1/target:/opt/rustwide/target:rw,Z" "-v" "/var/lib/crater-agent-workspace/builds/worker-3-tc1/source:/opt/rustwide/workdir:ro,Z" "-v" "/var/lib/crater-agent-workspace/cargo-home:/opt/rustwide/cargo-home:ro,Z" "-v" "/var/lib/crater-agent-workspace/rustup-home:/opt/rustwide/rustup-home:ro,Z" "-e" "SOURCE_DIR=/opt/rustwide/workdir" "-e" "CARGO_TARGET_DIR=/opt/rustwide/target" "-e" "CARGO_INCREMENTAL=0" "-e" "RUST_BACKTRACE=full" "-e" "RUSTFLAGS=--cap-lints=warn" "-e" "RUSTDOCFLAGS=--cap-lints=warn" "-e" "CARGO_HOME=/opt/rustwide/cargo-home" "-e" "RUSTUP_HOME=/opt/rustwide/rustup-home" "-w" "/opt/rustwide/workdir" "-m" "1610612736" "--user" "0:0" "--network" "none" "ghcr.io/rust-lang/crates-build-env/linux@sha256:f3a9d4ad9d972b27faf3965f35b62e55ba32bbce8f20bc8fe909558a86702fde" "/opt/rustwide/cargo-home/bin/cargo" "+1.83.0" "test" "--frozen" "--no-run" "--message-format=json", kill_on_drop: false }`
[INFO] [stdout] 5eaeecf522e26734ff21b525b328f32e9733d2a41200c4388d85029bdc4d4044
[INFO] running `Command { std: "docker" "start" "-a" "5eaeecf522e26734ff21b525b328f32e9733d2a41200c4388d85029bdc4d4044", kill_on_drop: false }`
[INFO] [stderr] warning: profiles for the non root package will be ignored, specify profiles at the workspace root:
[INFO] [stderr] package:   /opt/rustwide/workdir/osus/Cargo.toml
[INFO] [stderr] workspace: /opt/rustwide/workdir/Cargo.toml
[INFO] [stderr] warning: profiles for the non root package will be ignored, specify profiles at the workspace root:
[INFO] [stderr] package:   /opt/rustwide/workdir/osus-cli/Cargo.toml
[INFO] [stderr] workspace: /opt/rustwide/workdir/Cargo.toml
[INFO] [stderr]    Compiling osus v0.1.0 (/opt/rustwide/workdir/osus)
[INFO] [stderr]    Compiling osus-cli v0.1.0 (/opt/rustwide/workdir/osus-cli)
[INFO] [stderr]     Finished `test` profile [unoptimized + debuginfo] target(s) in 1.40s
[INFO] running `Command { std: "docker" "inspect" "5eaeecf522e26734ff21b525b328f32e9733d2a41200c4388d85029bdc4d4044", kill_on_drop: false }`
[INFO] running `Command { std: "docker" "rm" "-f" "5eaeecf522e26734ff21b525b328f32e9733d2a41200c4388d85029bdc4d4044", kill_on_drop: false }`
[INFO] [stdout] 5eaeecf522e26734ff21b525b328f32e9733d2a41200c4388d85029bdc4d4044
[INFO] running `Command { std: "docker" "create" "-v" "/var/lib/crater-agent-workspace/builds/worker-3-tc1/target:/opt/rustwide/target:rw,Z" "-v" "/var/lib/crater-agent-workspace/builds/worker-3-tc1/source:/opt/rustwide/workdir:ro,Z" "-v" "/var/lib/crater-agent-workspace/cargo-home:/opt/rustwide/cargo-home:ro,Z" "-v" "/var/lib/crater-agent-workspace/rustup-home:/opt/rustwide/rustup-home:ro,Z" "-e" "SOURCE_DIR=/opt/rustwide/workdir" "-e" "CARGO_TARGET_DIR=/opt/rustwide/target" "-e" "CARGO_INCREMENTAL=0" "-e" "RUST_BACKTRACE=full" "-e" "RUSTFLAGS=--cap-lints=warn" "-e" "RUSTDOCFLAGS=--cap-lints=warn" "-e" "CARGO_HOME=/opt/rustwide/cargo-home" "-e" "RUSTUP_HOME=/opt/rustwide/rustup-home" "-w" "/opt/rustwide/workdir" "-m" "1610612736" "--user" "0:0" "--network" "none" "ghcr.io/rust-lang/crates-build-env/linux@sha256:f3a9d4ad9d972b27faf3965f35b62e55ba32bbce8f20bc8fe909558a86702fde" "/opt/rustwide/cargo-home/bin/cargo" "+1.83.0" "test" "--frozen", kill_on_drop: false }`
[INFO] [stdout] 55bbe9bd958aa0c3645a10992cba4488eb98bfaa0f1c841e3ca0144cb1d2c733
[INFO] running `Command { std: "docker" "start" "-a" "55bbe9bd958aa0c3645a10992cba4488eb98bfaa0f1c841e3ca0144cb1d2c733", kill_on_drop: false }`
[INFO] [stderr] warning: profiles for the non root package will be ignored, specify profiles at the workspace root:
[INFO] [stderr] package:   /opt/rustwide/workdir/osus/Cargo.toml
[INFO] [stderr] workspace: /opt/rustwide/workdir/Cargo.toml
[INFO] [stderr] warning: profiles for the non root package will be ignored, specify profiles at the workspace root:
[INFO] [stderr] package:   /opt/rustwide/workdir/osus-cli/Cargo.toml
[INFO] [stderr] workspace: /opt/rustwide/workdir/Cargo.toml
[INFO] [stderr]     Finished `test` profile [unoptimized + debuginfo] target(s) in 0.05s
[INFO] [stderr]      Running unittests src/lib.rs (/opt/rustwide/target/debug/deps/osus-9a8242e1e3b0bb75)
[INFO] [stdout] 
[INFO] [stdout] running 0 tests
[INFO] [stdout] 
[INFO] [stdout] test result: ok. 0 passed; 0 failed; 0 ignored; 0 measured; 0 filtered out; finished in 0.00s
[INFO] [stdout] 
[INFO] [stdout] 
[INFO] [stderr]      Running unittests src/main.rs (/opt/rustwide/target/debug/deps/osus_cli-0070d2f16ea80ea9)
[INFO] [stdout] running 0 tests
[INFO] [stderr]    Doc-tests osus
[INFO] [stdout] 
[INFO] [stdout] test result: ok. 0 passed; 0 failed; 0 ignored; 0 measured; 0 filtered out; finished in 0.00s
[INFO] [stdout] 
[INFO] [stdout] 
[INFO] [stdout] running 2 tests
[INFO] [stdout] test osus/src/file/beatmap.rs - file::beatmap::HitObjectParams::Slider::curve_points (line 482) - compile ... FAILED
[INFO] [stdout] test osus/src/file/beatmap.rs - file::beatmap::HitObjectParams::Slider::curve_points (line 473) - compile ... FAILED
[INFO] [stdout] 
[INFO] [stdout] failures:
[INFO] [stdout] 
[INFO] [stdout] ---- osus/src/file/beatmap.rs - file::beatmap::HitObjectParams::Slider::curve_points (line 482) stdout ----
[INFO] [stdout] error: expected one of `.`, `;`, `?`, `}`, or an operator, found `:`
[INFO] [stdout]  --> osus/src/file/beatmap.rs:483:7
[INFO] [stdout]   |
[INFO] [stdout] 3 | L|P|12:392|24:369|76:331
[INFO] [stdout]   |       ^ expected one of `.`, `;`, `?`, `}`, or an operator
[INFO] [stdout] 
[INFO] [stdout] error: aborting due to 1 previous error
[INFO] [stdout] 
[INFO] [stdout] Couldn't compile the test.
[INFO] [stdout] ---- osus/src/file/beatmap.rs - file::beatmap::HitObjectParams::Slider::curve_points (line 473) stdout ----
[INFO] [stdout] error: expected one of `.`, `;`, `?`, `}`, or an operator, found `:`
[INFO] [stdout]  --> osus/src/file/beatmap.rs:474:6
[INFO] [stdout]   |
[INFO] [stdout] 3 | P|213:282|P|257:269|234:254|P|158:283|129:306|B|39:234|L|57:105|68:173
[INFO] [stdout]   |      ^ expected one of `.`, `;`, `?`, `}`, or an operator
[INFO] [stdout] 
[INFO] [stdout] error: aborting due to 1 previous error
[INFO] [stdout] 
[INFO] [stdout] Couldn't compile the test.
[INFO] [stdout] 
[INFO] [stdout] failures:
[INFO] [stdout]     osus/src/file/beatmap.rs - file::beatmap::HitObjectParams::Slider::curve_points (line 473)
[INFO] [stdout]     osus/src/file/beatmap.rs - file::beatmap::HitObjectParams::Slider::curve_points (line 482)
[INFO] [stdout] 
[INFO] [stdout] test result: FAILED. 0 passed; 2 failed; 0 ignored; 0 measured; 0 filtered out; finished in 0.08s
[INFO] [stdout] 
[INFO] [stderr] error: doctest failed, to rerun pass `-p osus --doc`
[INFO] running `Command { std: "docker" "inspect" "55bbe9bd958aa0c3645a10992cba4488eb98bfaa0f1c841e3ca0144cb1d2c733", kill_on_drop: false }`
[INFO] running `Command { std: "docker" "rm" "-f" "55bbe9bd958aa0c3645a10992cba4488eb98bfaa0f1c841e3ca0144cb1d2c733", kill_on_drop: false }`
[INFO] [stdout] 55bbe9bd958aa0c3645a10992cba4488eb98bfaa0f1c841e3ca0144cb1d2c733
