[INFO] cloning repository https://github.com/Somfic/som
[INFO] running `Command { std: "git" "-c" "credential.helper=" "-c" "credential.helper=/workspace/cargo-home/bin/git-credential-null" "clone" "--bare" "https://github.com/Somfic/som" "/workspace/cache/git-repos/https%3A%2F%2Fgithub.com%2FSomfic%2Fsom", kill_on_drop: false }`
[INFO] [stderr] Cloning into bare repository '/workspace/cache/git-repos/https%3A%2F%2Fgithub.com%2FSomfic%2Fsom'...
[INFO] running `Command { std: "git" "rev-parse" "HEAD", kill_on_drop: false }`
[INFO] [stdout] c0f224107124105de25d33c54ae56bec9b17b6ee
[INFO] testing Somfic/som against beta-2024-12-08 for beta-1.84.0-4-retry
[INFO] running `Command { std: "git" "clone" "/workspace/cache/git-repos/https%3A%2F%2Fgithub.com%2FSomfic%2Fsom" "/workspace/builds/worker-1-tc2/source", kill_on_drop: false }`
[INFO] [stderr] Cloning into '/workspace/builds/worker-1-tc2/source'...
[INFO] [stderr] done.
[INFO] validating manifest of git repo https://github.com/Somfic/som on toolchain beta-2024-12-08
[INFO] running `Command { std: CARGO_HOME="/workspace/cargo-home" RUSTUP_HOME="/workspace/rustup-home" "/workspace/cargo-home/bin/cargo" "+beta-2024-12-08" "metadata" "--manifest-path" "Cargo.toml" "--no-deps", kill_on_drop: false }`
[INFO] started tweaking git repo https://github.com/Somfic/som
[INFO] finished tweaking git repo https://github.com/Somfic/som
[INFO] tweaked toml for git repo https://github.com/Somfic/som written to /workspace/builds/worker-1-tc2/source/Cargo.toml
[INFO] crate git repo https://github.com/Somfic/som already has a lockfile, it will not be regenerated
[INFO] running `Command { std: CARGO_HOME="/workspace/cargo-home" RUSTUP_HOME="/workspace/rustup-home" "/workspace/cargo-home/bin/cargo" "+beta-2024-12-08" "fetch" "--manifest-path" "Cargo.toml", kill_on_drop: false }`
[INFO] running `Command { std: "docker" "create" "-v" "/var/lib/crater-agent-workspace/builds/worker-1-tc2/target:/opt/rustwide/target:rw,Z" "-v" "/var/lib/crater-agent-workspace/builds/worker-1-tc2/source:/opt/rustwide/workdir:ro,Z" "-v" "/var/lib/crater-agent-workspace/cargo-home:/opt/rustwide/cargo-home:ro,Z" "-v" "/var/lib/crater-agent-workspace/rustup-home:/opt/rustwide/rustup-home:ro,Z" "-e" "SOURCE_DIR=/opt/rustwide/workdir" "-e" "CARGO_TARGET_DIR=/opt/rustwide/target" "-e" "CARGO_HOME=/opt/rustwide/cargo-home" "-e" "RUSTUP_HOME=/opt/rustwide/rustup-home" "-w" "/opt/rustwide/workdir" "-m" "1610612736" "--user" "0:0" "--network" "none" "ghcr.io/rust-lang/crates-build-env/linux@sha256:f3a9d4ad9d972b27faf3965f35b62e55ba32bbce8f20bc8fe909558a86702fde" "/opt/rustwide/cargo-home/bin/cargo" "+beta-2024-12-08" "metadata" "--no-deps" "--format-version=1", kill_on_drop: false }`
[INFO] [stdout] b68acb94df1aa2555f59e138affdf2fad82ec96033ca9f55afa8f412302cc881
[INFO] running `Command { std: "docker" "start" "-a" "b68acb94df1aa2555f59e138affdf2fad82ec96033ca9f55afa8f412302cc881", kill_on_drop: false }`
[INFO] running `Command { std: "docker" "inspect" "b68acb94df1aa2555f59e138affdf2fad82ec96033ca9f55afa8f412302cc881", kill_on_drop: false }`
[INFO] running `Command { std: "docker" "rm" "-f" "b68acb94df1aa2555f59e138affdf2fad82ec96033ca9f55afa8f412302cc881", kill_on_drop: false }`
[INFO] [stdout] b68acb94df1aa2555f59e138affdf2fad82ec96033ca9f55afa8f412302cc881
[INFO] running `Command { std: "docker" "create" "-v" "/var/lib/crater-agent-workspace/builds/worker-1-tc2/target:/opt/rustwide/target:rw,Z" "-v" "/var/lib/crater-agent-workspace/builds/worker-1-tc2/source:/opt/rustwide/workdir:ro,Z" "-v" "/var/lib/crater-agent-workspace/cargo-home:/opt/rustwide/cargo-home:ro,Z" "-v" "/var/lib/crater-agent-workspace/rustup-home:/opt/rustwide/rustup-home:ro,Z" "-e" "SOURCE_DIR=/opt/rustwide/workdir" "-e" "CARGO_TARGET_DIR=/opt/rustwide/target" "-e" "CARGO_INCREMENTAL=0" "-e" "RUST_BACKTRACE=full" "-e" "RUSTFLAGS=--cap-lints=warn" "-e" "RUSTDOCFLAGS=--cap-lints=warn" "-e" "CARGO_HOME=/opt/rustwide/cargo-home" "-e" "RUSTUP_HOME=/opt/rustwide/rustup-home" "-w" "/opt/rustwide/workdir" "-m" "1610612736" "--user" "0:0" "--network" "none" "ghcr.io/rust-lang/crates-build-env/linux@sha256:f3a9d4ad9d972b27faf3965f35b62e55ba32bbce8f20bc8fe909558a86702fde" "/opt/rustwide/cargo-home/bin/cargo" "+beta-2024-12-08" "build" "--frozen" "--message-format=json", kill_on_drop: false }`
[INFO] [stdout] b3d81ecfe43cab64f4ddc0b2e5b10148e51a7693226ce7f7339dbb335e4e8379
[INFO] running `Command { std: "docker" "start" "-a" "b3d81ecfe43cab64f4ddc0b2e5b10148e51a7693226ce7f7339dbb335e4e8379", kill_on_drop: false }`
[INFO] [stderr]    Compiling memchr v2.7.2
[INFO] [stderr]    Compiling regex-syntax v0.8.3
[INFO] [stderr]    Compiling anyhow v1.0.86
[INFO] [stderr]    Compiling unicode-width v0.1.13
[INFO] [stderr]    Compiling codespan-reporting v0.11.1
[INFO] [stderr]    Compiling aho-corasick v1.1.3
[INFO] [stderr]    Compiling regex-automata v0.4.6
[INFO] [stderr]    Compiling regex v1.10.4
[INFO] [stderr]    Compiling som v0.1.0 (/opt/rustwide/workdir)
[INFO] [stdout] warning: elided lifetime has a name
[INFO] [stdout]   --> src/diagnostic.rs:54:75
[INFO] [stdout]    |
[INFO] [stdout] 17 | impl<'a> Error<'a> {
[INFO] [stdout]    |      -- lifetime `'a` declared here
[INFO] [stdout] ...
[INFO] [stdout] 54 |     pub(crate) fn transform_range(mut self, lexemes: &'a [Lexeme<'a>]) -> Error {
[INFO] [stdout]    |                                                                           ^^^^^ this elided lifetime gets resolved as `'a`
[INFO] [stdout]    |
[INFO] [stdout]    = note: `#[warn(elided_named_lifetimes)]` on by default
[INFO] [stdout] 
[INFO] [stdout] 
[INFO] [stdout] warning: elided lifetime has a name
[INFO] [stdout]   --> src/parser/mod.rs:29:42
[INFO] [stdout]    |
[INFO] [stdout] 21 | impl<'a> Parser<'a> {
[INFO] [stdout]    |      -- lifetime `'a` declared here
[INFO] [stdout] ...
[INFO] [stdout] 29 |     pub fn parse(&'a mut self) -> Result<Symbol, HashSet<Diagnostic>> {
[INFO] [stdout]    |                                          ^^^^^^ this elided lifetime gets resolved as `'a`
[INFO] [stdout] 
[INFO] [stdout] 
[INFO] [stdout] warning: elided lifetime has a name
[INFO] [stdout]   --> src/parser/mod.rs:29:58
[INFO] [stdout]    |
[INFO] [stdout] 21 | impl<'a> Parser<'a> {
[INFO] [stdout]    |      -- lifetime `'a` declared here
[INFO] [stdout] ...
[INFO] [stdout] 29 |     pub fn parse(&'a mut self) -> Result<Symbol, HashSet<Diagnostic>> {
[INFO] [stdout]    |                                                          ^^^^^^^^^^ this elided lifetime gets resolved as `'a`
[INFO] [stdout] 
[INFO] [stdout] 
[INFO] [stderr]     Finished `dev` profile [unoptimized + debuginfo] target(s) in 19.05s
[INFO] running `Command { std: "docker" "inspect" "b3d81ecfe43cab64f4ddc0b2e5b10148e51a7693226ce7f7339dbb335e4e8379", kill_on_drop: false }`
[INFO] running `Command { std: "docker" "rm" "-f" "b3d81ecfe43cab64f4ddc0b2e5b10148e51a7693226ce7f7339dbb335e4e8379", kill_on_drop: false }`
[INFO] [stdout] b3d81ecfe43cab64f4ddc0b2e5b10148e51a7693226ce7f7339dbb335e4e8379
[INFO] running `Command { std: "docker" "create" "-v" "/var/lib/crater-agent-workspace/builds/worker-1-tc2/target:/opt/rustwide/target:rw,Z" "-v" "/var/lib/crater-agent-workspace/builds/worker-1-tc2/source:/opt/rustwide/workdir:ro,Z" "-v" "/var/lib/crater-agent-workspace/cargo-home:/opt/rustwide/cargo-home:ro,Z" "-v" "/var/lib/crater-agent-workspace/rustup-home:/opt/rustwide/rustup-home:ro,Z" "-e" "SOURCE_DIR=/opt/rustwide/workdir" "-e" "CARGO_TARGET_DIR=/opt/rustwide/target" "-e" "CARGO_INCREMENTAL=0" "-e" "RUST_BACKTRACE=full" "-e" "RUSTFLAGS=--cap-lints=warn" "-e" "RUSTDOCFLAGS=--cap-lints=warn" "-e" "CARGO_HOME=/opt/rustwide/cargo-home" "-e" "RUSTUP_HOME=/opt/rustwide/rustup-home" "-w" "/opt/rustwide/workdir" "-m" "1610612736" "--user" "0:0" "--network" "none" "ghcr.io/rust-lang/crates-build-env/linux@sha256:f3a9d4ad9d972b27faf3965f35b62e55ba32bbce8f20bc8fe909558a86702fde" "/opt/rustwide/cargo-home/bin/cargo" "+beta-2024-12-08" "test" "--frozen" "--no-run" "--message-format=json", kill_on_drop: false }`
[INFO] [stdout] b32cf53244919f018345c91dc922f041f8beda249506d8f00e89325992a95523
[INFO] running `Command { std: "docker" "start" "-a" "b32cf53244919f018345c91dc922f041f8beda249506d8f00e89325992a95523", kill_on_drop: false }`
[INFO] [stderr]    Compiling som v0.1.0 (/opt/rustwide/workdir)
[INFO] [stdout] warning: elided lifetime has a name
[INFO] [stdout]   --> src/diagnostic.rs:54:75
[INFO] [stdout]    |
[INFO] [stdout] 17 | impl<'a> Error<'a> {
[INFO] [stdout]    |      -- lifetime `'a` declared here
[INFO] [stdout] ...
[INFO] [stdout] 54 |     pub(crate) fn transform_range(mut self, lexemes: &'a [Lexeme<'a>]) -> Error {
[INFO] [stdout]    |                                                                           ^^^^^ this elided lifetime gets resolved as `'a`
[INFO] [stdout]    |
[INFO] [stdout]    = note: `#[warn(elided_named_lifetimes)]` on by default
[INFO] [stdout] 
[INFO] [stdout] 
[INFO] [stdout] warning: elided lifetime has a name
[INFO] [stdout]   --> src/parser/mod.rs:29:42
[INFO] [stdout]    |
[INFO] [stdout] 21 | impl<'a> Parser<'a> {
[INFO] [stdout]    |      -- lifetime `'a` declared here
[INFO] [stdout] ...
[INFO] [stdout] 29 |     pub fn parse(&'a mut self) -> Result<Symbol, HashSet<Diagnostic>> {
[INFO] [stdout]    |                                          ^^^^^^ this elided lifetime gets resolved as `'a`
[INFO] [stdout] 
[INFO] [stdout] 
[INFO] [stdout] warning: elided lifetime has a name
[INFO] [stdout]   --> src/parser/mod.rs:29:58
[INFO] [stdout]    |
[INFO] [stdout] 21 | impl<'a> Parser<'a> {
[INFO] [stdout]    |      -- lifetime `'a` declared here
[INFO] [stdout] ...
[INFO] [stdout] 29 |     pub fn parse(&'a mut self) -> Result<Symbol, HashSet<Diagnostic>> {
[INFO] [stdout]    |                                                          ^^^^^^^^^^ this elided lifetime gets resolved as `'a`
[INFO] [stdout] 
[INFO] [stdout] 
[INFO] [stderr]     Finished `test` profile [unoptimized + debuginfo] target(s) in 3.29s
[INFO] running `Command { std: "docker" "inspect" "b32cf53244919f018345c91dc922f041f8beda249506d8f00e89325992a95523", kill_on_drop: false }`
[INFO] running `Command { std: "docker" "rm" "-f" "b32cf53244919f018345c91dc922f041f8beda249506d8f00e89325992a95523", kill_on_drop: false }`
[INFO] [stdout] b32cf53244919f018345c91dc922f041f8beda249506d8f00e89325992a95523
[INFO] running `Command { std: "docker" "create" "-v" "/var/lib/crater-agent-workspace/builds/worker-1-tc2/target:/opt/rustwide/target:rw,Z" "-v" "/var/lib/crater-agent-workspace/builds/worker-1-tc2/source:/opt/rustwide/workdir:ro,Z" "-v" "/var/lib/crater-agent-workspace/cargo-home:/opt/rustwide/cargo-home:ro,Z" "-v" "/var/lib/crater-agent-workspace/rustup-home:/opt/rustwide/rustup-home:ro,Z" "-e" "SOURCE_DIR=/opt/rustwide/workdir" "-e" "CARGO_TARGET_DIR=/opt/rustwide/target" "-e" "CARGO_INCREMENTAL=0" "-e" "RUST_BACKTRACE=full" "-e" "RUSTFLAGS=--cap-lints=warn" "-e" "RUSTDOCFLAGS=--cap-lints=warn" "-e" "CARGO_HOME=/opt/rustwide/cargo-home" "-e" "RUSTUP_HOME=/opt/rustwide/rustup-home" "-w" "/opt/rustwide/workdir" "-m" "1610612736" "--user" "0:0" "--network" "none" "ghcr.io/rust-lang/crates-build-env/linux@sha256:f3a9d4ad9d972b27faf3965f35b62e55ba32bbce8f20bc8fe909558a86702fde" "/opt/rustwide/cargo-home/bin/cargo" "+beta-2024-12-08" "test" "--frozen", kill_on_drop: false }`
[INFO] [stdout] 2b45cb442b5a1a0efe07b4c274e10466053d4a0c44625d874a65a4183adcaac5
[INFO] running `Command { std: "docker" "start" "-a" "2b45cb442b5a1a0efe07b4c274e10466053d4a0c44625d874a65a4183adcaac5", kill_on_drop: false }`
[INFO] [stderr] warning: elided lifetime has a name
[INFO] [stdout] 
[INFO] [stderr]   --> src/diagnostic.rs:54:75
[INFO] [stdout] running 22 tests
[INFO] [stderr]    |
[INFO] [stderr] 17 | impl<'a> Error<'a> {
[INFO] [stderr]    |      -- lifetime `'a` declared here
[INFO] [stderr] ...
[INFO] [stderr] 54 |     pub(crate) fn transform_range(mut self, lexemes: &'a [Lexeme<'a>]) -> Error {
[INFO] [stderr]    |                                                                           ^^^^^ this elided lifetime gets resolved as `'a`
[INFO] [stderr]    |
[INFO] [stderr]    = note: `#[warn(elided_named_lifetimes)]` on by default
[INFO] [stderr] 
[INFO] [stderr] warning: elided lifetime has a name
[INFO] [stderr]   --> src/parser/mod.rs:29:42
[INFO] [stderr]    |
[INFO] [stderr] 21 | impl<'a> Parser<'a> {
[INFO] [stderr]    |      -- lifetime `'a` declared here
[INFO] [stderr] ...
[INFO] [stderr] 29 |     pub fn parse(&'a mut self) -> Result<Symbol, HashSet<Diagnostic>> {
[INFO] [stderr]    |                                          ^^^^^^ this elided lifetime gets resolved as `'a`
[INFO] [stderr] 
[INFO] [stderr] warning: elided lifetime has a name
[INFO] [stderr]   --> src/parser/mod.rs:29:58
[INFO] [stderr]    |
[INFO] [stderr] 21 | impl<'a> Parser<'a> {
[INFO] [stderr]    |      -- lifetime `'a` declared here
[INFO] [stderr] ...
[INFO] [stderr] 29 |     pub fn parse(&'a mut self) -> Result<Symbol, HashSet<Diagnostic>> {
[INFO] [stderr]    |                                                          ^^^^^^^^^^ this elided lifetime gets resolved as `'a`
[INFO] [stderr] 
[INFO] [stderr] warning: `som` (bin "som" test) generated 3 warnings
[INFO] [stderr]     Finished `test` profile [unoptimized + debuginfo] target(s) in 0.03s
[INFO] [stderr]      Running unittests src/main.rs (/opt/rustwide/target/debug/deps/som-be023be14a597828)
[INFO] [stdout] test parser::tests::parses_long_expression ... ok
[INFO] [stdout] test parser::tests::parses_expression_grouping ... ok
[INFO] [stdout] test parser::tests::parses_division ... ok
[INFO] [stdout] test parser::tests::gives_precedence_to_multiplication ... ok
[INFO] [stdout] test parser::tests::parses_multiplication ... ok
[INFO] [stdout] test scanner::tests::ignores_comments ... ok
[INFO] [stdout] test parser::tests::parses_addition ... ok
[INFO] [stdout] test scanner::tests::parses_characters ... ok
[INFO] [stdout] test scanner::tests::ignores_whitespace ... ok
[INFO] [stdout] test scanner::tests::parses_curly_braces ... ok
[INFO] [stdout] test parser::tests::parses_subtraction ... ok
[INFO] [stdout] test scanner::tests::parses_identifiers ... ok
[INFO] [stdout] test scanner::tests::parses_decimals ... ok
[INFO] [stdout] test scanner::tests::parses_emoji ... ok
[INFO] [stdout] test scanner::tests::parses_integers ... ok
[INFO] [stdout] test scanner::tests::parses_multiple_tokens ... ok
[INFO] [stdout] test scanner::tests::parses_parentheses ... ok
[INFO] [stdout] test scanner::tests::parses_operators ... ok
[INFO] [stdout] test scanner::tests::parses_semicolons ... ok
[INFO] [stdout] test scanner::tests::parses_indentation ... FAILED
[INFO] [stdout] test scanner::tests::parses_strings ... ok
[INFO] [stdout] test scanner::tests::parses_struct ... ok
[INFO] [stdout] 
[INFO] [stdout] failures:
[INFO] [stdout] 
[INFO] [stdout] ---- scanner::tests::parses_indentation stdout ----
[INFO] [stdout] Got:      ``struct`` + ``enum`` + ``:``
[INFO] [stdout] Expected: `an integer value` + `opening indentation level` + `an integer value`
[INFO] [stdout] thread 'scanner::tests::parses_indentation' panicked at src/scanner/mod.rs:400:9:
[INFO] [stdout] assertion `left == right` failed
[INFO] [stdout]   left: [Valid(Token { token_type: Struct, value: None, range: Range { file_id: "test file", position: 0, length: 6 } }), Valid(Token { token_type: Enum, value: None, range: Range { file_id: "test file", position: 7, length: 4 } }), Valid(Token { token_type: Colon, value: None, range: Range { file_id: "test file", position: 11, length: 1 } })]
[INFO] [stdout]  right: [Valid(Token { token_type: Integer, value: Integer(1), range: Range { file_id: "test file", position: 0, length: 1 } }), Valid(Token { token_type: IndentationOpen, value: None, range: Range { file_id: "test file", position: 1, length: 1 } }), Valid(Token { token_type: Integer, value: Integer(2), range: Range { file_id: "test file", position: 3, length: 1 } })]
[INFO] [stdout] stack backtrace:
[INFO] [stdout]    0:     0x58d66cd5908a - std::backtrace_rs::backtrace::libunwind::trace::h8810477743020387
[INFO] [stdout]                                at /rustc/202008a1b8de96d2e5b6bc02d379db03a877d34d/library/std/src/../../backtrace/src/backtrace/libunwind.rs:116:5
[INFO] [stdout]    1:     0x58d66cd5908a - std::backtrace_rs::backtrace::trace_unsynchronized::h3aa55355dd6c54a6
[INFO] [stdout]                                at /rustc/202008a1b8de96d2e5b6bc02d379db03a877d34d/library/std/src/../../backtrace/src/backtrace/mod.rs:66:5
[INFO] [stdout]    2:     0x58d66cd5908a - std::sys::backtrace::_print_fmt::h8588b0f62410823f
[INFO] [stdout]                                at /rustc/202008a1b8de96d2e5b6bc02d379db03a877d34d/library/std/src/sys/backtrace.rs:66:9
[INFO] [stdout]    3:     0x58d66cd5908a - <std::sys::backtrace::BacktraceLock::print::DisplayBacktrace as core::fmt::Display>::fmt::h98c26ac25ffe89bb
[INFO] [stdout]                                at /rustc/202008a1b8de96d2e5b6bc02d379db03a877d34d/library/std/src/sys/backtrace.rs:39:26
[INFO] [stdout]    4:     0x58d66cd80393 - core::fmt::rt::Argument::fmt::hf95377f4aebd453b
[INFO] [stdout]                                at /rustc/202008a1b8de96d2e5b6bc02d379db03a877d34d/library/core/src/fmt/rt.rs:177:76
[INFO] [stdout]    5:     0x58d66cd80393 - core::fmt::write::h0dd5f6e2238c7982
[INFO] [stdout]                                at /rustc/202008a1b8de96d2e5b6bc02d379db03a877d34d/library/core/src/fmt/mod.rs:1189:21
[INFO] [stdout]    6:     0x58d66cd56223 - std::io::Write::write_fmt::h03bb0ca26e6faf8c
[INFO] [stdout]                                at /rustc/202008a1b8de96d2e5b6bc02d379db03a877d34d/library/std/src/io/mod.rs:1884:15
[INFO] [stdout]    7:     0x58d66cd58ed2 - std::sys::backtrace::BacktraceLock::print::h5c19c1c038ee186d
[INFO] [stdout]                                at /rustc/202008a1b8de96d2e5b6bc02d379db03a877d34d/library/std/src/sys/backtrace.rs:42:9
[INFO] [stdout]    8:     0x58d66cd5a50d - std::panicking::default_hook::{{closure}}::h77172f079a1fcb13
[INFO] [stdout]                                at /rustc/202008a1b8de96d2e5b6bc02d379db03a877d34d/library/std/src/panicking.rs:268:22
[INFO] [stdout]    9:     0x58d66cd5a317 - std::panicking::default_hook::he5f8e3b203ccddba
[INFO] [stdout]                                at /rustc/202008a1b8de96d2e5b6bc02d379db03a877d34d/library/std/src/panicking.rs:292:9
[INFO] [stdout]   10:     0x58d66ca9c907 - <alloc::boxed::Box<F,A> as core::ops::function::Fn<Args>>::call::h7a3c7b4a1ae77f2f
[INFO] [stdout]                                at /rustc/202008a1b8de96d2e5b6bc02d379db03a877d34d/library/alloc/src/boxed.rs:1986:9
[INFO] [stdout]   11:     0x58d66ca9c907 - test::test_main::{{closure}}::hf0d3b69ae9b353d1
[INFO] [stdout]                                at /rustc/202008a1b8de96d2e5b6bc02d379db03a877d34d/library/test/src/lib.rs:134:21
[INFO] [stdout]   12:     0x58d66cd5abb8 - <alloc::boxed::Box<F,A> as core::ops::function::Fn<Args>>::call::h6332e82e7b189abd
[INFO] [stdout]                                at /rustc/202008a1b8de96d2e5b6bc02d379db03a877d34d/library/alloc/src/boxed.rs:1986:9
[INFO] [stdout]   13:     0x58d66cd5abb8 - std::panicking::rust_panic_with_hook::h53863d4e9018df39
[INFO] [stdout]                                at /rustc/202008a1b8de96d2e5b6bc02d379db03a877d34d/library/std/src/panicking.rs:809:13
[INFO] [stdout]   14:     0x58d66cd5a97a - std::panicking::begin_panic_handler::{{closure}}::h67280e6fa0757873
[INFO] [stdout]                                at /rustc/202008a1b8de96d2e5b6bc02d379db03a877d34d/library/std/src/panicking.rs:674:13
[INFO] [stdout]   15:     0x58d66cd59569 - std::sys::backtrace::__rust_end_short_backtrace::h1dac3f54d6fbbeb2
[INFO] [stdout]                                at /rustc/202008a1b8de96d2e5b6bc02d379db03a877d34d/library/std/src/sys/backtrace.rs:170:18
[INFO] [stdout]   16:     0x58d66cd5a60c - rust_begin_unwind
[INFO] [stdout]                                at /rustc/202008a1b8de96d2e5b6bc02d379db03a877d34d/library/std/src/panicking.rs:665:5
[INFO] [stdout]   17:     0x58d66c9ee180 - core::panicking::panic_fmt::h6792bd1b2bf01041
[INFO] [stdout]                                at /rustc/202008a1b8de96d2e5b6bc02d379db03a877d34d/library/core/src/panicking.rs:76:14
[INFO] [stdout]   18:     0x58d66c9ee584 - core::panicking::assert_failed_inner::hf2c17e6d30928787
[INFO] [stdout]   19:     0x58d66ca285d6 - core::panicking::assert_failed::h4899edc4f2e4f656
[INFO] [stdout]                                at /rustc/202008a1b8de96d2e5b6bc02d379db03a877d34d/library/core/src/panicking.rs:373:5
[INFO] [stdout]   20:     0x58d66ca6186f - som::scanner::tests::test_scanner::h8d629bb8e01660d8
[INFO] [stdout]                                at /opt/rustwide/workdir/src/scanner/mod.rs:400:9
[INFO] [stdout]   21:     0x58d66ca61b79 - som::scanner::tests::parses_indentation::h1c6c0a01c0bfa9ef
[INFO] [stdout]                                at /opt/rustwide/workdir/src/scanner/mod.rs:205:9
[INFO] [stdout]   22:     0x58d66ca61977 - som::scanner::tests::parses_indentation::{{closure}}::h6f315f617c74b274
[INFO] [stdout]                                at /opt/rustwide/workdir/src/scanner/mod.rs:204:28
[INFO] [stdout]   23:     0x58d66ca4a4e6 - core::ops::function::FnOnce::call_once::h43d07d3724598084
[INFO] [stdout]                                at /rustc/202008a1b8de96d2e5b6bc02d379db03a877d34d/library/core/src/ops/function.rs:250:5
[INFO] [stdout]   24:     0x58d66caa142b - core::ops::function::FnOnce::call_once::h871bf86719ec9aa4
[INFO] [stdout]                                at /rustc/202008a1b8de96d2e5b6bc02d379db03a877d34d/library/core/src/ops/function.rs:250:5
[INFO] [stdout]   25:     0x58d66caa142b - test::__rust_begin_short_backtrace::h2167df1e2b7d76fd
[INFO] [stdout]                                at /rustc/202008a1b8de96d2e5b6bc02d379db03a877d34d/library/test/src/lib.rs:632:18
[INFO] [stdout]   26:     0x58d66caa0e18 - test::run_test_in_process::{{closure}}::h15d92f75a3adfb79
[INFO] [stdout]                                at /rustc/202008a1b8de96d2e5b6bc02d379db03a877d34d/library/test/src/lib.rs:655:60
[INFO] [stdout]   27:     0x58d66caa0e18 - <core::panic::unwind_safe::AssertUnwindSafe<F> as core::ops::function::FnOnce<()>>::call_once::hb6c8955835a8dbbb
[INFO] [stdout]                                at /rustc/202008a1b8de96d2e5b6bc02d379db03a877d34d/library/core/src/panic/unwind_safe.rs:272:9
[INFO] [stdout]   28:     0x58d66caa0e18 - std::panicking::try::do_call::hc79d0fc888a0bd30
[INFO] [stdout]                                at /rustc/202008a1b8de96d2e5b6bc02d379db03a877d34d/library/std/src/panicking.rs:557:40
[INFO] [stdout]   29:     0x58d66caa0e18 - std::panicking::try::hb8a7878e3a8589d6
[INFO] [stdout]                                at /rustc/202008a1b8de96d2e5b6bc02d379db03a877d34d/library/std/src/panicking.rs:520:19
[INFO] [stdout]   30:     0x58d66caa0e18 - std::panic::catch_unwind::hb8e4600ff0ff5cfa
[INFO] [stdout]                                at /rustc/202008a1b8de96d2e5b6bc02d379db03a877d34d/library/std/src/panic.rs:358:14
[INFO] [stdout]   31:     0x58d66caa0e18 - test::run_test_in_process::hc2900b0b18688dd6
[INFO] [stdout]                                at /rustc/202008a1b8de96d2e5b6bc02d379db03a877d34d/library/test/src/lib.rs:655:27
[INFO] [stdout]   32:     0x58d66caa0e18 - test::run_test::{{closure}}::hac2a9cb07be3d48d
[INFO] [stdout]                                at /rustc/202008a1b8de96d2e5b6bc02d379db03a877d34d/library/test/src/lib.rs:576:43
[INFO] [stdout]   33:     0x58d66ca648ba - test::run_test::{{closure}}::h4a5b729e66a38cd8
[INFO] [stdout]                                at /rustc/202008a1b8de96d2e5b6bc02d379db03a877d34d/library/test/src/lib.rs:606:41
[INFO] [stdout]   34:     0x58d66ca648ba - std::sys::backtrace::__rust_begin_short_backtrace::h0496fb742492f573
[INFO] [stdout]                                at /rustc/202008a1b8de96d2e5b6bc02d379db03a877d34d/library/std/src/sys/backtrace.rs:154:18
[INFO] [stdout]   35:     0x58d66ca68234 - std::thread::Builder::spawn_unchecked_::{{closure}}::{{closure}}::hbb6d257c550a54bd
[INFO] [stdout]                                at /rustc/202008a1b8de96d2e5b6bc02d379db03a877d34d/library/std/src/thread/mod.rs:561:17
[INFO] [stdout]   36:     0x58d66ca68234 - <core::panic::unwind_safe::AssertUnwindSafe<F> as core::ops::function::FnOnce<()>>::call_once::h46696fe4a6832328
[INFO] [stdout]                                at /rustc/202008a1b8de96d2e5b6bc02d379db03a877d34d/library/core/src/panic/unwind_safe.rs:272:9
[INFO] [stdout]   37:     0x58d66ca68234 - std::panicking::try::do_call::h2625a51b667bfb64
[INFO] [stdout]                                at /rustc/202008a1b8de96d2e5b6bc02d379db03a877d34d/library/std/src/panicking.rs:557:40
[INFO] [stdout]   38:     0x58d66ca68234 - std::panicking::try::hb956a59a1973aa4c
[INFO] [stdout]                                at /rustc/202008a1b8de96d2e5b6bc02d379db03a877d34d/library/std/src/panicking.rs:520:19
[INFO] [stdout]   39:     0x58d66ca68234 - std::panic::catch_unwind::h64f3b9d1067ef6a0
[INFO] [stdout]                                at /rustc/202008a1b8de96d2e5b6bc02d379db03a877d34d/library/std/src/panic.rs:358:14
[INFO] [stdout]   40:     0x58d66ca68234 - std::thread::Builder::spawn_unchecked_::{{closure}}::h42b2841295b6c0b2
[INFO] [stdout]                                at /rustc/202008a1b8de96d2e5b6bc02d379db03a877d34d/library/std/src/thread/mod.rs:559:30
[INFO] [stdout]   41:     0x58d66ca68234 - core::ops::function::FnOnce::call_once{{vtable.shim}}::h6127de71b8124639
[INFO] [stdout]                                at /rustc/202008a1b8de96d2e5b6bc02d379db03a877d34d/library/core/src/ops/function.rs:250:5
[INFO] [stdout]   42:     0x58d66cd5eafb - <alloc::boxed::Box<F,A> as core::ops::function::FnOnce<Args>>::call_once::h42f0ba71002a1b2c
[INFO] [stdout]                                at /rustc/202008a1b8de96d2e5b6bc02d379db03a877d34d/library/alloc/src/boxed.rs:1972:9
[INFO] [stdout]   43:     0x58d66cd5eafb - <alloc::boxed::Box<F,A> as core::ops::function::FnOnce<Args>>::call_once::had9e47d7a3dcecb8
[INFO] [stdout]                                at /rustc/202008a1b8de96d2e5b6bc02d379db03a877d34d/library/alloc/src/boxed.rs:1972:9
[INFO] [stdout]   44:     0x58d66cd5eafb - std::sys::pal::unix::thread::Thread::new::thread_start::h48cf765408f6f5f2
[INFO] [stdout]                                at /rustc/202008a1b8de96d2e5b6bc02d379db03a877d34d/library/std/src/sys/pal/unix/thread.rs:105:17
[INFO] [stdout]   45:     0x70fbde9fdac3 - <unknown>
[INFO] [stdout]   46:     0x70fbdea8ea04 - clone
[INFO] [stdout]   47:                0x0 - <unknown>
[INFO] [stdout] 
[INFO] [stdout] 
[INFO] [stdout] failures:
[INFO] [stdout]     scanner::tests::parses_indentation
[INFO] [stdout] 
[INFO] [stdout] test result: FAILED. 21 passed; 1 failed; 0 ignored; 0 measured; 0 filtered out; finished in 0.61s
[INFO] [stdout] 
[INFO] [stderr] error: test failed, to rerun pass `--bin som`
[INFO] running `Command { std: "docker" "inspect" "2b45cb442b5a1a0efe07b4c274e10466053d4a0c44625d874a65a4183adcaac5", kill_on_drop: false }`
[INFO] running `Command { std: "docker" "rm" "-f" "2b45cb442b5a1a0efe07b4c274e10466053d4a0c44625d874a65a4183adcaac5", kill_on_drop: false }`
[INFO] [stdout] 2b45cb442b5a1a0efe07b4c274e10466053d4a0c44625d874a65a4183adcaac5
