[INFO] cloning repository https://github.com/Solo-steven/rustlycss
[INFO] running `Command { std: "git" "-c" "credential.helper=" "-c" "credential.helper=/workspace/cargo-home/bin/git-credential-null" "clone" "--bare" "https://github.com/Solo-steven/rustlycss" "/workspace/cache/git-repos/https%3A%2F%2Fgithub.com%2FSolo-steven%2Frustlycss", kill_on_drop: false }`
[INFO] [stderr] Cloning into bare repository '/workspace/cache/git-repos/https%3A%2F%2Fgithub.com%2FSolo-steven%2Frustlycss'...
[INFO] running `Command { std: "git" "rev-parse" "HEAD", kill_on_drop: false }`
[INFO] [stdout] cb4af4abbf36a75c2c4736768fc84f2c3fcd1f56
[INFO] testing Solo-steven/rustlycss against beta-2024-12-08 for beta-1.84.0-4-retry
[INFO] running `Command { std: "git" "clone" "/workspace/cache/git-repos/https%3A%2F%2Fgithub.com%2FSolo-steven%2Frustlycss" "/workspace/builds/worker-1-tc2/source", kill_on_drop: false }`
[INFO] [stderr] Cloning into '/workspace/builds/worker-1-tc2/source'...
[INFO] [stderr] done.
[INFO] validating manifest of git repo https://github.com/Solo-steven/rustlycss on toolchain beta-2024-12-08
[INFO] running `Command { std: CARGO_HOME="/workspace/cargo-home" RUSTUP_HOME="/workspace/rustup-home" "/workspace/cargo-home/bin/cargo" "+beta-2024-12-08" "metadata" "--manifest-path" "Cargo.toml" "--no-deps", kill_on_drop: false }`
[INFO] started tweaking git repo https://github.com/Solo-steven/rustlycss
[INFO] finished tweaking git repo https://github.com/Solo-steven/rustlycss
[INFO] tweaked toml for git repo https://github.com/Solo-steven/rustlycss written to /workspace/builds/worker-1-tc2/source/Cargo.toml
[INFO] crate git repo https://github.com/Solo-steven/rustlycss already has a lockfile, it will not be regenerated
[INFO] running `Command { std: CARGO_HOME="/workspace/cargo-home" RUSTUP_HOME="/workspace/rustup-home" "/workspace/cargo-home/bin/cargo" "+beta-2024-12-08" "fetch" "--manifest-path" "Cargo.toml", kill_on_drop: false }`
[INFO] [stderr] warning: virtual workspace defaulting to `resolver = "1"` despite one or more workspace members being on edition 2021 which implies `resolver = "2"`
[INFO] [stderr] note: to keep the current resolver, specify `workspace.resolver = "1"` in the workspace root's manifest
[INFO] [stderr] note: to use the edition 2021 resolver, specify `workspace.resolver = "2"` in the workspace root's manifest
[INFO] [stderr] note: for more details see https://doc.rust-lang.org/cargo/reference/resolver.html#resolver-versions
[INFO] [stderr] warning: /workspace/builds/worker-1-tc2/source/crates/rustlycss_types/Cargo.toml: unused manifest key: dependencies.serde.feature
[INFO] [stderr] warning: /workspace/builds/worker-1-tc2/source/crates/rustlycss_parser/Cargo.toml: unused manifest key: dev-dependencies.serde.feature
[INFO] [stderr]     Blocking waiting for file lock on package cache
[INFO] [stderr]     Blocking waiting for file lock on package cache
[INFO] running `Command { std: "docker" "create" "-v" "/var/lib/crater-agent-workspace/builds/worker-1-tc2/target:/opt/rustwide/target:rw,Z" "-v" "/var/lib/crater-agent-workspace/builds/worker-1-tc2/source:/opt/rustwide/workdir:ro,Z" "-v" "/var/lib/crater-agent-workspace/cargo-home:/opt/rustwide/cargo-home:ro,Z" "-v" "/var/lib/crater-agent-workspace/rustup-home:/opt/rustwide/rustup-home:ro,Z" "-e" "SOURCE_DIR=/opt/rustwide/workdir" "-e" "CARGO_TARGET_DIR=/opt/rustwide/target" "-e" "CARGO_HOME=/opt/rustwide/cargo-home" "-e" "RUSTUP_HOME=/opt/rustwide/rustup-home" "-w" "/opt/rustwide/workdir" "-m" "1610612736" "--user" "0:0" "--network" "none" "ghcr.io/rust-lang/crates-build-env/linux@sha256:f3a9d4ad9d972b27faf3965f35b62e55ba32bbce8f20bc8fe909558a86702fde" "/opt/rustwide/cargo-home/bin/cargo" "+beta-2024-12-08" "metadata" "--no-deps" "--format-version=1", kill_on_drop: false }`
[INFO] [stdout] 3b79535ca357601061bb5ac6a559bfbd32e4876c142c197edde2be677e5cfcbe
[INFO] running `Command { std: "docker" "start" "-a" "3b79535ca357601061bb5ac6a559bfbd32e4876c142c197edde2be677e5cfcbe", kill_on_drop: false }`
[INFO] running `Command { std: "docker" "inspect" "3b79535ca357601061bb5ac6a559bfbd32e4876c142c197edde2be677e5cfcbe", kill_on_drop: false }`
[INFO] running `Command { std: "docker" "rm" "-f" "3b79535ca357601061bb5ac6a559bfbd32e4876c142c197edde2be677e5cfcbe", kill_on_drop: false }`
[INFO] [stdout] 3b79535ca357601061bb5ac6a559bfbd32e4876c142c197edde2be677e5cfcbe
[INFO] running `Command { std: "docker" "create" "-v" "/var/lib/crater-agent-workspace/builds/worker-1-tc2/target:/opt/rustwide/target:rw,Z" "-v" "/var/lib/crater-agent-workspace/builds/worker-1-tc2/source:/opt/rustwide/workdir:ro,Z" "-v" "/var/lib/crater-agent-workspace/cargo-home:/opt/rustwide/cargo-home:ro,Z" "-v" "/var/lib/crater-agent-workspace/rustup-home:/opt/rustwide/rustup-home:ro,Z" "-e" "SOURCE_DIR=/opt/rustwide/workdir" "-e" "CARGO_TARGET_DIR=/opt/rustwide/target" "-e" "CARGO_INCREMENTAL=0" "-e" "RUST_BACKTRACE=full" "-e" "RUSTFLAGS=--cap-lints=warn" "-e" "RUSTDOCFLAGS=--cap-lints=warn" "-e" "CARGO_HOME=/opt/rustwide/cargo-home" "-e" "RUSTUP_HOME=/opt/rustwide/rustup-home" "-w" "/opt/rustwide/workdir" "-m" "1610612736" "--user" "0:0" "--network" "none" "ghcr.io/rust-lang/crates-build-env/linux@sha256:f3a9d4ad9d972b27faf3965f35b62e55ba32bbce8f20bc8fe909558a86702fde" "/opt/rustwide/cargo-home/bin/cargo" "+beta-2024-12-08" "build" "--frozen" "--message-format=json", kill_on_drop: false }`
[INFO] [stdout] 93deddb856110c9ef4135bdcd2f0a5e8394ae56d20a8fb5a722c97a38f741a3a
[INFO] running `Command { std: "docker" "start" "-a" "93deddb856110c9ef4135bdcd2f0a5e8394ae56d20a8fb5a722c97a38f741a3a", kill_on_drop: false }`
[INFO] [stderr] warning: virtual workspace defaulting to `resolver = "1"` despite one or more workspace members being on edition 2021 which implies `resolver = "2"`
[INFO] [stderr] note: to keep the current resolver, specify `workspace.resolver = "1"` in the workspace root's manifest
[INFO] [stderr] note: to use the edition 2021 resolver, specify `workspace.resolver = "2"` in the workspace root's manifest
[INFO] [stderr] note: for more details see https://doc.rust-lang.org/cargo/reference/resolver.html#resolver-versions
[INFO] [stderr] warning: /opt/rustwide/workdir/crates/rustlycss_types/Cargo.toml: unused manifest key: dependencies.serde.feature
[INFO] [stderr] warning: /opt/rustwide/workdir/crates/rustlycss_parser/Cargo.toml: unused manifest key: dev-dependencies.serde.feature
[INFO] [stderr]    Compiling serde v1.0.175
[INFO] [stderr]    Compiling serde_derive v1.0.175
[INFO] [stderr]    Compiling memchr v2.5.0
[INFO] [stderr]    Compiling regex-syntax v0.7.4
[INFO] [stderr]    Compiling percent-encoding v2.3.0
[INFO] [stderr]    Compiling serde_json v1.0.103
[INFO] [stderr]    Compiling unicode-bidi v0.3.13
[INFO] [stderr]    Compiling tinyvec v1.6.0
[INFO] [stderr]    Compiling form_urlencoded v1.2.0
[INFO] [stderr]    Compiling uuid v1.4.1
[INFO] [stderr]    Compiling itoa v1.0.9
[INFO] [stderr]    Compiling ryu v1.0.15
[INFO] [stderr]    Compiling if_chain v1.0.2
[INFO] [stderr]    Compiling data-encoding v2.4.0
[INFO] [stderr]    Compiling unicode-id v0.3.3
[INFO] [stderr]    Compiling aho-corasick v1.0.2
[INFO] [stderr]    Compiling unicode-normalization v0.1.22
[INFO] [stderr]    Compiling idna v0.4.0
[INFO] [stderr]    Compiling url v2.4.0
[INFO] [stderr]    Compiling regex-automata v0.3.3
[INFO] [stderr]    Compiling rustlycss_types v0.1.0 (/opt/rustwide/workdir/crates/rustlycss_types)
[INFO] [stderr]    Compiling debugid v0.8.0
[INFO] [stderr]    Compiling rustlycss_parser v0.1.0 (/opt/rustwide/workdir/crates/rustlycss_parser)
[INFO] [stderr]    Compiling regex v1.9.1
[INFO] [stderr]    Compiling sourcemap v6.3.0
[INFO] [stderr]    Compiling rustlycss_nested v0.1.0 (/opt/rustwide/workdir/crates/rustlycss_nested)
[INFO] [stderr]    Compiling rustlycss_simple_vars v0.1.0 (/opt/rustwide/workdir/crates/rustlycss_simple_vars)
[INFO] [stderr]    Compiling rustlycss_codegen v0.1.0 (/opt/rustwide/workdir/crates/rustlycss_codegen)
[INFO] [stderr]    Compiling playgorund v0.1.0 (/opt/rustwide/workdir/crates/playground)
[INFO] [stdout] warning: unused import: `rustlycss_nested::NestedVisitor`
[INFO] [stdout]  --> crates/playground/src/main.rs:2:5
[INFO] [stdout]   |
[INFO] [stdout] 2 | use rustlycss_nested::NestedVisitor;
[INFO] [stdout]   |     ^^^^^^^^^^^^^^^^^^^^^^^^^^^^^^^
[INFO] [stdout]   |
[INFO] [stdout]   = note: `#[warn(unused_imports)]` on by default
[INFO] [stdout] 
[INFO] [stdout] 
[INFO] [stderr]     Finished `dev` profile [unoptimized + debuginfo] target(s) in 29.53s
[INFO] running `Command { std: "docker" "inspect" "93deddb856110c9ef4135bdcd2f0a5e8394ae56d20a8fb5a722c97a38f741a3a", kill_on_drop: false }`
[INFO] running `Command { std: "docker" "rm" "-f" "93deddb856110c9ef4135bdcd2f0a5e8394ae56d20a8fb5a722c97a38f741a3a", kill_on_drop: false }`
[INFO] [stdout] 93deddb856110c9ef4135bdcd2f0a5e8394ae56d20a8fb5a722c97a38f741a3a
[INFO] running `Command { std: "docker" "create" "-v" "/var/lib/crater-agent-workspace/builds/worker-1-tc2/target:/opt/rustwide/target:rw,Z" "-v" "/var/lib/crater-agent-workspace/builds/worker-1-tc2/source:/opt/rustwide/workdir:ro,Z" "-v" "/var/lib/crater-agent-workspace/cargo-home:/opt/rustwide/cargo-home:ro,Z" "-v" "/var/lib/crater-agent-workspace/rustup-home:/opt/rustwide/rustup-home:ro,Z" "-e" "SOURCE_DIR=/opt/rustwide/workdir" "-e" "CARGO_TARGET_DIR=/opt/rustwide/target" "-e" "CARGO_INCREMENTAL=0" "-e" "RUST_BACKTRACE=full" "-e" "RUSTFLAGS=--cap-lints=warn" "-e" "RUSTDOCFLAGS=--cap-lints=warn" "-e" "CARGO_HOME=/opt/rustwide/cargo-home" "-e" "RUSTUP_HOME=/opt/rustwide/rustup-home" "-w" "/opt/rustwide/workdir" "-m" "1610612736" "--user" "0:0" "--network" "none" "ghcr.io/rust-lang/crates-build-env/linux@sha256:f3a9d4ad9d972b27faf3965f35b62e55ba32bbce8f20bc8fe909558a86702fde" "/opt/rustwide/cargo-home/bin/cargo" "+beta-2024-12-08" "test" "--frozen" "--no-run" "--message-format=json", kill_on_drop: false }`
[INFO] [stdout] e1e32105672a6790cdf9adc89722c0dff79691bcae2c7bd41735a58afb533520
[INFO] running `Command { std: "docker" "start" "-a" "e1e32105672a6790cdf9adc89722c0dff79691bcae2c7bd41735a58afb533520", kill_on_drop: false }`
[INFO] [stderr] warning: virtual workspace defaulting to `resolver = "1"` despite one or more workspace members being on edition 2021 which implies `resolver = "2"`
[INFO] [stderr] note: to keep the current resolver, specify `workspace.resolver = "1"` in the workspace root's manifest
[INFO] [stderr] note: to use the edition 2021 resolver, specify `workspace.resolver = "2"` in the workspace root's manifest
[INFO] [stderr] note: for more details see https://doc.rust-lang.org/cargo/reference/resolver.html#resolver-versions
[INFO] [stderr] warning: /opt/rustwide/workdir/crates/rustlycss_types/Cargo.toml: unused manifest key: dependencies.serde.feature
[INFO] [stderr] warning: /opt/rustwide/workdir/crates/rustlycss_parser/Cargo.toml: unused manifest key: dev-dependencies.serde.feature
[INFO] [stderr]    Compiling autocfg v1.1.0
[INFO] [stderr]    Compiling crossbeam-utils v0.8.16
[INFO] [stderr]    Compiling libc v0.2.147
[INFO] [stderr]    Compiling either v1.9.0
[INFO] [stderr]    Compiling rayon-core v1.11.0
[INFO] [stderr]    Compiling plotters-backend v0.3.5
[INFO] [stderr]    Compiling half v1.8.2
[INFO] [stderr]    Compiling ciborium-io v0.2.1
[INFO] [stderr]    Compiling os_str_bytes v6.5.1
[INFO] [stderr]    Compiling hashbrown v0.12.3
[INFO] [stderr]    Compiling plotters-svg v0.3.5
[INFO] [stderr]    Compiling clap_lex v0.2.4
[INFO] [stderr]    Compiling itertools v0.10.5
[INFO] [stderr]    Compiling ciborium-ll v0.2.1
[INFO] [stderr]    Compiling memoffset v0.9.0
[INFO] [stderr]    Compiling crossbeam-epoch v0.9.15
[INFO] [stderr]    Compiling num-traits v0.2.16
[INFO] [stderr]    Compiling indexmap v1.9.3
[INFO] [stderr]    Compiling crossbeam-channel v0.5.8
[INFO] [stderr]    Compiling cast v0.3.0
[INFO] [stderr]    Compiling same-file v1.0.6
[INFO] [stderr]    Compiling textwrap v0.16.0
[INFO] [stderr]    Compiling walkdir v2.3.3
[INFO] [stderr]    Compiling crossbeam-deque v0.8.3
[INFO] [stderr]    Compiling num_cpus v1.16.0
[INFO] [stderr]    Compiling atty v0.2.14
[INFO] [stderr]    Compiling ciborium v0.2.1
[INFO] [stderr]    Compiling tinytemplate v1.2.1
[INFO] [stderr]    Compiling clap v3.2.25
[INFO] [stderr]    Compiling anes v0.1.6
[INFO] [stderr]    Compiling oorandom v11.1.3
[INFO] [stderr]    Compiling criterion-plot v0.5.0
[INFO] [stderr]    Compiling lazy_static v1.4.0
[INFO] [stderr]    Compiling rustlycss_types v0.1.0 (/opt/rustwide/workdir/crates/rustlycss_types)
[INFO] [stderr]    Compiling plotters v0.3.5
[INFO] [stderr]    Compiling rayon v1.7.0
[INFO] [stderr]    Compiling criterion v0.4.0
[INFO] [stderr]    Compiling rustlycss_simple_vars v0.1.0 (/opt/rustwide/workdir/crates/rustlycss_simple_vars)
[INFO] [stderr]    Compiling rustlycss_nested v0.1.0 (/opt/rustwide/workdir/crates/rustlycss_nested)
[INFO] [stderr]    Compiling rustlycss_parser v0.1.0 (/opt/rustwide/workdir/crates/rustlycss_parser)
[INFO] [stderr]    Compiling rustlycss_codegen v0.1.0 (/opt/rustwide/workdir/crates/rustlycss_codegen)
[INFO] [stderr]    Compiling playgorund v0.1.0 (/opt/rustwide/workdir/crates/playground)
[INFO] [stdout] warning: unused import: `rustlycss_nested::NestedVisitor`
[INFO] [stdout]  --> crates/playground/src/main.rs:2:5
[INFO] [stdout]   |
[INFO] [stdout] 2 | use rustlycss_nested::NestedVisitor;
[INFO] [stdout]   |     ^^^^^^^^^^^^^^^^^^^^^^^^^^^^^^^
[INFO] [stdout]   |
[INFO] [stdout]   = note: `#[warn(unused_imports)]` on by default
[INFO] [stdout] 
[INFO] [stdout] 
[INFO] [stderr]     Finished `test` profile [unoptimized + debuginfo] target(s) in 34.71s
[INFO] running `Command { std: "docker" "inspect" "e1e32105672a6790cdf9adc89722c0dff79691bcae2c7bd41735a58afb533520", kill_on_drop: false }`
[INFO] running `Command { std: "docker" "rm" "-f" "e1e32105672a6790cdf9adc89722c0dff79691bcae2c7bd41735a58afb533520", kill_on_drop: false }`
[INFO] [stdout] e1e32105672a6790cdf9adc89722c0dff79691bcae2c7bd41735a58afb533520
[INFO] running `Command { std: "docker" "create" "-v" "/var/lib/crater-agent-workspace/builds/worker-1-tc2/target:/opt/rustwide/target:rw,Z" "-v" "/var/lib/crater-agent-workspace/builds/worker-1-tc2/source:/opt/rustwide/workdir:ro,Z" "-v" "/var/lib/crater-agent-workspace/cargo-home:/opt/rustwide/cargo-home:ro,Z" "-v" "/var/lib/crater-agent-workspace/rustup-home:/opt/rustwide/rustup-home:ro,Z" "-e" "SOURCE_DIR=/opt/rustwide/workdir" "-e" "CARGO_TARGET_DIR=/opt/rustwide/target" "-e" "CARGO_INCREMENTAL=0" "-e" "RUST_BACKTRACE=full" "-e" "RUSTFLAGS=--cap-lints=warn" "-e" "RUSTDOCFLAGS=--cap-lints=warn" "-e" "CARGO_HOME=/opt/rustwide/cargo-home" "-e" "RUSTUP_HOME=/opt/rustwide/rustup-home" "-w" "/opt/rustwide/workdir" "-m" "1610612736" "--user" "0:0" "--network" "none" "ghcr.io/rust-lang/crates-build-env/linux@sha256:f3a9d4ad9d972b27faf3965f35b62e55ba32bbce8f20bc8fe909558a86702fde" "/opt/rustwide/cargo-home/bin/cargo" "+beta-2024-12-08" "test" "--frozen", kill_on_drop: false }`
[INFO] [stdout] f0d807c9ef29952a0ea2b89a6a06d13182b79a252b692dea511bb900e90bd41e
[INFO] running `Command { std: "docker" "start" "-a" "f0d807c9ef29952a0ea2b89a6a06d13182b79a252b692dea511bb900e90bd41e", kill_on_drop: false }`
[INFO] [stderr] warning: virtual workspace defaulting to `resolver = "1"` despite one or more workspace members being on edition 2021 which implies `resolver = "2"`
[INFO] [stderr] note: to keep the current resolver, specify `workspace.resolver = "1"` in the workspace root's manifest
[INFO] [stderr] note: to use the edition 2021 resolver, specify `workspace.resolver = "2"` in the workspace root's manifest
[INFO] [stderr] note: for more details see https://doc.rust-lang.org/cargo/reference/resolver.html#resolver-versions
[INFO] [stderr] warning: /opt/rustwide/workdir/crates/rustlycss_parser/Cargo.toml: unused manifest key: dev-dependencies.serde.feature
[INFO] [stderr] warning: /opt/rustwide/workdir/crates/rustlycss_types/Cargo.toml: unused manifest key: dependencies.serde.feature
[INFO] [stderr] warning: unused import: `rustlycss_nested::NestedVisitor`
[INFO] [stderr]  --> crates/playground/src/main.rs:2:5
[INFO] [stderr]   |
[INFO] [stderr] 2 | use rustlycss_nested::NestedVisitor;
[INFO] [stderr]   |     ^^^^^^^^^^^^^^^^^^^^^^^^^^^^^^^
[INFO] [stderr]   |
[INFO] [stderr]   = note: `#[warn(unused_imports)]` on by default
[INFO] [stderr] 
[INFO] [stderr] warning: `playgorund` (bin "playgorund" test) generated 1 warning (run `cargo fix --bin "playgorund" --tests` to apply 1 suggestion)
[INFO] [stderr]     Finished `test` profile [unoptimized + debuginfo] target(s) in 0.14s
[INFO] [stderr]      Running unittests src/main.rs (/opt/rustwide/target/debug/deps/playgorund-d7abc8feb1623c58)
[INFO] [stdout] 
[INFO] [stdout] running 0 tests
[INFO] [stdout] 
[INFO] [stdout] test result: ok. 0 passed; 0 failed; 0 ignored; 0 measured; 0 filtered out; finished in 0.01s
[INFO] [stdout] 
[INFO] [stderr]      Running unittests src/lib.rs (/opt/rustwide/target/debug/deps/rustlycss_codegen-f1c80f3e44b3d5e3)
[INFO] [stdout] 
[INFO] [stdout] running 0 tests
[INFO] [stdout] 
[INFO] [stdout] test result: ok. 0 passed; 0 failed; 0 ignored; 0 measured; 0 filtered out; finished in 0.00s
[INFO] [stdout] 
[INFO] [stdout] 
[INFO] [stderr]      Running unittests src/lib.rs (/opt/rustwide/target/debug/deps/rustlycss_nested-bc1c77a8624ecd32)
[INFO] [stdout] running 0 tests
[INFO] [stdout] 
[INFO] [stdout] test result: ok. 0 passed; 0 failed; 0 ignored; 0 measured; 0 filtered out; finished in 0.00s
[INFO] [stdout] 
[INFO] [stderr]      Running tests/nested_test.rs (/opt/rustwide/target/debug/deps/nested_test-6f894e270c4ea447)
[INFO] [stdout] 
[INFO] [stdout] running 26 tests
[INFO] [stdout] test test::test_does_not_replace_ampersand_inside_string ... ok
[INFO] [stdout] test test::test_handles_host_selector_case ... ok
[INFO] [stdout] test test::test_double_bem_naming ... ok
[INFO] [stdout] test test::test_correctly_replaces_tail_ampersands_that_are_nested_inside_ampersand_rules ... ok
[INFO] [stdout] test test::test_leaves_nested_media_blocks_as_is ... ok
[INFO] [stdout] test test::test_multi_nested_media_is_resolved ... ok
[INFO] [stdout] test test::test_processes_comma_inside ... ok
[INFO] [stdout] test test::test_correctly_replaces_tail_ampersands ... ok
[INFO] [stdout] test test::test_processes_comma_with_ampersand ... ok
[INFO] [stdout] test test::test_process_comma ... ok
[INFO] [stdout] test test::test_replaces_ampersand ... ok
[INFO] [stdout] test test::test_replace_ampersands ... ok
[INFO] [stdout] test test::test_bem_naming ... ok
[INFO] [stdout] test test::test_does_not_move_custom_atrules_placed_under_nested ... ok
[INFO] [stdout] test test::test_group_rule_for_declarations_after_nested_rule ... ok
[INFO] [stdout] test test::test_replaces_ampersand_in_adjacent_sibling_selector ... ok
[INFO] [stdout] test test::test_unwraps_font_face_to_top_level_css ... ok
[INFO] [stdout] test test::test_correctly_replace_tail_ampersands_that_are_futher_down ... ok
[INFO] [stdout] test test::test_unwraps_atrules_with_interleaved_properties ... ok
[INFO] [stdout] test test::test_unwraps_atrules ... ok
[INFO] [stdout] test test::test_unwraps_atrule ... ok
[INFO] [stdout] test test::test_replaces_ampersands_in_not_selector ... ok
[INFO] [stdout] test test::test_unwraps_atrule_with_rules ... ok
[INFO] [stdout] test test::test_unwraps_rule_inside_atrule ... ok
[INFO] [stdout] test test::test_unwraps_multiple_font_face_to_top_level_css ... ok
[INFO] [stdout] test test::test_unwraps_keyframes ... FAILED
[INFO] [stdout] 
[INFO] [stdout] failures:
[INFO] [stdout] 
[INFO] [stdout] ---- test::test_unwraps_keyframes stdout ----
[INFO] [stdout] thread 'test::test_unwraps_keyframes' panicked at crates/rustlycss_nested/tests/nested_test.rs:134:9:
[INFO] [stdout] assertion `left == right` failed
[INFO] [stdout]   left: "a {\n   color: white;\n}\na to {\n   color: black;\n}\n@keyframes name {\n}\n"
[INFO] [stdout]  right: "a {\n   color: white;\n}\n@keyframes name {\n   a to {\n      color: black;\n   }\n}\n"
[INFO] [stdout] stack backtrace:
[INFO] [stdout]    0:     0x5fa342034caa - std::backtrace_rs::backtrace::libunwind::trace::h8810477743020387
[INFO] [stdout]                                at /rustc/202008a1b8de96d2e5b6bc02d379db03a877d34d/library/std/src/../../backtrace/src/backtrace/libunwind.rs:116:5
[INFO] [stdout]    1:     0x5fa342034caa - std::backtrace_rs::backtrace::trace_unsynchronized::h3aa55355dd6c54a6
[INFO] [stdout]                                at /rustc/202008a1b8de96d2e5b6bc02d379db03a877d34d/library/std/src/../../backtrace/src/backtrace/mod.rs:66:5
[INFO] [stdout]    2:     0x5fa342034caa - std::sys::backtrace::_print_fmt::h8588b0f62410823f
[INFO] [stdout]                                at /rustc/202008a1b8de96d2e5b6bc02d379db03a877d34d/library/std/src/sys/backtrace.rs:66:9
[INFO] [stdout]    3:     0x5fa342034caa - <std::sys::backtrace::BacktraceLock::print::DisplayBacktrace as core::fmt::Display>::fmt::h98c26ac25ffe89bb
[INFO] [stdout]                                at /rustc/202008a1b8de96d2e5b6bc02d379db03a877d34d/library/std/src/sys/backtrace.rs:39:26
[INFO] [stdout]    4:     0x5fa34205acf3 - core::fmt::rt::Argument::fmt::hf95377f4aebd453b
[INFO] [stdout]                                at /rustc/202008a1b8de96d2e5b6bc02d379db03a877d34d/library/core/src/fmt/rt.rs:177:76
[INFO] [stdout]    5:     0x5fa34205acf3 - core::fmt::write::h0dd5f6e2238c7982
[INFO] [stdout]                                at /rustc/202008a1b8de96d2e5b6bc02d379db03a877d34d/library/core/src/fmt/mod.rs:1189:21
[INFO] [stdout]    6:     0x5fa342031e43 - std::io::Write::write_fmt::h03bb0ca26e6faf8c
[INFO] [stdout]                                at /rustc/202008a1b8de96d2e5b6bc02d379db03a877d34d/library/std/src/io/mod.rs:1884:15
[INFO] [stdout]    7:     0x5fa342034af2 - std::sys::backtrace::BacktraceLock::print::h5c19c1c038ee186d
[INFO] [stdout]                                at /rustc/202008a1b8de96d2e5b6bc02d379db03a877d34d/library/std/src/sys/backtrace.rs:42:9
[INFO] [stdout]    8:     0x5fa34203612d - std::panicking::default_hook::{{closure}}::h77172f079a1fcb13
[INFO] [stdout]                                at /rustc/202008a1b8de96d2e5b6bc02d379db03a877d34d/library/std/src/panicking.rs:268:22
[INFO] [stdout]    9:     0x5fa342035f37 - std::panicking::default_hook::he5f8e3b203ccddba
[INFO] [stdout]                                at /rustc/202008a1b8de96d2e5b6bc02d379db03a877d34d/library/std/src/panicking.rs:292:9
[INFO] [stdout]   10:     0x5fa341dc5677 - <alloc::boxed::Box<F,A> as core::ops::function::Fn<Args>>::call::h7a3c7b4a1ae77f2f
[INFO] [stdout]                                at /rustc/202008a1b8de96d2e5b6bc02d379db03a877d34d/library/alloc/src/boxed.rs:1986:9
[INFO] [stdout]   11:     0x5fa341dc5677 - test::test_main::{{closure}}::hf0d3b69ae9b353d1
[INFO] [stdout]                                at /rustc/202008a1b8de96d2e5b6bc02d379db03a877d34d/library/test/src/lib.rs:134:21
[INFO] [stdout]   12:     0x5fa3420367d8 - <alloc::boxed::Box<F,A> as core::ops::function::Fn<Args>>::call::h6332e82e7b189abd
[INFO] [stdout]                                at /rustc/202008a1b8de96d2e5b6bc02d379db03a877d34d/library/alloc/src/boxed.rs:1986:9
[INFO] [stdout]   13:     0x5fa3420367d8 - std::panicking::rust_panic_with_hook::h53863d4e9018df39
[INFO] [stdout]                                at /rustc/202008a1b8de96d2e5b6bc02d379db03a877d34d/library/std/src/panicking.rs:809:13
[INFO] [stdout]   14:     0x5fa34203659a - std::panicking::begin_panic_handler::{{closure}}::h67280e6fa0757873
[INFO] [stdout]                                at /rustc/202008a1b8de96d2e5b6bc02d379db03a877d34d/library/std/src/panicking.rs:674:13
[INFO] [stdout]   15:     0x5fa342035189 - std::sys::backtrace::__rust_end_short_backtrace::h1dac3f54d6fbbeb2
[INFO] [stdout]                                at /rustc/202008a1b8de96d2e5b6bc02d379db03a877d34d/library/std/src/sys/backtrace.rs:170:18
[INFO] [stdout]   16:     0x5fa34203622c - rust_begin_unwind
[INFO] [stdout]                                at /rustc/202008a1b8de96d2e5b6bc02d379db03a877d34d/library/std/src/panicking.rs:665:5
[INFO] [stdout]   17:     0x5fa341d7a180 - core::panicking::panic_fmt::h6792bd1b2bf01041
[INFO] [stdout]                                at /rustc/202008a1b8de96d2e5b6bc02d379db03a877d34d/library/core/src/panicking.rs:76:14
[INFO] [stdout]   18:     0x5fa341d7a584 - core::panicking::assert_failed_inner::hf2c17e6d30928787
[INFO] [stdout]   19:     0x5fa341d7cad6 - core::panicking::assert_failed::h81c1b2c2182bc1f2
[INFO] [stdout]                                at /rustc/202008a1b8de96d2e5b6bc02d379db03a877d34d/library/core/src/panicking.rs:373:5
[INFO] [stdout]   20:     0x5fa341d89e92 - nested_test::test::test_unwraps_keyframes::h6cb586579a436991
[INFO] [stdout]                                at /opt/rustwide/workdir/crates/rustlycss_nested/tests/nested_test.rs:32:21
[INFO] [stdout]   21:     0x5fa341d89967 - nested_test::test::test_unwraps_keyframes::{{closure}}::h893a8b7f3af80c70
[INFO] [stdout]                                at /opt/rustwide/workdir/crates/rustlycss_nested/tests/nested_test.rs:133:32
[INFO] [stdout]   22:     0x5fa341d7c2c6 - core::ops::function::FnOnce::call_once::hf86257b8d620cbcc
[INFO] [stdout]                                at /rustc/202008a1b8de96d2e5b6bc02d379db03a877d34d/library/core/src/ops/function.rs:250:5
[INFO] [stdout]   23:     0x5fa341dca19b - core::ops::function::FnOnce::call_once::h871bf86719ec9aa4
[INFO] [stdout]                                at /rustc/202008a1b8de96d2e5b6bc02d379db03a877d34d/library/core/src/ops/function.rs:250:5
[INFO] [stdout]   24:     0x5fa341dca19b - test::__rust_begin_short_backtrace::h2167df1e2b7d76fd
[INFO] [stdout]                                at /rustc/202008a1b8de96d2e5b6bc02d379db03a877d34d/library/test/src/lib.rs:632:18
[INFO] [stdout]   25:     0x5fa341dc9b88 - test::run_test_in_process::{{closure}}::h15d92f75a3adfb79
[INFO] [stdout]                                at /rustc/202008a1b8de96d2e5b6bc02d379db03a877d34d/library/test/src/lib.rs:655:60
[INFO] [stdout]   26:     0x5fa341dc9b88 - <core::panic::unwind_safe::AssertUnwindSafe<F> as core::ops::function::FnOnce<()>>::call_once::hb6c8955835a8dbbb
[INFO] [stdout]                                at /rustc/202008a1b8de96d2e5b6bc02d379db03a877d34d/library/core/src/panic/unwind_safe.rs:272:9
[INFO] [stdout]   27:     0x5fa341dc9b88 - std::panicking::try::do_call::hc79d0fc888a0bd30
[INFO] [stdout]                                at /rustc/202008a1b8de96d2e5b6bc02d379db03a877d34d/library/std/src/panicking.rs:557:40
[INFO] [stdout]   28:     0x5fa341dc9b88 - std::panicking::try::hb8a7878e3a8589d6
[INFO] [stdout]                                at /rustc/202008a1b8de96d2e5b6bc02d379db03a877d34d/library/std/src/panicking.rs:520:19
[INFO] [stdout]   29:     0x5fa341dc9b88 - std::panic::catch_unwind::hb8e4600ff0ff5cfa
[INFO] [stdout]                                at /rustc/202008a1b8de96d2e5b6bc02d379db03a877d34d/library/std/src/panic.rs:358:14
[INFO] [stdout]   30:     0x5fa341dc9b88 - test::run_test_in_process::hc2900b0b18688dd6
[INFO] [stdout]                                at /rustc/202008a1b8de96d2e5b6bc02d379db03a877d34d/library/test/src/lib.rs:655:27
[INFO] [stdout]   31:     0x5fa341dc9b88 - test::run_test::{{closure}}::hac2a9cb07be3d48d
[INFO] [stdout]                                at /rustc/202008a1b8de96d2e5b6bc02d379db03a877d34d/library/test/src/lib.rs:576:43
[INFO] [stdout]   32:     0x5fa341d8d62a - test::run_test::{{closure}}::h4a5b729e66a38cd8
[INFO] [stdout]                                at /rustc/202008a1b8de96d2e5b6bc02d379db03a877d34d/library/test/src/lib.rs:606:41
[INFO] [stdout]   33:     0x5fa341d8d62a - std::sys::backtrace::__rust_begin_short_backtrace::h0496fb742492f573
[INFO] [stdout]                                at /rustc/202008a1b8de96d2e5b6bc02d379db03a877d34d/library/std/src/sys/backtrace.rs:154:18
[INFO] [stdout]   34:     0x5fa341d90fa4 - std::thread::Builder::spawn_unchecked_::{{closure}}::{{closure}}::hbb6d257c550a54bd
[INFO] [stdout]                                at /rustc/202008a1b8de96d2e5b6bc02d379db03a877d34d/library/std/src/thread/mod.rs:561:17
[INFO] [stdout]   35:     0x5fa341d90fa4 - <core::panic::unwind_safe::AssertUnwindSafe<F> as core::ops::function::FnOnce<()>>::call_once::h46696fe4a6832328
[INFO] [stdout]                                at /rustc/202008a1b8de96d2e5b6bc02d379db03a877d34d/library/core/src/panic/unwind_safe.rs:272:9
[INFO] [stdout]   36:     0x5fa341d90fa4 - std::panicking::try::do_call::h2625a51b667bfb64
[INFO] [stdout]                                at /rustc/202008a1b8de96d2e5b6bc02d379db03a877d34d/library/std/src/panicking.rs:557:40
[INFO] [stdout]   37:     0x5fa341d90fa4 - std::panicking::try::hb956a59a1973aa4c
[INFO] [stdout]                                at /rustc/202008a1b8de96d2e5b6bc02d379db03a877d34d/library/std/src/panicking.rs:520:19
[INFO] [stdout]   38:     0x5fa341d90fa4 - std::panic::catch_unwind::h64f3b9d1067ef6a0
[INFO] [stdout]                                at /rustc/202008a1b8de96d2e5b6bc02d379db03a877d34d/library/std/src/panic.rs:358:14
[INFO] [stdout]   39:     0x5fa341d90fa4 - std::thread::Builder::spawn_unchecked_::{{closure}}::h42b2841295b6c0b2
[INFO] [stdout]                                at /rustc/202008a1b8de96d2e5b6bc02d379db03a877d34d/library/std/src/thread/mod.rs:559:30
[INFO] [stdout]   40:     0x5fa341d90fa4 - core::ops::function::FnOnce::call_once{{vtable.shim}}::h6127de71b8124639
[INFO] [stdout]                                at /rustc/202008a1b8de96d2e5b6bc02d379db03a877d34d/library/core/src/ops/function.rs:250:5
[INFO] [stdout]   41:     0x5fa34203a72b - <alloc::boxed::Box<F,A> as core::ops::function::FnOnce<Args>>::call_once::h42f0ba71002a1b2c
[INFO] [stdout]                                at /rustc/202008a1b8de96d2e5b6bc02d379db03a877d34d/library/alloc/src/boxed.rs:1972:9
[INFO] [stdout]   42:     0x5fa34203a72b - <alloc::boxed::Box<F,A> as core::ops::function::FnOnce<Args>>::call_once::had9e47d7a3dcecb8
[INFO] [stdout]                                at /rustc/202008a1b8de96d2e5b6bc02d379db03a877d34d/library/alloc/src/boxed.rs:1972:9
[INFO] [stdout]   43:     0x5fa34203a72b - std::sys::pal::unix::thread::Thread::new::thread_start::h48cf765408f6f5f2
[INFO] [stdout]                                at /rustc/202008a1b8de96d2e5b6bc02d379db03a877d34d/library/std/src/sys/pal/unix/thread.rs:105:17
[INFO] [stdout]   44:     0x74660ba64ac3 - <unknown>
[INFO] [stdout]   45:     0x74660baf5a04 - clone
[INFO] [stdout]   46:                0x0 - <unknown>
[INFO] [stdout] 
[INFO] [stdout] 
[INFO] [stdout] failures:
[INFO] [stdout]     test::test_unwraps_keyframes
[INFO] [stdout] 
[INFO] [stdout] test result: FAILED. 25 passed; 1 failed; 0 ignored; 0 measured; 0 filtered out; finished in 0.14s
[INFO] [stdout] 
[INFO] [stderr] error: test failed, to rerun pass `-p rustlycss_nested --test nested_test`
[INFO] running `Command { std: "docker" "inspect" "f0d807c9ef29952a0ea2b89a6a06d13182b79a252b692dea511bb900e90bd41e", kill_on_drop: false }`
[INFO] running `Command { std: "docker" "rm" "-f" "f0d807c9ef29952a0ea2b89a6a06d13182b79a252b692dea511bb900e90bd41e", kill_on_drop: false }`
[INFO] [stdout] f0d807c9ef29952a0ea2b89a6a06d13182b79a252b692dea511bb900e90bd41e
