[INFO] cloning repository https://github.com/SnitzelKlaus/mqtt-broker
[INFO] running `Command { std: "git" "-c" "credential.helper=" "-c" "credential.helper=/workspace/cargo-home/bin/git-credential-null" "clone" "--bare" "https://github.com/SnitzelKlaus/mqtt-broker" "/workspace/cache/git-repos/https%3A%2F%2Fgithub.com%2FSnitzelKlaus%2Fmqtt-broker", kill_on_drop: false }`
[INFO] [stderr] Cloning into bare repository '/workspace/cache/git-repos/https%3A%2F%2Fgithub.com%2FSnitzelKlaus%2Fmqtt-broker'...
[INFO] running `Command { std: "git" "rev-parse" "HEAD", kill_on_drop: false }`
[INFO] [stdout] 1187e43c8ea6fbec68385957d94501a8430a50dc
[INFO] testing SnitzelKlaus/mqtt-broker against 1.83.0 for beta-1.84.0-4-retry
[INFO] running `Command { std: "git" "clone" "/workspace/cache/git-repos/https%3A%2F%2Fgithub.com%2FSnitzelKlaus%2Fmqtt-broker" "/workspace/builds/worker-4-tc1/source", kill_on_drop: false }`
[INFO] [stderr] Cloning into '/workspace/builds/worker-4-tc1/source'...
[INFO] [stderr] done.
[INFO] validating manifest of git repo https://github.com/SnitzelKlaus/mqtt-broker on toolchain 1.83.0
[INFO] running `Command { std: CARGO_HOME="/workspace/cargo-home" RUSTUP_HOME="/workspace/rustup-home" "/workspace/cargo-home/bin/cargo" "+1.83.0" "metadata" "--manifest-path" "Cargo.toml" "--no-deps", kill_on_drop: false }`
[INFO] started tweaking git repo https://github.com/SnitzelKlaus/mqtt-broker
[INFO] finished tweaking git repo https://github.com/SnitzelKlaus/mqtt-broker
[INFO] tweaked toml for git repo https://github.com/SnitzelKlaus/mqtt-broker written to /workspace/builds/worker-4-tc1/source/Cargo.toml
[INFO] crate git repo https://github.com/SnitzelKlaus/mqtt-broker already has a lockfile, it will not be regenerated
[INFO] running `Command { std: CARGO_HOME="/workspace/cargo-home" RUSTUP_HOME="/workspace/rustup-home" "/workspace/cargo-home/bin/cargo" "+1.83.0" "fetch" "--manifest-path" "Cargo.toml", kill_on_drop: false }`
[INFO] running `Command { std: "docker" "create" "-v" "/var/lib/crater-agent-workspace/builds/worker-4-tc1/target:/opt/rustwide/target:rw,Z" "-v" "/var/lib/crater-agent-workspace/builds/worker-4-tc1/source:/opt/rustwide/workdir:ro,Z" "-v" "/var/lib/crater-agent-workspace/cargo-home:/opt/rustwide/cargo-home:ro,Z" "-v" "/var/lib/crater-agent-workspace/rustup-home:/opt/rustwide/rustup-home:ro,Z" "-e" "SOURCE_DIR=/opt/rustwide/workdir" "-e" "CARGO_TARGET_DIR=/opt/rustwide/target" "-e" "CARGO_HOME=/opt/rustwide/cargo-home" "-e" "RUSTUP_HOME=/opt/rustwide/rustup-home" "-w" "/opt/rustwide/workdir" "-m" "1610612736" "--user" "0:0" "--network" "none" "ghcr.io/rust-lang/crates-build-env/linux@sha256:f3a9d4ad9d972b27faf3965f35b62e55ba32bbce8f20bc8fe909558a86702fde" "/opt/rustwide/cargo-home/bin/cargo" "+1.83.0" "metadata" "--no-deps" "--format-version=1", kill_on_drop: false }`
[INFO] [stdout] 5dd68b1845e39a870783083509c7c204cb4f52a10aa4f7fa5e3dfe66ba543ec9
[INFO] running `Command { std: "docker" "start" "-a" "5dd68b1845e39a870783083509c7c204cb4f52a10aa4f7fa5e3dfe66ba543ec9", kill_on_drop: false }`
[INFO] running `Command { std: "docker" "inspect" "5dd68b1845e39a870783083509c7c204cb4f52a10aa4f7fa5e3dfe66ba543ec9", kill_on_drop: false }`
[INFO] running `Command { std: "docker" "rm" "-f" "5dd68b1845e39a870783083509c7c204cb4f52a10aa4f7fa5e3dfe66ba543ec9", kill_on_drop: false }`
[INFO] [stdout] 5dd68b1845e39a870783083509c7c204cb4f52a10aa4f7fa5e3dfe66ba543ec9
[INFO] running `Command { std: "docker" "create" "-v" "/var/lib/crater-agent-workspace/builds/worker-4-tc1/target:/opt/rustwide/target:rw,Z" "-v" "/var/lib/crater-agent-workspace/builds/worker-4-tc1/source:/opt/rustwide/workdir:ro,Z" "-v" "/var/lib/crater-agent-workspace/cargo-home:/opt/rustwide/cargo-home:ro,Z" "-v" "/var/lib/crater-agent-workspace/rustup-home:/opt/rustwide/rustup-home:ro,Z" "-e" "SOURCE_DIR=/opt/rustwide/workdir" "-e" "CARGO_TARGET_DIR=/opt/rustwide/target" "-e" "CARGO_INCREMENTAL=0" "-e" "RUST_BACKTRACE=full" "-e" "RUSTFLAGS=--cap-lints=warn" "-e" "RUSTDOCFLAGS=--cap-lints=warn" "-e" "CARGO_HOME=/opt/rustwide/cargo-home" "-e" "RUSTUP_HOME=/opt/rustwide/rustup-home" "-w" "/opt/rustwide/workdir" "-m" "1610612736" "--user" "0:0" "--network" "none" "ghcr.io/rust-lang/crates-build-env/linux@sha256:f3a9d4ad9d972b27faf3965f35b62e55ba32bbce8f20bc8fe909558a86702fde" "/opt/rustwide/cargo-home/bin/cargo" "+1.83.0" "build" "--frozen" "--message-format=json", kill_on_drop: false }`
[INFO] [stdout] 73627ed53b8606df919fa1182d859b9433030d5d3e0d88d9de745edfe8aeb567
[INFO] running `Command { std: "docker" "start" "-a" "73627ed53b8606df919fa1182d859b9433030d5d3e0d88d9de745edfe8aeb567", kill_on_drop: false }`
[INFO] [stderr]    Compiling libc v0.2.153
[INFO] [stderr]    Compiling ppv-lite86 v0.2.17
[INFO] [stderr]    Compiling powerfmt v0.2.0
[INFO] [stderr]    Compiling time-core v0.1.2
[INFO] [stderr]    Compiling num-conv v0.1.0
[INFO] [stderr]    Compiling deranged v0.3.11
[INFO] [stderr]    Compiling time v0.3.34
[INFO] [stderr]    Compiling getrandom v0.2.12
[INFO] [stderr]    Compiling rand_core v0.6.4
[INFO] [stderr]    Compiling rand_chacha v0.3.1
[INFO] [stderr]    Compiling rand v0.8.5
[INFO] [stderr]    Compiling mqtt_broker v0.1.0 (/opt/rustwide/workdir)
[INFO] [stdout] warning: unused import: `TcpListener`
[INFO] [stdout]  --> src/mqtt/broker_state.rs:1:16
[INFO] [stdout]   |
[INFO] [stdout] 1 | use std::net::{TcpListener, TcpStream};
[INFO] [stdout]   |                ^^^^^^^^^^^
[INFO] [stdout]   |
[INFO] [stdout]   = note: `#[warn(unused_imports)]` on by default
[INFO] [stdout] 
[INFO] [stdout] 
[INFO] [stdout] warning: unnecessary trailing semicolon
[INFO] [stdout]    --> src/mqtt/create_client.rs:103:5
[INFO] [stdout]     |
[INFO] [stdout] 103 |     ;
[INFO] [stdout]     |     ^ help: remove this semicolon
[INFO] [stdout]     |
[INFO] [stdout]     = note: `#[warn(redundant_semicolons)]` on by default
[INFO] [stdout] 
[INFO] [stdout] 
[INFO] [stdout] warning: unused import: `PrimitiveDateTime`
[INFO] [stdout]  --> src/mqtt/state_thread.rs:3:28
[INFO] [stdout]   |
[INFO] [stdout] 3 | use time::{OffsetDateTime, PrimitiveDateTime};
[INFO] [stdout]   |                            ^^^^^^^^^^^^^^^^^
[INFO] [stdout] 
[INFO] [stdout] 
[INFO] [stdout] warning: value assigned to `current_index_in_buffer` is never read
[INFO] [stdout]   --> src/mqtt/create_client.rs:37:5
[INFO] [stdout]    |
[INFO] [stdout] 37 |     current_index_in_buffer = new_index;
[INFO] [stdout]    |     ^^^^^^^^^^^^^^^^^^^^^^^
[INFO] [stdout]    |
[INFO] [stdout]    = help: maybe it is overwritten before being read?
[INFO] [stdout]    = note: `#[warn(unused_assignments)]` on by default
[INFO] [stdout] 
[INFO] [stdout] 
[INFO] [stdout] warning: unused variable: `now`
[INFO] [stdout]   --> src/mqtt/state_thread.rs:91:21
[INFO] [stdout]    |
[INFO] [stdout] 91 |                 let now = OffsetDateTime::now_utc();
[INFO] [stdout]    |                     ^^^ help: if this is intentional, prefix it with an underscore: `_now`
[INFO] [stdout]    |
[INFO] [stdout]    = note: `#[warn(unused_variables)]` on by default
[INFO] [stdout] 
[INFO] [stdout] 
[INFO] [stdout] warning: function `extract_password` is never used
[INFO] [stdout]    --> src/mqtt/create_client.rs:160:4
[INFO] [stdout]     |
[INFO] [stdout] 160 | fn extract_password(buffer: &[u8], password_flag: bool, current_index_in_buffer: usize) -> String {
[INFO] [stdout]     |    ^^^^^^^^^^^^^^^^
[INFO] [stdout]     |
[INFO] [stdout]     = note: `#[warn(dead_code)]` on by default
[INFO] [stdout] 
[INFO] [stdout] 
[INFO] [stdout] warning: function `extract_username` is never used
[INFO] [stdout]    --> src/mqtt/create_client.rs:175:4
[INFO] [stdout]     |
[INFO] [stdout] 175 | fn extract_username(buffer: &[u8], username_flag: bool, mut current_index_in_buffer: usize) -> String {
[INFO] [stdout]     |    ^^^^^^^^^^^^^^^^
[INFO] [stdout] 
[INFO] [stdout] 
[INFO] [stderr]     Finished `dev` profile [unoptimized + debuginfo] target(s) in 3.67s
[INFO] running `Command { std: "docker" "inspect" "73627ed53b8606df919fa1182d859b9433030d5d3e0d88d9de745edfe8aeb567", kill_on_drop: false }`
[INFO] running `Command { std: "docker" "rm" "-f" "73627ed53b8606df919fa1182d859b9433030d5d3e0d88d9de745edfe8aeb567", kill_on_drop: false }`
[INFO] [stdout] 73627ed53b8606df919fa1182d859b9433030d5d3e0d88d9de745edfe8aeb567
[INFO] running `Command { std: "docker" "create" "-v" "/var/lib/crater-agent-workspace/builds/worker-4-tc1/target:/opt/rustwide/target:rw,Z" "-v" "/var/lib/crater-agent-workspace/builds/worker-4-tc1/source:/opt/rustwide/workdir:ro,Z" "-v" "/var/lib/crater-agent-workspace/cargo-home:/opt/rustwide/cargo-home:ro,Z" "-v" "/var/lib/crater-agent-workspace/rustup-home:/opt/rustwide/rustup-home:ro,Z" "-e" "SOURCE_DIR=/opt/rustwide/workdir" "-e" "CARGO_TARGET_DIR=/opt/rustwide/target" "-e" "CARGO_INCREMENTAL=0" "-e" "RUST_BACKTRACE=full" "-e" "RUSTFLAGS=--cap-lints=warn" "-e" "RUSTDOCFLAGS=--cap-lints=warn" "-e" "CARGO_HOME=/opt/rustwide/cargo-home" "-e" "RUSTUP_HOME=/opt/rustwide/rustup-home" "-w" "/opt/rustwide/workdir" "-m" "1610612736" "--user" "0:0" "--network" "none" "ghcr.io/rust-lang/crates-build-env/linux@sha256:f3a9d4ad9d972b27faf3965f35b62e55ba32bbce8f20bc8fe909558a86702fde" "/opt/rustwide/cargo-home/bin/cargo" "+1.83.0" "test" "--frozen" "--no-run" "--message-format=json", kill_on_drop: false }`
[INFO] [stdout] 84ea95dbf43714ac32376db3a34bddc1b2d3b1228ad83c9ba1e2f827208f1a9a
[INFO] running `Command { std: "docker" "start" "-a" "84ea95dbf43714ac32376db3a34bddc1b2d3b1228ad83c9ba1e2f827208f1a9a", kill_on_drop: false }`
[INFO] [stderr]    Compiling mqtt_broker v0.1.0 (/opt/rustwide/workdir)
[INFO] [stdout] warning: unused import: `TcpListener`
[INFO] [stdout]  --> src/mqtt/broker_state.rs:1:16
[INFO] [stdout]   |
[INFO] [stdout] 1 | use std::net::{TcpListener, TcpStream};
[INFO] [stdout]   |                ^^^^^^^^^^^
[INFO] [stdout]   |
[INFO] [stdout]   = note: `#[warn(unused_imports)]` on by default
[INFO] [stdout] 
[INFO] [stdout] 
[INFO] [stdout] warning: unnecessary trailing semicolon
[INFO] [stdout]    --> src/mqtt/create_client.rs:103:5
[INFO] [stdout]     |
[INFO] [stdout] 103 |     ;
[INFO] [stdout]     |     ^ help: remove this semicolon
[INFO] [stdout]     |
[INFO] [stdout]     = note: `#[warn(redundant_semicolons)]` on by default
[INFO] [stdout] 
[INFO] [stdout] 
[INFO] [stdout] warning: unused import: `PrimitiveDateTime`
[INFO] [stdout]  --> src/mqtt/state_thread.rs:3:28
[INFO] [stdout]   |
[INFO] [stdout] 3 | use time::{OffsetDateTime, PrimitiveDateTime};
[INFO] [stdout]   |                            ^^^^^^^^^^^^^^^^^
[INFO] [stdout] 
[INFO] [stdout] 
[INFO] [stdout] warning: value assigned to `current_index_in_buffer` is never read
[INFO] [stdout]   --> src/mqtt/create_client.rs:37:5
[INFO] [stdout]    |
[INFO] [stdout] 37 |     current_index_in_buffer = new_index;
[INFO] [stdout]    |     ^^^^^^^^^^^^^^^^^^^^^^^
[INFO] [stdout]    |
[INFO] [stdout]    = help: maybe it is overwritten before being read?
[INFO] [stdout]    = note: `#[warn(unused_assignments)]` on by default
[INFO] [stdout] 
[INFO] [stdout] 
[INFO] [stdout] warning: unused variable: `now`
[INFO] [stdout]   --> src/mqtt/state_thread.rs:91:21
[INFO] [stdout]    |
[INFO] [stdout] 91 |                 let now = OffsetDateTime::now_utc();
[INFO] [stdout]    |                     ^^^ help: if this is intentional, prefix it with an underscore: `_now`
[INFO] [stdout]    |
[INFO] [stdout]    = note: `#[warn(unused_variables)]` on by default
[INFO] [stdout] 
[INFO] [stdout] 
[INFO] [stdout] warning: function `extract_password` is never used
[INFO] [stdout]    --> src/mqtt/create_client.rs:160:4
[INFO] [stdout]     |
[INFO] [stdout] 160 | fn extract_password(buffer: &[u8], password_flag: bool, current_index_in_buffer: usize) -> String {
[INFO] [stdout]     |    ^^^^^^^^^^^^^^^^
[INFO] [stdout]     |
[INFO] [stdout]     = note: `#[warn(dead_code)]` on by default
[INFO] [stdout] 
[INFO] [stdout] 
[INFO] [stdout] warning: function `extract_username` is never used
[INFO] [stdout]    --> src/mqtt/create_client.rs:175:4
[INFO] [stdout]     |
[INFO] [stdout] 175 | fn extract_username(buffer: &[u8], username_flag: bool, mut current_index_in_buffer: usize) -> String {
[INFO] [stdout]     |    ^^^^^^^^^^^^^^^^
[INFO] [stdout] 
[INFO] [stdout] 
[INFO] [stdout] warning: unnecessary parentheses around `if` condition
[INFO] [stdout]   --> tests/common/mqtt_commands_utils.rs:79:7
[INFO] [stdout]    |
[INFO] [stdout] 79 |     if(qos > 0){
[INFO] [stdout]    |       ^       ^
[INFO] [stdout]    |
[INFO] [stdout]    = note: `#[warn(unused_parens)]` on by default
[INFO] [stdout] help: remove these parentheses
[INFO] [stdout]    |
[INFO] [stdout] 79 -     if(qos > 0){
[INFO] [stdout] 79 +     if qos > 0 {
[INFO] [stdout]    |
[INFO] [stdout] 
[INFO] [stdout] 
[INFO] [stdout] warning: unnecessary parentheses around `if` condition
[INFO] [stdout]   --> tests/common/mqtt_commands_utils.rs:79:7
[INFO] [stdout]    |
[INFO] [stdout] 79 |     if(qos > 0){
[INFO] [stdout]    |       ^       ^
[INFO] [stdout]    |
[INFO] [stdout]    = note: `#[warn(unused_parens)]` on by default
[INFO] [stdout] help: remove these parentheses
[INFO] [stdout]    |
[INFO] [stdout] 79 -     if(qos > 0){
[INFO] [stdout] 79 +     if qos > 0 {
[INFO] [stdout]    |
[INFO] [stdout] 
[INFO] [stdout] 
[INFO] [stdout] warning: unused import: `std::thread::sleep`
[INFO] [stdout]  --> tests/publish_tests.rs:4:5
[INFO] [stdout]   |
[INFO] [stdout] 4 | use std::thread::sleep;
[INFO] [stdout]   |     ^^^^^^^^^^^^^^^^^^
[INFO] [stdout]   |
[INFO] [stdout]   = note: `#[warn(unused_imports)]` on by default
[INFO] [stdout] 
[INFO] [stdout] 
[INFO] [stdout] warning: unused import: `std::time::Duration`
[INFO] [stdout]  --> tests/publish_tests.rs:5:5
[INFO] [stdout]   |
[INFO] [stdout] 5 | use std::time::Duration;
[INFO] [stdout]   |     ^^^^^^^^^^^^^^^^^^^
[INFO] [stdout] 
[INFO] [stdout] 
[INFO] [stdout] warning: function `connect_to_broker` is never used
[INFO] [stdout]   --> tests/common/test_utils.rs:25:8
[INFO] [stdout]    |
[INFO] [stdout] 25 | pub fn connect_to_broker(mut client: TestClient, client_identifier: String, keep_alive: u16) -> TestClient{
[INFO] [stdout]    |        ^^^^^^^^^^^^^^^^^
[INFO] [stdout]    |
[INFO] [stdout]    = note: `#[warn(dead_code)]` on by default
[INFO] [stdout] 
[INFO] [stdout] 
[INFO] [stdout] warning: function `subscribe_to_topics` is never used
[INFO] [stdout]   --> tests/common/test_utils.rs:41:8
[INFO] [stdout]    |
[INFO] [stdout] 41 | pub fn subscribe_to_topics(mut client: TestClient, package_identifier: u16, topics: Vec<String>, topic_qoses: Vec<u8>) -> TestClient{
[INFO] [stdout]    |        ^^^^^^^^^^^^^^^^^^^
[INFO] [stdout] 
[INFO] [stdout] 
[INFO] [stdout] warning: function `connect_vec` is never used
[INFO] [stdout]  --> tests/common/mqtt_commands_utils.rs:4:8
[INFO] [stdout]   |
[INFO] [stdout] 4 | pub fn connect_vec(connect_falgs_byte: u8, keep_alive: u16, client_identifier: String,) -> Vec<u8> {
[INFO] [stdout]   |        ^^^^^^^^^^^
[INFO] [stdout] 
[INFO] [stdout] 
[INFO] [stdout] warning: function `connack_vec` is never used
[INFO] [stdout]   --> tests/common/mqtt_commands_utils.rs:24:8
[INFO] [stdout]    |
[INFO] [stdout] 24 | pub fn connack_vec() -> Vec<u8> {
[INFO] [stdout]    |        ^^^^^^^^^^^
[INFO] [stdout] 
[INFO] [stdout] 
[INFO] [stdout] warning: function `convert_u16_to_two_u8s_be` is never used
[INFO] [stdout]   --> tests/common/mqtt_commands_utils.rs:28:4
[INFO] [stdout]    |
[INFO] [stdout] 28 | fn convert_u16_to_two_u8s_be(integer: u16) -> [u8; 2] {
[INFO] [stdout]    |    ^^^^^^^^^^^^^^^^^^^^^^^^^
[INFO] [stdout] 
[INFO] [stdout] 
[INFO] [stdout] warning: function `subscribe_vec` is never used
[INFO] [stdout]   --> tests/common/mqtt_commands_utils.rs:31:8
[INFO] [stdout]    |
[INFO] [stdout] 31 | pub fn subscribe_vec(topic_names: Vec<String>, requested_qos: Vec<u8>, packet_identifier: u16) -> Vec<u8>{
[INFO] [stdout]    |        ^^^^^^^^^^^^^
[INFO] [stdout] 
[INFO] [stdout] 
[INFO] [stdout] warning: function `suback_vec` is never used
[INFO] [stdout]   --> tests/common/mqtt_commands_utils.rs:50:8
[INFO] [stdout]    |
[INFO] [stdout] 50 | pub fn suback_vec(topic_results: Vec<u8>, packet_identifier: u16) -> Vec<u8>{
[INFO] [stdout]    |        ^^^^^^^^^^
[INFO] [stdout] 
[INFO] [stdout] 
[INFO] [stdout] warning: function `publish_vec` is never used
[INFO] [stdout]   --> tests/common/mqtt_commands_utils.rs:66:8
[INFO] [stdout]    |
[INFO] [stdout] 66 | pub fn publish_vec(topic_name: String, qos: u8, message: String, packet_identifier: u16) -> Vec<u8>{
[INFO] [stdout]    |        ^^^^^^^^^^^
[INFO] [stdout] 
[INFO] [stdout] 
[INFO] [stdout] warning: unnecessary parentheses around `if` condition
[INFO] [stdout]   --> tests/common/mqtt_commands_utils.rs:79:7
[INFO] [stdout]    |
[INFO] [stdout] 79 |     if(qos > 0){
[INFO] [stdout]    |       ^       ^
[INFO] [stdout]    |
[INFO] [stdout]    = note: `#[warn(unused_parens)]` on by default
[INFO] [stdout] help: remove these parentheses
[INFO] [stdout]    |
[INFO] [stdout] 79 -     if(qos > 0){
[INFO] [stdout] 79 +     if qos > 0 {
[INFO] [stdout]    |
[INFO] [stdout] 
[INFO] [stdout] 
[INFO] [stdout] warning: unused imports: `connack_vec` and `connect_vec`
[INFO] [stdout]  --> tests/subscribe_tests.rs:3:42
[INFO] [stdout]   |
[INFO] [stdout] 3 | use crate::common::mqtt_commands_utils::{connack_vec, connect_vec, suback_vec, subscribe_vec};
[INFO] [stdout]   |                                          ^^^^^^^^^^^  ^^^^^^^^^^^
[INFO] [stdout]   |
[INFO] [stdout]   = note: `#[warn(unused_imports)]` on by default
[INFO] [stdout] 
[INFO] [stdout] 
[INFO] [stdout] warning: unnecessary parentheses around `if` condition
[INFO] [stdout]   --> tests/common/mqtt_commands_utils.rs:79:7
[INFO] [stdout]    |
[INFO] [stdout] 79 |     if(qos > 0){
[INFO] [stdout]    |       ^       ^
[INFO] [stdout]    |
[INFO] [stdout]    = note: `#[warn(unused_parens)]` on by default
[INFO] [stdout] help: remove these parentheses
[INFO] [stdout]    |
[INFO] [stdout] 79 -     if(qos > 0){
[INFO] [stdout] 79 +     if qos > 0 {
[INFO] [stdout]    |
[INFO] [stdout] 
[INFO] [stdout] 
[INFO] [stdout] warning: unused import: `std::thread::sleep`
[INFO] [stdout]  --> tests/keep_alive_tests.rs:2:5
[INFO] [stdout]   |
[INFO] [stdout] 2 | use std::thread::sleep;
[INFO] [stdout]   |     ^^^^^^^^^^^^^^^^^^
[INFO] [stdout]   |
[INFO] [stdout]   = note: `#[warn(unused_imports)]` on by default
[INFO] [stdout] 
[INFO] [stdout] 
[INFO] [stdout] warning: unused import: `std::time::Duration`
[INFO] [stdout]  --> tests/keep_alive_tests.rs:3:5
[INFO] [stdout]   |
[INFO] [stdout] 3 | use std::time::Duration;
[INFO] [stdout]   |     ^^^^^^^^^^^^^^^^^^^
[INFO] [stdout] 
[INFO] [stdout] 
[INFO] [stdout] warning: unused import: `common::test_utils::connect_to_broker`
[INFO] [stdout]  --> tests/keep_alive_tests.rs:5:5
[INFO] [stdout]   |
[INFO] [stdout] 5 | use common::test_utils::connect_to_broker;
[INFO] [stdout]   |     ^^^^^^^^^^^^^^^^^^^^^^^^^^^^^^^^^^^^^
[INFO] [stdout] 
[INFO] [stdout] 
[INFO] [stdout] warning: unused imports: `connack_vec` and `connect_vec`
[INFO] [stdout]  --> tests/keep_alive_tests.rs:7:42
[INFO] [stdout]   |
[INFO] [stdout] 7 | use crate::common::mqtt_commands_utils::{connack_vec, connect_vec,};
[INFO] [stdout]   |                                          ^^^^^^^^^^^  ^^^^^^^^^^^
[INFO] [stdout] 
[INFO] [stdout] 
[INFO] [stdout] warning: unused import: `crate::common::test_utils::start_test_broker`
[INFO] [stdout]  --> tests/keep_alive_tests.rs:8:5
[INFO] [stdout]   |
[INFO] [stdout] 8 | use crate::common::test_utils::start_test_broker;
[INFO] [stdout]   |     ^^^^^^^^^^^^^^^^^^^^^^^^^^^^^^^^^^^^^^^^^^^^
[INFO] [stdout] 
[INFO] [stdout] 
[INFO] [stdout] warning: unused import: `crate::common::test_client::TestClient`
[INFO] [stdout]  --> tests/keep_alive_tests.rs:9:5
[INFO] [stdout]   |
[INFO] [stdout] 9 | use crate::common::test_client::TestClient;
[INFO] [stdout]   |     ^^^^^^^^^^^^^^^^^^^^^^^^^^^^^^^^^^^^^^
[INFO] [stdout] 
[INFO] [stdout] 
[INFO] [stdout] warning: unnecessary parentheses around `if` condition
[INFO] [stdout]   --> tests/common/mqtt_commands_utils.rs:79:7
[INFO] [stdout]    |
[INFO] [stdout] 79 |     if(qos > 0){
[INFO] [stdout]    |       ^       ^
[INFO] [stdout]    |
[INFO] [stdout]    = note: `#[warn(unused_parens)]` on by default
[INFO] [stdout] help: remove these parentheses
[INFO] [stdout]    |
[INFO] [stdout] 79 -     if(qos > 0){
[INFO] [stdout] 79 +     if qos > 0 {
[INFO] [stdout]    |
[INFO] [stdout] 
[INFO] [stdout] 
[INFO] [stdout] warning: struct `TestClient` is never constructed
[INFO] [stdout]  --> tests/common/test_client.rs:5:12
[INFO] [stdout]   |
[INFO] [stdout] 5 | pub struct TestClient {
[INFO] [stdout]   |            ^^^^^^^^^^
[INFO] [stdout]   |
[INFO] [stdout]   = note: `#[warn(dead_code)]` on by default
[INFO] [stdout] 
[INFO] [stdout] 
[INFO] [stdout] warning: associated items `connect`, `send_message`, `read_response`, and `close` are never used
[INFO] [stdout]   --> tests/common/test_client.rs:10:12
[INFO] [stdout]    |
[INFO] [stdout] 9  | impl TestClient {
[INFO] [stdout]    | --------------- associated items in this implementation
[INFO] [stdout] 10 |     pub fn connect(addr: &str) -> std::io::Result<TestClient> {
[INFO] [stdout]    |            ^^^^^^^
[INFO] [stdout] ...
[INFO] [stdout] 18 |     pub fn send_message(&mut self, message: &[u8]) -> std::io::Result<()> {
[INFO] [stdout]    |            ^^^^^^^^^^^^
[INFO] [stdout] ...
[INFO] [stdout] 24 |     pub fn read_response(&mut self) -> std::io::Result<Vec<u8>> {
[INFO] [stdout]    |            ^^^^^^^^^^^^^
[INFO] [stdout] ...
[INFO] [stdout] 32 |     pub fn close(&mut self) -> std::io::Result<()> {
[INFO] [stdout]    |            ^^^^^
[INFO] [stdout] 
[INFO] [stdout] 
[INFO] [stdout] warning: static `INIT` is never used
[INFO] [stdout]   --> tests/common/test_utils.rs:15:8
[INFO] [stdout]    |
[INFO] [stdout] 15 | static INIT: Once = Once::new();
[INFO] [stdout]    |        ^^^^
[INFO] [stdout] 
[INFO] [stdout] 
[INFO] [stdout] warning: function `start_test_broker` is never used
[INFO] [stdout]   --> tests/common/test_utils.rs:17:8
[INFO] [stdout]    |
[INFO] [stdout] 17 | pub fn start_test_broker() {
[INFO] [stdout]    |        ^^^^^^^^^^^^^^^^^
[INFO] [stdout] 
[INFO] [stdout] 
[INFO] [stdout] warning: function `connect_to_broker` is never used
[INFO] [stdout]   --> tests/common/test_utils.rs:25:8
[INFO] [stdout]    |
[INFO] [stdout] 25 | pub fn connect_to_broker(mut client: TestClient, client_identifier: String, keep_alive: u16) -> TestClient{
[INFO] [stdout]    |        ^^^^^^^^^^^^^^^^^
[INFO] [stdout] 
[INFO] [stdout] 
[INFO] [stdout] warning: function `subscribe_to_topics` is never used
[INFO] [stdout]   --> tests/common/test_utils.rs:41:8
[INFO] [stdout]    |
[INFO] [stdout] 41 | pub fn subscribe_to_topics(mut client: TestClient, package_identifier: u16, topics: Vec<String>, topic_qoses: Vec<u8>) -> TestClient{
[INFO] [stdout]    |        ^^^^^^^^^^^^^^^^^^^
[INFO] [stdout] 
[INFO] [stdout] 
[INFO] [stdout] warning: function `connect_vec` is never used
[INFO] [stdout]  --> tests/common/mqtt_commands_utils.rs:4:8
[INFO] [stdout]   |
[INFO] [stdout] 4 | pub fn connect_vec(connect_falgs_byte: u8, keep_alive: u16, client_identifier: String,) -> Vec<u8> {
[INFO] [stdout]   |        ^^^^^^^^^^^
[INFO] [stdout] 
[INFO] [stdout] 
[INFO] [stdout] warning: function `connack_vec` is never used
[INFO] [stdout]   --> tests/common/mqtt_commands_utils.rs:24:8
[INFO] [stdout]    |
[INFO] [stdout] 24 | pub fn connack_vec() -> Vec<u8> {
[INFO] [stdout]    |        ^^^^^^^^^^^
[INFO] [stdout] 
[INFO] [stdout] 
[INFO] [stdout] warning: function `convert_u16_to_two_u8s_be` is never used
[INFO] [stdout]   --> tests/common/mqtt_commands_utils.rs:28:4
[INFO] [stdout]    |
[INFO] [stdout] 28 | fn convert_u16_to_two_u8s_be(integer: u16) -> [u8; 2] {
[INFO] [stdout]    |    ^^^^^^^^^^^^^^^^^^^^^^^^^
[INFO] [stdout] 
[INFO] [stdout] 
[INFO] [stdout] warning: function `subscribe_vec` is never used
[INFO] [stdout]   --> tests/common/mqtt_commands_utils.rs:31:8
[INFO] [stdout]    |
[INFO] [stdout] 31 | pub fn subscribe_vec(topic_names: Vec<String>, requested_qos: Vec<u8>, packet_identifier: u16) -> Vec<u8>{
[INFO] [stdout]    |        ^^^^^^^^^^^^^
[INFO] [stdout] 
[INFO] [stdout] 
[INFO] [stdout] warning: function `suback_vec` is never used
[INFO] [stdout]   --> tests/common/mqtt_commands_utils.rs:50:8
[INFO] [stdout]    |
[INFO] [stdout] 50 | pub fn suback_vec(topic_results: Vec<u8>, packet_identifier: u16) -> Vec<u8>{
[INFO] [stdout]    |        ^^^^^^^^^^
[INFO] [stdout] 
[INFO] [stdout] 
[INFO] [stdout] warning: function `publish_vec` is never used
[INFO] [stdout]   --> tests/common/mqtt_commands_utils.rs:66:8
[INFO] [stdout]    |
[INFO] [stdout] 66 | pub fn publish_vec(topic_name: String, qos: u8, message: String, packet_identifier: u16) -> Vec<u8>{
[INFO] [stdout]    |        ^^^^^^^^^^^
[INFO] [stdout] 
[INFO] [stdout] 
[INFO] [stdout] warning: function `subscribe_to_topics` is never used
[INFO] [stdout]   --> tests/common/test_utils.rs:41:8
[INFO] [stdout]    |
[INFO] [stdout] 41 | pub fn subscribe_to_topics(mut client: TestClient, package_identifier: u16, topics: Vec<String>, topic_qoses: Vec<u8>) -> TestClient{
[INFO] [stdout]    |        ^^^^^^^^^^^^^^^^^^^
[INFO] [stdout]    |
[INFO] [stdout]    = note: `#[warn(dead_code)]` on by default
[INFO] [stdout] 
[INFO] [stdout] 
[INFO] [stdout] warning: function `publish_vec` is never used
[INFO] [stdout]   --> tests/common/mqtt_commands_utils.rs:66:8
[INFO] [stdout]    |
[INFO] [stdout] 66 | pub fn publish_vec(topic_name: String, qos: u8, message: String, packet_identifier: u16) -> Vec<u8>{
[INFO] [stdout]    |        ^^^^^^^^^^^
[INFO] [stdout] 
[INFO] [stdout] 
[INFO] [stdout] warning: unused import: `TcpListener`
[INFO] [stdout]  --> src/mqtt/broker_state.rs:1:16
[INFO] [stdout]   |
[INFO] [stdout] 1 | use std::net::{TcpListener, TcpStream};
[INFO] [stdout]   |                ^^^^^^^^^^^
[INFO] [stdout]   |
[INFO] [stdout]   = note: `#[warn(unused_imports)]` on by default
[INFO] [stdout] 
[INFO] [stdout] 
[INFO] [stdout] warning: unnecessary trailing semicolon
[INFO] [stdout]    --> src/mqtt/create_client.rs:103:5
[INFO] [stdout]     |
[INFO] [stdout] 103 |     ;
[INFO] [stdout]     |     ^ help: remove this semicolon
[INFO] [stdout]     |
[INFO] [stdout]     = note: `#[warn(redundant_semicolons)]` on by default
[INFO] [stdout] 
[INFO] [stdout] 
[INFO] [stdout] warning: unused import: `PrimitiveDateTime`
[INFO] [stdout]  --> src/mqtt/state_thread.rs:3:28
[INFO] [stdout]   |
[INFO] [stdout] 3 | use time::{OffsetDateTime, PrimitiveDateTime};
[INFO] [stdout]   |                            ^^^^^^^^^^^^^^^^^
[INFO] [stdout] 
[INFO] [stdout] 
[INFO] [stdout] warning: function `connect_to_broker` is never used
[INFO] [stdout]   --> tests/common/test_utils.rs:25:8
[INFO] [stdout]    |
[INFO] [stdout] 25 | pub fn connect_to_broker(mut client: TestClient, client_identifier: String, keep_alive: u16) -> TestClient{
[INFO] [stdout]    |        ^^^^^^^^^^^^^^^^^
[INFO] [stdout]    |
[INFO] [stdout]    = note: `#[warn(dead_code)]` on by default
[INFO] [stdout] 
[INFO] [stdout] 
[INFO] [stdout] warning: function `subscribe_to_topics` is never used
[INFO] [stdout]   --> tests/common/test_utils.rs:41:8
[INFO] [stdout]    |
[INFO] [stdout] 41 | pub fn subscribe_to_topics(mut client: TestClient, package_identifier: u16, topics: Vec<String>, topic_qoses: Vec<u8>) -> TestClient{
[INFO] [stdout]    |        ^^^^^^^^^^^^^^^^^^^
[INFO] [stdout] 
[INFO] [stdout] 
[INFO] [stdout] warning: function `subscribe_vec` is never used
[INFO] [stdout]   --> tests/common/mqtt_commands_utils.rs:31:8
[INFO] [stdout]    |
[INFO] [stdout] 31 | pub fn subscribe_vec(topic_names: Vec<String>, requested_qos: Vec<u8>, packet_identifier: u16) -> Vec<u8>{
[INFO] [stdout]    |        ^^^^^^^^^^^^^
[INFO] [stdout] 
[INFO] [stdout] 
[INFO] [stdout] warning: function `suback_vec` is never used
[INFO] [stdout]   --> tests/common/mqtt_commands_utils.rs:50:8
[INFO] [stdout]    |
[INFO] [stdout] 50 | pub fn suback_vec(topic_results: Vec<u8>, packet_identifier: u16) -> Vec<u8>{
[INFO] [stdout]    |        ^^^^^^^^^^
[INFO] [stdout] 
[INFO] [stdout] 
[INFO] [stdout] warning: function `publish_vec` is never used
[INFO] [stdout]   --> tests/common/mqtt_commands_utils.rs:66:8
[INFO] [stdout]    |
[INFO] [stdout] 66 | pub fn publish_vec(topic_name: String, qos: u8, message: String, packet_identifier: u16) -> Vec<u8>{
[INFO] [stdout]    |        ^^^^^^^^^^^
[INFO] [stdout] 
[INFO] [stdout] 
[INFO] [stdout] warning: value assigned to `current_index_in_buffer` is never read
[INFO] [stdout]   --> src/mqtt/create_client.rs:37:5
[INFO] [stdout]    |
[INFO] [stdout] 37 |     current_index_in_buffer = new_index;
[INFO] [stdout]    |     ^^^^^^^^^^^^^^^^^^^^^^^
[INFO] [stdout]    |
[INFO] [stdout]    = help: maybe it is overwritten before being read?
[INFO] [stdout]    = note: `#[warn(unused_assignments)]` on by default
[INFO] [stdout] 
[INFO] [stdout] 
[INFO] [stdout] warning: unused variable: `now`
[INFO] [stdout]   --> src/mqtt/state_thread.rs:91:21
[INFO] [stdout]    |
[INFO] [stdout] 91 |                 let now = OffsetDateTime::now_utc();
[INFO] [stdout]    |                     ^^^ help: if this is intentional, prefix it with an underscore: `_now`
[INFO] [stdout]    |
[INFO] [stdout]    = note: `#[warn(unused_variables)]` on by default
[INFO] [stdout] 
[INFO] [stdout] 
[INFO] [stdout] warning: function `extract_password` is never used
[INFO] [stdout]    --> src/mqtt/create_client.rs:160:4
[INFO] [stdout]     |
[INFO] [stdout] 160 | fn extract_password(buffer: &[u8], password_flag: bool, current_index_in_buffer: usize) -> String {
[INFO] [stdout]     |    ^^^^^^^^^^^^^^^^
[INFO] [stdout]     |
[INFO] [stdout]     = note: `#[warn(dead_code)]` on by default
[INFO] [stdout] 
[INFO] [stdout] 
[INFO] [stdout] warning: function `extract_username` is never used
[INFO] [stdout]    --> src/mqtt/create_client.rs:175:4
[INFO] [stdout]     |
[INFO] [stdout] 175 | fn extract_username(buffer: &[u8], username_flag: bool, mut current_index_in_buffer: usize) -> String {
[INFO] [stdout]     |    ^^^^^^^^^^^^^^^^
[INFO] [stdout] 
[INFO] [stdout] 
[INFO] [stderr]     Finished `test` profile [unoptimized + debuginfo] target(s) in 1.75s
[INFO] running `Command { std: "docker" "inspect" "84ea95dbf43714ac32376db3a34bddc1b2d3b1228ad83c9ba1e2f827208f1a9a", kill_on_drop: false }`
[INFO] running `Command { std: "docker" "rm" "-f" "84ea95dbf43714ac32376db3a34bddc1b2d3b1228ad83c9ba1e2f827208f1a9a", kill_on_drop: false }`
[INFO] [stdout] 84ea95dbf43714ac32376db3a34bddc1b2d3b1228ad83c9ba1e2f827208f1a9a
[INFO] running `Command { std: "docker" "create" "-v" "/var/lib/crater-agent-workspace/builds/worker-4-tc1/target:/opt/rustwide/target:rw,Z" "-v" "/var/lib/crater-agent-workspace/builds/worker-4-tc1/source:/opt/rustwide/workdir:ro,Z" "-v" "/var/lib/crater-agent-workspace/cargo-home:/opt/rustwide/cargo-home:ro,Z" "-v" "/var/lib/crater-agent-workspace/rustup-home:/opt/rustwide/rustup-home:ro,Z" "-e" "SOURCE_DIR=/opt/rustwide/workdir" "-e" "CARGO_TARGET_DIR=/opt/rustwide/target" "-e" "CARGO_INCREMENTAL=0" "-e" "RUST_BACKTRACE=full" "-e" "RUSTFLAGS=--cap-lints=warn" "-e" "RUSTDOCFLAGS=--cap-lints=warn" "-e" "CARGO_HOME=/opt/rustwide/cargo-home" "-e" "RUSTUP_HOME=/opt/rustwide/rustup-home" "-w" "/opt/rustwide/workdir" "-m" "1610612736" "--user" "0:0" "--network" "none" "ghcr.io/rust-lang/crates-build-env/linux@sha256:f3a9d4ad9d972b27faf3965f35b62e55ba32bbce8f20bc8fe909558a86702fde" "/opt/rustwide/cargo-home/bin/cargo" "+1.83.0" "test" "--frozen", kill_on_drop: false }`
[INFO] [stdout] a840652f86f2eb7105d6f04e86bafbaff08a770e3c2598f28082818606a5495a
[INFO] running `Command { std: "docker" "start" "-a" "a840652f86f2eb7105d6f04e86bafbaff08a770e3c2598f28082818606a5495a", kill_on_drop: false }`
[INFO] [stderr] warning: unused import: `TcpListener`
[INFO] [stderr]  --> src/mqtt/broker_state.rs:1:16
[INFO] [stderr]   |
[INFO] [stderr] 1 | use std::net::{TcpListener, TcpStream};
[INFO] [stderr]   |                ^^^^^^^^^^^
[INFO] [stderr]   |
[INFO] [stderr]   = note: `#[warn(unused_imports)]` on by default
[INFO] [stderr] 
[INFO] [stderr] warning: unnecessary trailing semicolon
[INFO] [stderr]    --> src/mqtt/create_client.rs:103:5
[INFO] [stderr]     |
[INFO] [stderr] 103 |     ;
[INFO] [stderr]     |     ^ help: remove this semicolon
[INFO] [stderr]     |
[INFO] [stderr]     = note: `#[warn(redundant_semicolons)]` on by default
[INFO] [stderr] 
[INFO] [stderr] warning: unused import: `PrimitiveDateTime`
[INFO] [stderr]  --> src/mqtt/state_thread.rs:3:28
[INFO] [stderr]   |
[INFO] [stderr] 3 | use time::{OffsetDateTime, PrimitiveDateTime};
[INFO] [stderr]   |                            ^^^^^^^^^^^^^^^^^
[INFO] [stderr] 
[INFO] [stderr] warning: value assigned to `current_index_in_buffer` is never read
[INFO] [stderr]   --> src/mqtt/create_client.rs:37:5
[INFO] [stderr]    |
[INFO] [stderr] 37 |     current_index_in_buffer = new_index;
[INFO] [stderr]    |     ^^^^^^^^^^^^^^^^^^^^^^^
[INFO] [stderr]    |
[INFO] [stderr]    = help: maybe it is overwritten before being read?
[INFO] [stderr]    = note: `#[warn(unused_assignments)]` on by default
[INFO] [stderr] 
[INFO] [stderr] warning: unused variable: `now`
[INFO] [stderr]   --> src/mqtt/state_thread.rs:91:21
[INFO] [stderr]    |
[INFO] [stderr] 91 |                 let now = OffsetDateTime::now_utc();
[INFO] [stderr]    |                     ^^^ help: if this is intentional, prefix it with an underscore: `_now`
[INFO] [stderr]    |
[INFO] [stderr]    = note: `#[warn(unused_variables)]` on by default
[INFO] [stderr] 
[INFO] [stderr] warning: function `extract_password` is never used
[INFO] [stderr]    --> src/mqtt/create_client.rs:160:4
[INFO] [stderr]     |
[INFO] [stderr] 160 | fn extract_password(buffer: &[u8], password_flag: bool, current_index_in_buffer: usize) -> String {
[INFO] [stderr]     |    ^^^^^^^^^^^^^^^^
[INFO] [stderr]     |
[INFO] [stderr]     = note: `#[warn(dead_code)]` on by default
[INFO] [stderr] 
[INFO] [stderr] warning: function `extract_username` is never used
[INFO] [stderr]    --> src/mqtt/create_client.rs:175:4
[INFO] [stderr]     |
[INFO] [stderr] 175 | fn extract_username(buffer: &[u8], username_flag: bool, mut current_index_in_buffer: usize) -> String {
[INFO] [stderr]     |    ^^^^^^^^^^^^^^^^
[INFO] [stderr] 
[INFO] [stderr] warning: `mqtt_broker` (lib) generated 7 warnings (run `cargo fix --lib -p mqtt_broker` to apply 2 suggestions)
[INFO] [stderr] warning: `mqtt_broker` (lib test) generated 7 warnings (7 duplicates)
[INFO] [stderr] warning: unnecessary parentheses around `if` condition
[INFO] [stderr]   --> tests/common/mqtt_commands_utils.rs:79:7
[INFO] [stderr]    |
[INFO] [stderr] 79 |     if(qos > 0){
[INFO] [stderr]    |       ^       ^
[INFO] [stderr]    |
[INFO] [stderr]    = note: `#[warn(unused_parens)]` on by default
[INFO] [stderr] help: remove these parentheses
[INFO] [stderr]    |
[INFO] [stderr] 79 -     if(qos > 0){
[INFO] [stderr] 79 +     if qos > 0 {
[INFO] [stderr]    |
[INFO] [stderr] 
[INFO] [stderr] warning: function `connect_to_broker` is never used
[INFO] [stderr]   --> tests/common/test_utils.rs:25:8
[INFO] [stderr]    |
[INFO] [stderr] 25 | pub fn connect_to_broker(mut client: TestClient, client_identifier: String, keep_alive: u16) -> TestClient{
[INFO] [stderr]    |        ^^^^^^^^^^^^^^^^^
[INFO] [stderr]    |
[INFO] [stderr]    = note: `#[warn(dead_code)]` on by default
[INFO] [stderr] 
[INFO] [stderr] warning: function `subscribe_to_topics` is never used
[INFO] [stderr]   --> tests/common/test_utils.rs:41:8
[INFO] [stderr]    |
[INFO] [stderr] 41 | pub fn subscribe_to_topics(mut client: TestClient, package_identifier: u16, topics: Vec<String>, topic_qoses: Vec<u8>) -> TestClient{
[INFO] [stderr]    |        ^^^^^^^^^^^^^^^^^^^
[INFO] [stderr] 
[INFO] [stderr] warning: function `subscribe_vec` is never used
[INFO] [stderr]   --> tests/common/mqtt_commands_utils.rs:31:8
[INFO] [stderr]    |
[INFO] [stderr] 31 | pub fn subscribe_vec(topic_names: Vec<String>, requested_qos: Vec<u8>, packet_identifier: u16) -> Vec<u8>{
[INFO] [stderr]    |        ^^^^^^^^^^^^^
[INFO] [stderr] 
[INFO] [stderr] warning: function `suback_vec` is never used
[INFO] [stderr]   --> tests/common/mqtt_commands_utils.rs:50:8
[INFO] [stderr]    |
[INFO] [stderr] 50 | pub fn suback_vec(topic_results: Vec<u8>, packet_identifier: u16) -> Vec<u8>{
[INFO] [stderr]    |        ^^^^^^^^^^
[INFO] [stderr] 
[INFO] [stderr] warning: function `publish_vec` is never used
[INFO] [stderr]   --> tests/common/mqtt_commands_utils.rs:66:8
[INFO] [stderr]    |
[INFO] [stderr] 66 | pub fn publish_vec(topic_name: String, qos: u8, message: String, packet_identifier: u16) -> Vec<u8>{
[INFO] [stderr]    |        ^^^^^^^^^^^
[INFO] [stderr] 
[INFO] [stderr] warning: unused import: `std::thread::sleep`
[INFO] [stderr]  --> tests/publish_tests.rs:4:5
[INFO] [stderr]   |
[INFO] [stderr] 4 | use std::thread::sleep;
[INFO] [stderr]   |     ^^^^^^^^^^^^^^^^^^
[INFO] [stderr]   |
[INFO] [stderr]   = note: `#[warn(unused_imports)]` on by default
[INFO] [stderr] 
[INFO] [stderr] warning: unused import: `std::time::Duration`
[INFO] [stderr]  --> tests/publish_tests.rs:5:5
[INFO] [stderr]   |
[INFO] [stderr] 5 | use std::time::Duration;
[INFO] [stderr]   |     ^^^^^^^^^^^^^^^^^^^
[INFO] [stderr] 
[INFO] [stderr] warning: unused imports: `connack_vec` and `connect_vec`
[INFO] [stderr]  --> tests/subscribe_tests.rs:3:42
[INFO] [stderr]   |
[INFO] [stderr] 3 | use crate::common::mqtt_commands_utils::{connack_vec, connect_vec, suback_vec, subscribe_vec};
[INFO] [stderr]   |                                          ^^^^^^^^^^^  ^^^^^^^^^^^
[INFO] [stderr]   |
[INFO] [stderr]   = note: `#[warn(unused_imports)]` on by default
[INFO] [stderr] 
[INFO] [stderr] warning: function `subscribe_to_topics` is never used
[INFO] [stderr]   --> tests/common/test_utils.rs:41:8
[INFO] [stderr]    |
[INFO] [stderr] 41 | pub fn subscribe_to_topics(mut client: TestClient, package_identifier: u16, topics: Vec<String>, topic_qoses: Vec<u8>) -> TestClient{
[INFO] [stderr]    |        ^^^^^^^^^^^^^^^^^^^
[INFO] [stderr]    |
[INFO] [stderr]    = note: `#[warn(dead_code)]` on by default
[INFO] [stderr] 
[INFO] [stderr] warning: unused import: `std::thread::sleep`
[INFO] [stderr]  --> tests/keep_alive_tests.rs:2:5
[INFO] [stderr]   |
[INFO] [stderr] 2 | use std::thread::sleep;
[INFO] [stderr]   |     ^^^^^^^^^^^^^^^^^^
[INFO] [stderr]   |
[INFO] [stderr]   = note: `#[warn(unused_imports)]` on by default
[INFO] [stderr] 
[INFO] [stderr] warning: unused import: `std::time::Duration`
[INFO] [stderr]  --> tests/keep_alive_tests.rs:3:5
[INFO] [stderr]   |
[INFO] [stderr] 3 | use std::time::Duration;
[INFO] [stderr]   |     ^^^^^^^^^^^^^^^^^^^
[INFO] [stderr] 
[INFO] [stderr] warning: unused import: `common::test_utils::connect_to_broker`
[INFO] [stderr]  --> tests/keep_alive_tests.rs:5:5
[INFO] [stderr]   |
[INFO] [stderr] 5 | use common::test_utils::connect_to_broker;
[INFO] [stderr]   |     ^^^^^^^^^^^^^^^^^^^^^^^^^^^^^^^^^^^^^
[INFO] [stderr] 
[INFO] [stderr] warning: unused imports: `connack_vec` and `connect_vec`
[INFO] [stderr]  --> tests/keep_alive_tests.rs:7:42
[INFO] [stderr]   |
[INFO] [stderr] 7 | use crate::common::mqtt_commands_utils::{connack_vec, connect_vec,};
[INFO] [stderr]   |                                          ^^^^^^^^^^^  ^^^^^^^^^^^
[INFO] [stderr] 
[INFO] [stderr] warning: unused import: `crate::common::test_utils::start_test_broker`
[INFO] [stderr]  --> tests/keep_alive_tests.rs:8:5
[INFO] [stderr]   |
[INFO] [stderr] 8 | use crate::common::test_utils::start_test_broker;
[INFO] [stderr]   |     ^^^^^^^^^^^^^^^^^^^^^^^^^^^^^^^^^^^^^^^^^^^^
[INFO] [stderr] 
[INFO] [stderr] warning: unused import: `crate::common::test_client::TestClient`
[INFO] [stderr]  --> tests/keep_alive_tests.rs:9:5
[INFO] [stderr]   |
[INFO] [stderr] 9 | use crate::common::test_client::TestClient;
[INFO] [stderr]   |     ^^^^^^^^^^^^^^^^^^^^^^^^^^^^^^^^^^^^^^
[INFO] [stderr] 
[INFO] [stderr] warning: struct `TestClient` is never constructed
[INFO] [stderr]  --> tests/common/test_client.rs:5:12
[INFO] [stderr]   |
[INFO] [stderr] 5 | pub struct TestClient {
[INFO] [stderr]   |            ^^^^^^^^^^
[INFO] [stderr]   |
[INFO] [stderr]   = note: `#[warn(dead_code)]` on by default
[INFO] [stderr] 
[INFO] [stderr] warning: associated items `connect`, `send_message`, `read_response`, and `close` are never used
[INFO] [stderr]   --> tests/common/test_client.rs:10:12
[INFO] [stderr]    |
[INFO] [stderr] 9  | impl TestClient {
[INFO] [stderr]    | --------------- associated items in this implementation
[INFO] [stderr] 10 |     pub fn connect(addr: &str) -> std::io::Result<TestClient> {
[INFO] [stderr]    |            ^^^^^^^
[INFO] [stderr] ...
[INFO] [stderr] 18 |     pub fn send_message(&mut self, message: &[u8]) -> std::io::Result<()> {
[INFO] [stderr]    |            ^^^^^^^^^^^^
[INFO] [stderr] ...
[INFO] [stderr] 24 |     pub fn read_response(&mut self) -> std::io::Result<Vec<u8>> {
[INFO] [stderr]    |            ^^^^^^^^^^^^^
[INFO] [stderr] ...
[INFO] [stderr] 32 |     pub fn close(&mut self) -> std::io::Result<()> {
[INFO] [stderr]    |            ^^^^^
[INFO] [stderr] 
[INFO] [stderr] warning: static `INIT` is never used
[INFO] [stderr]   --> tests/common/test_utils.rs:15:8
[INFO] [stderr]    |
[INFO] [stderr] 15 | static INIT: Once = Once::new();
[INFO] [stderr]    |        ^^^^
[INFO] [stderr] 
[INFO] [stderr] warning: function `start_test_broker` is never used
[INFO] [stderr]   --> tests/common/test_utils.rs:17:8
[INFO] [stderr]    |
[INFO] [stderr] 17 | pub fn start_test_broker() {
[INFO] [stderr]    |        ^^^^^^^^^^^^^^^^^
[INFO] [stderr] 
[INFO] [stderr] warning: function `connect_to_broker` is never used
[INFO] [stderr]   --> tests/common/test_utils.rs:25:8
[INFO] [stderr]    |
[INFO] [stderr] 25 | pub fn connect_to_broker(mut client: TestClient, client_identifier: String, keep_alive: u16) -> TestClient{
[INFO] [stderr]    |        ^^^^^^^^^^^^^^^^^
[INFO] [stderr] 
[INFO] [stderr] warning: function `connect_vec` is never used
[INFO] [stderr]  --> tests/common/mqtt_commands_utils.rs:4:8
[INFO] [stderr]   |
[INFO] [stderr] 4 | pub fn connect_vec(connect_falgs_byte: u8, keep_alive: u16, client_identifier: String,) -> Vec<u8> {
[INFO] [stderr]   |        ^^^^^^^^^^^
[INFO] [stderr] 
[INFO] [stderr] warning: function `connack_vec` is never used
[INFO] [stderr]   --> tests/common/mqtt_commands_utils.rs:24:8
[INFO] [stderr]    |
[INFO] [stderr] 24 | pub fn connack_vec() -> Vec<u8> {
[INFO] [stderr]    |        ^^^^^^^^^^^
[INFO] [stderr] 
[INFO] [stderr] warning: function `convert_u16_to_two_u8s_be` is never used
[INFO] [stderr]   --> tests/common/mqtt_commands_utils.rs:28:4
[INFO] [stderr]    |
[INFO] [stderr] 28 | fn convert_u16_to_two_u8s_be(integer: u16) -> [u8; 2] {
[INFO] [stderr]    |    ^^^^^^^^^^^^^^^^^^^^^^^^^
[INFO] [stderr] 
[INFO] [stderr] warning: `mqtt_broker` (test "connection_tests") generated 6 warnings (run `cargo fix --test "connection_tests"` to apply 1 suggestion)
[INFO] [stderr] warning: `mqtt_broker` (test "publish_tests") generated 3 warnings (1 duplicate) (run `cargo fix --test "publish_tests"` to apply 2 suggestions)
[INFO] [stderr] warning: `mqtt_broker` (test "subscribe_tests") generated 4 warnings (2 duplicates) (run `cargo fix --test "subscribe_tests"` to apply 1 suggestion)
[INFO] [stderr] warning: `mqtt_broker` (test "keep_alive_tests") generated 19 warnings (5 duplicates) (run `cargo fix --test "keep_alive_tests"` to apply 6 suggestions)
[INFO] [stderr] warning: `mqtt_broker` (test "integration_test_connection") generated 9 warnings (9 duplicates)
[INFO] [stderr]     Finished `test` profile [unoptimized + debuginfo] target(s) in 0.09s
[INFO] [stderr]      Running unittests src/lib.rs (/opt/rustwide/target/debug/deps/mqtt_broker-ed01a13b2c525844)
[INFO] [stdout] 
[INFO] [stdout] running 0 tests
[INFO] [stdout] 
[INFO] [stdout] test result: ok. 0 passed; 0 failed; 0 ignored; 0 measured; 0 filtered out; finished in 0.00s
[INFO] [stdout] 
[INFO] [stderr]      Running unittests src/main.rs (/opt/rustwide/target/debug/deps/mqtt_broker-31c98dca196b9463)
[INFO] [stdout] 
[INFO] [stdout] running 0 tests
[INFO] [stdout] 
[INFO] [stdout] test result: ok. 0 passed; 0 failed; 0 ignored; 0 measured; 0 filtered out; finished in 0.00s
[INFO] [stdout] 
[INFO] [stderr]      Running tests/connection_tests.rs (/opt/rustwide/target/debug/deps/connection_tests-cbc4c95846ea8788)
[INFO] [stdout] 
[INFO] [stdout] running 2 tests
[INFO] [stdout] test connect_with_no_falgs_test ... FAILED
[INFO] [stdout] test connect_with_long_client_indetifier ... FAILED
[INFO] [stdout] 
[INFO] [stdout] failures:
[INFO] [stdout] 
[INFO] [stdout] ---- connect_with_no_falgs_test stdout ----
[INFO] [stdout] thread 'connect_with_no_falgs_test' panicked at tests/connection_tests.rs:16:60:
[INFO] [stdout] called `Result::unwrap()` on an `Err` value: Os { code: 111, kind: ConnectionRefused, message: "Connection refused" }
[INFO] [stdout] stack backtrace:
[INFO] [stdout]    0:     0x6072a8764daa - std::backtrace_rs::backtrace::libunwind::trace::h5a5b8284f2d0c266
[INFO] [stdout]                                at /rustc/90b35a6239c3d8bdabc530a6a0816f7ff89a0aaf/library/std/src/../../backtrace/src/backtrace/libunwind.rs:116:5
[INFO] [stdout]    1:     0x6072a8764daa - std::backtrace_rs::backtrace::trace_unsynchronized::h76d4f1c9b0b875e3
[INFO] [stdout]                                at /rustc/90b35a6239c3d8bdabc530a6a0816f7ff89a0aaf/library/std/src/../../backtrace/src/backtrace/mod.rs:66:5
[INFO] [stdout]    2:     0x6072a8764daa - std::sys::backtrace::_print_fmt::hc4546b8364a537c6
[INFO] [stdout]                                at /rustc/90b35a6239c3d8bdabc530a6a0816f7ff89a0aaf/library/std/src/sys/backtrace.rs:66:9
[INFO] [stdout]    3:     0x6072a8764daa - <std::sys::backtrace::BacktraceLock::print::DisplayBacktrace as core::fmt::Display>::fmt::h5b6bd5631a6d1f6b
[INFO] [stdout]                                at /rustc/90b35a6239c3d8bdabc530a6a0816f7ff89a0aaf/library/std/src/sys/backtrace.rs:39:26
[INFO] [stdout]    4:     0x6072a878cba3 - core::fmt::rt::Argument::fmt::h270f6602a2b96f62
[INFO] [stdout]                                at /rustc/90b35a6239c3d8bdabc530a6a0816f7ff89a0aaf/library/core/src/fmt/rt.rs:177:76
[INFO] [stdout]    5:     0x6072a878cba3 - core::fmt::write::h7550c97b06c86515
[INFO] [stdout]                                at /rustc/90b35a6239c3d8bdabc530a6a0816f7ff89a0aaf/library/core/src/fmt/mod.rs:1186:21
[INFO] [stdout]    6:     0x6072a8761683 - std::io::Write::write_fmt::h509ff860e5956e5e
[INFO] [stdout]                                at /rustc/90b35a6239c3d8bdabc530a6a0816f7ff89a0aaf/library/std/src/io/mod.rs:1839:15
[INFO] [stdout]    7:     0x6072a8764bf2 - std::sys::backtrace::BacktraceLock::print::h2395ccd2c84ba3aa
[INFO] [stdout]                                at /rustc/90b35a6239c3d8bdabc530a6a0816f7ff89a0aaf/library/std/src/sys/backtrace.rs:42:9
[INFO] [stdout]    8:     0x6072a876620a - std::panicking::default_hook::{{closure}}::he19d4c7230e07961
[INFO] [stdout]                                at /rustc/90b35a6239c3d8bdabc530a6a0816f7ff89a0aaf/library/std/src/panicking.rs:268:22
[INFO] [stdout]    9:     0x6072a8766014 - std::panicking::default_hook::hf614597d3c67bbdb
[INFO] [stdout]                                at /rustc/90b35a6239c3d8bdabc530a6a0816f7ff89a0aaf/library/std/src/panicking.rs:292:9
[INFO] [stderr] error: test failed, to rerun pass `--test connection_tests`
[INFO] [stdout]   10:     0x6072a86d2e69 - <alloc::boxed::Box<F,A> as core::ops::function::Fn<Args>>::call::h39b51ce4599c23d1
[INFO] [stdout]                                at /rustc/90b35a6239c3d8bdabc530a6a0816f7ff89a0aaf/library/alloc/src/boxed.rs:2468:9
[INFO] [stdout]   11:     0x6072a86d2e69 - test::test_main::{{closure}}::he977ae839a582784
[INFO] [stdout]                                at /rustc/90b35a6239c3d8bdabc530a6a0816f7ff89a0aaf/library/test/src/lib.rs:133:21
[INFO] [stdout]   12:     0x6072a87668a8 - <alloc::boxed::Box<F,A> as core::ops::function::Fn<Args>>::call::h9455091b6b06f9fb
[INFO] [stdout]                                at /rustc/90b35a6239c3d8bdabc530a6a0816f7ff89a0aaf/library/alloc/src/boxed.rs:2468:9
[INFO] [stdout]   13:     0x6072a87668a8 - std::panicking::rust_panic_with_hook::h8942133a8b252070
[INFO] [stdout]                                at /rustc/90b35a6239c3d8bdabc530a6a0816f7ff89a0aaf/library/std/src/panicking.rs:809:13
[INFO] [stdout]   14:     0x6072a876666a - std::panicking::begin_panic_handler::{{closure}}::hb5f5963570096b29
[INFO] [stdout]                                at /rustc/90b35a6239c3d8bdabc530a6a0816f7ff89a0aaf/library/std/src/panicking.rs:674:13
[INFO] [stdout]   15:     0x6072a8765289 - std::sys::backtrace::__rust_end_short_backtrace::h6208cedc1922feda
[INFO] [stdout]                                at /rustc/90b35a6239c3d8bdabc530a6a0816f7ff89a0aaf/library/std/src/sys/backtrace.rs:170:18
[INFO] [stdout]   16:     0x6072a87662fc - rust_begin_unwind
[INFO] [stdout]                                at /rustc/90b35a6239c3d8bdabc530a6a0816f7ff89a0aaf/library/std/src/panicking.rs:665:5
[INFO] [stdout]   17:     0x6072a86950a0 - core::panicking::panic_fmt::h0c3082644d1bf418
[INFO] [stdout]                                at /rustc/90b35a6239c3d8bdabc530a6a0816f7ff89a0aaf/library/core/src/panicking.rs:74:14
[INFO] [stdout]   18:     0x6072a8695526 - core::result::unwrap_failed::hd20b4aa073bda1e2
[INFO] [stdout]                                at /rustc/90b35a6239c3d8bdabc530a6a0816f7ff89a0aaf/library/core/src/result.rs:1700:5
[INFO] [stdout]   19:     0x6072a869a074 - core::result::Result<T,E>::unwrap::h3025c6dd9d392952
[INFO] [stdout]                                at /rustc/90b35a6239c3d8bdabc530a6a0816f7ff89a0aaf/library/core/src/result.rs:1104:23
[INFO] [stdout]   20:     0x6072a869a074 - connection_tests::connect_with_no_falgs_test::h221da498354aa293
[INFO] [stdout]                                at /opt/rustwide/workdir/tests/connection_tests.rs:16:22
[INFO] [stdout]   21:     0x6072a8699ff7 - connection_tests::connect_with_no_falgs_test::{{closure}}::h2bfadf90c79551c7
[INFO] [stdout]                                at /opt/rustwide/workdir/tests/connection_tests.rs:10:32
[INFO] [stdout]   22:     0x6072a8698036 - core::ops::function::FnOnce::call_once::hd3b4eae4c216f8b9
[INFO] [stdout]                                at /rustc/90b35a6239c3d8bdabc530a6a0816f7ff89a0aaf/library/core/src/ops/function.rs:250:5
[INFO] [stdout]   23:     0x6072a86d782b - core::ops::function::FnOnce::call_once::h109cf8051a59b34e
[INFO] [stdout]                                at /rustc/90b35a6239c3d8bdabc530a6a0816f7ff89a0aaf/library/core/src/ops/function.rs:250:5
[INFO] [stdout]   24:     0x6072a86d782b - test::__rust_begin_short_backtrace::hf4fff89d377446ba
[INFO] [stdout]                                at /rustc/90b35a6239c3d8bdabc530a6a0816f7ff89a0aaf/library/test/src/lib.rs:621:18
[INFO] [stdout]   25:     0x6072a86d7067 - test::run_test_in_process::{{closure}}::h0e39181dd7ee5a43
[INFO] [stdout]                                at /rustc/90b35a6239c3d8bdabc530a6a0816f7ff89a0aaf/library/test/src/lib.rs:644:60
[INFO] [stdout]   26:     0x6072a86d7067 - <core::panic::unwind_safe::AssertUnwindSafe<F> as core::ops::function::FnOnce<()>>::call_once::hc5a66a30f0bdfd1f
[INFO] [stdout]                                at /rustc/90b35a6239c3d8bdabc530a6a0816f7ff89a0aaf/library/core/src/panic/unwind_safe.rs:272:9
[INFO] [stdout]   27:     0x6072a86d7067 - std::panicking::try::do_call::h873b7cf639554a5e
[INFO] [stdout]                                at /rustc/90b35a6239c3d8bdabc530a6a0816f7ff89a0aaf/library/std/src/panicking.rs:557:40
[INFO] [stdout]   28:     0x6072a86d7067 - std::panicking::try::hdb19862fad9c8bd1
[INFO] [stdout]                                at /rustc/90b35a6239c3d8bdabc530a6a0816f7ff89a0aaf/library/std/src/panicking.rs:520:19
[INFO] [stdout]   29:     0x6072a86d7067 - std::panic::catch_unwind::h281fe732d236d260
[INFO] [stdout]                                at /rustc/90b35a6239c3d8bdabc530a6a0816f7ff89a0aaf/library/std/src/panic.rs:358:14
[INFO] [stdout]   30:     0x6072a86d7067 - test::run_test_in_process::h949b6df8457ed338
[INFO] [stdout]                                at /rustc/90b35a6239c3d8bdabc530a6a0816f7ff89a0aaf/library/test/src/lib.rs:644:27
[INFO] [stdout]   31:     0x6072a86d7067 - test::run_test::{{closure}}::h52c556a6d4740e10
[INFO] [stdout]                                at /rustc/90b35a6239c3d8bdabc530a6a0816f7ff89a0aaf/library/test/src/lib.rs:565:43
[INFO] [stdout]   32:     0x6072a869c344 - test::run_test::{{closure}}::h4237f6381c45ccb9
[INFO] [stdout]                                at /rustc/90b35a6239c3d8bdabc530a6a0816f7ff89a0aaf/library/test/src/lib.rs:595:41
[INFO] [stdout]   33:     0x6072a869c344 - std::sys::backtrace::__rust_begin_short_backtrace::h505c97a579eca628
[INFO] [stdout]                                at /rustc/90b35a6239c3d8bdabc530a6a0816f7ff89a0aaf/library/std/src/sys/backtrace.rs:154:18
[INFO] [stdout]   34:     0x6072a869fa0e - std::thread::Builder::spawn_unchecked_::{{closure}}::{{closure}}::h9e86b2e2bc107ea3
[INFO] [stdout]                                at /rustc/90b35a6239c3d8bdabc530a6a0816f7ff89a0aaf/library/std/src/thread/mod.rs:538:17
[INFO] [stdout]   35:     0x6072a869fa0e - <core::panic::unwind_safe::AssertUnwindSafe<F> as core::ops::function::FnOnce<()>>::call_once::h8b06ddb275ff4a25
[INFO] [stdout]                                at /rustc/90b35a6239c3d8bdabc530a6a0816f7ff89a0aaf/library/core/src/panic/unwind_safe.rs:272:9
[INFO] [stdout]   36:     0x6072a869fa0e - std::panicking::try::do_call::hb26ecd7cd9a9355d
[INFO] [stdout]                                at /rustc/90b35a6239c3d8bdabc530a6a0816f7ff89a0aaf/library/std/src/panicking.rs:557:40
[INFO] [stdout]   37:     0x6072a869fa0e - std::panicking::try::h8ddeca9d705f9069
[INFO] [stdout]                                at /rustc/90b35a6239c3d8bdabc530a6a0816f7ff89a0aaf/library/std/src/panicking.rs:520:19
[INFO] [stdout]   38:     0x6072a869fa0e - std::panic::catch_unwind::h49e1c33078844c46
[INFO] [stdout]                                at /rustc/90b35a6239c3d8bdabc530a6a0816f7ff89a0aaf/library/std/src/panic.rs:358:14
[INFO] [stdout]   39:     0x6072a869fa0e - std::thread::Builder::spawn_unchecked_::{{closure}}::h6073db6ff56ad35d
[INFO] [stdout]                                at /rustc/90b35a6239c3d8bdabc530a6a0816f7ff89a0aaf/library/std/src/thread/mod.rs:537:30
[INFO] [stdout]   40:     0x6072a869fa0e - core::ops::function::FnOnce::call_once{{vtable.shim}}::h2c5a5f3779c774f1
[INFO] [stdout]                                at /rustc/90b35a6239c3d8bdabc530a6a0816f7ff89a0aaf/library/core/src/ops/function.rs:250:5
[INFO] [stdout]   41:     0x6072a876a60b - <alloc::boxed::Box<F,A> as core::ops::function::FnOnce<Args>>::call_once::hf75717d9f28faebf
[INFO] [stdout]                                at /rustc/90b35a6239c3d8bdabc530a6a0816f7ff89a0aaf/library/alloc/src/boxed.rs:2454:9
[INFO] [stdout]   42:     0x6072a876a60b - <alloc::boxed::Box<F,A> as core::ops::function::FnOnce<Args>>::call_once::h7bd883a5f3c5f3c1
[INFO] [stdout]                                at /rustc/90b35a6239c3d8bdabc530a6a0816f7ff89a0aaf/library/alloc/src/boxed.rs:2454:9
[INFO] [stdout]   43:     0x6072a876a60b - std::sys::pal::unix::thread::Thread::new::thread_start::hcc78f3943333fa94
[INFO] [stdout]                                at /rustc/90b35a6239c3d8bdabc530a6a0816f7ff89a0aaf/library/std/src/sys/pal/unix/thread.rs:105:17
[INFO] [stdout]   44:     0x712944270ac3 - <unknown>
[INFO] [stdout]   45:     0x712944301a04 - clone
[INFO] [stdout]   46:                0x0 - <unknown>
[INFO] [stdout] 
[INFO] [stdout] ---- connect_with_long_client_indetifier stdout ----
[INFO] [stdout] thread 'connect_with_long_client_indetifier' panicked at tests/connection_tests.rs:40:60:
[INFO] [stdout] called `Result::unwrap()` on an `Err` value: Os { code: 111, kind: ConnectionRefused, message: "Connection refused" }
[INFO] [stdout] stack backtrace:
[INFO] [stdout]    0:     0x6072a8764daa - std::backtrace_rs::backtrace::libunwind::trace::h5a5b8284f2d0c266
[INFO] [stdout]                                at /rustc/90b35a6239c3d8bdabc530a6a0816f7ff89a0aaf/library/std/src/../../backtrace/src/backtrace/libunwind.rs:116:5
[INFO] [stdout]    1:     0x6072a8764daa - std::backtrace_rs::backtrace::trace_unsynchronized::h76d4f1c9b0b875e3
[INFO] [stdout]                                at /rustc/90b35a6239c3d8bdabc530a6a0816f7ff89a0aaf/library/std/src/../../backtrace/src/backtrace/mod.rs:66:5
[INFO] [stdout]    2:     0x6072a8764daa - std::sys::backtrace::_print_fmt::hc4546b8364a537c6
[INFO] [stdout]                                at /rustc/90b35a6239c3d8bdabc530a6a0816f7ff89a0aaf/library/std/src/sys/backtrace.rs:66:9
[INFO] [stdout]    3:     0x6072a8764daa - <std::sys::backtrace::BacktraceLock::print::DisplayBacktrace as core::fmt::Display>::fmt::h5b6bd5631a6d1f6b
[INFO] [stdout]                                at /rustc/90b35a6239c3d8bdabc530a6a0816f7ff89a0aaf/library/std/src/sys/backtrace.rs:39:26
[INFO] [stdout]    4:     0x6072a878cba3 - core::fmt::rt::Argument::fmt::h270f6602a2b96f62
[INFO] [stdout]                                at /rustc/90b35a6239c3d8bdabc530a6a0816f7ff89a0aaf/library/core/src/fmt/rt.rs:177:76
[INFO] [stdout]    5:     0x6072a878cba3 - core::fmt::write::h7550c97b06c86515
[INFO] [stdout]                                at /rustc/90b35a6239c3d8bdabc530a6a0816f7ff89a0aaf/library/core/src/fmt/mod.rs:1186:21
[INFO] [stdout]    6:     0x6072a8761683 - std::io::Write::write_fmt::h509ff860e5956e5e
[INFO] [stdout]                                at /rustc/90b35a6239c3d8bdabc530a6a0816f7ff89a0aaf/library/std/src/io/mod.rs:1839:15
[INFO] [stdout]    7:     0x6072a8764bf2 - std::sys::backtrace::BacktraceLock::print::h2395ccd2c84ba3aa
[INFO] [stdout]                                at /rustc/90b35a6239c3d8bdabc530a6a0816f7ff89a0aaf/library/std/src/sys/backtrace.rs:42:9
[INFO] [stdout]    8:     0x6072a876620a - std::panicking::default_hook::{{closure}}::he19d4c7230e07961
[INFO] [stdout]                                at /rustc/90b35a6239c3d8bdabc530a6a0816f7ff89a0aaf/library/std/src/panicking.rs:268:22
[INFO] [stdout]    9:     0x6072a8766014 - std::panicking::default_hook::hf614597d3c67bbdb
[INFO] [stdout]                                at /rustc/90b35a6239c3d8bdabc530a6a0816f7ff89a0aaf/library/std/src/panicking.rs:292:9
[INFO] [stdout]   10:     0x6072a86d2e69 - <alloc::boxed::Box<F,A> as core::ops::function::Fn<Args>>::call::h39b51ce4599c23d1
[INFO] [stdout]                                at /rustc/90b35a6239c3d8bdabc530a6a0816f7ff89a0aaf/library/alloc/src/boxed.rs:2468:9
[INFO] [stdout]   11:     0x6072a86d2e69 - test::test_main::{{closure}}::he977ae839a582784
[INFO] [stdout]                                at /rustc/90b35a6239c3d8bdabc530a6a0816f7ff89a0aaf/library/test/src/lib.rs:133:21
[INFO] [stdout]   12:     0x6072a87668a8 - <alloc::boxed::Box<F,A> as core::ops::function::Fn<Args>>::call::h9455091b6b06f9fb
[INFO] [stdout]                                at /rustc/90b35a6239c3d8bdabc530a6a0816f7ff89a0aaf/library/alloc/src/boxed.rs:2468:9
[INFO] [stdout]   13:     0x6072a87668a8 - std::panicking::rust_panic_with_hook::h8942133a8b252070
[INFO] [stdout]                                at /rustc/90b35a6239c3d8bdabc530a6a0816f7ff89a0aaf/library/std/src/panicking.rs:809:13
[INFO] [stdout]   14:     0x6072a876666a - std::panicking::begin_panic_handler::{{closure}}::hb5f5963570096b29
[INFO] [stdout]                                at /rustc/90b35a6239c3d8bdabc530a6a0816f7ff89a0aaf/library/std/src/panicking.rs:674:13
[INFO] [stdout]   15:     0x6072a8765289 - std::sys::backtrace::__rust_end_short_backtrace::h6208cedc1922feda
[INFO] [stdout]                                at /rustc/90b35a6239c3d8bdabc530a6a0816f7ff89a0aaf/library/std/src/sys/backtrace.rs:170:18
[INFO] [stdout]   16:     0x6072a87662fc - rust_begin_unwind
[INFO] [stdout]                                at /rustc/90b35a6239c3d8bdabc530a6a0816f7ff89a0aaf/library/std/src/panicking.rs:665:5
[INFO] [stdout]   17:     0x6072a86950a0 - core::panicking::panic_fmt::h0c3082644d1bf418
[INFO] [stdout]                                at /rustc/90b35a6239c3d8bdabc530a6a0816f7ff89a0aaf/library/core/src/panicking.rs:74:14
[INFO] [stdout]   18:     0x6072a8695526 - core::result::unwrap_failed::hd20b4aa073bda1e2
[INFO] [stdout]                                at /rustc/90b35a6239c3d8bdabc530a6a0816f7ff89a0aaf/library/core/src/result.rs:1700:5
[INFO] [stdout]   19:     0x6072a869a614 - core::result::Result<T,E>::unwrap::h3025c6dd9d392952
[INFO] [stdout]                                at /rustc/90b35a6239c3d8bdabc530a6a0816f7ff89a0aaf/library/core/src/result.rs:1104:23
[INFO] [stdout]   20:     0x6072a869a614 - connection_tests::connect_with_long_client_indetifier::hd82beacfb0ea6361
[INFO] [stdout]                                at /opt/rustwide/workdir/tests/connection_tests.rs:40:22
[INFO] [stdout]   21:     0x6072a869a597 - connection_tests::connect_with_long_client_indetifier::{{closure}}::h5bb0aa3773b5ed56
[INFO] [stdout]                                at /opt/rustwide/workdir/tests/connection_tests.rs:35:41
[INFO] [stdout]   22:     0x6072a8697f36 - core::ops::function::FnOnce::call_once::h5eb6d155e422c85e
[INFO] [stdout]                                at /rustc/90b35a6239c3d8bdabc530a6a0816f7ff89a0aaf/library/core/src/ops/function.rs:250:5
[INFO] [stdout]   23:     0x6072a86d782b - core::ops::function::FnOnce::call_once::h109cf8051a59b34e
[INFO] [stdout]                                at /rustc/90b35a6239c3d8bdabc530a6a0816f7ff89a0aaf/library/core/src/ops/function.rs:250:5
[INFO] [stdout]   24:     0x6072a86d782b - test::__rust_begin_short_backtrace::hf4fff89d377446ba
[INFO] [stdout]                                at /rustc/90b35a6239c3d8bdabc530a6a0816f7ff89a0aaf/library/test/src/lib.rs:621:18
[INFO] [stdout]   25:     0x6072a86d7067 - test::run_test_in_process::{{closure}}::h0e39181dd7ee5a43
[INFO] [stdout]                                at /rustc/90b35a6239c3d8bdabc530a6a0816f7ff89a0aaf/library/test/src/lib.rs:644:60
[INFO] [stdout]   26:     0x6072a86d7067 - <core::panic::unwind_safe::AssertUnwindSafe<F> as core::ops::function::FnOnce<()>>::call_once::hc5a66a30f0bdfd1f
[INFO] [stdout]                                at /rustc/90b35a6239c3d8bdabc530a6a0816f7ff89a0aaf/library/core/src/panic/unwind_safe.rs:272:9
[INFO] [stdout]   27:     0x6072a86d7067 - std::panicking::try::do_call::h873b7cf639554a5e
[INFO] [stdout]                                at /rustc/90b35a6239c3d8bdabc530a6a0816f7ff89a0aaf/library/std/src/panicking.rs:557:40
[INFO] [stdout]   28:     0x6072a86d7067 - std::panicking::try::hdb19862fad9c8bd1
[INFO] [stdout]                                at /rustc/90b35a6239c3d8bdabc530a6a0816f7ff89a0aaf/library/std/src/panicking.rs:520:19
[INFO] [stdout]   29:     0x6072a86d7067 - std::panic::catch_unwind::h281fe732d236d260
[INFO] [stdout]                                at /rustc/90b35a6239c3d8bdabc530a6a0816f7ff89a0aaf/library/std/src/panic.rs:358:14
[INFO] [stdout]   30:     0x6072a86d7067 - test::run_test_in_process::h949b6df8457ed338
[INFO] [stdout]                                at /rustc/90b35a6239c3d8bdabc530a6a0816f7ff89a0aaf/library/test/src/lib.rs:644:27
[INFO] [stdout]   31:     0x6072a86d7067 - test::run_test::{{closure}}::h52c556a6d4740e10
[INFO] [stdout]                                at /rustc/90b35a6239c3d8bdabc530a6a0816f7ff89a0aaf/library/test/src/lib.rs:565:43
[INFO] [stdout]   32:     0x6072a869c344 - test::run_test::{{closure}}::h4237f6381c45ccb9
[INFO] [stdout]                                at /rustc/90b35a6239c3d8bdabc530a6a0816f7ff89a0aaf/library/test/src/lib.rs:595:41
[INFO] [stdout]   33:     0x6072a869c344 - std::sys::backtrace::__rust_begin_short_backtrace::h505c97a579eca628
[INFO] [stdout]                                at /rustc/90b35a6239c3d8bdabc530a6a0816f7ff89a0aaf/library/std/src/sys/backtrace.rs:154:18
[INFO] [stdout]   34:     0x6072a869fa0e - std::thread::Builder::spawn_unchecked_::{{closure}}::{{closure}}::h9e86b2e2bc107ea3
[INFO] [stdout]                                at /rustc/90b35a6239c3d8bdabc530a6a0816f7ff89a0aaf/library/std/src/thread/mod.rs:538:17
[INFO] [stdout]   35:     0x6072a869fa0e - <core::panic::unwind_safe::AssertUnwindSafe<F> as core::ops::function::FnOnce<()>>::call_once::h8b06ddb275ff4a25
[INFO] [stdout]                                at /rustc/90b35a6239c3d8bdabc530a6a0816f7ff89a0aaf/library/core/src/panic/unwind_safe.rs:272:9
[INFO] [stdout]   36:     0x6072a869fa0e - std::panicking::try::do_call::hb26ecd7cd9a9355d
[INFO] [stdout]                                at /rustc/90b35a6239c3d8bdabc530a6a0816f7ff89a0aaf/library/std/src/panicking.rs:557:40
[INFO] [stdout]   37:     0x6072a869fa0e - std::panicking::try::h8ddeca9d705f9069
[INFO] [stdout]                                at /rustc/90b35a6239c3d8bdabc530a6a0816f7ff89a0aaf/library/std/src/panicking.rs:520:19
[INFO] [stdout]   38:     0x6072a869fa0e - std::panic::catch_unwind::h49e1c33078844c46
[INFO] [stdout]                                at /rustc/90b35a6239c3d8bdabc530a6a0816f7ff89a0aaf/library/std/src/panic.rs:358:14
[INFO] [stdout]   39:     0x6072a869fa0e - std::thread::Builder::spawn_unchecked_::{{closure}}::h6073db6ff56ad35d
[INFO] [stdout]                                at /rustc/90b35a6239c3d8bdabc530a6a0816f7ff89a0aaf/library/std/src/thread/mod.rs:537:30
[INFO] [stdout]   40:     0x6072a869fa0e - core::ops::function::FnOnce::call_once{{vtable.shim}}::h2c5a5f3779c774f1
[INFO] [stdout]                                at /rustc/90b35a6239c3d8bdabc530a6a0816f7ff89a0aaf/library/core/src/ops/function.rs:250:5
[INFO] [stdout]   41:     0x6072a876a60b - <alloc::boxed::Box<F,A> as core::ops::function::FnOnce<Args>>::call_once::hf75717d9f28faebf
[INFO] [stdout]                                at /rustc/90b35a6239c3d8bdabc530a6a0816f7ff89a0aaf/library/alloc/src/boxed.rs:2454:9
[INFO] [stdout]   42:     0x6072a876a60b - <alloc::boxed::Box<F,A> as core::ops::function::FnOnce<Args>>::call_once::h7bd883a5f3c5f3c1
[INFO] [stdout]                                at /rustc/90b35a6239c3d8bdabc530a6a0816f7ff89a0aaf/library/alloc/src/boxed.rs:2454:9
[INFO] [stdout]   43:     0x6072a876a60b - std::sys::pal::unix::thread::Thread::new::thread_start::hcc78f3943333fa94
[INFO] [stdout]                                at /rustc/90b35a6239c3d8bdabc530a6a0816f7ff89a0aaf/library/std/src/sys/pal/unix/thread.rs:105:17
[INFO] [stdout]   44:     0x712944270ac3 - <unknown>
[INFO] [stdout]   45:     0x712944301a04 - clone
[INFO] [stdout]   46:                0x0 - <unknown>
[INFO] [stdout] 
[INFO] [stdout] 
[INFO] [stdout] failures:
[INFO] [stdout]     connect_with_long_client_indetifier
[INFO] [stdout]     connect_with_no_falgs_test
[INFO] [stdout] 
[INFO] [stdout] test result: FAILED. 0 passed; 2 failed; 0 ignored; 0 measured; 0 filtered out; finished in 0.05s
[INFO] [stdout] 
[INFO] running `Command { std: "docker" "inspect" "a840652f86f2eb7105d6f04e86bafbaff08a770e3c2598f28082818606a5495a", kill_on_drop: false }`
[INFO] running `Command { std: "docker" "rm" "-f" "a840652f86f2eb7105d6f04e86bafbaff08a770e3c2598f28082818606a5495a", kill_on_drop: false }`
[INFO] [stdout] a840652f86f2eb7105d6f04e86bafbaff08a770e3c2598f28082818606a5495a
