[INFO] cloning repository https://github.com/Skythrill256/rdb
[INFO] running `Command { std: "git" "-c" "credential.helper=" "-c" "credential.helper=/workspace/cargo-home/bin/git-credential-null" "clone" "--bare" "https://github.com/Skythrill256/rdb" "/workspace/cache/git-repos/https%3A%2F%2Fgithub.com%2FSkythrill256%2Frdb", kill_on_drop: false }`
[INFO] [stderr] Cloning into bare repository '/workspace/cache/git-repos/https%3A%2F%2Fgithub.com%2FSkythrill256%2Frdb'...
[INFO] running `Command { std: "git" "rev-parse" "HEAD", kill_on_drop: false }`
[INFO] [stdout] b6b1e490101a6a7ba25bbede2072a24385bb1669
[INFO] testing Skythrill256/rdb against 1.83.0 for beta-1.84.0-4-retry
[INFO] running `Command { std: "git" "clone" "/workspace/cache/git-repos/https%3A%2F%2Fgithub.com%2FSkythrill256%2Frdb" "/workspace/builds/worker-1-tc1/source", kill_on_drop: false }`
[INFO] [stderr] Cloning into '/workspace/builds/worker-1-tc1/source'...
[INFO] [stderr] done.
[INFO] validating manifest of git repo https://github.com/Skythrill256/rdb on toolchain 1.83.0
[INFO] running `Command { std: CARGO_HOME="/workspace/cargo-home" RUSTUP_HOME="/workspace/rustup-home" "/workspace/cargo-home/bin/cargo" "+1.83.0" "metadata" "--manifest-path" "Cargo.toml" "--no-deps", kill_on_drop: false }`
[INFO] removed /workspace/builds/worker-1-tc1/source/rust-toolchain.toml
[INFO] started tweaking git repo https://github.com/Skythrill256/rdb
[INFO] finished tweaking git repo https://github.com/Skythrill256/rdb
[INFO] tweaked toml for git repo https://github.com/Skythrill256/rdb written to /workspace/builds/worker-1-tc1/source/Cargo.toml
[INFO] crate git repo https://github.com/Skythrill256/rdb already has a lockfile, it will not be regenerated
[INFO] running `Command { std: CARGO_HOME="/workspace/cargo-home" RUSTUP_HOME="/workspace/rustup-home" "/workspace/cargo-home/bin/cargo" "+1.83.0" "fetch" "--manifest-path" "Cargo.toml", kill_on_drop: false }`
[INFO] [stderr] warning: virtual workspace defaulting to `resolver = "1"` despite one or more workspace members being on edition 2021 which implies `resolver = "2"`
[INFO] [stderr] note: to keep the current resolver, specify `workspace.resolver = "1"` in the workspace root's manifest
[INFO] [stderr] note: to use the edition 2021 resolver, specify `workspace.resolver = "2"` in the workspace root's manifest
[INFO] [stderr] note: for more details see https://doc.rust-lang.org/cargo/reference/resolver.html#resolver-versions
[INFO] [stderr] warning: /workspace/builds/worker-1-tc1/source/Cargo.toml: unused manifest key: name
[INFO] [stderr]  Downloading crates ...
[INFO] [stderr]   Downloaded tabled_derive v0.5.0
[INFO] [stderr]   Downloaded papergrid v0.7.1
[INFO] [stderr]   Downloaded miette-derive v5.5.0
[INFO] [stderr]   Downloaded brownstone v3.0.0
[INFO] [stderr]   Downloaded nom_locate v4.0.0
[INFO] [stderr]   Downloaded bigdecimal v0.3.0
[INFO] [stderr]   Downloaded nom-supreme v0.8.0
[INFO] [stderr]   Downloaded miette v5.5.0
[INFO] [stderr]   Downloaded tabled v0.10.0
[INFO] running `Command { std: "docker" "create" "-v" "/var/lib/crater-agent-workspace/builds/worker-1-tc1/target:/opt/rustwide/target:rw,Z" "-v" "/var/lib/crater-agent-workspace/builds/worker-1-tc1/source:/opt/rustwide/workdir:ro,Z" "-v" "/var/lib/crater-agent-workspace/cargo-home:/opt/rustwide/cargo-home:ro,Z" "-v" "/var/lib/crater-agent-workspace/rustup-home:/opt/rustwide/rustup-home:ro,Z" "-e" "SOURCE_DIR=/opt/rustwide/workdir" "-e" "CARGO_TARGET_DIR=/opt/rustwide/target" "-e" "CARGO_HOME=/opt/rustwide/cargo-home" "-e" "RUSTUP_HOME=/opt/rustwide/rustup-home" "-w" "/opt/rustwide/workdir" "-m" "1610612736" "--user" "0:0" "--network" "none" "ghcr.io/rust-lang/crates-build-env/linux@sha256:f3a9d4ad9d972b27faf3965f35b62e55ba32bbce8f20bc8fe909558a86702fde" "/opt/rustwide/cargo-home/bin/cargo" "+1.83.0" "metadata" "--no-deps" "--format-version=1", kill_on_drop: false }`
[INFO] [stdout] 03d76b5a3dd33b2fd45839e9a59ce51af6a48fe2c6ab232aa1834befa94b16bb
[INFO] running `Command { std: "docker" "start" "-a" "03d76b5a3dd33b2fd45839e9a59ce51af6a48fe2c6ab232aa1834befa94b16bb", kill_on_drop: false }`
[INFO] running `Command { std: "docker" "inspect" "03d76b5a3dd33b2fd45839e9a59ce51af6a48fe2c6ab232aa1834befa94b16bb", kill_on_drop: false }`
[INFO] running `Command { std: "docker" "rm" "-f" "03d76b5a3dd33b2fd45839e9a59ce51af6a48fe2c6ab232aa1834befa94b16bb", kill_on_drop: false }`
[INFO] [stdout] 03d76b5a3dd33b2fd45839e9a59ce51af6a48fe2c6ab232aa1834befa94b16bb
[INFO] running `Command { std: "docker" "create" "-v" "/var/lib/crater-agent-workspace/builds/worker-1-tc1/target:/opt/rustwide/target:rw,Z" "-v" "/var/lib/crater-agent-workspace/builds/worker-1-tc1/source:/opt/rustwide/workdir:ro,Z" "-v" "/var/lib/crater-agent-workspace/cargo-home:/opt/rustwide/cargo-home:ro,Z" "-v" "/var/lib/crater-agent-workspace/rustup-home:/opt/rustwide/rustup-home:ro,Z" "-e" "SOURCE_DIR=/opt/rustwide/workdir" "-e" "CARGO_TARGET_DIR=/opt/rustwide/target" "-e" "CARGO_INCREMENTAL=0" "-e" "RUST_BACKTRACE=full" "-e" "RUSTFLAGS=--cap-lints=warn" "-e" "RUSTDOCFLAGS=--cap-lints=warn" "-e" "CARGO_HOME=/opt/rustwide/cargo-home" "-e" "RUSTUP_HOME=/opt/rustwide/rustup-home" "-w" "/opt/rustwide/workdir" "-m" "1610612736" "--user" "0:0" "--network" "none" "ghcr.io/rust-lang/crates-build-env/linux@sha256:f3a9d4ad9d972b27faf3965f35b62e55ba32bbce8f20bc8fe909558a86702fde" "/opt/rustwide/cargo-home/bin/cargo" "+1.83.0" "build" "--frozen" "--message-format=json", kill_on_drop: false }`
[INFO] [stdout] 2f5b0362c2f679f144246c4b482c094d3234e5bb12fe548961383ddde6f35072
[INFO] running `Command { std: "docker" "start" "-a" "2f5b0362c2f679f144246c4b482c094d3234e5bb12fe548961383ddde6f35072", kill_on_drop: false }`
[INFO] [stderr] warning: virtual workspace defaulting to `resolver = "1"` despite one or more workspace members being on edition 2021 which implies `resolver = "2"`
[INFO] [stderr] note: to keep the current resolver, specify `workspace.resolver = "1"` in the workspace root's manifest
[INFO] [stderr] note: to use the edition 2021 resolver, specify `workspace.resolver = "2"` in the workspace root's manifest
[INFO] [stderr] note: for more details see https://doc.rust-lang.org/cargo/reference/resolver.html#resolver-versions
[INFO] [stderr] warning: /opt/rustwide/workdir/Cargo.toml: unused manifest key: name
[INFO] [stderr]    Compiling libc v0.2.138
[INFO] [stderr]    Compiling proc-macro2 v1.0.49
[INFO] [stderr]    Compiling unicode-ident v1.0.6
[INFO] [stderr]    Compiling version_check v0.9.4
[INFO] [stderr]    Compiling quote v1.0.23
[INFO] [stderr]    Compiling memchr v2.5.0
[INFO] [stderr]    Compiling syn v1.0.107
[INFO] [stderr]    Compiling cfg-if v1.0.0
[INFO] [stderr]    Compiling autocfg v1.1.0
[INFO] [stderr]    Compiling once_cell v1.16.0
[INFO] [stderr]    Compiling regex-syntax v0.6.28
[INFO] [stderr]    Compiling unicode-width v0.1.10
[INFO] [stderr]    Compiling cc v1.0.78
[INFO] [stderr]    Compiling serde_derive v1.0.151
[INFO] [stderr]    Compiling gimli v0.27.0
[INFO] [stderr]    Compiling adler v1.0.2
[INFO] [stderr]    Compiling io-lifetimes v1.0.3
[INFO] [stderr]    Compiling serde v1.0.151
[INFO] [stderr]    Compiling bytecount v0.6.3
[INFO] [stderr]    Compiling thiserror v1.0.38
[INFO] [stderr]    Compiling minimal-lexical v0.2.1
[INFO] [stderr]    Compiling miniz_oxide v0.6.2
[INFO] [stderr]    Compiling smawk v0.3.1
[INFO] [stderr]    Compiling rustix v0.36.5
[INFO] [stderr]    Compiling bitflags v1.3.2
[INFO] [stderr]    Compiling rustc-demangle v0.1.21
[INFO] [stderr]    Compiling arrayvec v0.7.2
[INFO] [stderr]    Compiling is_ci v1.1.1
[INFO] [stderr]    Compiling ahash v0.7.6
[INFO] [stderr]    Compiling proc-macro-error-attr v1.0.4
[INFO] [stderr]    Compiling proc-macro-error v1.0.4
[INFO] [stderr]    Compiling aho-corasick v0.7.20
[INFO] [stderr]    Compiling object v0.30.0
[INFO] [stderr]    Compiling num-traits v0.2.15
[INFO] [stderr]    Compiling num-integer v0.1.45
[INFO] [stderr]    Compiling num-bigint v0.4.3
[INFO] [stderr]    Compiling nom v7.1.1
[INFO] [stderr]    Compiling brownstone v3.0.0
[INFO] [stderr]    Compiling log v0.4.17
[INFO] [stderr]    Compiling indent_write v2.2.0
[INFO] [stderr]    Compiling joinery v2.1.0
[INFO] [stderr]    Compiling linux-raw-sys v0.1.4
[INFO] [stderr]    Compiling convert_case v0.4.0
[INFO] [stderr]    Compiling owo-colors v3.5.0
[INFO] [stderr]    Compiling smallvec v1.10.0
[INFO] [stderr]    Compiling static_assertions v1.1.0
[INFO] [stderr]    Compiling nibble_vec v0.1.0
[INFO] [stderr]    Compiling heck v0.4.0
[INFO] [stderr]    Compiling fnv v1.0.7
[INFO] [stderr]    Compiling endian-type v0.1.2
[INFO] [stderr]    Compiling backtrace v0.3.67
[INFO] [stderr]    Compiling papergrid v0.7.1
[INFO] [stderr]    Compiling radix_trie v0.2.1
[INFO] [stderr]    Compiling utf8parse v0.2.0
[INFO] [stderr]    Compiling unicode-segmentation v1.10.0
[INFO] [stderr]    Compiling addr2line v0.19.0
[INFO] [stderr]    Compiling getrandom v0.2.8
[INFO] [stderr]    Compiling atty v0.2.14
[INFO] [stderr]    Compiling terminal_size v0.1.17
[INFO] [stderr]    Compiling dirs-sys-next v0.1.2
[INFO] [stderr]    Compiling nix v0.26.2
[INFO] [stderr]    Compiling supports-unicode v1.0.2
[INFO] [stderr]    Compiling supports-color v1.3.1
[INFO] [stderr]    Compiling supports-hyperlinks v1.2.0
[INFO] [stderr]    Compiling dirs-next v2.0.0
[INFO] [stderr]    Compiling regex v1.7.0
[INFO] [stderr]    Compiling hashbrown v0.12.3
[INFO] [stderr]    Compiling nom-supreme v0.8.0
[INFO] [stderr]    Compiling nom_locate v4.0.0
[INFO] [stderr]    Compiling fd-lock v3.0.8
[INFO] [stderr]    Compiling unicode-linebreak v0.1.4
[INFO] [stderr]    Compiling thiserror-impl v1.0.38
[INFO] [stderr]    Compiling miette-derive v5.5.0
[INFO] [stderr]    Compiling derive_more v0.99.17
[INFO] [stderr]    Compiling rustyline-derive v0.8.0
[INFO] [stderr]    Compiling tabled_derive v0.5.0
[INFO] [stderr]    Compiling rustyline v11.0.0
[INFO] [stderr]    Compiling tabled v0.10.0
[INFO] [stderr]    Compiling textwrap v0.15.2
[INFO] [stderr]    Compiling miette v5.5.0
[INFO] [stderr]    Compiling bigdecimal v0.3.0
[INFO] [stderr]    Compiling parser v0.0.1 (/opt/rustwide/workdir/crates/parser)
[INFO] [stderr]    Compiling core v0.0.1 (/opt/rustwide/workdir/crates/core)
[INFO] [stdout] warning: elided lifetime has a name
[INFO] [stdout]   --> crates/core/src/lib.rs:72:17
[INFO] [stdout]    |
[INFO] [stdout] 69 |     pub fn parse_multiple_and_run<'a>(
[INFO] [stdout]    |                                   -- lifetime `'a` declared here
[INFO] [stdout] ...
[INFO] [stdout] 72 |     ) -> Result<ExecResponse, SQLError<'a>> {
[INFO] [stdout]    |                 ^^^^^^^^^^^^ this elided lifetime gets resolved as `'a`
[INFO] [stdout]    |
[INFO] [stdout]    = note: `#[warn(elided_named_lifetimes)]` on by default
[INFO] [stdout] 
[INFO] [stdout] 
[INFO] [stdout] warning: struct `SelectResponse` is never constructed
[INFO] [stdout]   --> crates/core/src/table.rs:41:12
[INFO] [stdout]    |
[INFO] [stdout] 41 | pub struct SelectResponse<'a> {
[INFO] [stdout]    |            ^^^^^^^^^^^^^^
[INFO] [stdout]    |
[INFO] [stdout]    = note: `SelectResponse` has a derived impl for the trait `Debug`, but this is intentionally ignored during dead code analysis
[INFO] [stdout]    = note: `#[warn(dead_code)]` on by default
[INFO] [stdout] 
[INFO] [stdout] 
[INFO] [stderr]    Compiling repl v0.0.1 (/opt/rustwide/workdir/crates/repl)
[INFO] [stderr]     Finished `dev` profile [unoptimized + debuginfo] target(s) in 40.83s
[INFO] running `Command { std: "docker" "inspect" "2f5b0362c2f679f144246c4b482c094d3234e5bb12fe548961383ddde6f35072", kill_on_drop: false }`
[INFO] running `Command { std: "docker" "rm" "-f" "2f5b0362c2f679f144246c4b482c094d3234e5bb12fe548961383ddde6f35072", kill_on_drop: false }`
[INFO] [stdout] 2f5b0362c2f679f144246c4b482c094d3234e5bb12fe548961383ddde6f35072
[INFO] running `Command { std: "docker" "create" "-v" "/var/lib/crater-agent-workspace/builds/worker-1-tc1/target:/opt/rustwide/target:rw,Z" "-v" "/var/lib/crater-agent-workspace/builds/worker-1-tc1/source:/opt/rustwide/workdir:ro,Z" "-v" "/var/lib/crater-agent-workspace/cargo-home:/opt/rustwide/cargo-home:ro,Z" "-v" "/var/lib/crater-agent-workspace/rustup-home:/opt/rustwide/rustup-home:ro,Z" "-e" "SOURCE_DIR=/opt/rustwide/workdir" "-e" "CARGO_TARGET_DIR=/opt/rustwide/target" "-e" "CARGO_INCREMENTAL=0" "-e" "RUST_BACKTRACE=full" "-e" "RUSTFLAGS=--cap-lints=warn" "-e" "RUSTDOCFLAGS=--cap-lints=warn" "-e" "CARGO_HOME=/opt/rustwide/cargo-home" "-e" "RUSTUP_HOME=/opt/rustwide/rustup-home" "-w" "/opt/rustwide/workdir" "-m" "1610612736" "--user" "0:0" "--network" "none" "ghcr.io/rust-lang/crates-build-env/linux@sha256:f3a9d4ad9d972b27faf3965f35b62e55ba32bbce8f20bc8fe909558a86702fde" "/opt/rustwide/cargo-home/bin/cargo" "+1.83.0" "test" "--frozen" "--no-run" "--message-format=json", kill_on_drop: false }`
[INFO] [stdout] e9ec320d7c8b3baeb3b97598b8be88969eedbad697fa01644d963126bd373b12
[INFO] running `Command { std: "docker" "start" "-a" "e9ec320d7c8b3baeb3b97598b8be88969eedbad697fa01644d963126bd373b12", kill_on_drop: false }`
[INFO] [stderr] warning: virtual workspace defaulting to `resolver = "1"` despite one or more workspace members being on edition 2021 which implies `resolver = "2"`
[INFO] [stderr] note: to keep the current resolver, specify `workspace.resolver = "1"` in the workspace root's manifest
[INFO] [stderr] note: to use the edition 2021 resolver, specify `workspace.resolver = "2"` in the workspace root's manifest
[INFO] [stderr] note: for more details see https://doc.rust-lang.org/cargo/reference/resolver.html#resolver-versions
[INFO] [stderr] warning: /opt/rustwide/workdir/Cargo.toml: unused manifest key: name
[INFO] [stderr]    Compiling parser v0.0.1 (/opt/rustwide/workdir/crates/parser)
[INFO] [stderr]    Compiling core v0.0.1 (/opt/rustwide/workdir/crates/core)
[INFO] [stdout] warning: elided lifetime has a name
[INFO] [stdout]   --> crates/core/src/lib.rs:72:17
[INFO] [stdout]    |
[INFO] [stdout] 69 |     pub fn parse_multiple_and_run<'a>(
[INFO] [stdout]    |                                   -- lifetime `'a` declared here
[INFO] [stdout] ...
[INFO] [stdout] 72 |     ) -> Result<ExecResponse, SQLError<'a>> {
[INFO] [stdout]    |                 ^^^^^^^^^^^^ this elided lifetime gets resolved as `'a`
[INFO] [stdout]    |
[INFO] [stdout]    = note: `#[warn(elided_named_lifetimes)]` on by default
[INFO] [stdout] 
[INFO] [stdout] 
[INFO] [stdout] warning: struct `SelectResponse` is never constructed
[INFO] [stdout]   --> crates/core/src/table.rs:41:12
[INFO] [stdout]    |
[INFO] [stdout] 41 | pub struct SelectResponse<'a> {
[INFO] [stdout]    |            ^^^^^^^^^^^^^^
[INFO] [stdout]    |
[INFO] [stdout]    = note: `SelectResponse` has a derived impl for the trait `Debug`, but this is intentionally ignored during dead code analysis
[INFO] [stdout]    = note: `#[warn(dead_code)]` on by default
[INFO] [stdout] 
[INFO] [stdout] 
[INFO] [stderr]    Compiling repl v0.0.1 (/opt/rustwide/workdir/crates/repl)
[INFO] [stdout] warning: elided lifetime has a name
[INFO] [stdout]   --> crates/core/src/lib.rs:72:17
[INFO] [stdout]    |
[INFO] [stdout] 69 |     pub fn parse_multiple_and_run<'a>(
[INFO] [stdout]    |                                   -- lifetime `'a` declared here
[INFO] [stdout] ...
[INFO] [stdout] 72 |     ) -> Result<ExecResponse, SQLError<'a>> {
[INFO] [stdout]    |                 ^^^^^^^^^^^^ this elided lifetime gets resolved as `'a`
[INFO] [stdout]    |
[INFO] [stdout]    = note: `#[warn(elided_named_lifetimes)]` on by default
[INFO] [stdout] 
[INFO] [stdout] 
[INFO] [stdout] warning: struct `SelectResponse` is never constructed
[INFO] [stdout]   --> crates/core/src/table.rs:41:12
[INFO] [stdout]    |
[INFO] [stdout] 41 | pub struct SelectResponse<'a> {
[INFO] [stdout]    |            ^^^^^^^^^^^^^^
[INFO] [stdout]    |
[INFO] [stdout]    = note: `SelectResponse` has a derived impl for the trait `Debug`, but this is intentionally ignored during dead code analysis
[INFO] [stdout]    = note: `#[warn(dead_code)]` on by default
[INFO] [stdout] 
[INFO] [stdout] 
[INFO] [stderr]     Finished `test` profile [unoptimized + debuginfo] target(s) in 2.41s
[INFO] running `Command { std: "docker" "inspect" "e9ec320d7c8b3baeb3b97598b8be88969eedbad697fa01644d963126bd373b12", kill_on_drop: false }`
[INFO] running `Command { std: "docker" "rm" "-f" "e9ec320d7c8b3baeb3b97598b8be88969eedbad697fa01644d963126bd373b12", kill_on_drop: false }`
[INFO] [stdout] e9ec320d7c8b3baeb3b97598b8be88969eedbad697fa01644d963126bd373b12
[INFO] running `Command { std: "docker" "create" "-v" "/var/lib/crater-agent-workspace/builds/worker-1-tc1/target:/opt/rustwide/target:rw,Z" "-v" "/var/lib/crater-agent-workspace/builds/worker-1-tc1/source:/opt/rustwide/workdir:ro,Z" "-v" "/var/lib/crater-agent-workspace/cargo-home:/opt/rustwide/cargo-home:ro,Z" "-v" "/var/lib/crater-agent-workspace/rustup-home:/opt/rustwide/rustup-home:ro,Z" "-e" "SOURCE_DIR=/opt/rustwide/workdir" "-e" "CARGO_TARGET_DIR=/opt/rustwide/target" "-e" "CARGO_INCREMENTAL=0" "-e" "RUST_BACKTRACE=full" "-e" "RUSTFLAGS=--cap-lints=warn" "-e" "RUSTDOCFLAGS=--cap-lints=warn" "-e" "CARGO_HOME=/opt/rustwide/cargo-home" "-e" "RUSTUP_HOME=/opt/rustwide/rustup-home" "-w" "/opt/rustwide/workdir" "-m" "1610612736" "--user" "0:0" "--network" "none" "ghcr.io/rust-lang/crates-build-env/linux@sha256:f3a9d4ad9d972b27faf3965f35b62e55ba32bbce8f20bc8fe909558a86702fde" "/opt/rustwide/cargo-home/bin/cargo" "+1.83.0" "test" "--frozen", kill_on_drop: false }`
[INFO] [stdout] ceb7edc72d3deaf963348c12c92383cfcc62dcfe0b77cd428f193b7816769cc7
[INFO] running `Command { std: "docker" "start" "-a" "ceb7edc72d3deaf963348c12c92383cfcc62dcfe0b77cd428f193b7816769cc7", kill_on_drop: false }`
[INFO] [stderr] warning: virtual workspace defaulting to `resolver = "1"` despite one or more workspace members being on edition 2021 which implies `resolver = "2"`
[INFO] [stderr] note: to keep the current resolver, specify `workspace.resolver = "1"` in the workspace root's manifest
[INFO] [stderr] note: to use the edition 2021 resolver, specify `workspace.resolver = "2"` in the workspace root's manifest
[INFO] [stderr] note: for more details see https://doc.rust-lang.org/cargo/reference/resolver.html#resolver-versions
[INFO] [stderr] warning: /opt/rustwide/workdir/Cargo.toml: unused manifest key: name
[INFO] [stderr] warning: elided lifetime has a name
[INFO] [stderr]   --> crates/core/src/lib.rs:72:17
[INFO] [stderr]    |
[INFO] [stderr] 69 |     pub fn parse_multiple_and_run<'a>(
[INFO] [stderr]    |                                   -- lifetime `'a` declared here
[INFO] [stderr] ...
[INFO] [stderr] 72 |     ) -> Result<ExecResponse, SQLError<'a>> {
[INFO] [stderr]    |                 ^^^^^^^^^^^^ this elided lifetime gets resolved as `'a`
[INFO] [stderr]    |
[INFO] [stderr]    = note: `#[warn(elided_named_lifetimes)]` on by default
[INFO] [stderr] 
[INFO] [stderr] warning: struct `SelectResponse` is never constructed
[INFO] [stderr]   --> crates/core/src/table.rs:41:12
[INFO] [stderr]    |
[INFO] [stderr] 41 | pub struct SelectResponse<'a> {
[INFO] [stderr]    |            ^^^^^^^^^^^^^^
[INFO] [stderr]    |
[INFO] [stderr]    = note: `SelectResponse` has a derived impl for the trait `Debug`, but this is intentionally ignored during dead code analysis
[INFO] [stderr]    = note: `#[warn(dead_code)]` on by default
[INFO] [stderr] 
[INFO] [stderr] warning: `core` (lib) generated 2 warnings
[INFO] [stderr] warning: `core` (lib test) generated 2 warnings (2 duplicates)
[INFO] [stderr]     Finished `test` profile [unoptimized + debuginfo] target(s) in 0.14s
[INFO] [stderr]      Running unittests src/lib.rs (/opt/rustwide/target/debug/deps/core-1ae3533a4fdec5d5)
[INFO] [stdout] 
[INFO] [stderr]      Running unittests src/lib.rs (/opt/rustwide/target/debug/deps/parser-975ea0dd61dbcf4c)
[INFO] [stdout] running 0 tests
[INFO] [stdout] 
[INFO] [stdout] test result: ok. 0 passed; 0 failed; 0 ignored; 0 measured; 0 filtered out; finished in 0.00s
[INFO] [stdout] 
[INFO] [stdout] 
[INFO] [stdout] running 7 tests
[INFO] [stdout] test ast::tests::test_error ... ok
[INFO] [stdout] test ast::tests::test_select ... ok
[INFO] [stdout] test commands::select::tests::test_select ... ok
[INFO] [stdout] test commands::create::tests::test_create ... ok
[INFO] [stdout] test value::tests::test_number ... ok
[INFO] [stdout] test value::tests::test_string ... ok
[INFO] [stderr] error: test failed, to rerun pass `-p parser --lib`
[INFO] [stdout] test ast::tests::test_insert ... FAILED
[INFO] [stdout] 
[INFO] [stdout] failures:
[INFO] [stdout] 
[INFO] [stdout] ---- ast::tests::test_insert stdout ----
[INFO] [stdout] thread 'ast::tests::test_insert' panicked at crates/parser/src/value.rs:49:52:
[INFO] [stdout] called `Result::unwrap()` on an `Err` value: Empty
[INFO] [stdout] stack backtrace:
[INFO] [stdout]    0:     0x5c1b48369b5a - std::backtrace_rs::backtrace::libunwind::trace::h5a5b8284f2d0c266
[INFO] [stdout]                                at /rustc/90b35a6239c3d8bdabc530a6a0816f7ff89a0aaf/library/std/src/../../backtrace/src/backtrace/libunwind.rs:116:5
[INFO] [stdout]    1:     0x5c1b48369b5a - std::backtrace_rs::backtrace::trace_unsynchronized::h76d4f1c9b0b875e3
[INFO] [stdout]                                at /rustc/90b35a6239c3d8bdabc530a6a0816f7ff89a0aaf/library/std/src/../../backtrace/src/backtrace/mod.rs:66:5
[INFO] [stdout]    2:     0x5c1b48369b5a - std::sys::backtrace::_print_fmt::hc4546b8364a537c6
[INFO] [stdout]                                at /rustc/90b35a6239c3d8bdabc530a6a0816f7ff89a0aaf/library/std/src/sys/backtrace.rs:66:9
[INFO] [stdout]    3:     0x5c1b48369b5a - <std::sys::backtrace::BacktraceLock::print::DisplayBacktrace as core::fmt::Display>::fmt::h5b6bd5631a6d1f6b
[INFO] [stdout]                                at /rustc/90b35a6239c3d8bdabc530a6a0816f7ff89a0aaf/library/std/src/sys/backtrace.rs:39:26
[INFO] [stdout]    4:     0x5c1b4838efb3 - core::fmt::rt::Argument::fmt::h270f6602a2b96f62
[INFO] [stdout]                                at /rustc/90b35a6239c3d8bdabc530a6a0816f7ff89a0aaf/library/core/src/fmt/rt.rs:177:76
[INFO] [stdout]    5:     0x5c1b4838efb3 - core::fmt::write::h7550c97b06c86515
[INFO] [stdout]                                at /rustc/90b35a6239c3d8bdabc530a6a0816f7ff89a0aaf/library/core/src/fmt/mod.rs:1186:21
[INFO] [stdout]    6:     0x5c1b48366d23 - std::io::Write::write_fmt::h509ff860e5956e5e
[INFO] [stdout]                                at /rustc/90b35a6239c3d8bdabc530a6a0816f7ff89a0aaf/library/std/src/io/mod.rs:1839:15
[INFO] [stdout]    7:     0x5c1b483699a2 - std::sys::backtrace::BacktraceLock::print::h2395ccd2c84ba3aa
[INFO] [stdout]                                at /rustc/90b35a6239c3d8bdabc530a6a0816f7ff89a0aaf/library/std/src/sys/backtrace.rs:42:9
[INFO] [stdout]    8:     0x5c1b4836afba - std::panicking::default_hook::{{closure}}::he19d4c7230e07961
[INFO] [stdout]                                at /rustc/90b35a6239c3d8bdabc530a6a0816f7ff89a0aaf/library/std/src/panicking.rs:268:22
[INFO] [stdout]    9:     0x5c1b4836adc4 - std::panicking::default_hook::hf614597d3c67bbdb
[INFO] [stdout]                                at /rustc/90b35a6239c3d8bdabc530a6a0816f7ff89a0aaf/library/std/src/panicking.rs:292:9
[INFO] [stdout]   10:     0x5c1b48309769 - <alloc::boxed::Box<F,A> as core::ops::function::Fn<Args>>::call::h39b51ce4599c23d1
[INFO] [stdout]                                at /rustc/90b35a6239c3d8bdabc530a6a0816f7ff89a0aaf/library/alloc/src/boxed.rs:2468:9
[INFO] [stdout]   11:     0x5c1b48309769 - test::test_main::{{closure}}::he977ae839a582784
[INFO] [stdout]                                at /rustc/90b35a6239c3d8bdabc530a6a0816f7ff89a0aaf/library/test/src/lib.rs:133:21
[INFO] [stdout]   12:     0x5c1b4836b658 - <alloc::boxed::Box<F,A> as core::ops::function::Fn<Args>>::call::h9455091b6b06f9fb
[INFO] [stdout]                                at /rustc/90b35a6239c3d8bdabc530a6a0816f7ff89a0aaf/library/alloc/src/boxed.rs:2468:9
[INFO] [stdout]   13:     0x5c1b4836b658 - std::panicking::rust_panic_with_hook::h8942133a8b252070
[INFO] [stdout]                                at /rustc/90b35a6239c3d8bdabc530a6a0816f7ff89a0aaf/library/std/src/panicking.rs:809:13
[INFO] [stdout]   14:     0x5c1b4836b41a - std::panicking::begin_panic_handler::{{closure}}::hb5f5963570096b29
[INFO] [stdout]                                at /rustc/90b35a6239c3d8bdabc530a6a0816f7ff89a0aaf/library/std/src/panicking.rs:674:13
[INFO] [stdout]   15:     0x5c1b4836a039 - std::sys::backtrace::__rust_end_short_backtrace::h6208cedc1922feda
[INFO] [stdout]                                at /rustc/90b35a6239c3d8bdabc530a6a0816f7ff89a0aaf/library/std/src/sys/backtrace.rs:170:18
[INFO] [stdout]   16:     0x5c1b4836b0ac - rust_begin_unwind
[INFO] [stdout]                                at /rustc/90b35a6239c3d8bdabc530a6a0816f7ff89a0aaf/library/std/src/panicking.rs:665:5
[INFO] [stdout]   17:     0x5c1b482ac030 - core::panicking::panic_fmt::h0c3082644d1bf418
[INFO] [stdout]                                at /rustc/90b35a6239c3d8bdabc530a6a0816f7ff89a0aaf/library/core/src/panicking.rs:74:14
[INFO] [stdout]   18:     0x5c1b482ac476 - core::result::unwrap_failed::hd20b4aa073bda1e2
[INFO] [stdout]                                at /rustc/90b35a6239c3d8bdabc530a6a0816f7ff89a0aaf/library/core/src/result.rs:1700:5
[INFO] [stdout]   19:     0x5c1b482bd745 - core::result::Result<T,E>::unwrap::h3f037b933be66f33
[INFO] [stdout]                                at /rustc/90b35a6239c3d8bdabc530a6a0816f7ff89a0aaf/library/core/src/result.rs:1104:23
[INFO] [stdout]   20:     0x5c1b482bd745 - parser::value::parse_number_value::h7087485fac8d476c
[INFO] [stdout]                                at /opt/rustwide/workdir/crates/parser/src/value.rs:49:23
[INFO] [stdout]   21:     0x5c1b482b947e - core::ops::function::FnMut::call_mut::hb17617f2ad0e167d
[INFO] [stdout]                                at /rustc/90b35a6239c3d8bdabc530a6a0816f7ff89a0aaf/library/core/src/ops/function.rs:166:5
[INFO] [stdout]   22:     0x5c1b482bb71e - <F as nom::internal::Parser<I,O,E>>::parse::hc5b6743bdb348bd6
[INFO] [stdout]                                at /opt/rustwide/cargo-home/registry/src/index.crates.io-6f17d22bba15001f/nom-7.1.1/src/internal.rs:325:5
[INFO] [stdout]   23:     0x5c1b482b4638 - <(A,B) as nom::branch::Alt<Input,Output,Error>>::choice::hb1b5a4f082a3a594
[INFO] [stdout]                                at /opt/rustwide/cargo-home/registry/src/index.crates.io-6f17d22bba15001f/nom-7.1.1/src/branch/mod.rs:170:11
[INFO] [stdout]   24:     0x5c1b482b1916 - nom::branch::alt::{{closure}}::h8a0d4501efb05914
[INFO] [stdout]                                at /opt/rustwide/cargo-home/registry/src/index.crates.io-6f17d22bba15001f/nom-7.1.1/src/branch/mod.rs:74:15
[INFO] [stdout]   25:     0x5c1b482b395e - <F as nom::internal::Parser<I,O,E>>::parse::hec4e443a1b575148
[INFO] [stdout]                                at /opt/rustwide/cargo-home/registry/src/index.crates.io-6f17d22bba15001f/nom-7.1.1/src/internal.rs:325:5
[INFO] [stdout]   26:     0x5c1b482c24db - nom::sequence::terminated::{{closure}}::h494b3a1a407b95f3
[INFO] [stdout]                                at /opt/rustwide/cargo-home/registry/src/index.crates.io-6f17d22bba15001f/nom-7.1.1/src/sequence/mod.rs:106:23
[INFO] [stdout]   27:     0x5c1b482c699e - <F as nom::internal::Parser<I,O,E>>::parse::h8adf670e652997a8
[INFO] [stdout]                                at /opt/rustwide/cargo-home/registry/src/index.crates.io-6f17d22bba15001f/nom-7.1.1/src/internal.rs:325:5
[INFO] [stdout]   28:     0x5c1b482c4990 - nom::sequence::preceded::{{closure}}::hf50106dcd491a898
[INFO] [stdout]                                at /opt/rustwide/cargo-home/registry/src/index.crates.io-6f17d22bba15001f/nom-7.1.1/src/sequence/mod.rs:73:5
[INFO] [stdout]   29:     0x5c1b482c685e - <F as nom::internal::Parser<I,O,E>>::parse::h40377a4904157a6f
[INFO] [stdout]                                at /opt/rustwide/cargo-home/registry/src/index.crates.io-6f17d22bba15001f/nom-7.1.1/src/internal.rs:325:5
[INFO] [stdout]   30:     0x5c1b482c0d14 - nom::error::context::{{closure}}::h81dc23a63d0cdd10
[INFO] [stdout]                                at /opt/rustwide/cargo-home/registry/src/index.crates.io-6f17d22bba15001f/nom-7.1.1/src/error.rs:240:21
[INFO] [stdout]   31:     0x5c1b482bd93b - <parser::value::Value as parser::parse::Parse>::parse::h42c2ebf7bae0465e
[INFO] [stdout]                                at /opt/rustwide/workdir/crates/parser/src/value.rs:55:9
[INFO] [stdout]   32:     0x5c1b482b924e - core::ops::function::FnMut::call_mut::h365f13f66e5a21a3
[INFO] [stdout]                                at /rustc/90b35a6239c3d8bdabc530a6a0816f7ff89a0aaf/library/core/src/ops/function.rs:166:5
[INFO] [stdout]   33:     0x5c1b482bb94e - <F as nom::internal::Parser<I,O,E>>::parse::hf73978fa868e359c
[INFO] [stdout]                                at /opt/rustwide/cargo-home/registry/src/index.crates.io-6f17d22bba15001f/nom-7.1.1/src/internal.rs:325:5
[INFO] [stdout]   34:     0x5c1b482b6d17 - nom::multi::separated_list1::{{closure}}::h283892017361d785
[INFO] [stdout]                                at /opt/rustwide/cargo-home/registry/src/index.crates.io-6f17d22bba15001f/nom-7.1.1/src/multi/mod.rs:293:11
[INFO] [stdout]   35:     0x5c1b482bb62e - <F as nom::internal::Parser<I,O,E>>::parse::h42fe48aa5731d291
[INFO] [stdout]                                at /opt/rustwide/cargo-home/registry/src/index.crates.io-6f17d22bba15001f/nom-7.1.1/src/internal.rs:325:5
[INFO] [stdout]   36:     0x5c1b482c7dfd - <nom_supreme::parser_ext::Context<P,C> as nom::internal::Parser<I,O,E>>::parse::h276d90815723b804
[INFO] [stdout]                                at /opt/rustwide/cargo-home/registry/src/index.crates.io-6f17d22bba15001f/nom-supreme-0.8.0/src/parser_ext.rs:1287:9
[INFO] [stdout]   37:     0x5c1b482c4810 - nom::sequence::preceded::{{closure}}::hefea546178d5134d
[INFO] [stdout]                                at /opt/rustwide/cargo-home/registry/src/index.crates.io-6f17d22bba15001f/nom-7.1.1/src/sequence/mod.rs:73:5
[INFO] [stdout]   38:     0x5c1b482c6c6e - <F as nom::internal::Parser<I,O,E>>::parse::hec5418cdeb5814dc
[INFO] [stdout]                                at /opt/rustwide/cargo-home/registry/src/index.crates.io-6f17d22bba15001f/nom-7.1.1/src/internal.rs:325:5
[INFO] [stdout]   39:     0x5c1b482ca588 - <(FnA,FnB,FnC,FnD,FnE) as nom::sequence::Tuple<Input,(A,B,C,D,E),Error>>::parse::hbc1990d30386eb6f
[INFO] [stdout]                                at /opt/rustwide/cargo-home/registry/src/index.crates.io-6f17d22bba15001f/nom-7.1.1/src/sequence/mod.rs:246:18
[INFO] [stdout]   40:     0x5c1b482c3f46 - nom::sequence::tuple::{{closure}}::h41294c97e8f96504
[INFO] [stdout]                                at /opt/rustwide/cargo-home/registry/src/index.crates.io-6f17d22bba15001f/nom-7.1.1/src/sequence/mod.rs:269:15
[INFO] [stdout]   41:     0x5c1b482c6b2e - <F as nom::internal::Parser<I,O,E>>::parse::hcbb7f5bd90292ac7
[INFO] [stdout]                                at /opt/rustwide/cargo-home/registry/src/index.crates.io-6f17d22bba15001f/nom-7.1.1/src/internal.rs:325:5
[INFO] [stdout]   42:     0x5c1b482c0983 - nom::error::context::{{closure}}::h8094279fa58eafe4
[INFO] [stdout]                                at /opt/rustwide/cargo-home/registry/src/index.crates.io-6f17d22bba15001f/nom-7.1.1/src/error.rs:240:21
[INFO] [stdout]   43:     0x5c1b482b5d77 - <parser::commands::insert::InsertStatement as parser::parse::Parse>::parse::hbb920edbb13f772d
[INFO] [stdout]                                at /opt/rustwide/workdir/crates/parser/src/commands/insert.rs:22:59
[INFO] [stdout]   44:     0x5c1b482b951e - core::ops::function::FnMut::call_mut::hd275f33bd272b240
[INFO] [stdout]                                at /rustc/90b35a6239c3d8bdabc530a6a0816f7ff89a0aaf/library/core/src/ops/function.rs:166:5
[INFO] [stdout]   45:     0x5c1b482bb6ce - <F as nom::internal::Parser<I,O,E>>::parse::h91e0c4f42b210e0c
[INFO] [stdout]                                at /opt/rustwide/cargo-home/registry/src/index.crates.io-6f17d22bba15001f/nom-7.1.1/src/internal.rs:325:5
[INFO] [stdout]   46:     0x5c1b482b09eb - nom::combinator::map::{{closure}}::hc722c1a680345224
[INFO] [stdout]                                at /opt/rustwide/cargo-home/registry/src/index.crates.io-6f17d22bba15001f/nom-7.1.1/src/combinator/mod.rs:79:23
[INFO] [stdout]   47:     0x5c1b482b354e - <F as nom::internal::Parser<I,O,E>>::parse::h09f1187410a71a9f
[INFO] [stdout]                                at /opt/rustwide/cargo-home/registry/src/index.crates.io-6f17d22bba15001f/nom-7.1.1/src/internal.rs:325:5
[INFO] [stdout]   48:     0x5c1b482c3877 - nom::sequence::pair::{{closure}}::h37d2c27bb6ad1318
[INFO] [stdout]                                at /opt/rustwide/cargo-home/registry/src/index.crates.io-6f17d22bba15001f/nom-7.1.1/src/sequence/mod.rs:39:5
[INFO] [stdout]   49:     0x5c1b482c6ade - <F as nom::internal::Parser<I,O,E>>::parse::hbd71e1e6c4f24aab
[INFO] [stdout]                                at /opt/rustwide/cargo-home/registry/src/index.crates.io-6f17d22bba15001f/nom-7.1.1/src/internal.rs:325:5
[INFO] [stdout]   50:     0x5c1b482afd4b - nom::combinator::map::{{closure}}::h957dd19edd6b3a98
[INFO] [stdout]                                at /opt/rustwide/cargo-home/registry/src/index.crates.io-6f17d22bba15001f/nom-7.1.1/src/combinator/mod.rs:79:23
[INFO] [stdout]   51:     0x5c1b482b377e - <F as nom::internal::Parser<I,O,E>>::parse::h5d8f87bd3716cb3f
[INFO] [stdout]                                at /opt/rustwide/cargo-home/registry/src/index.crates.io-6f17d22bba15001f/nom-7.1.1/src/internal.rs:325:5
[INFO] [stdout]   52:     0x5c1b482b53d0 - <(A,B,C) as nom::branch::Alt<Input,Output,Error>>::choice::h9c33d521a857777e
[INFO] [stdout]                                at /opt/rustwide/cargo-home/registry/src/index.crates.io-6f17d22bba15001f/nom-7.1.1/src/branch/mod.rs:170:11
[INFO] [stdout]   53:     0x5c1b482b1936 - nom::branch::alt::{{closure}}::h8d285665a8e57843
[INFO] [stdout]                                at /opt/rustwide/cargo-home/registry/src/index.crates.io-6f17d22bba15001f/nom-7.1.1/src/branch/mod.rs:74:15
[INFO] [stdout]   54:     0x5c1b482b36de - <F as nom::internal::Parser<I,O,E>>::parse::h458ab2bcd4d456da
[INFO] [stdout]                                at /opt/rustwide/cargo-home/registry/src/index.crates.io-6f17d22bba15001f/nom-7.1.1/src/internal.rs:325:5
[INFO] [stdout]   55:     0x5c1b482adce7 - <(FnA,FnB,FnC,FnD) as nom::sequence::Tuple<Input,(A,B,C,D),Error>>::parse::he064f8540e136982
[INFO] [stdout]                                at /opt/rustwide/cargo-home/registry/src/index.crates.io-6f17d22bba15001f/nom-7.1.1/src/sequence/mod.rs:236:18
[INFO] [stdout]   56:     0x5c1b482c3fa6 - nom::sequence::tuple::{{closure}}::ha1fa439254bdce3c
[INFO] [stdout]                                at /opt/rustwide/cargo-home/registry/src/index.crates.io-6f17d22bba15001f/nom-7.1.1/src/sequence/mod.rs:269:15
[INFO] [stdout]   57:     0x5c1b482c65de - <F as nom::internal::Parser<I,O,E>>::parse::h05f4cfff54625bf0
[INFO] [stdout]                                at /opt/rustwide/cargo-home/registry/src/index.crates.io-6f17d22bba15001f/nom-7.1.1/src/internal.rs:325:5
[INFO] [stdout]   58:     0x5c1b482c4380 - nom::sequence::preceded::{{closure}}::h0299ab51dd891cbc
[INFO] [stdout]                                at /opt/rustwide/cargo-home/registry/src/index.crates.io-6f17d22bba15001f/nom-7.1.1/src/sequence/mod.rs:73:5
[INFO] [stdout]   59:     0x5c1b482c67be - <F as nom::internal::Parser<I,O,E>>::parse::h3ece90516f3ad1e9
[INFO] [stdout]                                at /opt/rustwide/cargo-home/registry/src/index.crates.io-6f17d22bba15001f/nom-7.1.1/src/internal.rs:325:5
[INFO] [stdout]   60:     0x5c1b482c13c3 - nom::error::context::{{closure}}::h9559d8404d38cea9
[INFO] [stdout]                                at /opt/rustwide/cargo-home/registry/src/index.crates.io-6f17d22bba15001f/nom-7.1.1/src/error.rs:240:21
[INFO] [stdout]   61:     0x5c1b482c71f4 - <parser::ast::SqlQuery as parser::parse::Parse>::parse::h5d6432f6d9ea11d2
[INFO] [stdout]                                at /opt/rustwide/workdir/crates/parser/src/ast.rs:28:40
[INFO] [stdout]   62:     0x5c1b482c73a9 - parser::parse::Parse::parse_from_raw::hc4c838ae9276ed80
[INFO] [stdout]                                at /opt/rustwide/workdir/crates/parser/src/parse.rs:24:9
[INFO] [stdout]   63:     0x5c1b482b67d3 - parser::ast::tests::test_insert::h2f5ff9bee295c171
[INFO] [stdout]                                at /opt/rustwide/workdir/crates/parser/src/ast.rs:117:13
[INFO] [stdout]   64:     0x5c1b482b6577 - parser::ast::tests::test_insert::{{closure}}::h6841c57927c145e6
[INFO] [stdout]                                at /opt/rustwide/workdir/crates/parser/src/ast.rs:108:21
[INFO] [stdout]   65:     0x5c1b482b9696 - core::ops::function::FnOnce::call_once::h493ec7f50eb237fe
[INFO] [stdout]                                at /rustc/90b35a6239c3d8bdabc530a6a0816f7ff89a0aaf/library/core/src/ops/function.rs:250:5
[INFO] [stdout]   66:     0x5c1b4830e12b - core::ops::function::FnOnce::call_once::h109cf8051a59b34e
[INFO] [stdout]                                at /rustc/90b35a6239c3d8bdabc530a6a0816f7ff89a0aaf/library/core/src/ops/function.rs:250:5
[INFO] [stdout]   67:     0x5c1b4830e12b - test::__rust_begin_short_backtrace::hf4fff89d377446ba
[INFO] [stdout]                                at /rustc/90b35a6239c3d8bdabc530a6a0816f7ff89a0aaf/library/test/src/lib.rs:621:18
[INFO] [stdout]   68:     0x5c1b4830d967 - test::run_test_in_process::{{closure}}::h0e39181dd7ee5a43
[INFO] [stdout]                                at /rustc/90b35a6239c3d8bdabc530a6a0816f7ff89a0aaf/library/test/src/lib.rs:644:60
[INFO] [stdout]   69:     0x5c1b4830d967 - <core::panic::unwind_safe::AssertUnwindSafe<F> as core::ops::function::FnOnce<()>>::call_once::hc5a66a30f0bdfd1f
[INFO] [stdout]                                at /rustc/90b35a6239c3d8bdabc530a6a0816f7ff89a0aaf/library/core/src/panic/unwind_safe.rs:272:9
[INFO] [stdout]   70:     0x5c1b4830d967 - std::panicking::try::do_call::h873b7cf639554a5e
[INFO] [stdout]                                at /rustc/90b35a6239c3d8bdabc530a6a0816f7ff89a0aaf/library/std/src/panicking.rs:557:40
[INFO] [stdout]   71:     0x5c1b4830d967 - std::panicking::try::hdb19862fad9c8bd1
[INFO] [stdout]                                at /rustc/90b35a6239c3d8bdabc530a6a0816f7ff89a0aaf/library/std/src/panicking.rs:520:19
[INFO] [stdout]   72:     0x5c1b4830d967 - std::panic::catch_unwind::h281fe732d236d260
[INFO] [stdout]                                at /rustc/90b35a6239c3d8bdabc530a6a0816f7ff89a0aaf/library/std/src/panic.rs:358:14
[INFO] [stdout]   73:     0x5c1b4830d967 - test::run_test_in_process::h949b6df8457ed338
[INFO] [stdout]                                at /rustc/90b35a6239c3d8bdabc530a6a0816f7ff89a0aaf/library/test/src/lib.rs:644:27
[INFO] [stdout]   74:     0x5c1b4830d967 - test::run_test::{{closure}}::h52c556a6d4740e10
[INFO] [stdout]                                at /rustc/90b35a6239c3d8bdabc530a6a0816f7ff89a0aaf/library/test/src/lib.rs:565:43
[INFO] [stdout]   75:     0x5c1b482d2c44 - test::run_test::{{closure}}::h4237f6381c45ccb9
[INFO] [stdout]                                at /rustc/90b35a6239c3d8bdabc530a6a0816f7ff89a0aaf/library/test/src/lib.rs:595:41
[INFO] [stdout]   76:     0x5c1b482d2c44 - std::sys::backtrace::__rust_begin_short_backtrace::h505c97a579eca628
[INFO] [stdout]                                at /rustc/90b35a6239c3d8bdabc530a6a0816f7ff89a0aaf/library/std/src/sys/backtrace.rs:154:18
[INFO] [stdout]   77:     0x5c1b482d630e - std::thread::Builder::spawn_unchecked_::{{closure}}::{{closure}}::h9e86b2e2bc107ea3
[INFO] [stdout]                                at /rustc/90b35a6239c3d8bdabc530a6a0816f7ff89a0aaf/library/std/src/thread/mod.rs:538:17
[INFO] [stdout]   78:     0x5c1b482d630e - <core::panic::unwind_safe::AssertUnwindSafe<F> as core::ops::function::FnOnce<()>>::call_once::h8b06ddb275ff4a25
[INFO] [stdout]                                at /rustc/90b35a6239c3d8bdabc530a6a0816f7ff89a0aaf/library/core/src/panic/unwind_safe.rs:272:9
[INFO] [stdout]   79:     0x5c1b482d630e - std::panicking::try::do_call::hb26ecd7cd9a9355d
[INFO] [stdout]                                at /rustc/90b35a6239c3d8bdabc530a6a0816f7ff89a0aaf/library/std/src/panicking.rs:557:40
[INFO] [stdout]   80:     0x5c1b482d630e - std::panicking::try::h8ddeca9d705f9069
[INFO] [stdout]                                at /rustc/90b35a6239c3d8bdabc530a6a0816f7ff89a0aaf/library/std/src/panicking.rs:520:19
[INFO] [stdout]   81:     0x5c1b482d630e - std::panic::catch_unwind::h49e1c33078844c46
[INFO] [stdout]                                at /rustc/90b35a6239c3d8bdabc530a6a0816f7ff89a0aaf/library/std/src/panic.rs:358:14
[INFO] [stdout]   82:     0x5c1b482d630e - std::thread::Builder::spawn_unchecked_::{{closure}}::h6073db6ff56ad35d
[INFO] [stdout]                                at /rustc/90b35a6239c3d8bdabc530a6a0816f7ff89a0aaf/library/std/src/thread/mod.rs:537:30
[INFO] [stdout]   83:     0x5c1b482d630e - core::ops::function::FnOnce::call_once{{vtable.shim}}::h2c5a5f3779c774f1
[INFO] [stdout]                                at /rustc/90b35a6239c3d8bdabc530a6a0816f7ff89a0aaf/library/core/src/ops/function.rs:250:5
[INFO] [stdout]   84:     0x5c1b4836f3ab - <alloc::boxed::Box<F,A> as core::ops::function::FnOnce<Args>>::call_once::hf75717d9f28faebf
[INFO] [stdout]                                at /rustc/90b35a6239c3d8bdabc530a6a0816f7ff89a0aaf/library/alloc/src/boxed.rs:2454:9
[INFO] [stdout]   85:     0x5c1b4836f3ab - <alloc::boxed::Box<F,A> as core::ops::function::FnOnce<Args>>::call_once::h7bd883a5f3c5f3c1
[INFO] [stdout]                                at /rustc/90b35a6239c3d8bdabc530a6a0816f7ff89a0aaf/library/alloc/src/boxed.rs:2454:9
[INFO] [stdout]   86:     0x5c1b4836f3ab - std::sys::pal::unix::thread::Thread::new::thread_start::hcc78f3943333fa94
[INFO] [stdout]                                at /rustc/90b35a6239c3d8bdabc530a6a0816f7ff89a0aaf/library/std/src/sys/pal/unix/thread.rs:105:17
[INFO] [stdout]   87:     0x77d5900f7ac3 - <unknown>
[INFO] [stdout]   88:     0x77d590188a04 - clone
[INFO] [stdout]   89:                0x0 - <unknown>
[INFO] [stdout] 
[INFO] [stdout] 
[INFO] [stdout] failures:
[INFO] [stdout]     ast::tests::test_insert
[INFO] [stdout] 
[INFO] [stdout] test result: FAILED. 6 passed; 1 failed; 0 ignored; 0 measured; 0 filtered out; finished in 0.04s
[INFO] [stdout] 
[INFO] running `Command { std: "docker" "inspect" "ceb7edc72d3deaf963348c12c92383cfcc62dcfe0b77cd428f193b7816769cc7", kill_on_drop: false }`
[INFO] running `Command { std: "docker" "rm" "-f" "ceb7edc72d3deaf963348c12c92383cfcc62dcfe0b77cd428f193b7816769cc7", kill_on_drop: false }`
[INFO] [stdout] ceb7edc72d3deaf963348c12c92383cfcc62dcfe0b77cd428f193b7816769cc7
