[INFO] cloning repository https://github.com/SkillfulElectro/protex
[INFO] running `Command { std: "git" "-c" "credential.helper=" "-c" "credential.helper=/workspace/cargo-home/bin/git-credential-null" "clone" "--bare" "https://github.com/SkillfulElectro/protex" "/workspace/cache/git-repos/https%3A%2F%2Fgithub.com%2FSkillfulElectro%2Fprotex", kill_on_drop: false }`
[INFO] [stderr] Cloning into bare repository '/workspace/cache/git-repos/https%3A%2F%2Fgithub.com%2FSkillfulElectro%2Fprotex'...
[INFO] running `Command { std: "git" "rev-parse" "HEAD", kill_on_drop: false }`
[INFO] [stdout] ce8cba1e2ced2ef5c164eaf29b5a855e54629fa1
[INFO] testing SkillfulElectro/protex against 1.83.0 for beta-1.84.0-4-retry
[INFO] running `Command { std: "git" "clone" "/workspace/cache/git-repos/https%3A%2F%2Fgithub.com%2FSkillfulElectro%2Fprotex" "/workspace/builds/worker-6-tc1/source", kill_on_drop: false }`
[INFO] [stderr] Cloning into '/workspace/builds/worker-6-tc1/source'...
[INFO] [stderr] done.
[INFO] validating manifest of git repo https://github.com/SkillfulElectro/protex on toolchain 1.83.0
[INFO] running `Command { std: CARGO_HOME="/workspace/cargo-home" RUSTUP_HOME="/workspace/rustup-home" "/workspace/cargo-home/bin/cargo" "+1.83.0" "metadata" "--manifest-path" "Cargo.toml" "--no-deps", kill_on_drop: false }`
[INFO] started tweaking git repo https://github.com/SkillfulElectro/protex
[INFO] finished tweaking git repo https://github.com/SkillfulElectro/protex
[INFO] tweaked toml for git repo https://github.com/SkillfulElectro/protex written to /workspace/builds/worker-6-tc1/source/Cargo.toml
[INFO] crate git repo https://github.com/SkillfulElectro/protex already has a lockfile, it will not be regenerated
[INFO] running `Command { std: CARGO_HOME="/workspace/cargo-home" RUSTUP_HOME="/workspace/rustup-home" "/workspace/cargo-home/bin/cargo" "+1.83.0" "fetch" "--manifest-path" "Cargo.toml", kill_on_drop: false }`
[INFO] running `Command { std: "docker" "create" "-v" "/var/lib/crater-agent-workspace/builds/worker-6-tc1/target:/opt/rustwide/target:rw,Z" "-v" "/var/lib/crater-agent-workspace/builds/worker-6-tc1/source:/opt/rustwide/workdir:ro,Z" "-v" "/var/lib/crater-agent-workspace/cargo-home:/opt/rustwide/cargo-home:ro,Z" "-v" "/var/lib/crater-agent-workspace/rustup-home:/opt/rustwide/rustup-home:ro,Z" "-e" "SOURCE_DIR=/opt/rustwide/workdir" "-e" "CARGO_TARGET_DIR=/opt/rustwide/target" "-e" "CARGO_HOME=/opt/rustwide/cargo-home" "-e" "RUSTUP_HOME=/opt/rustwide/rustup-home" "-w" "/opt/rustwide/workdir" "-m" "1610612736" "--user" "0:0" "--network" "none" "ghcr.io/rust-lang/crates-build-env/linux@sha256:f3a9d4ad9d972b27faf3965f35b62e55ba32bbce8f20bc8fe909558a86702fde" "/opt/rustwide/cargo-home/bin/cargo" "+1.83.0" "metadata" "--no-deps" "--format-version=1", kill_on_drop: false }`
[INFO] [stdout] 39422ea6781adc13126bac4a5129e7d2cf7cbf22c15420d03ca17164b31cd4ae
[INFO] running `Command { std: "docker" "start" "-a" "39422ea6781adc13126bac4a5129e7d2cf7cbf22c15420d03ca17164b31cd4ae", kill_on_drop: false }`
[INFO] running `Command { std: "docker" "inspect" "39422ea6781adc13126bac4a5129e7d2cf7cbf22c15420d03ca17164b31cd4ae", kill_on_drop: false }`
[INFO] running `Command { std: "docker" "rm" "-f" "39422ea6781adc13126bac4a5129e7d2cf7cbf22c15420d03ca17164b31cd4ae", kill_on_drop: false }`
[INFO] [stdout] 39422ea6781adc13126bac4a5129e7d2cf7cbf22c15420d03ca17164b31cd4ae
[INFO] running `Command { std: "docker" "create" "-v" "/var/lib/crater-agent-workspace/builds/worker-6-tc1/target:/opt/rustwide/target:rw,Z" "-v" "/var/lib/crater-agent-workspace/builds/worker-6-tc1/source:/opt/rustwide/workdir:ro,Z" "-v" "/var/lib/crater-agent-workspace/cargo-home:/opt/rustwide/cargo-home:ro,Z" "-v" "/var/lib/crater-agent-workspace/rustup-home:/opt/rustwide/rustup-home:ro,Z" "-e" "SOURCE_DIR=/opt/rustwide/workdir" "-e" "CARGO_TARGET_DIR=/opt/rustwide/target" "-e" "CARGO_INCREMENTAL=0" "-e" "RUST_BACKTRACE=full" "-e" "RUSTFLAGS=--cap-lints=warn" "-e" "RUSTDOCFLAGS=--cap-lints=warn" "-e" "CARGO_HOME=/opt/rustwide/cargo-home" "-e" "RUSTUP_HOME=/opt/rustwide/rustup-home" "-w" "/opt/rustwide/workdir" "-m" "1610612736" "--user" "0:0" "--network" "none" "ghcr.io/rust-lang/crates-build-env/linux@sha256:f3a9d4ad9d972b27faf3965f35b62e55ba32bbce8f20bc8fe909558a86702fde" "/opt/rustwide/cargo-home/bin/cargo" "+1.83.0" "build" "--frozen" "--message-format=json", kill_on_drop: false }`
[INFO] [stdout] 3e01cb9e3d3175d087e07226a91fe329f913e631c819e19efe38d5009c4b35be
[INFO] running `Command { std: "docker" "start" "-a" "3e01cb9e3d3175d087e07226a91fe329f913e631c819e19efe38d5009c4b35be", kill_on_drop: false }`
[INFO] [stderr]    Compiling libc v0.2.158
[INFO] [stderr]    Compiling protex v0.1.2 (/opt/rustwide/workdir)
[INFO] [stderr]     Finished `dev` profile [unoptimized + debuginfo] target(s) in 1.40s
[INFO] running `Command { std: "docker" "inspect" "3e01cb9e3d3175d087e07226a91fe329f913e631c819e19efe38d5009c4b35be", kill_on_drop: false }`
[INFO] running `Command { std: "docker" "rm" "-f" "3e01cb9e3d3175d087e07226a91fe329f913e631c819e19efe38d5009c4b35be", kill_on_drop: false }`
[INFO] [stdout] 3e01cb9e3d3175d087e07226a91fe329f913e631c819e19efe38d5009c4b35be
[INFO] running `Command { std: "docker" "create" "-v" "/var/lib/crater-agent-workspace/builds/worker-6-tc1/target:/opt/rustwide/target:rw,Z" "-v" "/var/lib/crater-agent-workspace/builds/worker-6-tc1/source:/opt/rustwide/workdir:ro,Z" "-v" "/var/lib/crater-agent-workspace/cargo-home:/opt/rustwide/cargo-home:ro,Z" "-v" "/var/lib/crater-agent-workspace/rustup-home:/opt/rustwide/rustup-home:ro,Z" "-e" "SOURCE_DIR=/opt/rustwide/workdir" "-e" "CARGO_TARGET_DIR=/opt/rustwide/target" "-e" "CARGO_INCREMENTAL=0" "-e" "RUST_BACKTRACE=full" "-e" "RUSTFLAGS=--cap-lints=warn" "-e" "RUSTDOCFLAGS=--cap-lints=warn" "-e" "CARGO_HOME=/opt/rustwide/cargo-home" "-e" "RUSTUP_HOME=/opt/rustwide/rustup-home" "-w" "/opt/rustwide/workdir" "-m" "1610612736" "--user" "0:0" "--network" "none" "ghcr.io/rust-lang/crates-build-env/linux@sha256:f3a9d4ad9d972b27faf3965f35b62e55ba32bbce8f20bc8fe909558a86702fde" "/opt/rustwide/cargo-home/bin/cargo" "+1.83.0" "test" "--frozen" "--no-run" "--message-format=json", kill_on_drop: false }`
[INFO] [stdout] c6e088a59a09c4a9c204777ddb7399ed6250fbab40e8d9269e037be347a0b404
[INFO] running `Command { std: "docker" "start" "-a" "c6e088a59a09c4a9c204777ddb7399ed6250fbab40e8d9269e037be347a0b404", kill_on_drop: false }`
[INFO] [stderr]    Compiling protex v0.1.2 (/opt/rustwide/workdir)
[INFO] [stderr]     Finished `test` profile [unoptimized + debuginfo] target(s) in 0.46s
[INFO] running `Command { std: "docker" "inspect" "c6e088a59a09c4a9c204777ddb7399ed6250fbab40e8d9269e037be347a0b404", kill_on_drop: false }`
[INFO] running `Command { std: "docker" "rm" "-f" "c6e088a59a09c4a9c204777ddb7399ed6250fbab40e8d9269e037be347a0b404", kill_on_drop: false }`
[INFO] [stdout] c6e088a59a09c4a9c204777ddb7399ed6250fbab40e8d9269e037be347a0b404
[INFO] running `Command { std: "docker" "create" "-v" "/var/lib/crater-agent-workspace/builds/worker-6-tc1/target:/opt/rustwide/target:rw,Z" "-v" "/var/lib/crater-agent-workspace/builds/worker-6-tc1/source:/opt/rustwide/workdir:ro,Z" "-v" "/var/lib/crater-agent-workspace/cargo-home:/opt/rustwide/cargo-home:ro,Z" "-v" "/var/lib/crater-agent-workspace/rustup-home:/opt/rustwide/rustup-home:ro,Z" "-e" "SOURCE_DIR=/opt/rustwide/workdir" "-e" "CARGO_TARGET_DIR=/opt/rustwide/target" "-e" "CARGO_INCREMENTAL=0" "-e" "RUST_BACKTRACE=full" "-e" "RUSTFLAGS=--cap-lints=warn" "-e" "RUSTDOCFLAGS=--cap-lints=warn" "-e" "CARGO_HOME=/opt/rustwide/cargo-home" "-e" "RUSTUP_HOME=/opt/rustwide/rustup-home" "-w" "/opt/rustwide/workdir" "-m" "1610612736" "--user" "0:0" "--network" "none" "ghcr.io/rust-lang/crates-build-env/linux@sha256:f3a9d4ad9d972b27faf3965f35b62e55ba32bbce8f20bc8fe909558a86702fde" "/opt/rustwide/cargo-home/bin/cargo" "+1.83.0" "test" "--frozen", kill_on_drop: false }`
[INFO] [stdout] df6a53bdd92063c900223c50346a0fc93602dd2d5977cdfe1ed61cdd995a8a17
[INFO] running `Command { std: "docker" "start" "-a" "df6a53bdd92063c900223c50346a0fc93602dd2d5977cdfe1ed61cdd995a8a17", kill_on_drop: false }`
[INFO] [stderr]     Finished `test` profile [unoptimized + debuginfo] target(s) in 0.02s
[INFO] [stderr]      Running unittests src/lib.rs (/opt/rustwide/target/debug/deps/protex-a3bb05e3119866a8)
[INFO] [stdout] 
[INFO] [stdout] running 0 tests
[INFO] [stdout] 
[INFO] [stdout] test result: ok. 0 passed; 0 failed; 0 ignored; 0 measured; 0 filtered out; finished in 0.00s
[INFO] [stdout] 
[INFO] [stderr]    Doc-tests protex
[INFO] [stdout] 
[INFO] [stdout] running 1 test
[INFO] [stdout] test src/linux_bsd_mac.rs - linux_bsd_mac::Protex::lock (line 41) ... FAILED
[INFO] [stdout] 
[INFO] [stdout] failures:
[INFO] [stdout] 
[INFO] [stdout] ---- src/linux_bsd_mac.rs - linux_bsd_mac::Protex::lock (line 41) stdout ----
[INFO] [stdout] error: expected `;`, found `}`
[INFO] [stdout]  --> src/linux_bsd_mac.rs:43:39
[INFO] [stdout]   |
[INFO] [stdout] 5 | let guard = protex_var.lock().unwrap()
[INFO] [stdout]   |                                       ^ help: add `;` here
[INFO] [stdout] 6 | } _doctest_main_src_linux_bsd_mac_rs_41_0() }
[INFO] [stdout]   | - unexpected token
[INFO] [stdout] 
[INFO] [stdout] error[E0425]: cannot find value `protex_var` in this scope
[INFO] [stdout]  --> src/linux_bsd_mac.rs:43:13
[INFO] [stdout]   |
[INFO] [stdout] 5 | let guard = protex_var.lock().unwrap()
[INFO] [stdout]   |             ^^^^^^^^^^ not found in this scope
[INFO] [stdout] 
[INFO] [stdout] error: aborting due to 2 previous errors
[INFO] [stdout] 
[INFO] [stdout] For more information about this error, try `rustc --explain E0425`.
[INFO] [stdout] Couldn't compile the test.
[INFO] [stdout] 
[INFO] [stdout] failures:
[INFO] [stdout]     src/linux_bsd_mac.rs - linux_bsd_mac::Protex::lock (line 41)
[INFO] [stderr] error: doctest failed, to rerun pass `--doc`
[INFO] [stdout] 
[INFO] [stdout] test result: FAILED. 0 passed; 1 failed; 0 ignored; 0 measured; 0 filtered out; finished in 0.12s
[INFO] [stdout] 
[INFO] running `Command { std: "docker" "inspect" "df6a53bdd92063c900223c50346a0fc93602dd2d5977cdfe1ed61cdd995a8a17", kill_on_drop: false }`
[INFO] running `Command { std: "docker" "rm" "-f" "df6a53bdd92063c900223c50346a0fc93602dd2d5977cdfe1ed61cdd995a8a17", kill_on_drop: false }`
[INFO] [stdout] df6a53bdd92063c900223c50346a0fc93602dd2d5977cdfe1ed61cdd995a8a17
