[INFO] cloning repository https://github.com/SissonJ/terra_contract_test
[INFO] running `Command { std: "git" "-c" "credential.helper=" "-c" "credential.helper=/workspace/cargo-home/bin/git-credential-null" "clone" "--bare" "https://github.com/SissonJ/terra_contract_test" "/workspace/cache/git-repos/https%3A%2F%2Fgithub.com%2FSissonJ%2Fterra_contract_test", kill_on_drop: false }`
[INFO] [stderr] Cloning into bare repository '/workspace/cache/git-repos/https%3A%2F%2Fgithub.com%2FSissonJ%2Fterra_contract_test'...
[INFO] running `Command { std: "git" "rev-parse" "HEAD", kill_on_drop: false }`
[INFO] [stdout] 6c8259a4863a54dc91250def4897eb6436a3b695
[INFO] testing SissonJ/terra_contract_test against 1.83.0 for beta-1.84.0-4-retry
[INFO] running `Command { std: "git" "clone" "/workspace/cache/git-repos/https%3A%2F%2Fgithub.com%2FSissonJ%2Fterra_contract_test" "/workspace/builds/worker-5-tc1/source", kill_on_drop: false }`
[INFO] [stderr] Cloning into '/workspace/builds/worker-5-tc1/source'...
[INFO] [stderr] done.
[INFO] validating manifest of git repo https://github.com/SissonJ/terra_contract_test on toolchain 1.83.0
[INFO] running `Command { std: CARGO_HOME="/workspace/cargo-home" RUSTUP_HOME="/workspace/rustup-home" "/workspace/cargo-home/bin/cargo" "+1.83.0" "metadata" "--manifest-path" "Cargo.toml" "--no-deps", kill_on_drop: false }`
[INFO] removed /workspace/builds/worker-5-tc1/source/.cargo/config
[INFO] started tweaking git repo https://github.com/SissonJ/terra_contract_test
[INFO] finished tweaking git repo https://github.com/SissonJ/terra_contract_test
[INFO] tweaked toml for git repo https://github.com/SissonJ/terra_contract_test written to /workspace/builds/worker-5-tc1/source/Cargo.toml
[INFO] crate git repo https://github.com/SissonJ/terra_contract_test already has a lockfile, it will not be regenerated
[INFO] running `Command { std: CARGO_HOME="/workspace/cargo-home" RUSTUP_HOME="/workspace/rustup-home" "/workspace/cargo-home/bin/cargo" "+1.83.0" "fetch" "--manifest-path" "Cargo.toml", kill_on_drop: false }`
[INFO] running `Command { std: "docker" "create" "-v" "/var/lib/crater-agent-workspace/builds/worker-5-tc1/target:/opt/rustwide/target:rw,Z" "-v" "/var/lib/crater-agent-workspace/builds/worker-5-tc1/source:/opt/rustwide/workdir:ro,Z" "-v" "/var/lib/crater-agent-workspace/cargo-home:/opt/rustwide/cargo-home:ro,Z" "-v" "/var/lib/crater-agent-workspace/rustup-home:/opt/rustwide/rustup-home:ro,Z" "-e" "SOURCE_DIR=/opt/rustwide/workdir" "-e" "CARGO_TARGET_DIR=/opt/rustwide/target" "-e" "CARGO_HOME=/opt/rustwide/cargo-home" "-e" "RUSTUP_HOME=/opt/rustwide/rustup-home" "-w" "/opt/rustwide/workdir" "-m" "1610612736" "--user" "0:0" "--network" "none" "ghcr.io/rust-lang/crates-build-env/linux@sha256:f3a9d4ad9d972b27faf3965f35b62e55ba32bbce8f20bc8fe909558a86702fde" "/opt/rustwide/cargo-home/bin/cargo" "+1.83.0" "metadata" "--no-deps" "--format-version=1", kill_on_drop: false }`
[INFO] [stdout] 61cd0172c27d7cd65831a111a5882979c2f07b1ae93675411f277fcf7ce363fb
[INFO] running `Command { std: "docker" "start" "-a" "61cd0172c27d7cd65831a111a5882979c2f07b1ae93675411f277fcf7ce363fb", kill_on_drop: false }`
[INFO] running `Command { std: "docker" "inspect" "61cd0172c27d7cd65831a111a5882979c2f07b1ae93675411f277fcf7ce363fb", kill_on_drop: false }`
[INFO] running `Command { std: "docker" "rm" "-f" "61cd0172c27d7cd65831a111a5882979c2f07b1ae93675411f277fcf7ce363fb", kill_on_drop: false }`
[INFO] [stdout] 61cd0172c27d7cd65831a111a5882979c2f07b1ae93675411f277fcf7ce363fb
[INFO] running `Command { std: "docker" "create" "-v" "/var/lib/crater-agent-workspace/builds/worker-5-tc1/target:/opt/rustwide/target:rw,Z" "-v" "/var/lib/crater-agent-workspace/builds/worker-5-tc1/source:/opt/rustwide/workdir:ro,Z" "-v" "/var/lib/crater-agent-workspace/cargo-home:/opt/rustwide/cargo-home:ro,Z" "-v" "/var/lib/crater-agent-workspace/rustup-home:/opt/rustwide/rustup-home:ro,Z" "-e" "SOURCE_DIR=/opt/rustwide/workdir" "-e" "CARGO_TARGET_DIR=/opt/rustwide/target" "-e" "CARGO_INCREMENTAL=0" "-e" "RUST_BACKTRACE=full" "-e" "RUSTFLAGS=--cap-lints=warn" "-e" "RUSTDOCFLAGS=--cap-lints=warn" "-e" "CARGO_HOME=/opt/rustwide/cargo-home" "-e" "RUSTUP_HOME=/opt/rustwide/rustup-home" "-w" "/opt/rustwide/workdir" "-m" "1610612736" "--user" "0:0" "--network" "none" "ghcr.io/rust-lang/crates-build-env/linux@sha256:f3a9d4ad9d972b27faf3965f35b62e55ba32bbce8f20bc8fe909558a86702fde" "/opt/rustwide/cargo-home/bin/cargo" "+1.83.0" "build" "--frozen" "--message-format=json", kill_on_drop: false }`
[INFO] [stdout] 316daad73259e7e04a96ba6872e60a087e773c8c807f14d42e770f8b233ce48f
[INFO] running `Command { std: "docker" "start" "-a" "316daad73259e7e04a96ba6872e60a087e773c8c807f14d42e770f8b233ce48f", kill_on_drop: false }`
[INFO] [stderr]    Compiling version_check v0.9.4
[INFO] [stderr]    Compiling typenum v1.15.0
[INFO] [stderr]    Compiling libc v0.2.126
[INFO] [stderr]    Compiling proc-macro2 v1.0.39
[INFO] [stderr]    Compiling unicode-ident v1.0.0
[INFO] [stderr]    Compiling syn v1.0.95
[INFO] [stderr]    Compiling subtle v2.4.1
[INFO] [stderr]    Compiling zeroize v1.5.5
[INFO] [stderr]    Compiling const-oid v0.7.1
[INFO] [stderr]    Compiling serde_derive v1.0.137
[INFO] [stderr]    Compiling serde v1.0.137
[INFO] [stderr]    Compiling base64ct v1.5.0
[INFO] [stderr]    Compiling getrandom v0.1.16
[INFO] [stderr]    Compiling cpufeatures v0.2.2
[INFO] [stderr]    Compiling base16ct v0.1.1
[INFO] [stderr]    Compiling opaque-debug v0.3.0
[INFO] [stderr]    Compiling byteorder v1.4.3
[INFO] [stderr]    Compiling serde_json v1.0.81
[INFO] [stderr]    Compiling crunchy v0.2.2
[INFO] [stderr]    Compiling hex v0.4.3
[INFO] [stderr]    Compiling schemars v0.8.9
[INFO] [stderr]    Compiling der v0.5.1
[INFO] [stderr]    Compiling itoa v1.0.2
[INFO] [stderr]    Compiling ryu v1.0.10
[INFO] [stderr]    Compiling dyn-clone v1.0.5
[INFO] [stderr]    Compiling static_assertions v1.1.0
[INFO] [stderr]    Compiling forward_ref v1.0.0
[INFO] [stderr]    Compiling base64 v0.13.0
[INFO] [stderr]    Compiling generic-array v0.14.5
[INFO] [stderr]    Compiling uint v0.9.3
[INFO] [stderr]    Compiling getrandom v0.2.6
[INFO] [stderr]    Compiling quote v1.0.18
[INFO] [stderr]    Compiling rand_core v0.5.1
[INFO] [stderr]    Compiling rand_core v0.6.3
[INFO] [stderr]    Compiling spki v0.5.4
[INFO] [stderr]    Compiling ff v0.11.1
[INFO] [stderr]    Compiling pkcs8 v0.8.0
[INFO] [stderr]    Compiling group v0.11.0
[INFO] [stderr]    Compiling digest v0.9.0
[INFO] [stderr]    Compiling crypto-bigint v0.3.2
[INFO] [stderr]    Compiling crypto-mac v0.11.1
[INFO] [stderr]    Compiling sec1 v0.2.1
[INFO] [stderr]    Compiling block-buffer v0.9.0
[INFO] [stderr]    Compiling hmac v0.11.0
[INFO] [stderr]    Compiling sha2 v0.9.9
[INFO] [stderr]    Compiling signature v1.4.0
[INFO] [stderr]    Compiling curve25519-dalek v3.2.0
[INFO] [stderr]    Compiling rfc6979 v0.1.0
[INFO] [stderr]    Compiling elliptic-curve v0.11.12
[INFO] [stderr]    Compiling ecdsa v0.13.4
[INFO] [stderr]    Compiling k256 v0.10.4
[INFO] [stderr]    Compiling serde_derive_internals v0.26.0
[INFO] [stderr]    Compiling thiserror-impl v1.0.31
[INFO] [stderr]    Compiling schemars_derive v0.8.9
[INFO] [stderr]    Compiling cosmwasm-derive v1.0.0
[INFO] [stderr]    Compiling thiserror v1.0.31
[INFO] [stderr]    Compiling ed25519-zebra v3.0.0
[INFO] [stderr]    Compiling serde-json-wasm v0.4.1
[INFO] [stderr]    Compiling cosmwasm-crypto v1.0.0
[INFO] [stderr]    Compiling cosmwasm-std v1.0.0
[INFO] [stderr]    Compiling cw-storage-plus v0.13.2
[INFO] [stderr]    Compiling cosmwasm-storage v1.0.0
[INFO] [stderr]    Compiling cw2 v0.13.2
[INFO] [stderr]    Compiling terra_contract_test v0.1.0 (/opt/rustwide/workdir)
[INFO] [stdout] warning: unused imports: `SubMsg` and `from_binary`
[INFO] [stdout]  --> src/contract.rs:4:5
[INFO] [stdout]   |
[INFO] [stdout] 4 |     from_binary, to_binary, Binary, CosmosMsg, Deps, DepsMut, Env, MessageInfo, Response,
[INFO] [stdout]   |     ^^^^^^^^^^^
[INFO] [stdout] 5 |     StdResult, SubMsg,
[INFO] [stdout]   |                ^^^^^^
[INFO] [stdout]   |
[INFO] [stdout]   = note: `#[warn(unused_imports)]` on by default
[INFO] [stdout] 
[INFO] [stdout] 
[INFO] [stdout] warning: unused import: `Variable`
[INFO] [stdout]   --> src/contract.rs:10:56
[INFO] [stdout]    |
[INFO] [stdout] 10 | use crate::msg::{ExecuteMsg, InstantiateMsg, QueryMsg, Variable};
[INFO] [stdout]    |                                                        ^^^^^^^^
[INFO] [stdout] 
[INFO] [stdout] 
[INFO] [stdout] warning: unused imports: `CustomQuery`, `QuerierWrapper`, `Querier`, and `WasmQuery`
[INFO] [stdout]  --> src/helpers.rs:5:33
[INFO] [stdout]   |
[INFO] [stdout] 5 |     to_binary, Addr, CosmosMsg, CustomQuery, Querier, QuerierWrapper, StdResult, WasmMsg, WasmQuery,
[INFO] [stdout]   |                                 ^^^^^^^^^^^  ^^^^^^^  ^^^^^^^^^^^^^^                      ^^^^^^^^^
[INFO] [stdout] 
[INFO] [stdout] 
[INFO] [stdout] warning: unused import: `QueryMsg`
[INFO] [stdout]  --> src/helpers.rs:8:30
[INFO] [stdout]   |
[INFO] [stdout] 8 | use crate::msg::{ExecuteMsg, QueryMsg};
[INFO] [stdout]   |                              ^^^^^^^^
[INFO] [stdout] 
[INFO] [stdout] 
[INFO] [stdout] warning: unused variable: `msg`
[INFO] [stdout]   --> src/contract.rs:22:5
[INFO] [stdout]    |
[INFO] [stdout] 22 |     msg: InstantiateMsg,
[INFO] [stdout]    |     ^^^ help: if this is intentional, prefix it with an underscore: `_msg`
[INFO] [stdout]    |
[INFO] [stdout]    = note: `#[warn(unused_variables)]` on by default
[INFO] [stdout] 
[INFO] [stdout] 
[INFO] [stdout] warning: unused variable: `deps`
[INFO] [stdout]   --> src/contract.rs:35:5
[INFO] [stdout]    |
[INFO] [stdout] 35 |     deps: DepsMut,
[INFO] [stdout]    |     ^^^^ help: if this is intentional, prefix it with an underscore: `_deps`
[INFO] [stdout] 
[INFO] [stdout] 
[INFO] [stdout] warning: unused variable: `info`
[INFO] [stdout]   --> src/contract.rs:37:5
[INFO] [stdout]    |
[INFO] [stdout] 37 |     info: MessageInfo,
[INFO] [stdout]    |     ^^^^ help: if this is intentional, prefix it with an underscore: `_info`
[INFO] [stdout] 
[INFO] [stdout] 
[INFO] [stdout] warning: unused variable: `msgs_to_send`
[INFO] [stdout]   --> src/contract.rs:47:13
[INFO] [stdout]    |
[INFO] [stdout] 47 |     let mut msgs_to_send: Vec<CosmosMsg> = vec![];
[INFO] [stdout]    |             ^^^^^^^^^^^^ help: if this is intentional, prefix it with an underscore: `_msgs_to_send`
[INFO] [stdout] 
[INFO] [stdout] 
[INFO] [stdout] warning: unused variable: `error`
[INFO] [stdout]   --> src/contract.rs:52:13
[INFO] [stdout]    |
[INFO] [stdout] 52 |         Err(error) => {
[INFO] [stdout]    |             ^^^^^ help: if this is intentional, prefix it with an underscore: `_error`
[INFO] [stdout] 
[INFO] [stdout] 
[INFO] [stdout] warning: variable does not need to be mutable
[INFO] [stdout]   --> src/contract.rs:47:9
[INFO] [stdout]    |
[INFO] [stdout] 47 |     let mut msgs_to_send: Vec<CosmosMsg> = vec![];
[INFO] [stdout]    |         ----^^^^^^^^^^^^
[INFO] [stdout]    |         |
[INFO] [stdout]    |         help: remove this `mut`
[INFO] [stdout]    |
[INFO] [stdout]    = note: `#[warn(unused_mut)]` on by default
[INFO] [stdout] 
[INFO] [stdout] 
[INFO] [stdout] warning: unused variable: `deps`
[INFO] [stdout]    --> src/contract.rs:154:14
[INFO] [stdout]     |
[INFO] [stdout] 154 | pub fn query(deps: Deps, _env: Env, msg: QueryMsg) -> StdResult<Binary> {
[INFO] [stdout]     |              ^^^^ help: if this is intentional, prefix it with an underscore: `_deps`
[INFO] [stdout] 
[INFO] [stdout] 
[INFO] [stdout] warning: unused variable: `msg`
[INFO] [stdout]    --> src/contract.rs:154:37
[INFO] [stdout]     |
[INFO] [stdout] 154 | pub fn query(deps: Deps, _env: Env, msg: QueryMsg) -> StdResult<Binary> {
[INFO] [stdout]     |                                     ^^^ help: if this is intentional, prefix it with an underscore: `_msg`
[INFO] [stdout] 
[INFO] [stdout] 
[INFO] [stderr]     Finished `dev` profile [unoptimized + debuginfo] target(s) in 25.90s
[INFO] running `Command { std: "docker" "inspect" "316daad73259e7e04a96ba6872e60a087e773c8c807f14d42e770f8b233ce48f", kill_on_drop: false }`
[INFO] running `Command { std: "docker" "rm" "-f" "316daad73259e7e04a96ba6872e60a087e773c8c807f14d42e770f8b233ce48f", kill_on_drop: false }`
[INFO] [stdout] 316daad73259e7e04a96ba6872e60a087e773c8c807f14d42e770f8b233ce48f
[INFO] running `Command { std: "docker" "create" "-v" "/var/lib/crater-agent-workspace/builds/worker-5-tc1/target:/opt/rustwide/target:rw,Z" "-v" "/var/lib/crater-agent-workspace/builds/worker-5-tc1/source:/opt/rustwide/workdir:ro,Z" "-v" "/var/lib/crater-agent-workspace/cargo-home:/opt/rustwide/cargo-home:ro,Z" "-v" "/var/lib/crater-agent-workspace/rustup-home:/opt/rustwide/rustup-home:ro,Z" "-e" "SOURCE_DIR=/opt/rustwide/workdir" "-e" "CARGO_TARGET_DIR=/opt/rustwide/target" "-e" "CARGO_INCREMENTAL=0" "-e" "RUST_BACKTRACE=full" "-e" "RUSTFLAGS=--cap-lints=warn" "-e" "RUSTDOCFLAGS=--cap-lints=warn" "-e" "CARGO_HOME=/opt/rustwide/cargo-home" "-e" "RUSTUP_HOME=/opt/rustwide/rustup-home" "-w" "/opt/rustwide/workdir" "-m" "1610612736" "--user" "0:0" "--network" "none" "ghcr.io/rust-lang/crates-build-env/linux@sha256:f3a9d4ad9d972b27faf3965f35b62e55ba32bbce8f20bc8fe909558a86702fde" "/opt/rustwide/cargo-home/bin/cargo" "+1.83.0" "test" "--frozen" "--no-run" "--message-format=json", kill_on_drop: false }`
[INFO] [stdout] d30b4dd9df233a3eb572c22fa461baf72c86f710c899f02258a396d9a54ecc4b
[INFO] running `Command { std: "docker" "start" "-a" "d30b4dd9df233a3eb572c22fa461baf72c86f710c899f02258a396d9a54ecc4b", kill_on_drop: false }`
[INFO] [stderr]    Compiling anyhow v1.0.57
[INFO] [stderr]    Compiling either v1.6.1
[INFO] [stderr]    Compiling bytes v1.1.0
[INFO] [stderr]    Compiling derivative v2.2.0
[INFO] [stderr]    Compiling cosmwasm-schema v1.0.0
[INFO] [stderr]    Compiling cw-utils v0.13.2
[INFO] [stdout] warning: unused imports: `SubMsg` and `from_binary`
[INFO] [stdout]  --> src/contract.rs:4:5
[INFO] [stdout]   |
[INFO] [stdout] 4 |     from_binary, to_binary, Binary, CosmosMsg, Deps, DepsMut, Env, MessageInfo, Response,
[INFO] [stdout]   |     ^^^^^^^^^^^
[INFO] [stdout] 5 |     StdResult, SubMsg,
[INFO] [stdout]   |                ^^^^^^
[INFO] [stdout]   |
[INFO] [stdout]   = note: `#[warn(unused_imports)]` on by default
[INFO] [stdout] 
[INFO] [stdout] 
[INFO] [stdout] warning: unused import: `Variable`
[INFO] [stdout]   --> src/contract.rs:10:56
[INFO] [stdout]    |
[INFO] [stdout] 10 | use crate::msg::{ExecuteMsg, InstantiateMsg, QueryMsg, Variable};
[INFO] [stdout]    |                                                        ^^^^^^^^
[INFO] [stdout] 
[INFO] [stdout] 
[INFO] [stdout] warning: unused imports: `CustomQuery`, `QuerierWrapper`, `Querier`, and `WasmQuery`
[INFO] [stdout]  --> src/helpers.rs:5:33
[INFO] [stdout]   |
[INFO] [stdout] 5 |     to_binary, Addr, CosmosMsg, CustomQuery, Querier, QuerierWrapper, StdResult, WasmMsg, WasmQuery,
[INFO] [stdout]   |                                 ^^^^^^^^^^^  ^^^^^^^  ^^^^^^^^^^^^^^                      ^^^^^^^^^
[INFO] [stdout] 
[INFO] [stdout] 
[INFO] [stdout] warning: unused import: `QueryMsg`
[INFO] [stdout]  --> src/helpers.rs:8:30
[INFO] [stdout]   |
[INFO] [stdout] 8 | use crate::msg::{ExecuteMsg, QueryMsg};
[INFO] [stdout]   |                              ^^^^^^^^
[INFO] [stdout] 
[INFO] [stdout] 
[INFO] [stdout] warning: unused variable: `msg`
[INFO] [stdout]   --> src/contract.rs:22:5
[INFO] [stdout]    |
[INFO] [stdout] 22 |     msg: InstantiateMsg,
[INFO] [stdout]    |     ^^^ help: if this is intentional, prefix it with an underscore: `_msg`
[INFO] [stdout]    |
[INFO] [stdout]    = note: `#[warn(unused_variables)]` on by default
[INFO] [stdout] 
[INFO] [stdout] 
[INFO] [stdout] warning: unused variable: `deps`
[INFO] [stdout]   --> src/contract.rs:35:5
[INFO] [stdout]    |
[INFO] [stdout] 35 |     deps: DepsMut,
[INFO] [stdout]    |     ^^^^ help: if this is intentional, prefix it with an underscore: `_deps`
[INFO] [stdout] 
[INFO] [stdout] 
[INFO] [stdout] warning: unused variable: `info`
[INFO] [stdout]   --> src/contract.rs:37:5
[INFO] [stdout]    |
[INFO] [stdout] 37 |     info: MessageInfo,
[INFO] [stdout]    |     ^^^^ help: if this is intentional, prefix it with an underscore: `_info`
[INFO] [stdout] 
[INFO] [stdout] 
[INFO] [stdout] warning: unused variable: `msgs_to_send`
[INFO] [stdout]   --> src/contract.rs:47:13
[INFO] [stdout]    |
[INFO] [stdout] 47 |     let mut msgs_to_send: Vec<CosmosMsg> = vec![];
[INFO] [stdout]    |             ^^^^^^^^^^^^ help: if this is intentional, prefix it with an underscore: `_msgs_to_send`
[INFO] [stdout] 
[INFO] [stdout] 
[INFO] [stdout] warning: unused variable: `error`
[INFO] [stdout]   --> src/contract.rs:52:13
[INFO] [stdout]    |
[INFO] [stdout] 52 |         Err(error) => {
[INFO] [stdout]    |             ^^^^^ help: if this is intentional, prefix it with an underscore: `_error`
[INFO] [stdout] 
[INFO] [stdout] 
[INFO] [stdout] warning: variable does not need to be mutable
[INFO] [stdout]   --> src/contract.rs:47:9
[INFO] [stdout]    |
[INFO] [stdout] 47 |     let mut msgs_to_send: Vec<CosmosMsg> = vec![];
[INFO] [stdout]    |         ----^^^^^^^^^^^^
[INFO] [stdout]    |         |
[INFO] [stdout]    |         help: remove this `mut`
[INFO] [stdout]    |
[INFO] [stdout]    = note: `#[warn(unused_mut)]` on by default
[INFO] [stdout] 
[INFO] [stdout] 
[INFO] [stdout] warning: unused variable: `deps`
[INFO] [stdout]    --> src/contract.rs:154:14
[INFO] [stdout]     |
[INFO] [stdout] 154 | pub fn query(deps: Deps, _env: Env, msg: QueryMsg) -> StdResult<Binary> {
[INFO] [stdout]     |              ^^^^ help: if this is intentional, prefix it with an underscore: `_deps`
[INFO] [stdout] 
[INFO] [stdout] 
[INFO] [stdout] warning: unused variable: `msg`
[INFO] [stdout]    --> src/contract.rs:154:37
[INFO] [stdout]     |
[INFO] [stdout] 154 | pub fn query(deps: Deps, _env: Env, msg: QueryMsg) -> StdResult<Binary> {
[INFO] [stdout]     |                                     ^^^ help: if this is intentional, prefix it with an underscore: `_msg`
[INFO] [stdout] 
[INFO] [stdout] 
[INFO] [stderr]    Compiling itertools v0.10.3
[INFO] [stderr]    Compiling prost-derive v0.9.0
[INFO] [stderr]    Compiling prost v0.9.0
[INFO] [stderr]    Compiling cw-multi-test v0.13.2
[INFO] [stderr]    Compiling terra_contract_test v0.1.0 (/opt/rustwide/workdir)
[INFO] [stdout] warning: unused imports: `SubMsg` and `from_binary`
[INFO] [stdout]  --> src/contract.rs:4:5
[INFO] [stdout]   |
[INFO] [stdout] 4 |     from_binary, to_binary, Binary, CosmosMsg, Deps, DepsMut, Env, MessageInfo, Response,
[INFO] [stdout]   |     ^^^^^^^^^^^
[INFO] [stdout] 5 |     StdResult, SubMsg,
[INFO] [stdout]   |                ^^^^^^
[INFO] [stdout]   |
[INFO] [stdout]   = note: `#[warn(unused_imports)]` on by default
[INFO] [stdout] 
[INFO] [stdout] 
[INFO] [stdout] warning: unused import: `Variable`
[INFO] [stdout]   --> src/contract.rs:10:56
[INFO] [stdout]    |
[INFO] [stdout] 10 | use crate::msg::{ExecuteMsg, InstantiateMsg, QueryMsg, Variable};
[INFO] [stdout]    |                                                        ^^^^^^^^
[INFO] [stdout] 
[INFO] [stdout] 
[INFO] [stdout] warning: unused imports: `CustomQuery`, `QuerierWrapper`, `Querier`, and `WasmQuery`
[INFO] [stdout]  --> src/helpers.rs:5:33
[INFO] [stdout]   |
[INFO] [stdout] 5 |     to_binary, Addr, CosmosMsg, CustomQuery, Querier, QuerierWrapper, StdResult, WasmMsg, WasmQuery,
[INFO] [stdout]   |                                 ^^^^^^^^^^^  ^^^^^^^  ^^^^^^^^^^^^^^                      ^^^^^^^^^
[INFO] [stdout] 
[INFO] [stdout] 
[INFO] [stdout] warning: unused import: `QueryMsg`
[INFO] [stdout]  --> src/helpers.rs:8:30
[INFO] [stdout]   |
[INFO] [stdout] 8 | use crate::msg::{ExecuteMsg, QueryMsg};
[INFO] [stdout]   |                              ^^^^^^^^
[INFO] [stdout] 
[INFO] [stdout] 
[INFO] [stdout] warning: unused variable: `msg`
[INFO] [stdout]   --> src/contract.rs:22:5
[INFO] [stdout]    |
[INFO] [stdout] 22 |     msg: InstantiateMsg,
[INFO] [stdout]    |     ^^^ help: if this is intentional, prefix it with an underscore: `_msg`
[INFO] [stdout]    |
[INFO] [stdout]    = note: `#[warn(unused_variables)]` on by default
[INFO] [stdout] 
[INFO] [stdout] 
[INFO] [stdout] warning: unused variable: `deps`
[INFO] [stdout]   --> src/contract.rs:35:5
[INFO] [stdout]    |
[INFO] [stdout] 35 |     deps: DepsMut,
[INFO] [stdout]    |     ^^^^ help: if this is intentional, prefix it with an underscore: `_deps`
[INFO] [stdout] 
[INFO] [stdout] 
[INFO] [stdout] warning: unused variable: `info`
[INFO] [stdout]   --> src/contract.rs:37:5
[INFO] [stdout]    |
[INFO] [stdout] 37 |     info: MessageInfo,
[INFO] [stdout]    |     ^^^^ help: if this is intentional, prefix it with an underscore: `_info`
[INFO] [stdout] 
[INFO] [stdout] 
[INFO] [stdout] warning: unused variable: `msgs_to_send`
[INFO] [stdout]   --> src/contract.rs:47:13
[INFO] [stdout]    |
[INFO] [stdout] 47 |     let mut msgs_to_send: Vec<CosmosMsg> = vec![];
[INFO] [stdout]    |             ^^^^^^^^^^^^ help: if this is intentional, prefix it with an underscore: `_msgs_to_send`
[INFO] [stdout] 
[INFO] [stdout] 
[INFO] [stdout] warning: unused variable: `error`
[INFO] [stdout]   --> src/contract.rs:52:13
[INFO] [stdout]    |
[INFO] [stdout] 52 |         Err(error) => {
[INFO] [stdout]    |             ^^^^^ help: if this is intentional, prefix it with an underscore: `_error`
[INFO] [stdout] 
[INFO] [stdout] 
[INFO] [stdout] warning: variable does not need to be mutable
[INFO] [stdout]   --> src/contract.rs:47:9
[INFO] [stdout]    |
[INFO] [stdout] 47 |     let mut msgs_to_send: Vec<CosmosMsg> = vec![];
[INFO] [stdout]    |         ----^^^^^^^^^^^^
[INFO] [stdout]    |         |
[INFO] [stdout]    |         help: remove this `mut`
[INFO] [stdout]    |
[INFO] [stdout]    = note: `#[warn(unused_mut)]` on by default
[INFO] [stdout] 
[INFO] [stdout] 
[INFO] [stdout] warning: unused variable: `deps`
[INFO] [stdout]    --> src/contract.rs:154:14
[INFO] [stdout]     |
[INFO] [stdout] 154 | pub fn query(deps: Deps, _env: Env, msg: QueryMsg) -> StdResult<Binary> {
[INFO] [stdout]     |              ^^^^ help: if this is intentional, prefix it with an underscore: `_deps`
[INFO] [stdout] 
[INFO] [stdout] 
[INFO] [stdout] warning: unused variable: `msg`
[INFO] [stdout]    --> src/contract.rs:154:37
[INFO] [stdout]     |
[INFO] [stdout] 154 | pub fn query(deps: Deps, _env: Env, msg: QueryMsg) -> StdResult<Binary> {
[INFO] [stdout]     |                                     ^^^ help: if this is intentional, prefix it with an underscore: `_msg`
[INFO] [stdout] 
[INFO] [stdout] 
[INFO] [stderr]     Finished `test` profile [unoptimized + debuginfo] target(s) in 7.92s
[INFO] running `Command { std: "docker" "inspect" "d30b4dd9df233a3eb572c22fa461baf72c86f710c899f02258a396d9a54ecc4b", kill_on_drop: false }`
[INFO] running `Command { std: "docker" "rm" "-f" "d30b4dd9df233a3eb572c22fa461baf72c86f710c899f02258a396d9a54ecc4b", kill_on_drop: false }`
[INFO] [stdout] d30b4dd9df233a3eb572c22fa461baf72c86f710c899f02258a396d9a54ecc4b
[INFO] running `Command { std: "docker" "create" "-v" "/var/lib/crater-agent-workspace/builds/worker-5-tc1/target:/opt/rustwide/target:rw,Z" "-v" "/var/lib/crater-agent-workspace/builds/worker-5-tc1/source:/opt/rustwide/workdir:ro,Z" "-v" "/var/lib/crater-agent-workspace/cargo-home:/opt/rustwide/cargo-home:ro,Z" "-v" "/var/lib/crater-agent-workspace/rustup-home:/opt/rustwide/rustup-home:ro,Z" "-e" "SOURCE_DIR=/opt/rustwide/workdir" "-e" "CARGO_TARGET_DIR=/opt/rustwide/target" "-e" "CARGO_INCREMENTAL=0" "-e" "RUST_BACKTRACE=full" "-e" "RUSTFLAGS=--cap-lints=warn" "-e" "RUSTDOCFLAGS=--cap-lints=warn" "-e" "CARGO_HOME=/opt/rustwide/cargo-home" "-e" "RUSTUP_HOME=/opt/rustwide/rustup-home" "-w" "/opt/rustwide/workdir" "-m" "1610612736" "--user" "0:0" "--network" "none" "ghcr.io/rust-lang/crates-build-env/linux@sha256:f3a9d4ad9d972b27faf3965f35b62e55ba32bbce8f20bc8fe909558a86702fde" "/opt/rustwide/cargo-home/bin/cargo" "+1.83.0" "test" "--frozen", kill_on_drop: false }`
[INFO] [stdout] f6771778cb6b9b7643824e5ccdc3678d8551eae74ec489d2ccef7031bd89cba2
[INFO] running `Command { std: "docker" "start" "-a" "f6771778cb6b9b7643824e5ccdc3678d8551eae74ec489d2ccef7031bd89cba2", kill_on_drop: false }`
[INFO] [stderr] warning: unused imports: `SubMsg` and `from_binary`
[INFO] [stderr]  --> src/contract.rs:4:5
[INFO] [stderr]   |
[INFO] [stderr] 4 |     from_binary, to_binary, Binary, CosmosMsg, Deps, DepsMut, Env, MessageInfo, Response,
[INFO] [stderr]   |     ^^^^^^^^^^^
[INFO] [stderr] 5 |     StdResult, SubMsg,
[INFO] [stderr]   |                ^^^^^^
[INFO] [stderr]   |
[INFO] [stderr]   = note: `#[warn(unused_imports)]` on by default
[INFO] [stderr] 
[INFO] [stderr] warning: unused import: `Variable`
[INFO] [stderr]   --> src/contract.rs:10:56
[INFO] [stderr]    |
[INFO] [stderr] 10 | use crate::msg::{ExecuteMsg, InstantiateMsg, QueryMsg, Variable};
[INFO] [stderr]    |                                                        ^^^^^^^^
[INFO] [stderr] 
[INFO] [stderr] warning: unused imports: `CustomQuery`, `QuerierWrapper`, `Querier`, and `WasmQuery`
[INFO] [stderr]  --> src/helpers.rs:5:33
[INFO] [stderr]   |
[INFO] [stderr] 5 |     to_binary, Addr, CosmosMsg, CustomQuery, Querier, QuerierWrapper, StdResult, WasmMsg, WasmQuery,
[INFO] [stderr]   |                                 ^^^^^^^^^^^  ^^^^^^^  ^^^^^^^^^^^^^^                      ^^^^^^^^^
[INFO] [stderr] 
[INFO] [stderr] warning: unused import: `QueryMsg`
[INFO] [stderr]  --> src/helpers.rs:8:30
[INFO] [stderr]   |
[INFO] [stderr] 8 | use crate::msg::{ExecuteMsg, QueryMsg};
[INFO] [stderr]   |                              ^^^^^^^^
[INFO] [stderr] 
[INFO] [stderr] warning: unused variable: `msg`
[INFO] [stderr]   --> src/contract.rs:22:5
[INFO] [stderr]    |
[INFO] [stderr] 22 |     msg: InstantiateMsg,
[INFO] [stderr]    |     ^^^ help: if this is intentional, prefix it with an underscore: `_msg`
[INFO] [stderr]    |
[INFO] [stderr]    = note: `#[warn(unused_variables)]` on by default
[INFO] [stderr] 
[INFO] [stderr] warning: unused variable: `deps`
[INFO] [stderr]   --> src/contract.rs:35:5
[INFO] [stderr]    |
[INFO] [stderr] 35 |     deps: DepsMut,
[INFO] [stderr]    |     ^^^^ help: if this is intentional, prefix it with an underscore: `_deps`
[INFO] [stderr] 
[INFO] [stderr] warning: unused variable: `info`
[INFO] [stderr]   --> src/contract.rs:37:5
[INFO] [stderr]    |
[INFO] [stderr] 37 |     info: MessageInfo,
[INFO] [stderr]    |     ^^^^ help: if this is intentional, prefix it with an underscore: `_info`
[INFO] [stderr] 
[INFO] [stderr] warning: unused variable: `msgs_to_send`
[INFO] [stderr]   --> src/contract.rs:47:13
[INFO] [stderr]    |
[INFO] [stderr] 47 |     let mut msgs_to_send: Vec<CosmosMsg> = vec![];
[INFO] [stderr]    |             ^^^^^^^^^^^^ help: if this is intentional, prefix it with an underscore: `_msgs_to_send`
[INFO] [stderr] 
[INFO] [stderr] warning: unused variable: `error`
[INFO] [stderr]   --> src/contract.rs:52:13
[INFO] [stderr]    |
[INFO] [stderr] 52 |         Err(error) => {
[INFO] [stderr]    |             ^^^^^ help: if this is intentional, prefix it with an underscore: `_error`
[INFO] [stderr] 
[INFO] [stderr] warning: variable does not need to be mutable
[INFO] [stderr]   --> src/contract.rs:47:9
[INFO] [stderr]    |
[INFO] [stderr] 47 |     let mut msgs_to_send: Vec<CosmosMsg> = vec![];
[INFO] [stderr]    |         ----^^^^^^^^^^^^
[INFO] [stderr]    |         |
[INFO] [stderr]    |         help: remove this `mut`
[INFO] [stderr]    |
[INFO] [stderr]    = note: `#[warn(unused_mut)]` on by default
[INFO] [stderr] 
[INFO] [stderr] warning: unused variable: `deps`
[INFO] [stderr]    --> src/contract.rs:154:14
[INFO] [stderr]     |
[INFO] [stderr] 154 | pub fn query(deps: Deps, _env: Env, msg: QueryMsg) -> StdResult<Binary> {
[INFO] [stderr]     |              ^^^^ help: if this is intentional, prefix it with an underscore: `_deps`
[INFO] [stderr] 
[INFO] [stderr] warning: unused variable: `msg`
[INFO] [stderr]    --> src/contract.rs:154:37
[INFO] [stderr]     |
[INFO] [stderr] 154 | pub fn query(deps: Deps, _env: Env, msg: QueryMsg) -> StdResult<Binary> {
[INFO] [stderr]     |                                     ^^^ help: if this is intentional, prefix it with an underscore: `_msg`
[INFO] [stderr] 
[INFO] [stderr] warning: `terra_contract_test` (lib) generated 12 warnings (run `cargo fix --lib -p terra_contract_test` to apply 5 suggestions)
[INFO] [stderr] warning: `terra_contract_test` (lib test) generated 12 warnings (12 duplicates)
[INFO] [stderr]     Finished `test` profile [unoptimized + debuginfo] target(s) in 0.10s
[INFO] [stderr]      Running unittests src/lib.rs (/opt/rustwide/target/debug/deps/terra_contract_test-5e15700744958f9c)
[INFO] [stdout] 
[INFO] [stdout] running 1 test
[INFO] [stdout] test integration_tests::tests::hydrate::hydrate ... FAILED
[INFO] [stdout] 
[INFO] [stdout] failures:
[INFO] [stdout] 
[INFO] [stdout] ---- integration_tests::tests::hydrate::hydrate stdout ----
[INFO] [stdout] thread 'integration_tests::tests::hydrate::hydrate' panicked at src/integration_tests.rs:74:60:
[INFO] [stdout] called `Result::unwrap()` on an `Err` value: error executing WasmMsg:
[INFO] [stdout] sender: USER
[INFO] [stdout] Execute { contract_addr: "contract0", msg: Binary(7b2268796472617465223a7b226d7367223a227b5c227761736d5c223a207b5c22657865637574655c223a207b5c22636f6e74726163745f616464725c223a205c2224776172702e7661722e7661726961626c65315c222c5c226d73675c223a5c2265794a7a5a57356b496a7037496d4e76626e527959574e30496a6f6964475679636d45314e444d794d534973496d46746233567564434936496a45794d7a51314969776962584e6e496a6f695a586c4b62475648566d706b57464a7357444e4f4d316c59516d5a694d304a73593231474d4746584f58566a65556b325a586c4b646d4e48566e6c5a57464a77596a4931656b6c7163474a6c6555706f597a4e53655749784f58706b4d6b5a33535770774e306c744f57316162565a3557444a47656d4d79566a42594d6d7831576d30346155397563326c6b527a6c79576c63306155397563326c5a4d6a6c315a45684b61466b7a556d5a5a56314a7259326c4a4e6b6c70556a4e5a574570335447356161474e704e544a5a574570775756644b6331705552576c6d5744427a53573147656d45784f57686a4d3035735a45593563474a74576e5a4a616e4133535730316147524862444a61566a6b77596a4a3062474a7053545a6c65557072576c6331646d4a5453545a4a6156497a5756684b64307875576d686a615455795756684b63466c58536e4e6156456c705a6c67784f575a574d484e4a62544677596d3173644752584d575a6a62565a71576c64734d6c705453545a4a6156497a5756684b64307875576d686a615455795756684b63466c58536e4e615645317054454e4b4d474a3553545a4a6156497a5756684b64307875576d686a615455795756684b63466c58536e4e615646467054454e4b64466c5961475a6a4d304a35576c644761306c7162326c4b5347526f5932354264575274526e6c4d626c706f5932317361466c746547784f55306f355a6c453950534a3966513d3d5c222c5c2266756e64735c223a205b5d7d7d7d222c2276617273223a225b5c2224776172702e7661722e7661726961626c65315c223a205c22746572726131323334355c222c5c2224776172702e7661722e7661726961626c65325c223a205c227574657272615c222c5c2224776172702e7661722e7661726961626c65335c223a205c2235343332315c222c5c2224776172702e7661722e7661726961626c65345c223a205c22746572726131313131315c222c5c2224776172702e7661722e7661726961626c65355c223a205c22302e30355c222c5d227d7d), funds: [] }
[INFO] [stdout] 
[INFO] [stdout] Caused by:
[INFO] [stdout]     Custom Error val: "DeserializationError"
[INFO] [stdout] stack backtrace:
[INFO] [stdout]    0:     0x63c543827b8a - std::backtrace_rs::backtrace::libunwind::trace::h5a5b8284f2d0c266
[INFO] [stdout]                                at /rustc/90b35a6239c3d8bdabc530a6a0816f7ff89a0aaf/library/std/src/../../backtrace/src/backtrace/libunwind.rs:116:5
[INFO] [stdout]    1:     0x63c543827b8a - std::backtrace_rs::backtrace::trace_unsynchronized::h76d4f1c9b0b875e3
[INFO] [stdout]                                at /rustc/90b35a6239c3d8bdabc530a6a0816f7ff89a0aaf/library/std/src/../../backtrace/src/backtrace/mod.rs:66:5
[INFO] [stdout]    2:     0x63c543827b8a - std::sys::backtrace::_print_fmt::hc4546b8364a537c6
[INFO] [stdout]                                at /rustc/90b35a6239c3d8bdabc530a6a0816f7ff89a0aaf/library/std/src/sys/backtrace.rs:66:9
[INFO] [stdout]    3:     0x63c543827b8a - <std::sys::backtrace::BacktraceLock::print::DisplayBacktrace as core::fmt::Display>::fmt::h5b6bd5631a6d1f6b
[INFO] [stdout]                                at /rustc/90b35a6239c3d8bdabc530a6a0816f7ff89a0aaf/library/std/src/sys/backtrace.rs:39:26
[INFO] [stdout]    4:     0x63c54384e1b3 - core::fmt::rt::Argument::fmt::h270f6602a2b96f62
[INFO] [stdout]                                at /rustc/90b35a6239c3d8bdabc530a6a0816f7ff89a0aaf/library/core/src/fmt/rt.rs:177:76
[INFO] [stdout]    5:     0x63c54384e1b3 - core::fmt::write::h7550c97b06c86515
[INFO] [stdout]                                at /rustc/90b35a6239c3d8bdabc530a6a0816f7ff89a0aaf/library/core/src/fmt/mod.rs:1186:21
[INFO] [stdout]    6:     0x63c543824d53 - std::io::Write::write_fmt::h509ff860e5956e5e
[INFO] [stdout]                                at /rustc/90b35a6239c3d8bdabc530a6a0816f7ff89a0aaf/library/std/src/io/mod.rs:1839:15
[INFO] [stdout]    7:     0x63c5438279d2 - std::sys::backtrace::BacktraceLock::print::h2395ccd2c84ba3aa
[INFO] [stdout]                                at /rustc/90b35a6239c3d8bdabc530a6a0816f7ff89a0aaf/library/std/src/sys/backtrace.rs:42:9
[INFO] [stdout]    8:     0x63c543828fea - std::panicking::default_hook::{{closure}}::he19d4c7230e07961
[INFO] [stdout]                                at /rustc/90b35a6239c3d8bdabc530a6a0816f7ff89a0aaf/library/std/src/panicking.rs:268:22
[INFO] [stdout]    9:     0x63c543828df4 - std::panicking::default_hook::hf614597d3c67bbdb
[INFO] [stdout]                                at /rustc/90b35a6239c3d8bdabc530a6a0816f7ff89a0aaf/library/std/src/panicking.rs:292:9
[INFO] [stdout]   10:     0x63c5436fca19 - <alloc::boxed::Box<F,A> as core::ops::function::Fn<Args>>::call::h39b51ce4599c23d1
[INFO] [stdout]                                at /rustc/90b35a6239c3d8bdabc530a6a0816f7ff89a0aaf/library/alloc/src/boxed.rs:2468:9
[INFO] [stdout]   11:     0x63c5436fca19 - test::test_main::{{closure}}::he977ae839a582784
[INFO] [stdout]                                at /rustc/90b35a6239c3d8bdabc530a6a0816f7ff89a0aaf/library/test/src/lib.rs:133:21
[INFO] [stdout]   12:     0x63c543829688 - <alloc::boxed::Box<F,A> as core::ops::function::Fn<Args>>::call::h9455091b6b06f9fb
[INFO] [stdout]                                at /rustc/90b35a6239c3d8bdabc530a6a0816f7ff89a0aaf/library/alloc/src/boxed.rs:2468:9
[INFO] [stdout]   13:     0x63c543829688 - std::panicking::rust_panic_with_hook::h8942133a8b252070
[INFO] [stdout]                                at /rustc/90b35a6239c3d8bdabc530a6a0816f7ff89a0aaf/library/std/src/panicking.rs:809:13
[INFO] [stdout]   14:     0x63c54382944a - std::panicking::begin_panic_handler::{{closure}}::hb5f5963570096b29
[INFO] [stdout]                                at /rustc/90b35a6239c3d8bdabc530a6a0816f7ff89a0aaf/library/std/src/panicking.rs:674:13
[INFO] [stdout]   15:     0x63c543828069 - std::sys::backtrace::__rust_end_short_backtrace::h6208cedc1922feda
[INFO] [stdout]                                at /rustc/90b35a6239c3d8bdabc530a6a0816f7ff89a0aaf/library/std/src/sys/backtrace.rs:170:18
[INFO] [stdout]   16:     0x63c5438290dc - rust_begin_unwind
[INFO] [stdout]                                at /rustc/90b35a6239c3d8bdabc530a6a0816f7ff89a0aaf/library/std/src/panicking.rs:665:5
[INFO] [stdout]   17:     0x63c543647b60 - core::panicking::panic_fmt::h0c3082644d1bf418
[INFO] [stdout]                                at /rustc/90b35a6239c3d8bdabc530a6a0816f7ff89a0aaf/library/core/src/panicking.rs:74:14
[INFO] [stdout]   18:     0x63c543647fa6 - core::result::unwrap_failed::hd20b4aa073bda1e2
[INFO] [stdout]                                at /rustc/90b35a6239c3d8bdabc530a6a0816f7ff89a0aaf/library/core/src/result.rs:1700:5
[INFO] [stdout]   19:     0x63c5436b478d - core::result::Result<T,E>::unwrap::h363b326c9b61ec87
[INFO] [stdout]                                at /rustc/90b35a6239c3d8bdabc530a6a0816f7ff89a0aaf/library/core/src/result.rs:1104:23
[INFO] [stdout]   20:     0x63c5436b478d - terra_contract_test::integration_tests::tests::hydrate::hydrate::h1edb0094edc98644
[INFO] [stdout]                                at /opt/rustwide/workdir/src/integration_tests.rs:74:13
[INFO] [stdout]   21:     0x63c5436b4347 - terra_contract_test::integration_tests::tests::hydrate::hydrate::{{closure}}::hd0927c90cf89c94d
[INFO] [stdout]                                at /opt/rustwide/workdir/src/integration_tests.rs:63:21
[INFO] [stdout]   22:     0x63c5436b7586 - core::ops::function::FnOnce::call_once::h318a1673673c49c6
[INFO] [stdout]                                at /rustc/90b35a6239c3d8bdabc530a6a0816f7ff89a0aaf/library/core/src/ops/function.rs:250:5
[INFO] [stdout]   23:     0x63c5437013db - core::ops::function::FnOnce::call_once::h109cf8051a59b34e
[INFO] [stdout]                                at /rustc/90b35a6239c3d8bdabc530a6a0816f7ff89a0aaf/library/core/src/ops/function.rs:250:5
[INFO] [stdout]   24:     0x63c5437013db - test::__rust_begin_short_backtrace::hf4fff89d377446ba
[INFO] [stdout]                                at /rustc/90b35a6239c3d8bdabc530a6a0816f7ff89a0aaf/library/test/src/lib.rs:621:18
[INFO] [stdout]   25:     0x63c543700c17 - test::run_test_in_process::{{closure}}::h0e39181dd7ee5a43
[INFO] [stdout]                                at /rustc/90b35a6239c3d8bdabc530a6a0816f7ff89a0aaf/library/test/src/lib.rs:644:60
[INFO] [stdout]   26:     0x63c543700c17 - <core::panic::unwind_safe::AssertUnwindSafe<F> as core::ops::function::FnOnce<()>>::call_once::hc5a66a30f0bdfd1f
[INFO] [stdout]                                at /rustc/90b35a6239c3d8bdabc530a6a0816f7ff89a0aaf/library/core/src/panic/unwind_safe.rs:272:9
[INFO] [stdout]   27:     0x63c543700c17 - std::panicking::try::do_call::h873b7cf639554a5e
[INFO] [stdout]                                at /rustc/90b35a6239c3d8bdabc530a6a0816f7ff89a0aaf/library/std/src/panicking.rs:557:40
[INFO] [stdout]   28:     0x63c543700c17 - std::panicking::try::hdb19862fad9c8bd1
[INFO] [stdout]                                at /rustc/90b35a6239c3d8bdabc530a6a0816f7ff89a0aaf/library/std/src/panicking.rs:520:19
[INFO] [stdout]   29:     0x63c543700c17 - std::panic::catch_unwind::h281fe732d236d260
[INFO] [stdout]                                at /rustc/90b35a6239c3d8bdabc530a6a0816f7ff89a0aaf/library/std/src/panic.rs:358:14
[INFO] [stdout]   30:     0x63c543700c17 - test::run_test_in_process::h949b6df8457ed338
[INFO] [stdout]                                at /rustc/90b35a6239c3d8bdabc530a6a0816f7ff89a0aaf/library/test/src/lib.rs:644:27
[INFO] [stdout]   31:     0x63c543700c17 - test::run_test::{{closure}}::h52c556a6d4740e10
[INFO] [stdout]                                at /rustc/90b35a6239c3d8bdabc530a6a0816f7ff89a0aaf/library/test/src/lib.rs:565:43
[INFO] [stdout]   32:     0x63c5436c5ef4 - test::run_test::{{closure}}::h4237f6381c45ccb9
[INFO] [stdout]                                at /rustc/90b35a6239c3d8bdabc530a6a0816f7ff89a0aaf/library/test/src/lib.rs:595:41
[INFO] [stdout]   33:     0x63c5436c5ef4 - std::sys::backtrace::__rust_begin_short_backtrace::h505c97a579eca628
[INFO] [stdout]                                at /rustc/90b35a6239c3d8bdabc530a6a0816f7ff89a0aaf/library/std/src/sys/backtrace.rs:154:18
[INFO] [stdout]   34:     0x63c5436c95be - std::thread::Builder::spawn_unchecked_::{{closure}}::{{closure}}::h9e86b2e2bc107ea3
[INFO] [stdout]                                at /rustc/90b35a6239c3d8bdabc530a6a0816f7ff89a0aaf/library/std/src/thread/mod.rs:538:17
[INFO] [stdout]   35:     0x63c5436c95be - <core::panic::unwind_safe::AssertUnwindSafe<F> as core::ops::function::FnOnce<()>>::call_once::h8b06ddb275ff4a25
[INFO] [stdout]                                at /rustc/90b35a6239c3d8bdabc530a6a0816f7ff89a0aaf/library/core/src/panic/unwind_safe.rs:272:9
[INFO] [stdout]   36:     0x63c5436c95be - std::panicking::try::do_call::hb26ecd7cd9a9355d
[INFO] [stdout]                                at /rustc/90b35a6239c3d8bdabc530a6a0816f7ff89a0aaf/library/std/src/panicking.rs:557:40
[INFO] [stdout]   37:     0x63c5436c95be - std::panicking::try::h8ddeca9d705f9069
[INFO] [stdout]                                at /rustc/90b35a6239c3d8bdabc530a6a0816f7ff89a0aaf/library/std/src/panicking.rs:520:19
[INFO] [stdout]   38:     0x63c5436c95be - std::panic::catch_unwind::h49e1c33078844c46
[INFO] [stdout]                                at /rustc/90b35a6239c3d8bdabc530a6a0816f7ff89a0aaf/library/std/src/panic.rs:358:14
[INFO] [stdout]   39:     0x63c5436c95be - std::thread::Builder::spawn_unchecked_::{{closure}}::h6073db6ff56ad35d
[INFO] [stdout]                                at /rustc/90b35a6239c3d8bdabc530a6a0816f7ff89a0aaf/library/std/src/thread/mod.rs:537:30
[INFO] [stdout]   40:     0x63c5436c95be - core::ops::function::FnOnce::call_once{{vtable.shim}}::h2c5a5f3779c774f1
[INFO] [stdout]                                at /rustc/90b35a6239c3d8bdabc530a6a0816f7ff89a0aaf/library/core/src/ops/function.rs:250:5
[INFO] [stdout]   41:     0x63c54382d3db - <alloc::boxed::Box<F,A> as core::ops::function::FnOnce<Args>>::call_once::hf75717d9f28faebf
[INFO] [stdout]                                at /rustc/90b35a6239c3d8bdabc530a6a0816f7ff89a0aaf/library/alloc/src/boxed.rs:2454:9
[INFO] [stdout]   42:     0x63c54382d3db - <alloc::boxed::Box<F,A> as core::ops::function::FnOnce<Args>>::call_once::h7bd883a5f3c5f3c1
[INFO] [stdout]                                at /rustc/90b35a6239c3d8bdabc530a6a0816f7ff89a0aaf/library/alloc/src/boxed.rs:2454:9
[INFO] [stdout]   43:     0x63c54382d3db - std::sys::pal::unix::thread::Thread::new::thread_start::hcc78f3943333fa94
[INFO] [stdout]                                at /rustc/90b35a6239c3d8bdabc530a6a0816f7ff89a0aaf/library/std/src/sys/pal/unix/thread.rs:105:17
[INFO] [stdout]   44:     0x7229adf36ac3 - <unknown>
[INFO] [stdout]   45:     0x7229adfc7a04 - clone
[INFO] [stdout]   46:                0x0 - <unknown>
[INFO] [stdout] 
[INFO] [stdout] 
[INFO] [stdout] failures:
[INFO] [stdout]     integration_tests::tests::hydrate::hydrate
[INFO] [stdout] 
[INFO] [stdout] test result: FAILED. 0 passed; 1 failed; 0 ignored; 0 measured; 0 filtered out; finished in 0.06s
[INFO] [stdout] 
[INFO] [stderr] error: test failed, to rerun pass `--lib`
[INFO] running `Command { std: "docker" "inspect" "f6771778cb6b9b7643824e5ccdc3678d8551eae74ec489d2ccef7031bd89cba2", kill_on_drop: false }`
[INFO] running `Command { std: "docker" "rm" "-f" "f6771778cb6b9b7643824e5ccdc3678d8551eae74ec489d2ccef7031bd89cba2", kill_on_drop: false }`
[INFO] [stdout] f6771778cb6b9b7643824e5ccdc3678d8551eae74ec489d2ccef7031bd89cba2
