[INFO] cloning repository https://github.com/Sietse2202/raylib-rs-ext
[INFO] running `Command { std: "git" "-c" "credential.helper=" "-c" "credential.helper=/workspace/cargo-home/bin/git-credential-null" "clone" "--bare" "https://github.com/Sietse2202/raylib-rs-ext" "/workspace/cache/git-repos/https%3A%2F%2Fgithub.com%2FSietse2202%2Fraylib-rs-ext", kill_on_drop: false }`
[INFO] [stderr] Cloning into bare repository '/workspace/cache/git-repos/https%3A%2F%2Fgithub.com%2FSietse2202%2Fraylib-rs-ext'...
[INFO] running `Command { std: "git" "rev-parse" "HEAD", kill_on_drop: false }`
[INFO] [stdout] 1a9793ad6f690205ea57fd2193256bba4011d2a5
[INFO] testing Sietse2202/raylib-rs-ext against 1.83.0 for beta-1.84.0-4-retry
[INFO] running `Command { std: "git" "clone" "/workspace/cache/git-repos/https%3A%2F%2Fgithub.com%2FSietse2202%2Fraylib-rs-ext" "/workspace/builds/worker-6-tc1/source", kill_on_drop: false }`
[INFO] [stderr] Cloning into '/workspace/builds/worker-6-tc1/source'...
[INFO] [stderr] done.
[INFO] validating manifest of git repo https://github.com/Sietse2202/raylib-rs-ext on toolchain 1.83.0
[INFO] running `Command { std: CARGO_HOME="/workspace/cargo-home" RUSTUP_HOME="/workspace/rustup-home" "/workspace/cargo-home/bin/cargo" "+1.83.0" "metadata" "--manifest-path" "Cargo.toml" "--no-deps", kill_on_drop: false }`
[INFO] started tweaking git repo https://github.com/Sietse2202/raylib-rs-ext
[INFO] finished tweaking git repo https://github.com/Sietse2202/raylib-rs-ext
[INFO] tweaked toml for git repo https://github.com/Sietse2202/raylib-rs-ext written to /workspace/builds/worker-6-tc1/source/Cargo.toml
[INFO] crate git repo https://github.com/Sietse2202/raylib-rs-ext already has a lockfile, it will not be regenerated
[INFO] running `Command { std: CARGO_HOME="/workspace/cargo-home" RUSTUP_HOME="/workspace/rustup-home" "/workspace/cargo-home/bin/cargo" "+1.83.0" "fetch" "--manifest-path" "Cargo.toml", kill_on_drop: false }`
[INFO] running `Command { std: "docker" "create" "-v" "/var/lib/crater-agent-workspace/builds/worker-6-tc1/target:/opt/rustwide/target:rw,Z" "-v" "/var/lib/crater-agent-workspace/builds/worker-6-tc1/source:/opt/rustwide/workdir:ro,Z" "-v" "/var/lib/crater-agent-workspace/cargo-home:/opt/rustwide/cargo-home:ro,Z" "-v" "/var/lib/crater-agent-workspace/rustup-home:/opt/rustwide/rustup-home:ro,Z" "-e" "SOURCE_DIR=/opt/rustwide/workdir" "-e" "CARGO_TARGET_DIR=/opt/rustwide/target" "-e" "CARGO_HOME=/opt/rustwide/cargo-home" "-e" "RUSTUP_HOME=/opt/rustwide/rustup-home" "-w" "/opt/rustwide/workdir" "-m" "1610612736" "--user" "0:0" "--network" "none" "ghcr.io/rust-lang/crates-build-env/linux@sha256:f3a9d4ad9d972b27faf3965f35b62e55ba32bbce8f20bc8fe909558a86702fde" "/opt/rustwide/cargo-home/bin/cargo" "+1.83.0" "metadata" "--no-deps" "--format-version=1", kill_on_drop: false }`
[INFO] [stdout] 59988072f21ba3fb1a8ac7720c1b37975e9e78c8f53b2a41375e3b2a0a2671a1
[INFO] running `Command { std: "docker" "start" "-a" "59988072f21ba3fb1a8ac7720c1b37975e9e78c8f53b2a41375e3b2a0a2671a1", kill_on_drop: false }`
[INFO] running `Command { std: "docker" "inspect" "59988072f21ba3fb1a8ac7720c1b37975e9e78c8f53b2a41375e3b2a0a2671a1", kill_on_drop: false }`
[INFO] running `Command { std: "docker" "rm" "-f" "59988072f21ba3fb1a8ac7720c1b37975e9e78c8f53b2a41375e3b2a0a2671a1", kill_on_drop: false }`
[INFO] [stdout] 59988072f21ba3fb1a8ac7720c1b37975e9e78c8f53b2a41375e3b2a0a2671a1
[INFO] running `Command { std: "docker" "create" "-v" "/var/lib/crater-agent-workspace/builds/worker-6-tc1/target:/opt/rustwide/target:rw,Z" "-v" "/var/lib/crater-agent-workspace/builds/worker-6-tc1/source:/opt/rustwide/workdir:ro,Z" "-v" "/var/lib/crater-agent-workspace/cargo-home:/opt/rustwide/cargo-home:ro,Z" "-v" "/var/lib/crater-agent-workspace/rustup-home:/opt/rustwide/rustup-home:ro,Z" "-e" "SOURCE_DIR=/opt/rustwide/workdir" "-e" "CARGO_TARGET_DIR=/opt/rustwide/target" "-e" "CARGO_INCREMENTAL=0" "-e" "RUST_BACKTRACE=full" "-e" "RUSTFLAGS=--cap-lints=warn" "-e" "RUSTDOCFLAGS=--cap-lints=warn" "-e" "CARGO_HOME=/opt/rustwide/cargo-home" "-e" "RUSTUP_HOME=/opt/rustwide/rustup-home" "-w" "/opt/rustwide/workdir" "-m" "1610612736" "--user" "0:0" "--network" "none" "ghcr.io/rust-lang/crates-build-env/linux@sha256:f3a9d4ad9d972b27faf3965f35b62e55ba32bbce8f20bc8fe909558a86702fde" "/opt/rustwide/cargo-home/bin/cargo" "+1.83.0" "build" "--frozen" "--message-format=json", kill_on_drop: false }`
[INFO] [stdout] e095f38a79e0a8c1236eda8069d7cbdb6eafe5232103ae1a8006e2ee1932d165
[INFO] running `Command { std: "docker" "start" "-a" "e095f38a79e0a8c1236eda8069d7cbdb6eafe5232103ae1a8006e2ee1932d165", kill_on_drop: false }`
[INFO] [stderr]    Compiling autocfg v1.4.0
[INFO] [stderr]    Compiling proc-macro2 v1.0.89
[INFO] [stderr]    Compiling unicode-ident v1.0.13
[INFO] [stderr]    Compiling glob v0.3.1
[INFO] [stderr]    Compiling libc v0.2.161
[INFO] [stderr]    Compiling prettyplease v0.2.25
[INFO] [stderr]    Compiling rustix v0.38.38
[INFO] [stderr]    Compiling lazy_static v1.5.0
[INFO] [stderr]    Compiling memchr v2.7.4
[INFO] [stderr]    Compiling linux-raw-sys v0.4.14
[INFO] [stderr]    Compiling minimal-lexical v0.2.1
[INFO] [stderr]    Compiling shlex v1.3.0
[INFO] [stderr]    Compiling either v1.13.0
[INFO] [stderr]    Compiling regex-syntax v0.8.5
[INFO] [stderr]    Compiling bitflags v2.6.0
[INFO] [stderr]    Compiling libloading v0.8.5
[INFO] [stderr]    Compiling bindgen v0.69.5
[INFO] [stderr]    Compiling log v0.4.22
[INFO] [stderr]    Compiling home v0.5.9
[INFO] [stderr]    Compiling cc v1.1.31
[INFO] [stderr]    Compiling rustc-hash v1.1.0
[INFO] [stderr]    Compiling itertools v0.12.1
[INFO] [stderr]    Compiling lazycell v1.3.0
[INFO] [stderr]    Compiling maybe-uninit v2.0.0
[INFO] [stderr]    Compiling smallvec v1.13.2
[INFO] [stderr]    Compiling cfg-if v0.1.10
[INFO] [stderr]    Compiling syn v1.0.109
[INFO] [stderr]    Compiling clang-sys v1.8.1
[INFO] [stderr]    Compiling hashbrown v0.7.2
[INFO] [stderr]    Compiling crossbeam-utils v0.7.2
[INFO] [stderr]    Compiling lock_api v0.4.12
[INFO] [stderr]    Compiling fs_extra v1.3.0
[INFO] [stderr]    Compiling ahash v0.3.8
[INFO] [stderr]    Compiling mopa v0.2.2
[INFO] [stderr]    Compiling nom v7.1.3
[INFO] [stderr]    Compiling arrayvec v0.5.2
[INFO] [stderr]    Compiling tuple_utils v0.3.0
[INFO] [stderr]    Compiling quote v1.0.37
[INFO] [stderr]    Compiling hibitset v0.6.4
[INFO] [stderr]    Compiling cmake v0.1.51
[INFO] [stderr]    Compiling shrev v1.1.3
[INFO] [stderr]    Compiling crossbeam-queue v0.2.3
[INFO] [stderr]    Compiling syn v2.0.85
[INFO] [stderr]    Compiling parking_lot_core v0.9.10
[INFO] [stderr]    Compiling regex-automata v0.4.8
[INFO] [stderr]    Compiling parking_lot v0.12.3
[INFO] [stderr]    Compiling which v4.4.2
[INFO] [stderr]    Compiling cexpr v0.6.0
[INFO] [stderr]    Compiling regex v1.11.1
[INFO] [stderr]    Compiling tynm v0.1.10
[INFO] [stderr]    Compiling shred v0.10.2
[INFO] [stderr]    Compiling specs-derive v0.4.1
[INFO] [stderr]    Compiling specs v0.16.1
[INFO] [stderr]    Compiling raylib-sys v5.0.2
[INFO] [stderr]    Compiling raylib v5.0.2
[INFO] [stderr]    Compiling raylib-ext v0.1.0 (/opt/rustwide/workdir)
[INFO] [stderr]     Finished `dev` profile [unoptimized + debuginfo] target(s) in 54.49s
[INFO] running `Command { std: "docker" "inspect" "e095f38a79e0a8c1236eda8069d7cbdb6eafe5232103ae1a8006e2ee1932d165", kill_on_drop: false }`
[INFO] running `Command { std: "docker" "rm" "-f" "e095f38a79e0a8c1236eda8069d7cbdb6eafe5232103ae1a8006e2ee1932d165", kill_on_drop: false }`
[INFO] [stdout] e095f38a79e0a8c1236eda8069d7cbdb6eafe5232103ae1a8006e2ee1932d165
[INFO] running `Command { std: "docker" "create" "-v" "/var/lib/crater-agent-workspace/builds/worker-6-tc1/target:/opt/rustwide/target:rw,Z" "-v" "/var/lib/crater-agent-workspace/builds/worker-6-tc1/source:/opt/rustwide/workdir:ro,Z" "-v" "/var/lib/crater-agent-workspace/cargo-home:/opt/rustwide/cargo-home:ro,Z" "-v" "/var/lib/crater-agent-workspace/rustup-home:/opt/rustwide/rustup-home:ro,Z" "-e" "SOURCE_DIR=/opt/rustwide/workdir" "-e" "CARGO_TARGET_DIR=/opt/rustwide/target" "-e" "CARGO_INCREMENTAL=0" "-e" "RUST_BACKTRACE=full" "-e" "RUSTFLAGS=--cap-lints=warn" "-e" "RUSTDOCFLAGS=--cap-lints=warn" "-e" "CARGO_HOME=/opt/rustwide/cargo-home" "-e" "RUSTUP_HOME=/opt/rustwide/rustup-home" "-w" "/opt/rustwide/workdir" "-m" "1610612736" "--user" "0:0" "--network" "none" "ghcr.io/rust-lang/crates-build-env/linux@sha256:f3a9d4ad9d972b27faf3965f35b62e55ba32bbce8f20bc8fe909558a86702fde" "/opt/rustwide/cargo-home/bin/cargo" "+1.83.0" "test" "--frozen" "--no-run" "--message-format=json", kill_on_drop: false }`
[INFO] [stdout] 51415d521ae94ffc964301ad35da811c81a45cc31a9ac0e34036194f6dcdcb70
[INFO] running `Command { std: "docker" "start" "-a" "51415d521ae94ffc964301ad35da811c81a45cc31a9ac0e34036194f6dcdcb70", kill_on_drop: false }`
[INFO] [stderr]    Compiling raylib-ext v0.1.0 (/opt/rustwide/workdir)
[INFO] [stderr]     Finished `test` profile [unoptimized + debuginfo] target(s) in 0.63s
[INFO] running `Command { std: "docker" "inspect" "51415d521ae94ffc964301ad35da811c81a45cc31a9ac0e34036194f6dcdcb70", kill_on_drop: false }`
[INFO] running `Command { std: "docker" "rm" "-f" "51415d521ae94ffc964301ad35da811c81a45cc31a9ac0e34036194f6dcdcb70", kill_on_drop: false }`
[INFO] [stdout] 51415d521ae94ffc964301ad35da811c81a45cc31a9ac0e34036194f6dcdcb70
[INFO] running `Command { std: "docker" "create" "-v" "/var/lib/crater-agent-workspace/builds/worker-6-tc1/target:/opt/rustwide/target:rw,Z" "-v" "/var/lib/crater-agent-workspace/builds/worker-6-tc1/source:/opt/rustwide/workdir:ro,Z" "-v" "/var/lib/crater-agent-workspace/cargo-home:/opt/rustwide/cargo-home:ro,Z" "-v" "/var/lib/crater-agent-workspace/rustup-home:/opt/rustwide/rustup-home:ro,Z" "-e" "SOURCE_DIR=/opt/rustwide/workdir" "-e" "CARGO_TARGET_DIR=/opt/rustwide/target" "-e" "CARGO_INCREMENTAL=0" "-e" "RUST_BACKTRACE=full" "-e" "RUSTFLAGS=--cap-lints=warn" "-e" "RUSTDOCFLAGS=--cap-lints=warn" "-e" "CARGO_HOME=/opt/rustwide/cargo-home" "-e" "RUSTUP_HOME=/opt/rustwide/rustup-home" "-w" "/opt/rustwide/workdir" "-m" "1610612736" "--user" "0:0" "--network" "none" "ghcr.io/rust-lang/crates-build-env/linux@sha256:f3a9d4ad9d972b27faf3965f35b62e55ba32bbce8f20bc8fe909558a86702fde" "/opt/rustwide/cargo-home/bin/cargo" "+1.83.0" "test" "--frozen", kill_on_drop: false }`
[INFO] [stdout] 4818506596f138086070647144ea4920d01b87c047d894832dc9945fd105b616
[INFO] running `Command { std: "docker" "start" "-a" "4818506596f138086070647144ea4920d01b87c047d894832dc9945fd105b616", kill_on_drop: false }`
[INFO] [stderr]     Finished `test` profile [unoptimized + debuginfo] target(s) in 0.08s
[INFO] [stderr]      Running unittests src/lib.rs (/opt/rustwide/target/debug/deps/raylib_ext-193c3de983a0c2a8)
[INFO] [stdout] 
[INFO] [stdout] running 0 tests
[INFO] [stdout] 
[INFO] [stdout] test result: ok. 0 passed; 0 failed; 0 ignored; 0 measured; 0 filtered out; finished in 0.00s
[INFO] [stdout] 
[INFO] [stderr]    Doc-tests raylib_ext
[INFO] [stdout] 
[INFO] [stdout] running 2 tests
[INFO] [stdout] test src/lib.rs - RaylibDrawHandle<'_>::draw_right_aligned_text (line 46) ... FAILED
[INFO] [stdout] test src/lib.rs - RaylibDrawHandle<'_>::draw_centered_text (line 15) ... FAILED
[INFO] [stdout] 
[INFO] [stdout] failures:
[INFO] [stdout] 
[INFO] [stdout] ---- src/lib.rs - RaylibDrawHandle<'_>::draw_right_aligned_text (line 46) stdout ----
[INFO] [stdout] Test executable failed (signal: 11 (SIGSEGV) (core dumped)).
[INFO] [stdout] 
[INFO] [stdout] stdout:
[INFO] [stdout] INFO: Initializing raylib 5.0
[INFO] [stdout] INFO: Platform backend: DESKTOP (GLFW)
[INFO] [stdout] INFO: Supported raylib modules:
[INFO] [stdout] INFO:     > rcore:..... loaded (mandatory)
[INFO] [stdout] INFO:     > rlgl:...... loaded (mandatory)
[INFO] [stdout] INFO:     > rshapes:... loaded (optional)
[INFO] [stdout] INFO:     > rtextures:. loaded (optional)
[INFO] [stdout] INFO:     > rtext:..... loaded (optional)
[INFO] [stdout] INFO:     > rmodels:... loaded (optional)
[INFO] [stdout] INFO:     > raudio:.... loaded (optional)
[INFO] [stdout] WARNING: GLFW: Error: 65550 Description: X11: The DISPLAY environment variable is missing
[INFO] [stdout] WARNING: GLFW: Failed to initialize GLFW
[INFO] [stdout] 
[INFO] [stdout] 
[INFO] [stdout] ---- src/lib.rs - RaylibDrawHandle<'_>::draw_centered_text (line 15) stdout ----
[INFO] [stdout] Test executable failed (signal: 11 (SIGSEGV) (core dumped)).
[INFO] [stdout] 
[INFO] [stdout] stdout:
[INFO] [stdout] INFO: Initializing raylib 5.0
[INFO] [stdout] INFO: Platform backend: DESKTOP (GLFW)
[INFO] [stdout] INFO: Supported raylib modules:
[INFO] [stdout] INFO:     > rcore:..... loaded (mandatory)
[INFO] [stdout] INFO:     > rlgl:...... loaded (mandatory)
[INFO] [stdout] INFO:     > rshapes:... loaded (optional)
[INFO] [stdout] INFO:     > rtextures:. loaded (optional)
[INFO] [stdout] INFO:     > rtext:..... loaded (optional)
[INFO] [stdout] INFO:     > rmodels:... loaded (optional)
[INFO] [stdout] INFO:     > raudio:.... loaded (optional)
[INFO] [stdout] WARNING: GLFW: Error: 65550 Description: X11: The DISPLAY environment variable is missing
[INFO] [stdout] WARNING: GLFW: Failed to initialize GLFW
[INFO] [stdout] 
[INFO] [stdout] 
[INFO] [stdout] 
[INFO] [stdout] failures:
[INFO] [stdout]     src/lib.rs - RaylibDrawHandle<'_>::draw_centered_text (line 15)
[INFO] [stdout]     src/lib.rs - RaylibDrawHandle<'_>::draw_right_aligned_text (line 46)
[INFO] [stdout] 
[INFO] [stdout] test result: FAILED. 0 passed; 2 failed; 0 ignored; 0 measured; 0 filtered out; finished in 1.13s
[INFO] [stdout] 
[INFO] [stderr] error: doctest failed, to rerun pass `--doc`
[INFO] running `Command { std: "docker" "inspect" "4818506596f138086070647144ea4920d01b87c047d894832dc9945fd105b616", kill_on_drop: false }`
[INFO] running `Command { std: "docker" "rm" "-f" "4818506596f138086070647144ea4920d01b87c047d894832dc9945fd105b616", kill_on_drop: false }`
[INFO] [stdout] 4818506596f138086070647144ea4920d01b87c047d894832dc9945fd105b616
